File manager - Edit - /usr/local/apache/domlogs/idmr5534/netfinitynetwork.idm01.my.id-ssl_log
Back
103.247.11.196 - - [17/Jan/2026:19:23:20 +0700] "POST /wp-cron.php?doing_wp_cron=1768652600.3758420944213867187500 HTTP/1.1" 200 0 "-" "WordPress/6.9; https://netfinitynetwork.com"
185.223.152.94 - - [17/Jan/2026:19:23:20 +0700] "POST /wp-login.php HTTP/1.1" 200 5715 "-" "Mozilla/5.0"
146.70.65.6 - - [17/Jan/2026:19:28:54 +0700] "GET / HTTP/1.1" 401 53 "-" "Mozilla/5.0 (X11; Linux x86_64) AppleWebKit/537.36 (KHTML, like Gecko) Chrome/137.0.0.0 Safari/537.36"
146.70.65.6 - - [17/Jan/2026:19:28:54 +0700] "GET /favicon.ico HTTP/1.1" 401 53 "-" "Mozilla/5.0 (X11; Linux x86_64) AppleWebKit/537.36 (KHTML, like Gecko) Chrome/136.0.0.0 Safari/537.36"
134.209.25.199 - - [17/Jan/2026:19:28:55 +0700] "GET / HTTP/1.1" 403 4170 "-" "-"
134.209.25.199 - - [17/Jan/2026:19:28:55 +0700] "GET / HTTP/1.1" 401 36 "-" "-"
2a03:b0c0:1:d0::df1:d001 - - [17/Jan/2026:19:28:55 +0700] "GET / HTTP/1.1" 400 52 "-" "-"
2a03:b0c0:2:d0::1727:c001 - - [17/Jan/2026:19:28:55 +0700] "GET / HTTP/1.1" 200 7835 "-" "-"
206.189.19.19 - - [17/Jan/2026:19:28:55 +0700] "GET / HTTP/1.1" 403 4170 "-" "-"
2a03:b0c0:1:d0::d3b:5001 - - [17/Jan/2026:19:28:55 +0700] "GET / HTTP/1.1" 200 7839 "-" "-"
2a03:b0c0:1:d0::d3b:5001 - - [17/Jan/2026:19:28:55 +0700] "GET / HTTP/1.1" 200 7827 "-" "-"
2a03:b0c0:1:d0::d3b:5001 - - [17/Jan/2026:19:28:55 +0700] "GET / HTTP/1.1" 401 36 "-" "-"
103.108.174.166 - - [17/Jan/2026:19:28:55 +0700] "GET /autodiscover/autodiscover.xml HTTP/1.1" 400 52 "-" "Go-http-client/1.1"
2a03:b0c0:2:d0::1774:b001 - - [17/Jan/2026:19:28:55 +0700] "GET / HTTP/1.1" 401 36 "-" "-"
134.209.25.199 - - [17/Jan/2026:19:28:55 +0700] "GET / HTTP/1.1" 400 52 "-" "-"
2a03:b0c0:1:d0::e05:9001 - - [17/Jan/2026:19:28:55 +0700] "GET / HTTP/1.1" 200 7832 "-" "-"
2a03:b0c0:3:d0::ca6:5001 - - [17/Jan/2026:19:28:55 +0700] "GET / HTTP/1.1" 200 37649 "-" "-"
139.59.136.184 - - [17/Jan/2026:19:28:55 +0700] "GET / HTTP/1.1" 200 37661 "-" "-"
2604:a880:cad:d0::d44:6001 - - [17/Jan/2026:19:28:55 +0700] "GET / HTTP/1.1" 200 7831 "-" "-"
2a03:b0c0:1:d0::d3b:5001 - - [17/Jan/2026:19:28:56 +0700] "GET / HTTP/1.1" 401 36 "-" "Mozilla/5.0 (l9scan/2.0.56630323a316a3a323a3267323a3036646a313030323; +https://leakix.net)"
134.209.25.199 - - [17/Jan/2026:19:28:56 +0700] "GET / HTTP/1.1" 401 36 "-" "Mozilla/5.0 (l9scan/2.0.739313e21313e2734323e2330313; +https://leakix.net)"
2a03:b0c0:1:d0::df1:d001 - - [17/Jan/2026:19:28:56 +0700] "GET / HTTP/1.1" 400 52 "-" "Mozilla/5.0 (l9scan/2.0.56630323a316a3a323a3267323a3036646a313030323; +https://leakix.net)"
2a03:b0c0:2:d0::1727:c001 - - [17/Jan/2026:19:28:56 +0700] "GET / HTTP/1.1" 200 7835 "-" "Mozilla/5.0 (l9scan/2.0.56630323a316a3a323a3267323a3036646a313030323; +https://leakix.net)"
2a03:b0c0:1:d0::d3b:5001 - - [17/Jan/2026:19:28:56 +0700] "GET / HTTP/1.1" 200 7827 "-" "Mozilla/5.0 (l9scan/2.0.56630323a316a3a323a3267323a3036646a313030323; +https://leakix.net)"
2604:a880:400:d0::24e2:b001 - - [17/Jan/2026:19:28:56 +0700] "GET / HTTP/1.1" 200 37661 "-" "-"
2a03:b0c0:2:d0::1774:b001 - - [17/Jan/2026:19:28:56 +0700] "GET / HTTP/1.1" 401 36 "-" "Mozilla/5.0 (l9scan/2.0.56630323a316a3a323a3267323a3036646a313030323; +https://leakix.net)"
206.189.19.19 - - [17/Jan/2026:19:28:57 +0700] "GET / HTTP/1.1" 403 4170 "-" "Mozilla/5.0 (l9scan/2.0.739313e21313e2734323e2330313; +https://leakix.net)"
134.209.25.199 - - [17/Jan/2026:19:28:57 +0700] "GET / HTTP/1.1" 400 52 "-" "Mozilla/5.0 (l9scan/2.0.739313e21313e2734323e2330313; +https://leakix.net)"
2a03:b0c0:3:d0::ca6:5001 - - [17/Jan/2026:19:28:57 +0700] "GET / HTTP/1.1" 200 37649 "-" "Mozilla/5.0 (l9scan/2.0.56630323a316a3a323a3267323a3036646a313030323; +https://leakix.net)"
2604:a880:cad:d0::d44:6001 - - [17/Jan/2026:19:28:57 +0700] "GET / HTTP/1.1" 200 7831 "-" "Mozilla/5.0 (l9scan/2.0.56630323a316a3a323a3267323a3036646a313030323; +https://leakix.net)"
134.209.25.199 - - [17/Jan/2026:19:28:57 +0700] "POST /graphql HTTP/1.1" 401 53 "-" "Mozilla/5.0 (l9scan/2.0.739313e21313e2734323e2330313; +https://leakix.net)"
2604:a880:800:10::d54:f001 - - [17/Jan/2026:19:28:57 +0700] "GET / HTTP/1.1" 401 36 "-" "-"
2a03:b0c0:1:d0::e05:9001 - - [17/Jan/2026:19:28:57 +0700] "GET / HTTP/1.1" 200 7832 "-" "Mozilla/5.0 (l9scan/2.0.56630323a316a3a323a3267323a3036646a313030323; +https://leakix.net)"
139.59.136.184 - - [17/Jan/2026:19:28:57 +0700] "GET / HTTP/1.1" 200 37661 "-" "Mozilla/5.0 (l9scan/2.0.739313e21313e2734323e2330313; +https://leakix.net)"
2a03:b0c0:1:d0::d3b:5001 - - [17/Jan/2026:19:28:57 +0700] "GET / HTTP/1.1" 200 7839 "-" "Mozilla/5.0 (l9scan/2.0.56630323a316a3a323a3267323a3036646a313030323; +https://leakix.net)"
191.96.168.48 - - [17/Jan/2026:19:28:57 +0700] "GET / HTTP/1.1" 200 1898 "-" "Mozilla/5.0 (X11; Linux x86_64) AppleWebKit/537.36 (KHTML, like Gecko) Chrome/137.0.0.0 Safari/537.36"
134.209.25.199 - - [17/Jan/2026:19:28:57 +0700] "GET / HTTP/1.1" 403 4170 "-" "Mozilla/5.0 (l9scan/2.0.739313e21313e2734323e2330313; +https://leakix.net)"
191.96.168.48 - - [17/Jan/2026:19:28:57 +0700] "GET /favicon.ico HTTP/1.1" 404 1251 "-" "Mozilla/5.0 (X11; Linux x86_64) AppleWebKit/537.36 (KHTML, like Gecko) Chrome/136.0.0.0 Safari/537.36"
206.189.19.19 - - [17/Jan/2026:19:28:57 +0700] "POST /graphql HTTP/1.1" 404 1251 "-" "Mozilla/5.0 (l9scan/2.0.739313e21313e2734323e2330313; +https://leakix.net)"
134.209.25.199 - - [17/Jan/2026:19:28:58 +0700] "POST /graphql HTTP/1.1" 404 1251 "-" "Mozilla/5.0 (l9scan/2.0.739313e21313e2734323e2330313; +https://leakix.net)"
134.209.25.199 - - [17/Jan/2026:19:28:58 +0700] "POST /api HTTP/1.1" 401 53 "-" "Mozilla/5.0 (l9scan/2.0.739313e21313e2734323e2330313; +https://leakix.net)"
206.189.19.19 - - [17/Jan/2026:19:28:58 +0700] "POST /api HTTP/1.1" 404 1251 "-" "Mozilla/5.0 (l9scan/2.0.739313e21313e2734323e2330313; +https://leakix.net)"
134.209.25.199 - - [17/Jan/2026:19:28:58 +0700] "POST /api HTTP/1.1" 404 1251 "-" "Mozilla/5.0 (l9scan/2.0.739313e21313e2734323e2330313; +https://leakix.net)"
139.59.136.184 - - [17/Jan/2026:19:28:58 +0700] "POST /api HTTP/1.1" 404 3422 "-" "Mozilla/5.0 (l9scan/2.0.739313e21313e2734323e2330313; +https://leakix.net)"
134.209.25.199 - - [17/Jan/2026:19:28:58 +0700] "POST /graphql HTTP/1.1" 400 52 "-" "Mozilla/5.0 (l9scan/2.0.739313e21313e2734323e2330313; +https://leakix.net)"
139.59.136.184 - - [17/Jan/2026:19:28:58 +0700] "POST /graphql HTTP/1.1" 404 3422 "-" "Mozilla/5.0 (l9scan/2.0.739313e21313e2734323e2330313; +https://leakix.net)"
2001:41d0:701:1100::7333 - - [17/Jan/2026:19:28:58 +0700] "GET / HTTP/1.1" 200 1898 "-" "Go-http-client/1.1"
2001:41d0:701:1100::7333 - - [17/Jan/2026:19:28:58 +0700] "GET //cgi-bin/ HTTP/1.1" 403 1242 "-" "Go-http-client/1.1"
134.209.25.199 - - [17/Jan/2026:19:28:58 +0700] "POST /api HTTP/1.1" 400 52 "-" "Mozilla/5.0 (l9scan/2.0.739313e21313e2734323e2330313; +https://leakix.net)"
134.209.25.199 - - [17/Jan/2026:19:28:58 +0700] "POST /api/graphql HTTP/1.1" 401 53 "-" "Mozilla/5.0 (l9scan/2.0.739313e21313e2734323e2330313; +https://leakix.net)"
2001:41d0:801:2000::c38 - - [17/Jan/2026:19:28:58 +0700] "GET / HTTP/1.1" 200 1900 "-" "Go-http-client/1.1"
134.209.25.199 - - [17/Jan/2026:19:28:59 +0700] "POST /api/graphql HTTP/1.1" 404 1251 "-" "Mozilla/5.0 (l9scan/2.0.739313e21313e2734323e2330313; +https://leakix.net)"
2001:41d0:801:2000::c38 - - [17/Jan/2026:19:28:59 +0700] "GET //cgi-bin/ HTTP/1.1" 403 1242 "-" "Go-http-client/1.1"
2604:a880:800:10::d54:f001 - - [17/Jan/2026:19:28:59 +0700] "GET / HTTP/1.1" 401 36 "-" "Mozilla/5.0 (l9scan/2.0.56630323a316a3a323a3267323a3036646a313030323; +https://leakix.net)"
139.59.136.184 - - [17/Jan/2026:19:28:59 +0700] "POST /api/graphql HTTP/1.1" 404 3422 "-" "Mozilla/5.0 (l9scan/2.0.739313e21313e2734323e2330313; +https://leakix.net)"
134.209.25.199 - - [17/Jan/2026:19:28:59 +0700] "POST /graphql/api HTTP/1.1" 404 1251 "-" "Mozilla/5.0 (l9scan/2.0.739313e21313e2734323e2330313; +https://leakix.net)"
2001:41d0:701:1100::7333 - - [17/Jan/2026:19:28:58 +0700] "GET / HTTP/1.1" 200 1903 "-" "Go-http-client/1.1"
2001:41d0:701:1100::7333 - - [17/Jan/2026:19:28:59 +0700] "GET / HTTP/1.1" 200 1907 "-" "Go-http-client/1.1"
206.189.19.19 - - [17/Jan/2026:19:28:59 +0700] "POST /api/graphql HTTP/1.1" 404 1251 "-" "Mozilla/5.0 (l9scan/2.0.739313e21313e2734323e2330313; +https://leakix.net)"
134.209.25.199 - - [17/Jan/2026:19:28:59 +0700] "POST /api/graphql HTTP/1.1" 400 52 "-" "Mozilla/5.0 (l9scan/2.0.739313e21313e2734323e2330313; +https://leakix.net)"
2001:41d0:701:1100::7333 - - [17/Jan/2026:19:28:59 +0700] "GET //cgi-bin/ HTTP/1.1" 403 1242 "-" "Go-http-client/1.1"
2001:41d0:701:1100::7333 - - [17/Jan/2026:19:28:59 +0700] "GET //commentsos/ HTTP/1.1" 200 762 "-" "Go-http-client/1.1"
2001:41d0:701:1100::7333 - - [17/Jan/2026:19:28:59 +0700] "GET //cgi-bin/ HTTP/1.1" 403 1242 "-" "Go-http-client/1.1"
134.209.25.199 - - [17/Jan/2026:19:28:59 +0700] "POST /graphql/api HTTP/1.1" 401 53 "-" "Mozilla/5.0 (l9scan/2.0.739313e21313e2734323e2330313; +https://leakix.net)"
2001:41d0:701:1100::7333 - - [17/Jan/2026:19:28:59 +0700] "GET //commentsos///commentsos/hfgwdtfdhty/ HTTP/1.1" 404 1251 "-" "Go-http-client/1.1"
206.189.19.19 - - [17/Jan/2026:19:28:59 +0700] "POST /graphql/api HTTP/1.1" 404 1251 "-" "Mozilla/5.0 (l9scan/2.0.739313e21313e2734323e2330313; +https://leakix.net)"
2001:41d0:701:1100::7333 - - [17/Jan/2026:19:28:59 +0700] "GET / HTTP/1.1" 200 1901 "-" "Go-http-client/1.1"
134.209.25.199 - - [17/Jan/2026:19:28:59 +0700] "POST /graphql/api HTTP/1.1" 400 52 "-" "Mozilla/5.0 (l9scan/2.0.739313e21313e2734323e2330313; +https://leakix.net)"
139.59.136.184 - - [17/Jan/2026:19:28:59 +0700] "POST /graphql/api HTTP/1.1" 404 3422 "-" "Mozilla/5.0 (l9scan/2.0.739313e21313e2734323e2330313; +https://leakix.net)"
2001:41d0:701:1100::7333 - - [17/Jan/2026:19:28:59 +0700] "GET //cgi-bin/ HTTP/1.1" 403 1242 "-" "Go-http-client/1.1"
134.209.25.199 - - [17/Jan/2026:19:29:00 +0700] "POST /api/gql HTTP/1.1" 401 53 "-" "Mozilla/5.0 (l9scan/2.0.739313e21313e2734323e2330313; +https://leakix.net)"
206.189.19.19 - - [17/Jan/2026:19:29:00 +0700] "POST /api/gql HTTP/1.1" 404 1251 "-" "Mozilla/5.0 (l9scan/2.0.739313e21313e2734323e2330313; +https://leakix.net)"
2001:41d0:701:1100::7333 - - [17/Jan/2026:19:29:00 +0700] "GET //commentsos/ HTTP/1.1" 200 772 "-" "Go-http-client/1.1"
139.59.136.184 - - [17/Jan/2026:19:29:00 +0700] "POST /api/gql HTTP/1.1" 404 3422 "-" "Mozilla/5.0 (l9scan/2.0.739313e21313e2734323e2330313; +https://leakix.net)"
2604:a880:400:d0::24e2:b001 - - [17/Jan/2026:19:29:00 +0700] "GET / HTTP/1.1" 200 37661 "-" "Mozilla/5.0 (l9scan/2.0.56630323a316a3a323a3267323a3036646a313030323; +https://leakix.net)"
2001:41d0:701:1100::7333 - - [17/Jan/2026:19:29:00 +0700] "GET //commentsos///commentsos/hfgwdtfdhty/ HTTP/1.1" 404 1251 "-" "Go-http-client/1.1"
2001:41d0:701:1100::7333 - - [17/Jan/2026:19:29:00 +0700] "GET //commentsos/ HTTP/1.1" 200 765 "-" "Go-http-client/1.1"
2001:41d0:701:1100::7333 - - [17/Jan/2026:19:29:00 +0700] "GET //commentsos/ HTTP/1.1" 200 768 "-" "Go-http-client/1.1"
2001:41d0:801:2000::c38 - - [17/Jan/2026:19:29:00 +0700] "GET //commentsos/ HTTP/1.1" 200 765 "-" "Go-http-client/1.1"
134.209.25.199 - - [17/Jan/2026:19:29:00 +0700] "POST /api/gql HTTP/1.1" 404 1251 "-" "Mozilla/5.0 (l9scan/2.0.739313e21313e2734323e2330313; +https://leakix.net)"
2001:41d0:701:1100::7333 - - [17/Jan/2026:19:29:00 +0700] "GET //commentsos///commentsos/hfgwdtfdhty/ HTTP/1.1" 404 1251 "-" "Go-http-client/1.1"
134.209.25.199 - - [17/Jan/2026:19:29:00 +0700] "POST /api/gql HTTP/1.1" 400 52 "-" "Mozilla/5.0 (l9scan/2.0.739313e21313e2734323e2330313; +https://leakix.net)"
2001:41d0:801:2000::c38 - - [17/Jan/2026:19:29:00 +0700] "GET //commentsos///commentsos/hfgwdtfdhty/ HTTP/1.1" 404 1251 "-" "Go-http-client/1.1"
2001:41d0:701:1100::7333 - - [17/Jan/2026:19:29:00 +0700] "GET //gfherhfghre/ HTTP/1.1" 200 760 "-" "Go-http-client/1.1"
2001:41d0:701:1100::7333 - - [17/Jan/2026:19:29:00 +0700] "GET //gfherhfghre///gfherhfghre/commentsos/ HTTP/1.1" 404 1251 "-" "Go-http-client/1.1"
57.129.16.41 - - [17/Jan/2026:19:29:01 +0700] "GET //gfherhfghre/ HTTP/1.1" 200 772 "-" "Go-http-client/1.1"
51.89.167.1 - - [17/Jan/2026:19:29:01 +0700] "GET //gfherhfghre/ HTTP/1.1" 200 764 "-" "Go-http-client/1.1"
206.189.19.19 - - [17/Jan/2026:19:29:01 +0700] "GET /swagger-ui.html HTTP/1.1" 404 1251 "-" "Mozilla/5.0 (l9scan/2.0.739313e21313e2734323e2330313; +https://leakix.net)"
57.129.16.41 - - [17/Jan/2026:19:29:01 +0700] "GET //gfherhfghre///gfherhfghre/commentsos/ HTTP/1.1" 404 1251 "-" "Go-http-client/1.1"
139.59.136.184 - - [17/Jan/2026:19:29:01 +0700] "GET /swagger-ui.html HTTP/1.1" 404 3422 "-" "Mozilla/5.0 (l9scan/2.0.739313e21313e2734323e2330313; +https://leakix.net)"
2001:41d0:701:1100::7333 - - [17/Jan/2026:19:29:01 +0700] "GET //commentsos///commentsos/hfgwdtfdhty/ HTTP/1.1" 404 1251 "-" "Go-http-client/1.1"
51.89.167.1 - - [17/Jan/2026:19:29:01 +0700] "GET //gfherhfghre///gfherhfghre/commentsos/ HTTP/1.1" 404 1251 "-" "Go-http-client/1.1"
2001:41d0:701:1100::7333 - - [17/Jan/2026:19:29:01 +0700] "GET //gfherhfghre/ HTTP/1.1" 200 768 "-" "Go-http-client/1.1"
134.209.25.199 - - [17/Jan/2026:19:29:01 +0700] "GET /swagger-ui.html HTTP/1.1" 401 53 "-" "Mozilla/5.0 (l9scan/2.0.739313e21313e2734323e2330313; +https://leakix.net)"
134.209.25.199 - - [17/Jan/2026:19:29:01 +0700] "GET /swagger-ui.html HTTP/1.1" 404 1251 "-" "Mozilla/5.0 (l9scan/2.0.739313e21313e2734323e2330313; +https://leakix.net)"
2001:41d0:701:1100::7333 - - [17/Jan/2026:19:29:01 +0700] "GET //gfherhfghre///gfherhfghre/commentsos/ HTTP/1.1" 404 1251 "-" "Go-http-client/1.1"
23.234.88.115 - - [17/Jan/2026:19:29:02 +0700] "GET / HTTP/1.1" 200 1614 "-" "Mozilla/5.0 (Windows NT 10.0; Win64; x64) AppleWebKit/537.36 (KHTML, like Gecko) Chrome/137.0.0.0 Safari/537.36"
134.209.25.199 - - [17/Jan/2026:19:29:02 +0700] "GET /swagger-ui.html HTTP/1.1" 400 52 "-" "Mozilla/5.0 (l9scan/2.0.739313e21313e2734323e2330313; +https://leakix.net)"
134.209.25.199 - - [17/Jan/2026:19:29:02 +0700] "GET /swagger/index.html HTTP/1.1" 404 1251 "-" "Mozilla/5.0 (l9scan/2.0.739313e21313e2734323e2330313; +https://leakix.net)"
139.59.136.184 - - [17/Jan/2026:19:29:02 +0700] "GET /swagger/index.html HTTP/1.1" 404 3422 "-" "Mozilla/5.0 (l9scan/2.0.739313e21313e2734323e2330313; +https://leakix.net)"
206.189.19.19 - - [17/Jan/2026:19:29:02 +0700] "GET /swagger/index.html HTTP/1.1" 404 1251 "-" "Mozilla/5.0 (l9scan/2.0.739313e21313e2734323e2330313; +https://leakix.net)"
2001:41d0:701:1100::7333 - - [17/Jan/2026:19:29:02 +0700] "GET //gfherhfghre/ HTTP/1.1" 200 765 "-" "Go-http-client/1.1"
134.209.25.199 - - [17/Jan/2026:19:29:02 +0700] "GET /swagger/index.html HTTP/1.1" 400 52 "-" "Mozilla/5.0 (l9scan/2.0.739313e21313e2734323e2330313; +https://leakix.net)"
2001:41d0:701:1100::7333 - - [17/Jan/2026:19:29:03 +0700] "GET //gfherhfghre///gfherhfghre/commentsos/ HTTP/1.1" 404 1251 "-" "Go-http-client/1.1"
134.209.25.199 - - [17/Jan/2026:19:29:03 +0700] "GET /swagger/index.html HTTP/1.1" 401 53 "-" "Mozilla/5.0 (l9scan/2.0.739313e21313e2734323e2330313; +https://leakix.net)"
206.189.19.19 - - [17/Jan/2026:19:29:03 +0700] "GET /swagger/swagger-ui.html HTTP/1.1" 404 1251 "-" "Mozilla/5.0 (l9scan/2.0.739313e21313e2734323e2330313; +https://leakix.net)"
134.209.25.199 - - [17/Jan/2026:19:29:03 +0700] "GET /swagger/swagger-ui.html HTTP/1.1" 404 1251 "-" "Mozilla/5.0 (l9scan/2.0.739313e21313e2734323e2330313; +https://leakix.net)"
134.209.25.199 - - [17/Jan/2026:19:29:03 +0700] "GET /swagger/swagger-ui.html HTTP/1.1" 400 52 "-" "Mozilla/5.0 (l9scan/2.0.739313e21313e2734323e2330313; +https://leakix.net)"
134.209.25.199 - - [17/Jan/2026:19:29:03 +0700] "GET /swagger/swagger-ui.html HTTP/1.1" 401 53 "-" "Mozilla/5.0 (l9scan/2.0.739313e21313e2734323e2330313; +https://leakix.net)"
23.234.88.115 - - [17/Jan/2026:19:29:03 +0700] "GET /favicon.ico HTTP/1.1" 404 1251 "-" "Mozilla/5.0 (Windows NT 10.0; Win64; x64) AppleWebKit/537.36 (KHTML, like Gecko) Chrome/137.0.0.0 Safari/537.36"
139.59.136.184 - - [17/Jan/2026:19:29:03 +0700] "GET /swagger/swagger-ui.html HTTP/1.1" 404 3422 "-" "Mozilla/5.0 (l9scan/2.0.739313e21313e2734323e2330313; +https://leakix.net)"
2001:41d0:701:1100::7333 - - [17/Jan/2026:19:29:02 +0700] "GET //wp-admin/ HTTP/1.1" 302 0 "-" "Go-http-client/1.1"
2001:41d0:701:1100::7333 - - [17/Jan/2026:19:29:02 +0700] "GET //wp-admin/ HTTP/1.1" 302 0 "-" "Go-http-client/1.1"
2001:41d0:701:1100::7333 - - [17/Jan/2026:19:29:04 +0700] "GET //wp-content/ HTTP/1.1" 200 0 "-" "Go-http-client/1.1"
2001:41d0:701:1100::7333 - - [17/Jan/2026:19:29:04 +0700] "GET //wp-content/ HTTP/1.1" 200 0 "-" "Go-http-client/1.1"
206.189.19.19 - - [17/Jan/2026:19:29:04 +0700] "GET /webjars/swagger-ui/index.html HTTP/1.1" 404 1251 "-" "Mozilla/5.0 (l9scan/2.0.739313e21313e2734323e2330313; +https://leakix.net)"
2001:41d0:701:1100::7333 - - [17/Jan/2026:19:29:04 +0700] "GET //wp-includes/ HTTP/1.1" 200 9959 "-" "Go-http-client/1.1"
2001:41d0:701:1100::7333 - - [17/Jan/2026:19:29:04 +0700] "GET //wp-admin/ HTTP/1.1" 302 0 "-" "Go-http-client/1.1"
2001:41d0:701:1100::7333 - - [17/Jan/2026:19:29:04 +0700] "GET //wp-includes/ HTTP/1.1" 200 9878 "-" "Go-http-client/1.1"
139.59.136.184 - - [17/Jan/2026:19:29:04 +0700] "GET /webjars/swagger-ui/index.html HTTP/1.1" 404 3422 "-" "Mozilla/5.0 (l9scan/2.0.739313e21313e2734323e2330313; +https://leakix.net)"
134.209.25.199 - - [17/Jan/2026:19:29:04 +0700] "GET /webjars/swagger-ui/index.html HTTP/1.1" 401 53 "-" "Mozilla/5.0 (l9scan/2.0.739313e21313e2734323e2330313; +https://leakix.net)"
2001:41d0:701:1100::7333 - - [17/Jan/2026:19:29:04 +0700] "GET //wp-includes///wp-includes/abilities-api/ HTTP/1.1" 404 1251 "-" "Go-http-client/1.1"
2001:41d0:701:1100::7333 - - [17/Jan/2026:19:29:02 +0700] "GET //wp-admin/ HTTP/1.1" 302 0 "-" "Go-http-client/1.1"
2001:41d0:801:2000::c38 - - [17/Jan/2026:19:29:02 +0700] "GET //wp-admin/ HTTP/1.1" 302 0 "-" "Go-http-client/1.1"
2001:41d0:701:1100::7333 - - [17/Jan/2026:19:29:04 +0700] "GET //wp-content/ HTTP/1.1" 200 0 "-" "Go-http-client/1.1"
2001:41d0:801:2000::c38 - - [17/Jan/2026:19:29:04 +0700] "GET //wp-content/ HTTP/1.1" 200 0 "-" "Go-http-client/1.1"
134.209.25.199 - - [17/Jan/2026:19:29:04 +0700] "GET /webjars/swagger-ui/index.html HTTP/1.1" 404 1251 "-" "Mozilla/5.0 (l9scan/2.0.739313e21313e2734323e2330313; +https://leakix.net)"
2001:41d0:801:2000::c38 - - [17/Jan/2026:19:29:04 +0700] "GET //wp-includes/ HTTP/1.1" 200 9873 "-" "Go-http-client/1.1"
2001:41d0:701:1100::7333 - - [17/Jan/2026:19:29:04 +0700] "GET //wp-includes/ HTTP/1.1" 200 9999 "-" "Go-http-client/1.1"
134.209.25.199 - - [17/Jan/2026:19:29:04 +0700] "GET /webjars/swagger-ui/index.html HTTP/1.1" 400 52 "-" "Mozilla/5.0 (l9scan/2.0.739313e21313e2734323e2330313; +https://leakix.net)"
2001:41d0:701:1100::7333 - - [17/Jan/2026:19:29:05 +0700] "GET //wp-content/ HTTP/1.1" 200 0 "-" "Go-http-client/1.1"
2001:41d0:701:1100::7333 - - [17/Jan/2026:19:29:05 +0700] "GET //wp-includes///wp-includes/abilities-api/ HTTP/1.1" 404 1251 "-" "Go-http-client/1.1"
2001:41d0:701:1100::7333 - - [17/Jan/2026:19:29:05 +0700] "GET //wp-includes/ HTTP/1.1" 200 9963 "-" "Go-http-client/1.1"
134.209.25.199 - - [17/Jan/2026:19:29:05 +0700] "GET /swagger.json HTTP/1.1" 404 1251 "-" "Mozilla/5.0 (l9scan/2.0.739313e21313e2734323e2330313; +https://leakix.net)"
2001:41d0:701:1100::7333 - - [17/Jan/2026:19:29:05 +0700] "GET //wp-includes///wp-includes/abilities-api/ HTTP/1.1" 404 1251 "-" "Go-http-client/1.1"
139.59.136.184 - - [17/Jan/2026:19:29:05 +0700] "GET /swagger.json HTTP/1.1" 404 3422 "-" "Mozilla/5.0 (l9scan/2.0.739313e21313e2734323e2330313; +https://leakix.net)"
134.209.25.199 - - [17/Jan/2026:19:29:05 +0700] "GET /swagger.json HTTP/1.1" 400 52 "-" "Mozilla/5.0 (l9scan/2.0.739313e21313e2734323e2330313; +https://leakix.net)"
134.209.25.199 - - [17/Jan/2026:19:29:05 +0700] "GET /swagger.json HTTP/1.1" 401 53 "-" "Mozilla/5.0 (l9scan/2.0.739313e21313e2734323e2330313; +https://leakix.net)"
2001:41d0:801:2000::c38 - - [17/Jan/2026:19:29:05 +0700] "GET //wp-includes///wp-includes/abilities-api/ HTTP/1.1" 404 1251 "-" "Go-http-client/1.1"
2001:41d0:701:1100::7333 - - [17/Jan/2026:19:29:05 +0700] "GET //wp-includes///wp-includes/abilities-api/ HTTP/1.1" 404 1251 "-" "Go-http-client/1.1"
206.189.19.19 - - [17/Jan/2026:19:29:05 +0700] "GET /swagger.json HTTP/1.1" 404 1251 "-" "Mozilla/5.0 (l9scan/2.0.739313e21313e2734323e2330313; +https://leakix.net)"
2001:41d0:701:1100::7333 - - [17/Jan/2026:19:29:05 +0700] "GET //wp-includes///wp-includes/assets/ HTTP/1.1" 404 1251 "-" "Go-http-client/1.1"
2001:41d0:701:1100::7333 - - [17/Jan/2026:19:29:05 +0700] "GET //wp-includes///wp-includes/assets/ HTTP/1.1" 404 1251 "-" "Go-http-client/1.1"
2001:41d0:701:1100::7333 - - [17/Jan/2026:19:29:06 +0700] "GET //wp-includes///wp-includes/block-bindings/ HTTP/1.1" 404 1251 "-" "Go-http-client/1.1"
139.59.136.184 - - [17/Jan/2026:19:29:06 +0700] "GET /swagger/v1/swagger.json HTTP/1.1" 404 3422 "-" "Mozilla/5.0 (l9scan/2.0.739313e21313e2734323e2330313; +https://leakix.net)"
2001:41d0:801:2000::c38 - - [17/Jan/2026:19:29:06 +0700] "GET //wp-includes///wp-includes/assets/ HTTP/1.1" 404 1251 "-" "Go-http-client/1.1"
2001:41d0:701:1100::7333 - - [17/Jan/2026:19:29:06 +0700] "GET //wp-includes///wp-includes/assets/ HTTP/1.1" 404 1251 "-" "Go-http-client/1.1"
206.189.19.19 - - [17/Jan/2026:19:29:06 +0700] "GET /swagger/v1/swagger.json HTTP/1.1" 404 1251 "-" "Mozilla/5.0 (l9scan/2.0.739313e21313e2734323e2330313; +https://leakix.net)"
2001:41d0:701:1100::7333 - - [17/Jan/2026:19:29:06 +0700] "GET //wp-includes///wp-includes/block-bindings/ HTTP/1.1" 404 1251 "-" "Go-http-client/1.1"
2001:41d0:701:1100::7333 - - [17/Jan/2026:19:29:06 +0700] "GET //wp-includes///wp-includes/assets/ HTTP/1.1" 404 1251 "-" "Go-http-client/1.1"
134.209.25.199 - - [17/Jan/2026:19:29:06 +0700] "GET /swagger/v1/swagger.json HTTP/1.1" 404 1251 "-" "Mozilla/5.0 (l9scan/2.0.739313e21313e2734323e2330313; +https://leakix.net)"
134.209.25.199 - - [17/Jan/2026:19:29:06 +0700] "GET /swagger/v1/swagger.json HTTP/1.1" 400 52 "-" "Mozilla/5.0 (l9scan/2.0.739313e21313e2734323e2330313; +https://leakix.net)"
134.209.25.199 - - [17/Jan/2026:19:29:06 +0700] "GET /swagger/v1/swagger.json HTTP/1.1" 401 53 "-" "Mozilla/5.0 (l9scan/2.0.739313e21313e2734323e2330313; +https://leakix.net)"
2001:41d0:701:1100::7333 - - [17/Jan/2026:19:29:06 +0700] "GET //wp-includes///wp-includes/block-bindings/ HTTP/1.1" 404 1251 "-" "Go-http-client/1.1"
2001:41d0:801:2000::c38 - - [17/Jan/2026:19:29:07 +0700] "GET //wp-includes///wp-includes/block-bindings/ HTTP/1.1" 404 1251 "-" "Go-http-client/1.1"
2001:41d0:701:1100::7333 - - [17/Jan/2026:19:29:07 +0700] "GET //wp-includes///wp-includes/block-patterns/ HTTP/1.1" 404 1251 "-" "Go-http-client/1.1"
2001:41d0:701:1100::7333 - - [17/Jan/2026:19:29:07 +0700] "GET //wp-includes///wp-includes/block-bindings/ HTTP/1.1" 404 1251 "-" "Go-http-client/1.1"
206.189.19.19 - - [17/Jan/2026:19:29:07 +0700] "GET /v2/api-docs HTTP/1.1" 404 1251 "-" "Mozilla/5.0 (l9scan/2.0.739313e21313e2734323e2330313; +https://leakix.net)"
134.209.25.199 - - [17/Jan/2026:19:29:07 +0700] "GET /v2/api-docs HTTP/1.1" 404 1251 "-" "Mozilla/5.0 (l9scan/2.0.739313e21313e2734323e2330313; +https://leakix.net)"
139.59.136.184 - - [17/Jan/2026:19:29:07 +0700] "GET /v2/api-docs HTTP/1.1" 404 3422 "-" "Mozilla/5.0 (l9scan/2.0.739313e21313e2734323e2330313; +https://leakix.net)"
2001:41d0:801:2000::c38 - - [17/Jan/2026:19:29:07 +0700] "GET //wp-includes///wp-includes/block-patterns/ HTTP/1.1" 404 1251 "-" "Go-http-client/1.1"
2001:41d0:701:1100::7333 - - [17/Jan/2026:19:29:07 +0700] "GET //wp-includes///wp-includes/block-patterns/ HTTP/1.1" 404 1251 "-" "Go-http-client/1.1"
2001:41d0:701:1100::7333 - - [17/Jan/2026:19:29:07 +0700] "GET //wp-includes///wp-includes/block-patterns/ HTTP/1.1" 404 1251 "-" "Go-http-client/1.1"
134.209.25.199 - - [17/Jan/2026:19:29:07 +0700] "GET /v2/api-docs HTTP/1.1" 400 52 "-" "Mozilla/5.0 (l9scan/2.0.739313e21313e2734323e2330313; +https://leakix.net)"
134.209.25.199 - - [17/Jan/2026:19:29:07 +0700] "GET /v2/api-docs HTTP/1.1" 401 53 "-" "Mozilla/5.0 (l9scan/2.0.739313e21313e2734323e2330313; +https://leakix.net)"
205.169.39.20 - - [17/Jan/2026:19:29:08 +0700] "GET / HTTP/2" 200 12453 "-" "Mozilla/5.0 (Windows NT 10.0; Win64; x64) AppleWebKit/537.36 (KHTML, like Gecko) Chrome/117.0.5938.132 Safari/537.36"
2001:41d0:701:1100::7333 - - [17/Jan/2026:19:29:08 +0700] "GET //wp-includes///wp-includes/block-supports/ HTTP/1.1" 404 1251 "-" "Go-http-client/1.1"
205.169.39.0 - - [17/Jan/2026:19:29:08 +0700] "GET / HTTP/2" 401 53 "-" "Mozilla/5.0 (Windows NT 10.0; Win64; x64) AppleWebKit/537.36 (KHTML, like Gecko) Chrome/117.0.5938.132 Safari/537.36"
2001:41d0:701:1100::7333 - - [17/Jan/2026:19:29:08 +0700] "GET //wp-includes///wp-includes/block-supports/ HTTP/1.1" 404 1251 "-" "Go-http-client/1.1"
206.189.19.19 - - [17/Jan/2026:19:29:08 +0700] "GET /v3/api-docs HTTP/1.1" 404 1251 "-" "Mozilla/5.0 (l9scan/2.0.739313e21313e2734323e2330313; +https://leakix.net)"
134.209.25.199 - - [17/Jan/2026:19:29:08 +0700] "GET /v3/api-docs HTTP/1.1" 404 1251 "-" "Mozilla/5.0 (l9scan/2.0.739313e21313e2734323e2330313; +https://leakix.net)"
2001:41d0:801:2000::c38 - - [17/Jan/2026:19:29:08 +0700] "GET //wp-includes///wp-includes/block-supports/ HTTP/1.1" 404 1251 "-" "Go-http-client/1.1"
205.169.39.20 - - [17/Jan/2026:19:29:08 +0700] "GET /cPanel_magic_revision_1748449569/unprotected/cpanel/fonts/open_sans/open_sans.min.css HTTP/2" 200 522 "https://webmail.netfinitynetwork.com/" "Mozilla/5.0 (Windows NT 10.0; Win64; x64) AppleWebKit/537.36 (KHTML, like Gecko) Chrome/117.0.5938.132 Safari/537.36"
104.197.69.115 - - [17/Jan/2026:19:29:08 +0700] "GET / HTTP/2" 401 53 "-" "Mozilla/5.0 (X11; Linux x86_64) AppleWebKit/537.36 (KHTML, like Gecko) Chrome/125.0.0.0 Safari/537.36"
205.169.39.20 - - [17/Jan/2026:19:29:08 +0700] "GET /cPanel_magic_revision_1726168106/unprotected/cpanel/images/webmail-logo.svg HTTP/2" 200 2399 "https://webmail.netfinitynetwork.com/" "Mozilla/5.0 (Windows NT 10.0; Win64; x64) AppleWebKit/537.36 (KHTML, like Gecko) Chrome/117.0.5938.132 Safari/537.36"
205.169.39.20 - - [17/Jan/2026:19:29:08 +0700] "GET /cPanel_magic_revision_1750064033/unprotected/cpanel/style_v2_optimized.css HTTP/2" 200 33195 "https://webmail.netfinitynetwork.com/" "Mozilla/5.0 (Windows NT 10.0; Win64; x64) AppleWebKit/537.36 (KHTML, like Gecko) Chrome/117.0.5938.132 Safari/537.36"
2001:41d0:701:1100::7333 - - [17/Jan/2026:19:29:08 +0700] "GET //wp-includes///wp-includes/blocks/ HTTP/1.1" 404 1251 "-" "Go-http-client/1.1"
2001:41d0:701:1100::7333 - - [17/Jan/2026:19:29:08 +0700] "GET //wp-includes///wp-includes/blocks/ HTTP/1.1" 404 1251 "-" "Go-http-client/1.1"
134.209.25.199 - - [17/Jan/2026:19:29:08 +0700] "GET /v3/api-docs HTTP/1.1" 401 53 "-" "Mozilla/5.0 (l9scan/2.0.739313e21313e2734323e2330313; +https://leakix.net)"
2001:41d0:701:1100::7333 - - [17/Jan/2026:19:29:08 +0700] "GET //wp-includes///wp-includes/block-supports/ HTTP/1.1" 404 1251 "-" "Go-http-client/1.1"
2001:41d0:701:1100::7333 - - [17/Jan/2026:19:29:08 +0700] "GET //wp-includes///wp-includes/block-patterns/ HTTP/1.1" 404 1251 "-" "Go-http-client/1.1"
104.197.69.115 - - [17/Jan/2026:19:29:08 +0700] "GET / HTTP/2" 200 12451 "-" "Mozilla/5.0 (X11; Linux x86_64) AppleWebKit/537.36 (KHTML, like Gecko) Chrome/125.0.0.0 Safari/537.36"
104.197.69.115 - - [17/Jan/2026:19:29:08 +0700] "GET /cPanel_magic_revision_1726168106/unprotected/cpanel/images/webmail-logo.svg HTTP/2" 200 2399 "https://webmail.netfinitynetwork.com/" "Mozilla/5.0 (X11; Linux x86_64) AppleWebKit/537.36 (KHTML, like Gecko) Chrome/125.0.0.0 Safari/537.36"
104.197.69.115 - - [17/Jan/2026:19:29:08 +0700] "GET /cPanel_magic_revision_1748449569/unprotected/cpanel/fonts/open_sans/open_sans.min.css HTTP/2" 200 522 "https://webmail.netfinitynetwork.com/" "Mozilla/5.0 (X11; Linux x86_64) AppleWebKit/537.36 (KHTML, like Gecko) Chrome/125.0.0.0 Safari/537.36"
104.197.69.115 - - [17/Jan/2026:19:29:08 +0700] "GET /cPanel_magic_revision_1750064033/unprotected/cpanel/style_v2_optimized.css HTTP/2" 200 33195 "https://webmail.netfinitynetwork.com/" "Mozilla/5.0 (X11; Linux x86_64) AppleWebKit/537.36 (KHTML, like Gecko) Chrome/125.0.0.0 Safari/537.36"
139.59.136.184 - - [17/Jan/2026:19:29:08 +0700] "GET /v3/api-docs HTTP/1.1" 404 3422 "-" "Mozilla/5.0 (l9scan/2.0.739313e21313e2734323e2330313; +https://leakix.net)"
134.209.25.199 - - [17/Jan/2026:19:29:08 +0700] "GET /v3/api-docs HTTP/1.1" 400 52 "-" "Mozilla/5.0 (l9scan/2.0.739313e21313e2734323e2330313; +https://leakix.net)"
104.197.69.115 - - [17/Jan/2026:19:29:09 +0700] "GET /cPanel_magic_revision_1726168106/unprotected/cpanel/images/notice-error.png HTTP/2" 200 1026 "https://webmail.netfinitynetwork.com/cPanel_magic_revision_1750064033/unprotected/cpanel/style_v2_optimized.css" "Mozilla/5.0 (X11; Linux x86_64) AppleWebKit/537.36 (KHTML, like Gecko) Chrome/125.0.0.0 Safari/537.36"
104.197.69.115 - - [17/Jan/2026:19:29:09 +0700] "GET /cPanel_magic_revision_1726168106/unprotected/cpanel/images/icon-username.png HTTP/2" 200 320 "https://webmail.netfinitynetwork.com/cPanel_magic_revision_1750064033/unprotected/cpanel/style_v2_optimized.css" "Mozilla/5.0 (X11; Linux x86_64) AppleWebKit/537.36 (KHTML, like Gecko) Chrome/125.0.0.0 Safari/537.36"
104.197.69.115 - - [17/Jan/2026:19:29:09 +0700] "GET /cPanel_magic_revision_1748449569/unprotected/cpanel/fonts/open_sans/OpenSans-Regular-webfont.woff HTTP/2" 200 22660 "https://webmail.netfinitynetwork.com/cPanel_magic_revision_1748449569/unprotected/cpanel/fonts/open_sans/open_sans.min.css" "Mozilla/5.0 (X11; Linux x86_64) AppleWebKit/537.36 (KHTML, like Gecko) Chrome/125.0.0.0 Safari/537.36"
104.197.69.115 - - [17/Jan/2026:19:29:09 +0700] "GET /cPanel_magic_revision_1726168106/unprotected/cpanel/images/icon-password.png HTTP/2" 200 450 "https://webmail.netfinitynetwork.com/cPanel_magic_revision_1750064033/unprotected/cpanel/style_v2_optimized.css" "Mozilla/5.0 (X11; Linux x86_64) AppleWebKit/537.36 (KHTML, like Gecko) Chrome/125.0.0.0 Safari/537.36"
104.197.69.115 - - [17/Jan/2026:19:29:09 +0700] "GET /cPanel_magic_revision_1748449569/unprotected/cpanel/fonts/open_sans/OpenSans-Semibold-webfont.woff HTTP/2" 200 22908 "https://webmail.netfinitynetwork.com/cPanel_magic_revision_1748449569/unprotected/cpanel/fonts/open_sans/open_sans.min.css" "Mozilla/5.0 (X11; Linux x86_64) AppleWebKit/537.36 (KHTML, like Gecko) Chrome/125.0.0.0 Safari/537.36"
104.197.69.115 - - [17/Jan/2026:19:29:09 +0700] "GET /cPanel_magic_revision_1748449569/unprotected/cpanel/fonts/open_sans/OpenSans-Bold-webfont.woff HTTP/2" 200 22432 "https://webmail.netfinitynetwork.com/cPanel_magic_revision_1748449569/unprotected/cpanel/fonts/open_sans/open_sans.min.css" "Mozilla/5.0 (X11; Linux x86_64) AppleWebKit/537.36 (KHTML, like Gecko) Chrome/125.0.0.0 Safari/537.36"
104.197.69.115 - - [17/Jan/2026:19:29:09 +0700] "GET /cPanel_magic_revision_1726168106/unprotected/cpanel/images/notice-info.png HTTP/2" 200 976 "https://webmail.netfinitynetwork.com/cPanel_magic_revision_1750064033/unprotected/cpanel/style_v2_optimized.css" "Mozilla/5.0 (X11; Linux x86_64) AppleWebKit/537.36 (KHTML, like Gecko) Chrome/125.0.0.0 Safari/537.36"
104.197.69.115 - - [17/Jan/2026:19:29:09 +0700] "GET /cPanel_magic_revision_1726168106/unprotected/cpanel/images/notice-success.png HTTP/2" 200 962 "https://webmail.netfinitynetwork.com/cPanel_magic_revision_1750064033/unprotected/cpanel/style_v2_optimized.css" "Mozilla/5.0 (X11; Linux x86_64) AppleWebKit/537.36 (KHTML, like Gecko) Chrome/125.0.0.0 Safari/537.36"
104.197.69.115 - - [17/Jan/2026:19:29:09 +0700] "GET /cPanel_magic_revision_1726168106/unprotected/cpanel/images/warning.png HTTP/2" 200 1060 "https://webmail.netfinitynetwork.com/cPanel_magic_revision_1750064033/unprotected/cpanel/style_v2_optimized.css" "Mozilla/5.0 (X11; Linux x86_64) AppleWebKit/537.36 (KHTML, like Gecko) Chrome/125.0.0.0 Safari/537.36"
2001:41d0:701:1100::7333 - - [17/Jan/2026:19:29:09 +0700] "GET //wp-includes///wp-includes/certificates/ HTTP/1.1" 404 1251 "-" "Go-http-client/1.1"
2001:41d0:701:1100::7333 - - [17/Jan/2026:19:29:09 +0700] "GET //wp-includes///wp-includes/certificates/ HTTP/1.1" 404 1251 "-" "Go-http-client/1.1"
2001:41d0:801:2000::c38 - - [17/Jan/2026:19:29:09 +0700] "GET //wp-includes///wp-includes/blocks/ HTTP/1.1" 404 1251 "-" "Go-http-client/1.1"
2001:41d0:701:1100::7333 - - [17/Jan/2026:19:29:09 +0700] "GET //wp-includes///wp-includes/blocks/ HTTP/1.1" 404 1251 "-" "Go-http-client/1.1"
134.209.25.199 - - [17/Jan/2026:19:29:09 +0700] "GET /api-docs/swagger.json HTTP/1.1" 400 52 "-" "Mozilla/5.0 (l9scan/2.0.739313e21313e2734323e2330313; +https://leakix.net)"
2001:41d0:701:1100::7333 - - [17/Jan/2026:19:29:09 +0700] "GET //wp-includes///wp-includes/block-supports/ HTTP/1.1" 404 1251 "-" "Go-http-client/1.1"
2001:41d0:701:1100::7333 - - [17/Jan/2026:19:29:09 +0700] "GET //wp-includes///wp-includes/blocks/ HTTP/1.1" 404 1251 "-" "Go-http-client/1.1"
205.169.39.20 - - [17/Jan/2026:19:29:09 +0700] "GET /cPanel_magic_revision_1726168106/unprotected/cpanel/images/notice-error.png HTTP/2" 200 1026 "https://webmail.netfinitynetwork.com/cPanel_magic_revision_1750064033/unprotected/cpanel/style_v2_optimized.css" "Mozilla/5.0 (Windows NT 10.0; Win64; x64) AppleWebKit/537.36 (KHTML, like Gecko) Chrome/117.0.5938.132 Safari/537.36"
205.169.39.20 - - [17/Jan/2026:19:29:09 +0700] "GET /cPanel_magic_revision_1748449569/unprotected/cpanel/fonts/open_sans/OpenSans-Regular-webfont.woff HTTP/2" 200 22660 "https://webmail.netfinitynetwork.com/cPanel_magic_revision_1748449569/unprotected/cpanel/fonts/open_sans/open_sans.min.css" "Mozilla/5.0 (Windows NT 10.0; Win64; x64) AppleWebKit/537.36 (KHTML, like Gecko) Chrome/117.0.5938.132 Safari/537.36"
205.169.39.20 - - [17/Jan/2026:19:29:09 +0700] "GET /cPanel_magic_revision_1726168106/unprotected/cpanel/images/icon-username.png HTTP/2" 200 320 "https://webmail.netfinitynetwork.com/cPanel_magic_revision_1750064033/unprotected/cpanel/style_v2_optimized.css" "Mozilla/5.0 (Windows NT 10.0; Win64; x64) AppleWebKit/537.36 (KHTML, like Gecko) Chrome/117.0.5938.132 Safari/537.36"
206.189.19.19 - - [17/Jan/2026:19:29:09 +0700] "GET /api-docs/swagger.json HTTP/1.1" 404 1251 "-" "Mozilla/5.0 (l9scan/2.0.739313e21313e2734323e2330313; +https://leakix.net)"
134.209.25.199 - - [17/Jan/2026:19:29:09 +0700] "GET /api-docs/swagger.json HTTP/1.1" 404 1251 "-" "Mozilla/5.0 (l9scan/2.0.739313e21313e2734323e2330313; +https://leakix.net)"
205.169.39.20 - - [17/Jan/2026:19:29:09 +0700] "GET /cPanel_magic_revision_1748449569/unprotected/cpanel/fonts/open_sans/OpenSans-Semibold-webfont.woff HTTP/2" 200 22908 "https://webmail.netfinitynetwork.com/cPanel_magic_revision_1748449569/unprotected/cpanel/fonts/open_sans/open_sans.min.css" "Mozilla/5.0 (Windows NT 10.0; Win64; x64) AppleWebKit/537.36 (KHTML, like Gecko) Chrome/117.0.5938.132 Safari/537.36"
205.169.39.20 - - [17/Jan/2026:19:29:09 +0700] "GET /cPanel_magic_revision_1726168106/unprotected/cpanel/images/icon-password.png HTTP/2" 200 450 "https://webmail.netfinitynetwork.com/cPanel_magic_revision_1750064033/unprotected/cpanel/style_v2_optimized.css" "Mozilla/5.0 (Windows NT 10.0; Win64; x64) AppleWebKit/537.36 (KHTML, like Gecko) Chrome/117.0.5938.132 Safari/537.36"
139.59.136.184 - - [17/Jan/2026:19:29:09 +0700] "GET /api-docs/swagger.json HTTP/1.1" 404 3422 "-" "Mozilla/5.0 (l9scan/2.0.739313e21313e2734323e2330313; +https://leakix.net)"
134.209.25.199 - - [17/Jan/2026:19:29:09 +0700] "GET /api-docs/swagger.json HTTP/1.1" 401 53 "-" "Mozilla/5.0 (l9scan/2.0.739313e21313e2734323e2330313; +https://leakix.net)"
2001:41d0:701:1100::7333 - - [17/Jan/2026:19:29:10 +0700] "GET //wp-includes///wp-includes/certificates/ HTTP/1.1" 404 1251 "-" "Go-http-client/1.1"
2001:41d0:701:1100::7333 - - [17/Jan/2026:19:29:10 +0700] "GET //wp-includes///wp-includes/certificates/ HTTP/1.1" 404 1251 "-" "Go-http-client/1.1"
2001:41d0:801:2000::c38 - - [17/Jan/2026:19:29:10 +0700] "GET //wp-includes///wp-includes/certificates/ HTTP/1.1" 404 1251 "-" "Go-http-client/1.1"
205.169.39.20 - - [17/Jan/2026:19:29:10 +0700] "GET /cPanel_magic_revision_1748449569/unprotected/cpanel/fonts/open_sans/OpenSans-Bold-webfont.woff HTTP/2" 200 22432 "https://webmail.netfinitynetwork.com/cPanel_magic_revision_1748449569/unprotected/cpanel/fonts/open_sans/open_sans.min.css" "Mozilla/5.0 (Windows NT 10.0; Win64; x64) AppleWebKit/537.36 (KHTML, like Gecko) Chrome/117.0.5938.132 Safari/537.36"
2001:41d0:701:1100::7333 - - [17/Jan/2026:19:29:10 +0700] "GET //wp-includes///wp-includes/css/ HTTP/1.1" 404 1251 "-" "Go-http-client/1.1"
2001:41d0:701:1100::7333 - - [17/Jan/2026:19:29:10 +0700] "GET //wp-includes///wp-includes/css/ HTTP/1.1" 404 1251 "-" "Go-http-client/1.1"
57.129.16.41 - - [17/Jan/2026:19:29:11 +0700] "GET //wp-includes///wp-includes/customize/ HTTP/1.1" 404 1251 "-" "Go-http-client/1.1"
134.209.25.199 - - [17/Jan/2026:19:29:11 +0700] "GET /@vite/env HTTP/1.1" 404 1251 "-" "Mozilla/5.0 (l9scan/2.0.739313e21313e2734323e2330313; +https://leakix.net)"
206.189.19.19 - - [17/Jan/2026:19:29:11 +0700] "GET /api/swagger.json HTTP/1.1" 404 1251 "-" "Mozilla/5.0 (l9scan/2.0.739313e21313e2734323e2330313; +https://leakix.net)"
134.209.25.199 - - [17/Jan/2026:19:29:11 +0700] "GET /api/swagger.json HTTP/1.1" 404 1251 "-" "Mozilla/5.0 (l9scan/2.0.739313e21313e2734323e2330313; +https://leakix.net)"
205.169.39.20 - - [17/Jan/2026:19:29:11 +0700] "GET /cPanel_magic_revision_1726168106/unprotected/cpanel/images/notice-info.png HTTP/2" 200 976 "https://webmail.netfinitynetwork.com/cPanel_magic_revision_1750064033/unprotected/cpanel/style_v2_optimized.css" "Mozilla/5.0 (Windows NT 10.0; Win64; x64) AppleWebKit/537.36 (KHTML, like Gecko) Chrome/117.0.5938.132 Safari/537.36"
205.169.39.20 - - [17/Jan/2026:19:29:11 +0700] "GET /cPanel_magic_revision_1726168106/unprotected/cpanel/images/notice-success.png HTTP/2" 200 962 "https://webmail.netfinitynetwork.com/cPanel_magic_revision_1750064033/unprotected/cpanel/style_v2_optimized.css" "Mozilla/5.0 (Windows NT 10.0; Win64; x64) AppleWebKit/537.36 (KHTML, like Gecko) Chrome/117.0.5938.132 Safari/537.36"
205.169.39.20 - - [17/Jan/2026:19:29:11 +0700] "GET /cPanel_magic_revision_1726168106/unprotected/cpanel/images/warning.png HTTP/2" 200 1060 "https://webmail.netfinitynetwork.com/cPanel_magic_revision_1750064033/unprotected/cpanel/style_v2_optimized.css" "Mozilla/5.0 (Windows NT 10.0; Win64; x64) AppleWebKit/537.36 (KHTML, like Gecko) Chrome/117.0.5938.132 Safari/537.36"
206.189.19.19 - - [17/Jan/2026:19:29:11 +0700] "GET /@vite/env HTTP/1.1" 404 1251 "-" "Mozilla/5.0 (l9scan/2.0.739313e21313e2734323e2330313; +https://leakix.net)"
57.129.16.41 - - [17/Jan/2026:19:29:11 +0700] "GET //wp-includes///wp-includes/customize/ HTTP/1.1" 404 1251 "-" "Go-http-client/1.1"
139.59.136.184 - - [17/Jan/2026:19:29:11 +0700] "GET /api/swagger.json HTTP/1.1" 404 3422 "-" "Mozilla/5.0 (l9scan/2.0.739313e21313e2734323e2330313; +https://leakix.net)"
134.209.25.199 - - [17/Jan/2026:19:29:11 +0700] "GET /api/swagger.json HTTP/1.1" 400 52 "-" "Mozilla/5.0 (l9scan/2.0.739313e21313e2734323e2330313; +https://leakix.net)"
134.209.25.199 - - [17/Jan/2026:19:29:11 +0700] "GET /api/swagger.json HTTP/1.1" 401 53 "-" "Mozilla/5.0 (l9scan/2.0.739313e21313e2734323e2330313; +https://leakix.net)"
134.209.25.199 - - [17/Jan/2026:19:29:12 +0700] "GET /@vite/env HTTP/1.1" 400 52 "-" "Mozilla/5.0 (l9scan/2.0.739313e21313e2734323e2330313; +https://leakix.net)"
206.189.19.19 - - [17/Jan/2026:19:29:12 +0700] "GET /actuator/env HTTP/1.1" 404 1251 "-" "Mozilla/5.0 (l9scan/2.0.739313e21313e2734323e2330313; +https://leakix.net)"
134.209.25.199 - - [17/Jan/2026:19:29:12 +0700] "GET /actuator/env HTTP/1.1" 404 1251 "-" "Mozilla/5.0 (l9scan/2.0.739313e21313e2734323e2330313; +https://leakix.net)"
2001:41d0:701:1100::7333 - - [17/Jan/2026:19:29:12 +0700] "GET //wp-includes///wp-includes/html-api/ HTTP/1.1" 404 1251 "-" "Go-http-client/1.1"
2001:41d0:701:1100::7333 - - [17/Jan/2026:19:29:12 +0700] "GET //wp-includes///wp-includes/css/ HTTP/1.1" 404 1251 "-" "Go-http-client/1.1"
2001:41d0:701:1100::7333 - - [17/Jan/2026:19:29:12 +0700] "GET //wp-includes///wp-includes/fonts/ HTTP/1.1" 404 1251 "-" "Go-http-client/1.1"
2001:41d0:801:2000::c38 - - [17/Jan/2026:19:29:12 +0700] "GET //wp-includes///wp-includes/css/ HTTP/1.1" 404 1251 "-" "Go-http-client/1.1"
139.59.136.184 - - [17/Jan/2026:19:29:12 +0700] "GET /@vite/env HTTP/1.1" 404 3422 "-" "Mozilla/5.0 (l9scan/2.0.739313e21313e2734323e2330313; +https://leakix.net)"
134.209.25.199 - - [17/Jan/2026:19:29:12 +0700] "GET /@vite/env HTTP/1.1" 401 53 "-" "Mozilla/5.0 (l9scan/2.0.739313e21313e2734323e2330313; +https://leakix.net)"
2001:41d0:701:1100::7333 - - [17/Jan/2026:19:29:12 +0700] "GET //wp-includes///wp-includes/fonts/ HTTP/1.1" 404 1251 "-" "Go-http-client/1.1"
2001:41d0:701:1100::7333 - - [17/Jan/2026:19:29:12 +0700] "GET //wp-includes///wp-includes/css/ HTTP/1.1" 404 1251 "-" "Go-http-client/1.1"
134.209.25.199 - - [17/Jan/2026:19:29:13 +0700] "GET /actuator/env HTTP/1.1" 401 53 "-" "Mozilla/5.0 (l9scan/2.0.739313e21313e2734323e2330313; +https://leakix.net)"
134.209.25.199 - - [17/Jan/2026:19:29:13 +0700] "GET /server HTTP/1.1" 404 1251 "-" "Mozilla/5.0 (l9scan/2.0.739313e21313e2734323e2330313; +https://leakix.net)"
2001:41d0:701:1100::7333 - - [17/Jan/2026:19:29:13 +0700] "GET //wp-includes///wp-includes/customize/ HTTP/1.1" 404 1251 "-" "Go-http-client/1.1"
2001:41d0:801:2000::c38 - - [17/Jan/2026:19:29:13 +0700] "GET //wp-includes///wp-includes/customize/ HTTP/1.1" 404 1251 "-" "Go-http-client/1.1"
139.59.136.184 - - [17/Jan/2026:19:29:13 +0700] "GET /actuator/env HTTP/1.1" 404 3422 "-" "Mozilla/5.0 (l9scan/2.0.739313e21313e2734323e2330313; +https://leakix.net)"
134.209.25.199 - - [17/Jan/2026:19:29:13 +0700] "GET /actuator/env HTTP/1.1" 400 52 "-" "Mozilla/5.0 (l9scan/2.0.739313e21313e2734323e2330313; +https://leakix.net)"
2001:41d0:701:1100::7333 - - [17/Jan/2026:19:29:13 +0700] "GET //wp-includes///wp-includes/html-api/ HTTP/1.1" 404 1251 "-" "Go-http-client/1.1"
206.189.19.19 - - [17/Jan/2026:19:29:13 +0700] "GET /server HTTP/1.1" 404 1251 "-" "Mozilla/5.0 (l9scan/2.0.739313e21313e2734323e2330313; +https://leakix.net)"
2001:41d0:701:1100::7333 - - [17/Jan/2026:19:29:14 +0700] "GET //wp-includes///wp-includes/ID3/ HTTP/1.1" 404 1251 "-" "Go-http-client/1.1"
2001:41d0:701:1100::7333 - - [17/Jan/2026:19:29:14 +0700] "GET //wp-includes///wp-includes/fonts/ HTTP/1.1" 404 1251 "-" "Go-http-client/1.1"
51.89.167.1 - - [17/Jan/2026:19:29:14 +0700] "GET //wp-includes///wp-includes/fonts/ HTTP/1.1" 404 1251 "-" "Go-http-client/1.1"
134.209.25.199 - - [17/Jan/2026:19:29:14 +0700] "GET /server HTTP/1.1" 400 52 "-" "Mozilla/5.0 (l9scan/2.0.739313e21313e2734323e2330313; +https://leakix.net)"
2001:41d0:701:1100::7333 - - [17/Jan/2026:19:29:14 +0700] "GET //wp-includes///wp-includes/html-api/ HTTP/1.1" 404 1251 "-" "Go-http-client/1.1"
2001:41d0:701:1100::7333 - - [17/Jan/2026:19:29:14 +0700] "GET //wp-includes///wp-includes/ID3/ HTTP/1.1" 404 1251 "-" "Go-http-client/1.1"
139.59.136.184 - - [17/Jan/2026:19:29:14 +0700] "GET /server HTTP/1.1" 404 3422 "-" "Mozilla/5.0 (l9scan/2.0.739313e21313e2734323e2330313; +https://leakix.net)"
2001:41d0:701:1100::7333 - - [17/Jan/2026:19:29:14 +0700] "GET //wp-includes///wp-includes/customize/ HTTP/1.1" 404 1251 "-" "Go-http-client/1.1"
134.209.25.199 - - [17/Jan/2026:19:29:14 +0700] "GET /server HTTP/1.1" 401 53 "-" "Mozilla/5.0 (l9scan/2.0.739313e21313e2734323e2330313; +https://leakix.net)"
206.189.19.19 - - [17/Jan/2026:19:29:14 +0700] "GET /.vscode/sftp.json HTTP/1.1" 404 1251 "-" "Mozilla/5.0 (l9scan/2.0.739313e21313e2734323e2330313; +https://leakix.net)"
2001:41d0:701:1100::7333 - - [17/Jan/2026:19:29:14 +0700] "GET //wp-includes///wp-includes/images/ HTTP/1.1" 404 1251 "-" "Go-http-client/1.1"
2001:41d0:801:2000::c38 - - [17/Jan/2026:19:29:15 +0700] "GET //wp-includes///wp-includes/html-api/ HTTP/1.1" 404 1251 "-" "Go-http-client/1.1"
134.209.25.199 - - [17/Jan/2026:19:29:15 +0700] "GET /.vscode/sftp.json HTTP/1.1" 400 52 "-" "Mozilla/5.0 (l9scan/2.0.739313e21313e2734323e2330313; +https://leakix.net)"
134.209.25.199 - - [17/Jan/2026:19:29:15 +0700] "GET /.vscode/sftp.json HTTP/1.1" 401 53 "-" "Mozilla/5.0 (l9scan/2.0.739313e21313e2734323e2330313; +https://leakix.net)"
134.209.25.199 - - [17/Jan/2026:19:29:15 +0700] "GET /.vscode/sftp.json HTTP/1.1" 404 1251 "-" "Mozilla/5.0 (l9scan/2.0.739313e21313e2734323e2330313; +https://leakix.net)"
2001:41d0:701:1100::7333 - - [17/Jan/2026:19:29:15 +0700] "GET //wp-includes///wp-includes/images/ HTTP/1.1" 404 1251 "-" "Go-http-client/1.1"
2001:41d0:701:1100::7333 - - [17/Jan/2026:19:29:15 +0700] "GET //wp-includes///wp-includes/fonts/ HTTP/1.1" 404 1251 "-" "Go-http-client/1.1"
139.59.136.184 - - [17/Jan/2026:19:29:15 +0700] "GET /.vscode/sftp.json HTTP/1.1" 404 3422 "-" "Mozilla/5.0 (l9scan/2.0.739313e21313e2734323e2330313; +https://leakix.net)"
2001:41d0:701:1100::7333 - - [17/Jan/2026:19:29:15 +0700] "GET //wp-includes///wp-includes/ID3/ HTTP/1.1" 404 1251 "-" "Go-http-client/1.1"
2001:41d0:701:1100::7333 - - [17/Jan/2026:19:29:15 +0700] "GET //wp-includes///wp-includes/interactivity-api/ HTTP/1.1" 404 1251 "-" "Go-http-client/1.1"
2001:41d0:701:1100::7333 - - [17/Jan/2026:19:29:16 +0700] "GET //wp-includes///wp-includes/html-api/ HTTP/1.1" 404 1251 "-" "Go-http-client/1.1"
2001:41d0:801:2000::c38 - - [17/Jan/2026:19:29:16 +0700] "GET //wp-includes///wp-includes/ID3/ HTTP/1.1" 404 1251 "-" "Go-http-client/1.1"
2001:41d0:701:1100::7333 - - [17/Jan/2026:19:29:16 +0700] "GET //wp-includes///wp-includes/images/ HTTP/1.1" 404 1251 "-" "Go-http-client/1.1"
206.189.19.19 - - [17/Jan/2026:19:29:16 +0700] "GET /about HTTP/1.1" 404 1251 "-" "Mozilla/5.0 (l9scan/2.0.739313e21313e2734323e2330313; +https://leakix.net)"
2001:41d0:701:1100::7333 - - [17/Jan/2026:19:29:16 +0700] "GET //wp-includes///wp-includes/ID3/ HTTP/1.1" 404 1251 "-" "Go-http-client/1.1"
2001:41d0:701:1100::7333 - - [17/Jan/2026:19:29:16 +0700] "GET //wp-includes///wp-includes/interactivity-api/ HTTP/1.1" 404 1251 "-" "Go-http-client/1.1"
2001:41d0:701:1100::7333 - - [17/Jan/2026:19:29:16 +0700] "GET //wp-includes///wp-includes/IXR/ HTTP/1.1" 404 1251 "-" "Go-http-client/1.1"
2001:41d0:701:1100::7333 - - [17/Jan/2026:19:29:16 +0700] "GET //wp-includes///wp-includes/IXR/ HTTP/1.1" 404 1251 "-" "Go-http-client/1.1"
2001:41d0:801:2000::c38 - - [17/Jan/2026:19:29:16 +0700] "GET //wp-includes///wp-includes/images/ HTTP/1.1" 404 1251 "-" "Go-http-client/1.1"
139.59.136.184 - - [17/Jan/2026:19:29:17 +0700] "GET /about HTTP/1.1" 404 3422 "-" "Mozilla/5.0 (l9scan/2.0.739313e21313e2734323e2330313; +https://leakix.net)"
134.209.25.199 - - [17/Jan/2026:19:29:17 +0700] "GET /about HTTP/1.1" 400 52 "-" "Mozilla/5.0 (l9scan/2.0.739313e21313e2734323e2330313; +https://leakix.net)"
134.209.25.199 - - [17/Jan/2026:19:29:17 +0700] "GET /about HTTP/1.1" 401 53 "-" "Mozilla/5.0 (l9scan/2.0.739313e21313e2734323e2330313; +https://leakix.net)"
2001:41d0:701:1100::7333 - - [17/Jan/2026:19:29:17 +0700] "GET //wp-includes///wp-includes/interactivity-api/ HTTP/1.1" 404 1251 "-" "Go-http-client/1.1"
205.169.39.2 - - [17/Jan/2026:19:29:17 +0700] "GET / HTTP/1.1" 401 53 "http://cpcalendars.netfinitynetwork.com" "Mozilla/5.0 (Windows NT 10.0) AppleWebKit/537.36 (KHTML, like Gecko) Chrome/106.0.0.0 Safari/537.36"
134.209.25.199 - - [17/Jan/2026:19:29:17 +0700] "GET /about HTTP/1.1" 404 1251 "-" "Mozilla/5.0 (l9scan/2.0.739313e21313e2734323e2330313; +https://leakix.net)"
2001:41d0:701:1100::7333 - - [17/Jan/2026:19:29:17 +0700] "GET //wp-includes///wp-includes/js/ HTTP/1.1" 404 1251 "-" "Go-http-client/1.1"
206.189.19.19 - - [17/Jan/2026:19:29:17 +0700] "GET /debug/default/view?panel=config HTTP/1.1" 404 1251 "-" "Mozilla/5.0 (l9scan/2.0.739313e21313e2734323e2330313; +https://leakix.net)"
2001:41d0:701:1100::7333 - - [17/Jan/2026:19:29:17 +0700] "GET //wp-includes///wp-includes/images/ HTTP/1.1" 404 1251 "-" "Go-http-client/1.1"
2001:41d0:701:1100::7333 - - [17/Jan/2026:19:29:17 +0700] "GET //wp-includes///wp-includes/js/ HTTP/1.1" 404 1251 "-" "Go-http-client/1.1"
2001:41d0:701:1100::7333 - - [17/Jan/2026:19:29:17 +0700] "GET //wp-includes///wp-includes/IXR/ HTTP/1.1" 404 1251 "-" "Go-http-client/1.1"
2001:41d0:801:2000::c38 - - [17/Jan/2026:19:29:17 +0700] "GET //wp-includes///wp-includes/interactivity-api/ HTTP/1.1" 404 1251 "-" "Go-http-client/1.1"
2001:41d0:701:1100::7333 - - [17/Jan/2026:19:29:18 +0700] "GET //wp-includes///wp-includes/l10n/ HTTP/1.1" 404 1251 "-" "Go-http-client/1.1"
134.209.25.199 - - [17/Jan/2026:19:29:18 +0700] "GET /debug/default/view?panel=config HTTP/1.1" 400 52 "-" "Mozilla/5.0 (l9scan/2.0.739313e21313e2734323e2330313; +https://leakix.net)"
2001:41d0:701:1100::7333 - - [17/Jan/2026:19:29:18 +0700] "GET //wp-includes///wp-includes/js/ HTTP/1.1" 404 1251 "-" "Go-http-client/1.1"
206.189.19.19 - - [17/Jan/2026:19:29:18 +0700] "GET /v2/_catalog HTTP/1.1" 404 1251 "-" "Mozilla/5.0 (l9scan/2.0.739313e21313e2734323e2330313; +https://leakix.net)"
2001:41d0:801:2000::c38 - - [17/Jan/2026:19:29:18 +0700] "GET //wp-includes///wp-includes/IXR/ HTTP/1.1" 404 1251 "-" "Go-http-client/1.1"
2001:41d0:701:1100::7333 - - [17/Jan/2026:19:29:18 +0700] "GET //wp-includes///wp-includes/php-compat/ HTTP/1.1" 404 1251 "-" "Go-http-client/1.1"
134.209.25.199 - - [17/Jan/2026:19:29:18 +0700] "GET /debug/default/view?panel=config HTTP/1.1" 404 1251 "-" "Mozilla/5.0 (l9scan/2.0.739313e21313e2734323e2330313; +https://leakix.net)"
139.59.136.184 - - [17/Jan/2026:19:29:18 +0700] "GET /debug/default/view?panel=config HTTP/1.1" 404 3422 "-" "Mozilla/5.0 (l9scan/2.0.739313e21313e2734323e2330313; +https://leakix.net)"
