74.7.241.60 - - [18/Jan/2026:03:35:16 +0700] "GET /wp-includes/js/crop/marqueeVert.gif HTTP/2" 200 293 "https://mail.netfinitynetwork.com/wp-includes/js/crop/" "Mozilla/5.0 AppleWebKit/537.36 (KHTML, like Gecko; compatible; GPTBot/1.3; +https://openai.com/gptbot)"
216.73.216.99 - - [18/Jan/2026:03:35:16 +0700] "GET /wp-includes/html-api/class-wp-html-processor-state.php HTTP/2" 200 0 "-" "Mozilla/5.0 AppleWebKit/537.36 (KHTML, like Gecko; compatible; ClaudeBot/1.0; +claudebot@anthropic.com)"
74.7.241.60 - - [18/Jan/2026:03:35:17 +0700] "GET /wp-includes/js/wp-lists.js HTTP/2" 200 5138 "https://mail.netfinitynetwork.com/wp-includes/js/" "Mozilla/5.0 AppleWebKit/537.36 (KHTML, like Gecko; compatible; GPTBot/1.3; +https://openai.com/gptbot)"
74.7.241.60 - - [18/Jan/2026:03:35:18 +0700] "GET /wp-includes/js/jquery/ui/effect-drop.js HTTP/2" 200 673 "https://mail.netfinitynetwork.com/wp-includes/js/jquery/ui/" "Mozilla/5.0 AppleWebKit/537.36 (KHTML, like Gecko; compatible; GPTBot/1.3; +https://openai.com/gptbot)"
74.7.241.60 - - [18/Jan/2026:03:35:19 +0700] "GET /wp-includes/js/jquery/ui/effect-fade.js HTTP/2" 200 465 "https://mail.netfinitynetwork.com/wp-includes/js/jquery/ui/" "Mozilla/5.0 AppleWebKit/537.36 (KHTML, like Gecko; compatible; GPTBot/1.3; +https://openai.com/gptbot)"
74.7.241.60 - - [18/Jan/2026:03:35:20 +0700] "GET /wp-includes/js/tinymce/plugins/wptextpattern/ HTTP/2" 200 685 "https://mail.netfinitynetwork.com/wp-includes/js/tinymce/plugins/" "Mozilla/5.0 AppleWebKit/537.36 (KHTML, like Gecko; compatible; GPTBot/1.3; +https://openai.com/gptbot)"
74.7.241.60 - - [18/Jan/2026:03:35:21 +0700] "GET /wp-includes/js/tinymce/plugins/directionality/ HTTP/2" 200 683 "https://mail.netfinitynetwork.com/wp-includes/js/tinymce/plugins/" "Mozilla/5.0 AppleWebKit/537.36 (KHTML, like Gecko; compatible; GPTBot/1.3; +https://openai.com/gptbot)"
216.73.216.99 - - [18/Jan/2026:03:35:21 +0700] "GET /wp-includes/html-api/class-wp-html-stack-event.php HTTP/2" 200 0 "-" "Mozilla/5.0 AppleWebKit/537.36 (KHTML, like Gecko; compatible; ClaudeBot/1.0; +claudebot@anthropic.com)"
74.7.241.60 - - [18/Jan/2026:03:35:21 +0700] "GET /wp-includes/js/tinymce/plugins/compat3x/ HTTP/2" 200 734 "https://mail.netfinitynetwork.com/wp-includes/js/tinymce/plugins/" "Mozilla/5.0 AppleWebKit/537.36 (KHTML, like Gecko; compatible; GPTBot/1.3; +https://openai.com/gptbot)"
74.7.241.60 - - [18/Jan/2026:03:35:22 +0700] "GET /wp-includes/js/jquery/ui/effect-clip.js HTTP/2" 200 627 "https://mail.netfinitynetwork.com/wp-includes/js/jquery/ui/" "Mozilla/5.0 AppleWebKit/537.36 (KHTML, like Gecko; compatible; GPTBot/1.3; +https://openai.com/gptbot)"
74.7.241.60 - - [18/Jan/2026:03:35:23 +0700] "GET /wp-includes/js/jquery/ui/effect-fold.js HTTP/2" 200 834 "https://mail.netfinitynetwork.com/wp-includes/js/jquery/ui/" "Mozilla/5.0 AppleWebKit/537.36 (KHTML, like Gecko; compatible; GPTBot/1.3; +https://openai.com/gptbot)"
74.7.241.60 - - [18/Jan/2026:03:35:23 +0700] "GET /wp-includes/js/jquery/ui/tooltip.min.js HTTP/2" 200 2019 "https://mail.netfinitynetwork.com/wp-includes/js/jquery/ui/" "Mozilla/5.0 AppleWebKit/537.36 (KHTML, like Gecko; compatible; GPTBot/1.3; +https://openai.com/gptbot)"
74.7.241.60 - - [18/Jan/2026:03:35:24 +0700] "GET /wp-includes/js/jquery/ui/effect-size.js HTTP/2" 200 1568 "https://mail.netfinitynetwork.com/wp-includes/js/jquery/ui/" "Mozilla/5.0 AppleWebKit/537.36 (KHTML, like Gecko; compatible; GPTBot/1.3; +https://openai.com/gptbot)"
74.7.241.60 - - [18/Jan/2026:03:35:24 +0700] "GET /wp-includes/js/jquery/ui/effect-bounce.min.js HTTP/2" 200 548 "https://mail.netfinitynetwork.com/wp-includes/js/jquery/ui/" "Mozilla/5.0 AppleWebKit/537.36 (KHTML, like Gecko; compatible; GPTBot/1.3; +https://openai.com/gptbot)"
74.7.241.60 - - [18/Jan/2026:03:35:25 +0700] "GET /wp-includes/sodium_compat/namespaced/Core/Poly1305/ HTTP/2" 200 710 "https://mail.netfinitynetwork.com/wp-includes/sodium_compat/namespaced/Core/" "Mozilla/5.0 AppleWebKit/537.36 (KHTML, like Gecko; compatible; GPTBot/1.3; +https://openai.com/gptbot)"
74.7.241.60 - - [18/Jan/2026:03:35:25 +0700] "GET /wp-includes/js/jquery/ui/effect-fade.min.js HTTP/2" 200 303 "https://mail.netfinitynetwork.com/wp-includes/js/jquery/ui/" "Mozilla/5.0 AppleWebKit/537.36 (KHTML, like Gecko; compatible; GPTBot/1.3; +https://openai.com/gptbot)"
74.7.241.60 - - [18/Jan/2026:03:35:26 +0700] "GET /wp-includes/js/jquery/ui/effect-clip.min.js HTTP/2" 200 410 "https://mail.netfinitynetwork.com/wp-includes/js/jquery/ui/" "Mozilla/5.0 AppleWebKit/537.36 (KHTML, like Gecko; compatible; GPTBot/1.3; +https://openai.com/gptbot)"
216.73.216.99 - - [18/Jan/2026:03:35:26 +0700] "GET /wp-includes/html-api/error_log HTTP/2" 403 1242 "-" "Mozilla/5.0 AppleWebKit/537.36 (KHTML, like Gecko; compatible; ClaudeBot/1.0; +claudebot@anthropic.com)"
74.7.241.60 - - [18/Jan/2026:03:35:26 +0700] "GET /wp-includes/js/tinymce/plugins/wptextpattern/plugin.min.js HTTP/2" 200 1291 "https://mail.netfinitynetwork.com/wp-includes/js/tinymce/plugins/wptextpattern/" "Mozilla/5.0 AppleWebKit/537.36 (KHTML, like Gecko; compatible; GPTBot/1.3; +https://openai.com/gptbot)"
74.7.241.60 - - [18/Jan/2026:03:35:27 +0700] "GET /wp-includes/js/tinymce/plugins/directionality/plugin.min.js HTTP/2" 200 417 "https://mail.netfinitynetwork.com/wp-includes/js/tinymce/plugins/directionality/" "Mozilla/5.0 AppleWebKit/537.36 (KHTML, like Gecko; compatible; GPTBot/1.3; +https://openai.com/gptbot)"
74.7.241.60 - - [18/Jan/2026:03:35:27 +0700] "GET /wp-includes/js/tinymce/plugins/wptextpattern/plugin.js HTTP/2" 200 2618 "https://mail.netfinitynetwork.com/wp-includes/js/tinymce/plugins/wptextpattern/" "Mozilla/5.0 AppleWebKit/537.36 (KHTML, like Gecko; compatible; GPTBot/1.3; +https://openai.com/gptbot)"
74.7.241.60 - - [18/Jan/2026:03:35:28 +0700] "GET /wp-includes/js/tinymce/plugins/directionality/plugin.js HTTP/2" 200 607 "https://mail.netfinitynetwork.com/wp-includes/js/tinymce/plugins/directionality/" "Mozilla/5.0 AppleWebKit/537.36 (KHTML, like Gecko; compatible; GPTBot/1.3; +https://openai.com/gptbot)"
74.7.241.60 - - [18/Jan/2026:03:35:28 +0700] "GET /wp-includes/js/jquery/ui/effect-puff.min.js HTTP/2" 200 290 "https://mail.netfinitynetwork.com/wp-includes/js/jquery/ui/" "Mozilla/5.0 AppleWebKit/537.36 (KHTML, like Gecko; compatible; GPTBot/1.3; +https://openai.com/gptbot)"
74.7.241.60 - - [18/Jan/2026:03:35:29 +0700] "GET /wp-includes/js/jquery/ui/effect-fold.min.js HTTP/2" 200 522 "https://mail.netfinitynetwork.com/wp-includes/js/jquery/ui/" "Mozilla/5.0 AppleWebKit/537.36 (KHTML, like Gecko; compatible; GPTBot/1.3; +https://openai.com/gptbot)"
74.7.241.60 - - [18/Jan/2026:03:35:29 +0700] "GET /wp-includes/js/jquery/ui/effect-drop.min.js HTTP/2" 200 425 "https://mail.netfinitynetwork.com/wp-includes/js/jquery/ui/" "Mozilla/5.0 AppleWebKit/537.36 (KHTML, like Gecko; compatible; GPTBot/1.3; +https://openai.com/gptbot)"
74.7.241.60 - - [18/Jan/2026:03:35:30 +0700] "GET /wp-includes/js/jquery/ui/effect-size.min.js HTTP/2" 200 898 "https://mail.netfinitynetwork.com/wp-includes/js/jquery/ui/" "Mozilla/5.0 AppleWebKit/537.36 (KHTML, like Gecko; compatible; GPTBot/1.3; +https://openai.com/gptbot)"
74.7.241.60 - - [18/Jan/2026:03:35:30 +0700] "GET /wp-includes/sodium_compat/namespaced/Core/Poly1305/error_log HTTP/2" 403 1242 "https://mail.netfinitynetwork.com/wp-includes/sodium_compat/namespaced/Core/Poly1305/" "Mozilla/5.0 AppleWebKit/537.36 (KHTML, like Gecko; compatible; GPTBot/1.3; +https://openai.com/gptbot)"
216.73.216.99 - - [18/Jan/2026:03:35:31 +0700] "GET /wp-includes/assets/script-loader-react-refresh-entry.php HTTP/2" 200 0 "-" "Mozilla/5.0 AppleWebKit/537.36 (KHTML, like Gecko; compatible; ClaudeBot/1.0; +claudebot@anthropic.com)"
74.7.241.60 - - [18/Jan/2026:03:35:31 +0700] "GET /wp-includes/sodium_compat/namespaced/Core/Poly1305/State.php HTTP/2" 500 0 "https://mail.netfinitynetwork.com/wp-includes/sodium_compat/namespaced/Core/Poly1305/" "Mozilla/5.0 AppleWebKit/537.36 (KHTML, like Gecko; compatible; GPTBot/1.3; +https://openai.com/gptbot)"
74.7.241.60 - - [18/Jan/2026:03:35:32 +0700] "GET /wp-includes/js/tinymce/'+(m=n).source1+' HTTP/2" 404 1251 "https://mail.netfinitynetwork.com/wp-includes/js/tinymce/wp-tinymce.js" "Mozilla/5.0 AppleWebKit/537.36 (KHTML, like Gecko; compatible; GPTBot/1.3; +https://openai.com/gptbot)"
74.7.241.60 - - [18/Jan/2026:03:35:33 +0700] "GET /wp-includes/js/jquery/ui/effect-shake.js HTTP/2" 200 717 "https://mail.netfinitynetwork.com/wp-includes/js/jquery/ui/" "Mozilla/5.0 AppleWebKit/537.36 (KHTML, like Gecko; compatible; GPTBot/1.3; +https://openai.com/gptbot)"
74.7.241.60 - - [18/Jan/2026:03:35:35 +0700] "GET /wp-includes/js/jquery/ui/sortable.min.js HTTP/2" 200 6358 "https://mail.netfinitynetwork.com/wp-includes/js/jquery/ui/" "Mozilla/5.0 AppleWebKit/537.36 (KHTML, like Gecko; compatible; GPTBot/1.3; +https://openai.com/gptbot)"
74.7.241.60 - - [18/Jan/2026:03:35:36 +0700] "GET /wp-includes/js/jquery/ui/effect-blind.js HTTP/2" 200 670 "https://mail.netfinitynetwork.com/wp-includes/js/jquery/ui/" "Mozilla/5.0 AppleWebKit/537.36 (KHTML, like Gecko; compatible; GPTBot/1.3; +https://openai.com/gptbot)"
216.73.216.99 - - [18/Jan/2026:03:35:36 +0700] "GET /wp-includes/Text/Exception.php HTTP/2" 200 0 "-" "Mozilla/5.0 AppleWebKit/537.36 (KHTML, like Gecko; compatible; ClaudeBot/1.0; +claudebot@anthropic.com)"
74.7.241.60 - - [18/Jan/2026:03:35:37 +0700] "GET /wp-includes/js/jquery/ui/effect-scale.js HTTP/2" 200 615 "https://mail.netfinitynetwork.com/wp-includes/js/jquery/ui/" "Mozilla/5.0 AppleWebKit/537.36 (KHTML, like Gecko; compatible; GPTBot/1.3; +https://openai.com/gptbot)"
74.7.227.136 - - [18/Jan/2026:03:35:37 +0700] "GET /wp-includes/js/plupload/plupload.min.js HTTP/2" 200 5376 "https://www.netfinitynetwork.idm01.my.id/wp-includes/js/plupload/" "Mozilla/5.0 AppleWebKit/537.36 (KHTML, like Gecko; compatible; GPTBot/1.3; +https://openai.com/gptbot)"
74.7.241.60 - - [18/Jan/2026:03:35:38 +0700] "GET /wp-includes/theme-compat/comments.php HTTP/2" 500 0 "https://mail.netfinitynetwork.com/wp-includes/theme-compat/" "Mozilla/5.0 AppleWebKit/537.36 (KHTML, like Gecko; compatible; GPTBot/1.3; +https://openai.com/gptbot)"
74.7.241.60 - - [18/Jan/2026:03:35:39 +0700] "GET /wp-includes/js/jquery/ui/spinner.min.js HTTP/2" 200 2304 "https://mail.netfinitynetwork.com/wp-includes/js/jquery/ui/" "Mozilla/5.0 AppleWebKit/537.36 (KHTML, like Gecko; compatible; GPTBot/1.3; +https://openai.com/gptbot)"
216.73.216.99 - - [18/Jan/2026:03:35:41 +0700] "GET /wp-includes/html-api/class-wp-html-decoder.php HTTP/2" 200 0 "-" "Mozilla/5.0 AppleWebKit/537.36 (KHTML, like Gecko; compatible; ClaudeBot/1.0; +claudebot@anthropic.com)"
74.7.241.60 - - [18/Jan/2026:03:35:43 +0700] "GET /wp-includes/js/jquery/ui/effect-puff.js HTTP/2" 200 482 "https://mail.netfinitynetwork.com/wp-includes/js/jquery/ui/" "Mozilla/5.0 AppleWebKit/537.36 (KHTML, like Gecko; compatible; GPTBot/1.3; +https://openai.com/gptbot)"
74.7.243.201 - - [18/Jan/2026:03:35:44 +0700] "GET /wp-includes/sodium_compat/src/Core32/Curve25519/error_log HTTP/2" 403 1242 "https://netfinitynetwork.idm01.my.id/wp-includes/sodium_compat/src/Core32/Curve25519/" "Mozilla/5.0 AppleWebKit/537.36 (KHTML, like Gecko; compatible; GPTBot/1.3; +https://openai.com/gptbot)"
74.7.241.60 - - [18/Jan/2026:03:35:45 +0700] "GET /wp-includes/js/jquery/ui/checkboxradio.js HTTP/2" 200 2176 "https://mail.netfinitynetwork.com/wp-includes/js/jquery/ui/" "Mozilla/5.0 AppleWebKit/537.36 (KHTML, like Gecko; compatible; GPTBot/1.3; +https://openai.com/gptbot)"
216.73.216.99 - - [18/Jan/2026:03:35:46 +0700] "GET /wp-includes/Text/Diff HTTP/2" 301 795 "-" "Mozilla/5.0 AppleWebKit/537.36 (KHTML, like Gecko; compatible; ClaudeBot/1.0; +claudebot@anthropic.com)"
216.73.216.99 - - [18/Jan/2026:03:35:46 +0700] "GET /wp-includes/Text/Diff/ HTTP/2" 200 708 "https://netfinitynetwork.idm01.my.id/wp-includes/Text/Diff" "Mozilla/5.0 AppleWebKit/537.36 (KHTML, like Gecko; compatible; ClaudeBot/1.0; +claudebot@anthropic.com)"
74.7.241.60 - - [18/Jan/2026:03:35:48 +0700] "GET /wp-includes/js/jquery/ui/effect-slide.js HTTP/2" 200 804 "https://mail.netfinitynetwork.com/wp-includes/js/jquery/ui/" "Mozilla/5.0 AppleWebKit/537.36 (KHTML, like Gecko; compatible; GPTBot/1.3; +https://openai.com/gptbot)"
74.7.243.196 - - [18/Jan/2026:03:35:48 +0700] "GET /wp-includes/js/plupload/moxie.min.js HTTP/2" 200 26466 "https://www.netfinitynetwork.com/wp-includes/js/plupload/" "Mozilla/5.0 AppleWebKit/537.36 (KHTML, like Gecko; compatible; GPTBot/1.3; +https://openai.com/gptbot)"
74.7.241.60 - - [18/Jan/2026:03:35:50 +0700] "GET /wp-includes/js/zxcvbn.min.js HTTP/2" 200 389493 "https://mail.netfinitynetwork.com/wp-includes/js/" "Mozilla/5.0 AppleWebKit/537.36 (KHTML, like Gecko; compatible; GPTBot/1.3; +https://openai.com/gptbot)"
216.73.216.99 - - [18/Jan/2026:03:35:52 +0700] "GET /wp-includes/html-api/class-wp-html-unsupported-exception.php HTTP/2" 200 0 "-" "Mozilla/5.0 AppleWebKit/537.36 (KHTML, like Gecko; compatible; ClaudeBot/1.0; +claudebot@anthropic.com)"
74.7.241.60 - - [18/Jan/2026:03:35:53 +0700] "GET /wp-includes/widgets/class-wp-widget-tag-cloud.php HTTP/2" 500 0 "https://mail.netfinitynetwork.com/wp-includes/widgets/" "Mozilla/5.0 AppleWebKit/537.36 (KHTML, like Gecko; compatible; GPTBot/1.3; +https://openai.com/gptbot)"
74.7.241.60 - - [18/Jan/2026:03:35:55 +0700] "GET /wp-includes/sodium_compat/src/PHP52/ HTTP/2" 200 662 "https://mail.netfinitynetwork.com/wp-includes/sodium_compat/src/" "Mozilla/5.0 AppleWebKit/537.36 (KHTML, like Gecko; compatible; GPTBot/1.3; +https://openai.com/gptbot)"
216.73.216.99 - - [18/Jan/2026:03:35:56 +0700] "GET /wp-includes/customize/class-wp-customize-upload-control.php HTTP/2" 500 0 "-" "Mozilla/5.0 AppleWebKit/537.36 (KHTML, like Gecko; compatible; ClaudeBot/1.0; +claudebot@anthropic.com)"
216.73.216.99 - - [18/Jan/2026:03:36:01 +0700] "GET /wp-includes/css/wp-empty-template-alert.min.css HTTP/2" 200 183 "-" "Mozilla/5.0 AppleWebKit/537.36 (KHTML, like Gecko; compatible; ClaudeBot/1.0; +claudebot@anthropic.com)"
74.7.241.60 - - [18/Jan/2026:03:36:01 +0700] "GET /wp-includes/sodium_compat/namespaced/Core/Curve25519/H.php HTTP/2" 500 0 "https://mail.netfinitynetwork.com/wp-includes/sodium_compat/namespaced/Core/Curve25519/" "Mozilla/5.0 AppleWebKit/537.36 (KHTML, like Gecko; compatible; GPTBot/1.3; +https://openai.com/gptbot)"
74.7.243.232 - - [18/Jan/2026:03:36:04 +0700] "GET /wp-includes/js/thickbox/%22+urlNoQuery[0]+%22 HTTP/2" 404 1251 "https://netfinitynetwork.com/wp-includes/js/thickbox/thickbox.js" "Mozilla/5.0 AppleWebKit/537.36 (KHTML, like Gecko; compatible; GPTBot/1.3; +https://openai.com/gptbot)"
74.7.241.60 - - [18/Jan/2026:03:36:05 +0700] "GET /wp-includes/js/dist/script-modules/block-editor/ HTTP/2" 200 637 "https://mail.netfinitynetwork.com/wp-includes/js/dist/script-modules/" "Mozilla/5.0 AppleWebKit/537.36 (KHTML, like Gecko; compatible; GPTBot/1.3; +https://openai.com/gptbot)"
216.73.216.99 - - [18/Jan/2026:03:36:06 +0700] "GET /wp-includes/rest-api/class-wp-rest-response.php HTTP/2" 500 0 "-" "Mozilla/5.0 AppleWebKit/537.36 (KHTML, like Gecko; compatible; ClaudeBot/1.0; +claudebot@anthropic.com)"
216.73.216.99 - - [18/Jan/2026:03:36:11 +0700] "GET /wp-includes/class-wp-site-query.php HTTP/2" 200 0 "-" "Mozilla/5.0 AppleWebKit/537.36 (KHTML, like Gecko; compatible; ClaudeBot/1.0; +claudebot@anthropic.com)"
216.73.216.99 - - [18/Jan/2026:03:36:16 +0700] "GET /wp-includes/css/dist/edit-widgets HTTP/2" 301 795 "-" "Mozilla/5.0 AppleWebKit/537.36 (KHTML, like Gecko; compatible; ClaudeBot/1.0; +claudebot@anthropic.com)"
216.73.216.99 - - [18/Jan/2026:03:36:16 +0700] "GET /wp-includes/css/dist/edit-widgets/ HTTP/2" 200 697 "https://netfinitynetwork.idm01.my.id/wp-includes/css/dist/edit-widgets" "Mozilla/5.0 AppleWebKit/537.36 (KHTML, like Gecko; compatible; ClaudeBot/1.0; +claudebot@anthropic.com)"
216.73.216.99 - - [18/Jan/2026:03:36:20 +0700] "GET /wp-includes/html-api/class-wp-html-doctype-info.php HTTP/2" 200 0 "-" "Mozilla/5.0 AppleWebKit/537.36 (KHTML, like Gecko; compatible; ClaudeBot/1.0; +claudebot@anthropic.com)"
216.73.216.99 - - [18/Jan/2026:03:36:21 +0700] "GET /wp-includes/certificates HTTP/2" 301 795 "-" "Mozilla/5.0 AppleWebKit/537.36 (KHTML, like Gecko; compatible; ClaudeBot/1.0; +claudebot@anthropic.com)"
216.73.216.99 - - [18/Jan/2026:03:36:21 +0700] "GET /wp-includes/certificates/ HTTP/2" 200 628 "https://netfinitynetwork.idm01.my.id/wp-includes/certificates" "Mozilla/5.0 AppleWebKit/537.36 (KHTML, like Gecko; compatible; ClaudeBot/1.0; +claudebot@anthropic.com)"
74.7.241.60 - - [18/Jan/2026:03:36:21 +0700] "GET /wp-includes/js/wp-api.js HTTP/2" 200 10451 "https://mail.netfinitynetwork.com/wp-includes/js/" "Mozilla/5.0 AppleWebKit/537.36 (KHTML, like Gecko; compatible; GPTBot/1.3; +https://openai.com/gptbot)"
216.73.216.99 - - [18/Jan/2026:03:36:25 +0700] "GET /wp-includes/class-wp-session-tokens.php HTTP/2" 200 0 "-" "Mozilla/5.0 AppleWebKit/537.36 (KHTML, like Gecko; compatible; ClaudeBot/1.0; +claudebot@anthropic.com)"
216.73.216.99 - - [18/Jan/2026:03:36:26 +0700] "GET /wp-includes/class-wp-http-ixr-client.php HTTP/2" 500 0 "-" "Mozilla/5.0 AppleWebKit/537.36 (KHTML, like Gecko; compatible; ClaudeBot/1.0; +claudebot@anthropic.com)"
216.73.216.99 - - [18/Jan/2026:03:36:30 +0700] "GET /wp-includes/l10n HTTP/2" 301 795 "-" "Mozilla/5.0 AppleWebKit/537.36 (KHTML, like Gecko; compatible; ClaudeBot/1.0; +claudebot@anthropic.com)"
216.73.216.99 - - [18/Jan/2026:03:36:30 +0700] "GET /wp-includes/l10n/ HTTP/2" 200 1144 "https://netfinitynetwork.idm01.my.id/wp-includes/l10n" "Mozilla/5.0 AppleWebKit/537.36 (KHTML, like Gecko; compatible; ClaudeBot/1.0; +claudebot@anthropic.com)"
216.73.216.99 - - [18/Jan/2026:03:36:31 +0700] "GET /wp-includes/ID3/getid3.lib.php HTTP/2" 200 0 "-" "Mozilla/5.0 AppleWebKit/537.36 (KHTML, like Gecko; compatible; ClaudeBot/1.0; +claudebot@anthropic.com)"
74.7.241.60 - - [18/Jan/2026:03:36:34 +0700] "GET /wp-includes/js/wp-custom-header.js HTTP/2" 200 2767 "https://mail.netfinitynetwork.com/wp-includes/js/" "Mozilla/5.0 AppleWebKit/537.36 (KHTML, like Gecko; compatible; GPTBot/1.3; +https://openai.com/gptbot)"
216.73.216.99 - - [18/Jan/2026:03:36:35 +0700] "GET /wp-includes/css/dist/preferences HTTP/2" 301 795 "-" "Mozilla/5.0 AppleWebKit/537.36 (KHTML, like Gecko; compatible; ClaudeBot/1.0; +claudebot@anthropic.com)"
216.73.216.99 - - [18/Jan/2026:03:36:35 +0700] "GET /wp-includes/css/dist/preferences/ HTTP/2" 200 685 "https://netfinitynetwork.idm01.my.id/wp-includes/css/dist/preferences" "Mozilla/5.0 AppleWebKit/537.36 (KHTML, like Gecko; compatible; ClaudeBot/1.0; +claudebot@anthropic.com)"
216.73.216.99 - - [18/Jan/2026:03:36:36 +0700] "GET /wp-includes/class-wp-customize-panel.php HTTP/2" 200 6 "-" "Mozilla/5.0 AppleWebKit/537.36 (KHTML, like Gecko; compatible; ClaudeBot/1.0; +claudebot@anthropic.com)"
74.7.243.201 - - [18/Jan/2026:03:36:36 +0700] "GET /wp-includes/sodium_compat/src/Core32/HChaCha20.php HTTP/2" 500 0 "https://netfinitynetwork.idm01.my.id/wp-includes/sodium_compat/src/Core32/" "Mozilla/5.0 AppleWebKit/537.36 (KHTML, like Gecko; compatible; GPTBot/1.3; +https://openai.com/gptbot)"
216.73.216.99 - - [18/Jan/2026:03:36:39 +0700] "GET /wp-includes/customize/class-wp-sidebar-block-editor-control.php HTTP/2" 500 0 "-" "Mozilla/5.0 AppleWebKit/537.36 (KHTML, like Gecko; compatible; ClaudeBot/1.0; +claudebot@anthropic.com)"
216.73.216.99 - - [18/Jan/2026:03:36:41 +0700] "GET /wp-includes/customize/class-wp-customize-custom-css-setting.php HTTP/2" 500 0 "-" "Mozilla/5.0 AppleWebKit/537.36 (KHTML, like Gecko; compatible; ClaudeBot/1.0; +claudebot@anthropic.com)"
74.7.227.136 - - [18/Jan/2026:03:36:43 +0700] "GET /wp-includes/js/plupload/plupload.js HTTP/2" 200 16101 "https://www.netfinitynetwork.idm01.my.id/wp-includes/js/plupload/" "Mozilla/5.0 AppleWebKit/537.36 (KHTML, like Gecko; compatible; GPTBot/1.3; +https://openai.com/gptbot)"
216.73.216.99 - - [18/Jan/2026:03:36:44 +0700] "GET /wp-includes/customize/class-wp-customize-new-menu-section.php HTTP/2" 500 0 "-" "Mozilla/5.0 AppleWebKit/537.36 (KHTML, like Gecko; compatible; ClaudeBot/1.0; +claudebot@anthropic.com)"
216.73.216.99 - - [18/Jan/2026:03:36:46 +0700] "GET /wp-includes/fonts HTTP/2" 301 795 "-" "Mozilla/5.0 AppleWebKit/537.36 (KHTML, like Gecko; compatible; ClaudeBot/1.0; +claudebot@anthropic.com)"
216.73.216.99 - - [18/Jan/2026:03:36:46 +0700] "GET /wp-includes/fonts/ HTTP/2" 200 1251 "https://netfinitynetwork.idm01.my.id/wp-includes/fonts" "Mozilla/5.0 AppleWebKit/537.36 (KHTML, like Gecko; compatible; ClaudeBot/1.0; +claudebot@anthropic.com)"
74.7.241.60 - - [18/Jan/2026:03:36:46 +0700] "GET /wp-includes/js/'%20+%20attrs.href%20+%20' HTTP/2" 404 1251 "https://mail.netfinitynetwork.com/wp-includes/js/wplink.js" "Mozilla/5.0 AppleWebKit/537.36 (KHTML, like Gecko; compatible; GPTBot/1.3; +https://openai.com/gptbot)"
216.73.216.99 - - [18/Jan/2026:03:36:49 +0700] "GET /wp-includes/class-wp-customize-nav-menus.php HTTP/2" 200 0 "-" "Mozilla/5.0 AppleWebKit/537.36 (KHTML, like Gecko; compatible; ClaudeBot/1.0; +claudebot@anthropic.com)"
74.7.243.196 - - [18/Jan/2026:03:36:50 +0700] "GET /wp-includes/sodium_compat/src/Core32/Salsa20.php HTTP/2" 500 0 "https://www.netfinitynetwork.com/wp-includes/sodium_compat/src/Core32/" "Mozilla/5.0 AppleWebKit/537.36 (KHTML, like Gecko; compatible; GPTBot/1.3; +https://openai.com/gptbot)"
216.73.216.99 - - [18/Jan/2026:03:36:51 +0700] "GET /wp-includes/pomo/streams.php HTTP/2" 200 0 "-" "Mozilla/5.0 AppleWebKit/537.36 (KHTML, like Gecko; compatible; ClaudeBot/1.0; +claudebot@anthropic.com)"
216.73.216.99 - - [18/Jan/2026:03:36:54 +0700] "GET /wp-includes/ID3/module.audio-video.flv.php HTTP/2" 200 0 "-" "Mozilla/5.0 AppleWebKit/537.36 (KHTML, like Gecko; compatible; ClaudeBot/1.0; +claudebot@anthropic.com)"
74.7.241.60 - - [18/Jan/2026:03:36:57 +0700] "GET /wp-includes/html-api/?SA HTTP/2" 200 1479 "https://mail.netfinitynetwork.com/wp-includes/html-api/" "Mozilla/5.0 AppleWebKit/537.36 (KHTML, like Gecko; compatible; GPTBot/1.3; +https://openai.com/gptbot)"
216.73.216.99 - - [18/Jan/2026:03:36:58 +0700] "GET /wp-includes/class-wp-recovery-mode.php HTTP/2" 200 0 "-" "Mozilla/5.0 AppleWebKit/537.36 (KHTML, like Gecko; compatible; ClaudeBot/1.0; +claudebot@anthropic.com)"
216.73.216.99 - - [18/Jan/2026:03:36:59 +0700] "GET /wp-includes/customize/class-wp-customize-nav-menu-control.php HTTP/2" 500 0 "-" "Mozilla/5.0 AppleWebKit/537.36 (KHTML, like Gecko; compatible; ClaudeBot/1.0; +claudebot@anthropic.com)"
216.73.216.99 - - [18/Jan/2026:03:37:02 +0700] "GET /wp-includes/feed-rdf.php HTTP/2" 500 0 "-" "Mozilla/5.0 AppleWebKit/537.36 (KHTML, like Gecko; compatible; ClaudeBot/1.0; +claudebot@anthropic.com)"
216.73.216.99 - - [18/Jan/2026:03:37:04 +0700] "GET /wp-includes/ID3/module.tag.lyrics3.php HTTP/2" 200 0 "-" "Mozilla/5.0 AppleWebKit/537.36 (KHTML, like Gecko; compatible; ClaudeBot/1.0; +claudebot@anthropic.com)"
74.7.241.60 - - [18/Jan/2026:03:37:07 +0700] "GET /wp-includes/html-api/?MA HTTP/2" 200 1481 "https://mail.netfinitynetwork.com/wp-includes/html-api/" "Mozilla/5.0 AppleWebKit/537.36 (KHTML, like Gecko; compatible; GPTBot/1.3; +https://openai.com/gptbot)"
216.73.216.99 - - [18/Jan/2026:03:37:07 +0700] "GET /wp-includes/nav-menu-template.php HTTP/2" 200 6 "-" "Mozilla/5.0 AppleWebKit/537.36 (KHTML, like Gecko; compatible; ClaudeBot/1.0; +claudebot@anthropic.com)"
74.7.243.232 - - [18/Jan/2026:03:37:07 +0700] "GET /wp-includes/js/plupload/moxie.min.js HTTP/2" 200 26466 "https://netfinitynetwork.com/wp-includes/js/plupload/" "Mozilla/5.0 AppleWebKit/537.36 (KHTML, like Gecko; compatible; GPTBot/1.3; +https://openai.com/gptbot)"
216.73.216.99 - - [18/Jan/2026:03:37:12 +0700] "GET /wp-includes/ID3/module.tag.id3v1.php HTTP/2" 200 0 "-" "Mozilla/5.0 AppleWebKit/537.36 (KHTML, like Gecko; compatible; ClaudeBot/1.0; +claudebot@anthropic.com)"
74.7.241.60 - - [18/Jan/2026:03:37:17 +0700] "GET /wp-includes/html-api/?ND HTTP/2" 200 1467 "https://mail.netfinitynetwork.com/wp-includes/html-api/" "Mozilla/5.0 AppleWebKit/537.36 (KHTML, like Gecko; compatible; GPTBot/1.3; +https://openai.com/gptbot)"
74.7.243.201 - - [18/Jan/2026:03:37:26 +0700] "GET /wp-includes/js/thickbox/macFFBgHack.png HTTP/2" 200 94 "https://netfinitynetwork.idm01.my.id/wp-includes/js/thickbox/" "Mozilla/5.0 AppleWebKit/537.36 (KHTML, like Gecko; compatible; GPTBot/1.3; +https://openai.com/gptbot)"
74.7.241.60 - - [18/Jan/2026:03:37:26 +0700] "GET /wp-includes/sodium_compat/src/Core/ HTTP/2" 200 1617 "https://mail.netfinitynetwork.com/wp-includes/sodium_compat/src/" "Mozilla/5.0 AppleWebKit/537.36 (KHTML, like Gecko; compatible; GPTBot/1.3; +https://openai.com/gptbot)"
216.73.216.99 - - [18/Jan/2026:03:37:27 +0700] "GET /wp-includes/PHPMailer HTTP/2" 301 795 "-" "Mozilla/5.0 AppleWebKit/537.36 (KHTML, like Gecko; compatible; ClaudeBot/1.0; +claudebot@anthropic.com)"
216.73.216.99 - - [18/Jan/2026:03:37:27 +0700] "GET /wp-includes/PHPMailer/ HTTP/2" 200 1171 "https://netfinitynetwork.idm01.my.id/wp-includes/PHPMailer" "Mozilla/5.0 AppleWebKit/537.36 (KHTML, like Gecko; compatible; ClaudeBot/1.0; +claudebot@anthropic.com)"
216.73.216.99 - - [18/Jan/2026:03:37:32 +0700] "GET /wp-includes/pomo/po.php HTTP/2" 200 0 "-" "Mozilla/5.0 AppleWebKit/537.36 (KHTML, like Gecko; compatible; ClaudeBot/1.0; +claudebot@anthropic.com)"
74.7.241.60 - - [18/Jan/2026:03:37:34 +0700] "GET /wp-includes/js/thickbox/ HTTP/2" 200 788 "https://mail.netfinitynetwork.com/wp-includes/js/" "Mozilla/5.0 AppleWebKit/537.36 (KHTML, like Gecko; compatible; GPTBot/1.3; +https://openai.com/gptbot)"
216.73.216.99 - - [18/Jan/2026:03:37:37 +0700] "GET /wp-includes/sodium_compat HTTP/2" 301 795 "-" "Mozilla/5.0 AppleWebKit/537.36 (KHTML, like Gecko; compatible; ClaudeBot/1.0; +claudebot@anthropic.com)"
216.73.216.99 - - [18/Jan/2026:03:37:37 +0700] "GET /wp-includes/sodium_compat/ HTTP/2" 200 1161 "https://netfinitynetwork.idm01.my.id/wp-includes/sodium_compat" "Mozilla/5.0 AppleWebKit/537.36 (KHTML, like Gecko; compatible; ClaudeBot/1.0; +claudebot@anthropic.com)"
74.7.227.136 - - [18/Jan/2026:03:37:38 +0700] "GET /wp-includes/js/plupload/wp-plupload.js HTTP/2" 200 4919 "https://www.netfinitynetwork.idm01.my.id/wp-includes/js/plupload/" "Mozilla/5.0 AppleWebKit/537.36 (KHTML, like Gecko; compatible; GPTBot/1.3; +https://openai.com/gptbot)"
74.7.241.60 - - [18/Jan/2026:03:37:41 +0700] "GET /wp-includes/abilities-api/class-wp-ability-category.php HTTP/2" 200 0 "https://mail.netfinitynetwork.com/wp-includes/abilities-api/" "Mozilla/5.0 AppleWebKit/537.36 (KHTML, like Gecko; compatible; GPTBot/1.3; +https://openai.com/gptbot)"
216.73.216.99 - - [18/Jan/2026:03:37:42 +0700] "GET /wp-includes/css/wp-auth-check-rtl.css HTTP/2" 200 762 "-" "Mozilla/5.0 AppleWebKit/537.36 (KHTML, like Gecko; compatible; ClaudeBot/1.0; +claudebot@anthropic.com)"
74.7.243.196 - - [18/Jan/2026:03:37:47 +0700] "GET /wp-includes/sodium_compat/src/Core32/Curve25519/ HTTP/2" 200 802 "https://www.netfinitynetwork.com/wp-includes/sodium_compat/src/Core32/" "Mozilla/5.0 AppleWebKit/537.36 (KHTML, like Gecko; compatible; GPTBot/1.3; +https://openai.com/gptbot)"
216.73.216.99 - - [18/Jan/2026:03:37:47 +0700] "GET /wp-includes/theme-i18n.json HTTP/2" 200 359 "-" "Mozilla/5.0 AppleWebKit/537.36 (KHTML, like Gecko; compatible; ClaudeBot/1.0; +claudebot@anthropic.com)"
74.7.241.60 - - [18/Jan/2026:03:37:47 +0700] "GET /wp-includes/block-i18n.json HTTP/2" 200 116 "https://mail.netfinitynetwork.com/wp-includes/" "Mozilla/5.0 AppleWebKit/537.36 (KHTML, like Gecko; compatible; GPTBot/1.3; +https://openai.com/gptbot)"
216.73.216.99 - - [18/Jan/2026:03:37:52 +0700] "GET /wp-includes/class-wp-block-pattern-categories-registry.php HTTP/2" 200 0 "-" "Mozilla/5.0 AppleWebKit/537.36 (KHTML, like Gecko; compatible; ClaudeBot/1.0; +claudebot@anthropic.com)"
74.7.241.60 - - [18/Jan/2026:03:37:53 +0700] "GET /wp-includes/theme-i18n.json HTTP/2" 200 359 "https://mail.netfinitynetwork.com/wp-includes/" "Mozilla/5.0 AppleWebKit/537.36 (KHTML, like Gecko; compatible; GPTBot/1.3; +https://openai.com/gptbot)"
216.73.216.99 - - [18/Jan/2026:03:37:57 +0700] "GET /wp-includes/customize/class-wp-widget-area-customize-control.php HTTP/2" 500 0 "-" "Mozilla/5.0 AppleWebKit/537.36 (KHTML, like Gecko; compatible; ClaudeBot/1.0; +claudebot@anthropic.com)"
74.7.241.60 - - [18/Jan/2026:03:37:58 +0700] "GET /wp-includes/sodium_compat/src/Core32/ HTTP/2" 200 1520 "https://mail.netfinitynetwork.com/wp-includes/sodium_compat/src/" "Mozilla/5.0 AppleWebKit/537.36 (KHTML, like Gecko; compatible; GPTBot/1.3; +https://openai.com/gptbot)"
216.73.216.99 - - [18/Jan/2026:03:38:02 +0700] "GET /wp-includes/class-wp-locale-switcher.php HTTP/2" 200 0 "-" "Mozilla/5.0 AppleWebKit/537.36 (KHTML, like Gecko; compatible; ClaudeBot/1.0; +claudebot@anthropic.com)"
74.7.241.60 - - [18/Jan/2026:03:38:03 +0700] "GET /wp-includes/js/plupload/ HTTP/2" 200 1198 "https://mail.netfinitynetwork.com/wp-includes/js/" "Mozilla/5.0 AppleWebKit/537.36 (KHTML, like Gecko; compatible; GPTBot/1.3; +https://openai.com/gptbot)"
74.7.243.232 - - [18/Jan/2026:03:38:07 +0700] "GET /wp-includes/sodium_compat/src/Core32/Salsa20.php HTTP/2" 500 0 "https://netfinitynetwork.com/wp-includes/sodium_compat/src/Core32/" "Mozilla/5.0 AppleWebKit/537.36 (KHTML, like Gecko; compatible; GPTBot/1.3; +https://openai.com/gptbot)"
74.7.241.60 - - [18/Jan/2026:03:38:07 +0700] "GET /wp-includes/pomo/plural-forms.php HTTP/2" 200 0 "https://mail.netfinitynetwork.com/wp-includes/pomo/" "Mozilla/5.0 AppleWebKit/537.36 (KHTML, like Gecko; compatible; GPTBot/1.3; +https://openai.com/gptbot)"
74.7.241.60 - - [18/Jan/2026:03:38:11 +0700] "GET /wp-includes/html-api/html5-named-character-references.php HTTP/2" 500 0 "https://mail.netfinitynetwork.com/wp-includes/html-api/?SA" "Mozilla/5.0 AppleWebKit/537.36 (KHTML, like Gecko; compatible; GPTBot/1.3; +https://openai.com/gptbot)"
74.7.241.60 - - [18/Jan/2026:03:38:14 +0700] "GET /wp-includes/html-api/?NA HTTP/2" 200 1491 "https://mail.netfinitynetwork.com/wp-includes/html-api/?SA" "Mozilla/5.0 AppleWebKit/537.36 (KHTML, like Gecko; compatible; GPTBot/1.3; +https://openai.com/gptbot)"
74.7.241.60 - - [18/Jan/2026:03:38:24 +0700] "GET /wp-includes/html-api/?SD HTTP/2" 200 1487 "https://mail.netfinitynetwork.com/wp-includes/html-api/?SA" "Mozilla/5.0 AppleWebKit/537.36 (KHTML, like Gecko; compatible; GPTBot/1.3; +https://openai.com/gptbot)"
74.7.227.136 - - [18/Jan/2026:03:38:29 +0700] "GET /wp-includes/js/plupload/wp-plupload.min.js HTTP/2" 200 2184 "https://www.netfinitynetwork.idm01.my.id/wp-includes/js/plupload/" "Mozilla/5.0 AppleWebKit/537.36 (KHTML, like Gecko; compatible; GPTBot/1.3; +https://openai.com/gptbot)"
74.7.243.201 - - [18/Jan/2026:03:38:32 +0700] "GET /wp-includes/sodium_compat/src/Core32/Int64.php HTTP/2" 200 0 "https://netfinitynetwork.idm01.my.id/wp-includes/sodium_compat/src/Core32/" "Mozilla/5.0 AppleWebKit/537.36 (KHTML, like Gecko; compatible; GPTBot/1.3; +https://openai.com/gptbot)"
74.7.241.60 - - [18/Jan/2026:03:38:34 +0700] "GET /wp-includes/sodium_compat/src/Core/BLAKE2b.php HTTP/2" 500 0 "https://mail.netfinitynetwork.com/wp-includes/sodium_compat/src/Core/" "Mozilla/5.0 AppleWebKit/537.36 (KHTML, like Gecko; compatible; GPTBot/1.3; +https://openai.com/gptbot)"
74.7.241.60 - - [18/Jan/2026:03:38:42 +0700] "GET /wp-includes/js/thickbox/thickbox.js HTTP/2" 200 4013 "https://mail.netfinitynetwork.com/wp-includes/js/thickbox/" "Mozilla/5.0 AppleWebKit/537.36 (KHTML, like Gecko; compatible; GPTBot/1.3; +https://openai.com/gptbot)"
74.7.243.196 - - [18/Jan/2026:03:38:50 +0700] "GET /wp-includes/sodium_compat/src/Core32/Curve25519.php HTTP/2" 500 0 "https://www.netfinitynetwork.com/wp-includes/sodium_compat/src/Core32/" "Mozilla/5.0 AppleWebKit/537.36 (KHTML, like Gecko; compatible; GPTBot/1.3; +https://openai.com/gptbot)"
74.7.243.232 - - [18/Jan/2026:03:39:01 +0700] "GET /wp-includes/sodium_compat/src/Core32/Curve25519/ HTTP/2" 200 798 "https://netfinitynetwork.com/wp-includes/sodium_compat/src/Core32/" "Mozilla/5.0 AppleWebKit/537.36 (KHTML, like Gecko; compatible; GPTBot/1.3; +https://openai.com/gptbot)"
74.7.241.60 - - [18/Jan/2026:03:39:06 +0700] "GET /wp-includes/sodium_compat/src/Core/Poly1305.php HTTP/2" 500 0 "https://mail.netfinitynetwork.com/wp-includes/sodium_compat/src/Core/" "Mozilla/5.0 AppleWebKit/537.36 (KHTML, like Gecko; compatible; GPTBot/1.3; +https://openai.com/gptbot)"
74.7.227.136 - - [18/Jan/2026:03:39:14 +0700] "GET /wp-includes/js/plupload/handlers.min.js HTTP/2" 200 3601 "https://www.netfinitynetwork.idm01.my.id/wp-includes/js/plupload/" "Mozilla/5.0 AppleWebKit/537.36 (KHTML, like Gecko; compatible; GPTBot/1.3; +https://openai.com/gptbot)"
74.7.243.201 - - [18/Jan/2026:03:39:28 +0700] "GET /wp-includes/sodium_compat/src/Core32/Int32.php HTTP/2" 200 0 "https://netfinitynetwork.idm01.my.id/wp-includes/sodium_compat/src/Core32/" "Mozilla/5.0 AppleWebKit/537.36 (KHTML, like Gecko; compatible; GPTBot/1.3; +https://openai.com/gptbot)"
74.7.241.60 - - [18/Jan/2026:03:39:28 +0700] "GET /wp-includes/js/thickbox/loadingAnimation.gif HTTP/2" 200 15238 "https://mail.netfinitynetwork.com/wp-includes/js/thickbox/" "Mozilla/5.0 AppleWebKit/537.36 (KHTML, like Gecko; compatible; GPTBot/1.3; +https://openai.com/gptbot)"
74.7.243.196 - - [18/Jan/2026:03:39:46 +0700] "GET /wp-includes/js/plupload/handlers.js HTTP/2" 200 5732 "https://www.netfinitynetwork.com/wp-includes/js/plupload/" "Mozilla/5.0 AppleWebKit/537.36 (KHTML, like Gecko; compatible; GPTBot/1.3; +https://openai.com/gptbot)"
74.7.227.136 - - [18/Jan/2026:03:39:56 +0700] "GET /wp-includes/sodium_compat/src/Core32/X25519.php HTTP/2" 500 0 "https://www.netfinitynetwork.idm01.my.id/wp-includes/sodium_compat/src/Core32/" "Mozilla/5.0 AppleWebKit/537.36 (KHTML, like Gecko; compatible; GPTBot/1.3; +https://openai.com/gptbot)"
74.7.243.232 - - [18/Jan/2026:03:40:05 +0700] "GET /wp-includes/sodium_compat/src/Core32/Curve25519.php HTTP/2" 500 0 "https://netfinitynetwork.com/wp-includes/sodium_compat/src/Core32/" "Mozilla/5.0 AppleWebKit/537.36 (KHTML, like Gecko; compatible; GPTBot/1.3; +https://openai.com/gptbot)"
74.7.243.201 - - [18/Jan/2026:03:40:17 +0700] "GET /wp-includes/sodium_compat/src/Core32/ChaCha20/ HTTP/2" 200 752 "https://netfinitynetwork.idm01.my.id/wp-includes/sodium_compat/src/Core32/" "Mozilla/5.0 AppleWebKit/537.36 (KHTML, like Gecko; compatible; GPTBot/1.3; +https://openai.com/gptbot)"
74.7.241.60 - - [18/Jan/2026:03:40:34 +0700] "GET /wp-includes/js/thickbox/macFFBgHack.png HTTP/2" 200 94 "https://mail.netfinitynetwork.com/wp-includes/js/thickbox/" "Mozilla/5.0 AppleWebKit/537.36 (KHTML, like Gecko; compatible; GPTBot/1.3; +https://openai.com/gptbot)"
74.7.227.136 - - [18/Jan/2026:03:40:34 +0700] "GET /wp-includes/js/thickbox/%22+url+%22 HTTP/2" 404 1251 "https://www.netfinitynetwork.idm01.my.id/wp-includes/js/thickbox/thickbox.js" "Mozilla/5.0 AppleWebKit/537.36 (KHTML, like Gecko; compatible; GPTBot/1.3; +https://openai.com/gptbot)"
74.7.243.196 - - [18/Jan/2026:03:40:50 +0700] "GET /wp-includes/js/plupload/license.txt HTTP/2" 200 6451 "https://www.netfinitynetwork.com/wp-includes/js/plupload/" "Mozilla/5.0 AppleWebKit/537.36 (KHTML, like Gecko; compatible; GPTBot/1.3; +https://openai.com/gptbot)"
74.7.243.201 - - [18/Jan/2026:03:41:02 +0700] "GET /wp-includes/sodium_compat/src/Core/X25519.php HTTP/2" 500 0 "https://netfinitynetwork.idm01.my.id/wp-includes/sodium_compat/src/Core/" "Mozilla/5.0 AppleWebKit/537.36 (KHTML, like Gecko; compatible; GPTBot/1.3; +https://openai.com/gptbot)"
74.7.243.232 - - [18/Jan/2026:03:41:02 +0700] "GET /wp-includes/js/plupload/handlers.js HTTP/2" 200 5732 "https://netfinitynetwork.com/wp-includes/js/plupload/" "Mozilla/5.0 AppleWebKit/537.36 (KHTML, like Gecko; compatible; GPTBot/1.3; +https://openai.com/gptbot)"
74.7.241.60 - - [18/Jan/2026:03:41:31 +0700] "GET /wp-includes/sodium_compat/src/Core32/Ed25519.php HTTP/2" 500 0 "https://mail.netfinitynetwork.com/wp-includes/sodium_compat/src/Core32/" "Mozilla/5.0 AppleWebKit/537.36 (KHTML, like Gecko; compatible; GPTBot/1.3; +https://openai.com/gptbot)"
74.7.227.136 - - [18/Jan/2026:03:41:39 +0700] "GET /wp-includes/js/thickbox/%22+imgLoader.src+%22 HTTP/2" 404 1251 "https://www.netfinitynetwork.idm01.my.id/wp-includes/js/thickbox/thickbox.js" "Mozilla/5.0 AppleWebKit/537.36 (KHTML, like Gecko; compatible; GPTBot/1.3; +https://openai.com/gptbot)"
74.7.243.201 - - [18/Jan/2026:03:41:44 +0700] "GET /wp-includes/sodium_compat/src/Core/Curve25519/ HTTP/2" 200 796 "https://netfinitynetwork.idm01.my.id/wp-includes/sodium_compat/src/Core/" "Mozilla/5.0 AppleWebKit/537.36 (KHTML, like Gecko; compatible; GPTBot/1.3; +https://openai.com/gptbot)"
74.7.243.196 - - [18/Jan/2026:03:41:49 +0700] "GET /wp-includes/sodium_compat/src/Core32/XSalsa20.php HTTP/2" 500 0 "https://www.netfinitynetwork.com/wp-includes/sodium_compat/src/Core32/" "Mozilla/5.0 AppleWebKit/537.36 (KHTML, like Gecko; compatible; GPTBot/1.3; +https://openai.com/gptbot)"
74.7.243.232 - - [18/Jan/2026:03:42:05 +0700] "GET /wp-includes/js/plupload/license.txt HTTP/2" 200 6451 "https://netfinitynetwork.com/wp-includes/js/plupload/" "Mozilla/5.0 AppleWebKit/537.36 (KHTML, like Gecko; compatible; GPTBot/1.3; +https://openai.com/gptbot)"
74.7.241.60 - - [18/Jan/2026:03:42:24 +0700] "GET /wp-includes/js/plupload/plupload.min.js HTTP/2" 200 5376 "https://mail.netfinitynetwork.com/wp-includes/js/plupload/" "Mozilla/5.0 AppleWebKit/537.36 (KHTML, like Gecko; compatible; GPTBot/1.3; +https://openai.com/gptbot)"
74.7.243.196 - - [18/Jan/2026:03:42:37 +0700] "GET /wp-includes/sodium_compat/src/Core32/HSalsa20.php HTTP/2" 500 0 "https://www.netfinitynetwork.com/wp-includes/sodium_compat/src/Core32/" "Mozilla/5.0 AppleWebKit/537.36 (KHTML, like Gecko; compatible; GPTBot/1.3; +https://openai.com/gptbot)"
74.7.227.136 - - [18/Jan/2026:03:42:44 +0700] "GET /wp-includes/js/thickbox/%22+urlNoQuery[0]+%22 HTTP/2" 404 1251 "https://www.netfinitynetwork.idm01.my.id/wp-includes/js/thickbox/thickbox.js" "Mozilla/5.0 AppleWebKit/537.36 (KHTML, like Gecko; compatible; GPTBot/1.3; +https://openai.com/gptbot)"
74.7.243.201 - - [18/Jan/2026:03:42:50 +0700] "GET /wp-includes/sodium_compat/src/Core/Curve25519.php HTTP/2" 500 0 "https://netfinitynetwork.idm01.my.id/wp-includes/sodium_compat/src/Core/" "Mozilla/5.0 AppleWebKit/537.36 (KHTML, like Gecko; compatible; GPTBot/1.3; +https://openai.com/gptbot)"
74.7.243.232 - - [18/Jan/2026:03:43:00 +0700] "GET /wp-includes/sodium_compat/src/Core32/XSalsa20.php HTTP/2" 500 0 "https://netfinitynetwork.com/wp-includes/sodium_compat/src/Core32/" "Mozilla/5.0 AppleWebKit/537.36 (KHTML, like Gecko; compatible; GPTBot/1.3; +https://openai.com/gptbot)"
74.7.241.60 - - [18/Jan/2026:03:43:27 +0700] "GET /wp-includes/js/plupload/plupload.js HTTP/2" 200 16101 "https://mail.netfinitynetwork.com/wp-includes/js/plupload/" "Mozilla/5.0 AppleWebKit/537.36 (KHTML, like Gecko; compatible; GPTBot/1.3; +https://openai.com/gptbot)"
74.7.243.196 - - [18/Jan/2026:03:43:41 +0700] "GET /wp-includes/sodium_compat/src/Core32/ChaCha20.php HTTP/2" 500 0 "https://www.netfinitynetwork.com/wp-includes/sodium_compat/src/Core32/" "Mozilla/5.0 AppleWebKit/537.36 (KHTML, like Gecko; compatible; GPTBot/1.3; +https://openai.com/gptbot)"
74.7.243.201 - - [18/Jan/2026:03:43:45 +0700] "GET /wp-includes/sodium_compat/src/Core32/Poly1305/ HTTP/2" 200 709 "https://netfinitynetwork.idm01.my.id/wp-includes/sodium_compat/src/Core32/" "Mozilla/5.0 AppleWebKit/537.36 (KHTML, like Gecko; compatible; GPTBot/1.3; +https://openai.com/gptbot)"
74.7.227.136 - - [18/Jan/2026:03:43:48 +0700] "GET /wp-includes/js/plupload/moxie.min.js HTTP/2" 200 26466 "https://www.netfinitynetwork.idm01.my.id/wp-includes/js/plupload/" "Mozilla/5.0 AppleWebKit/537.36 (KHTML, like Gecko; compatible; GPTBot/1.3; +https://openai.com/gptbot)"
74.7.243.232 - - [18/Jan/2026:03:43:50 +0700] "GET /wp-includes/sodium_compat/src/Core32/HSalsa20.php HTTP/2" 500 0 "https://netfinitynetwork.com/wp-includes/sodium_compat/src/Core32/" "Mozilla/5.0 AppleWebKit/537.36 (KHTML, like Gecko; compatible; GPTBot/1.3; +https://openai.com/gptbot)"
74.7.241.60 - - [18/Jan/2026:03:44:22 +0700] "GET /wp-includes/js/plupload/wp-plupload.js HTTP/2" 200 4919 "https://mail.netfinitynetwork.com/wp-includes/js/plupload/" "Mozilla/5.0 AppleWebKit/537.36 (KHTML, like Gecko; compatible; GPTBot/1.3; +https://openai.com/gptbot)"
74.7.243.196 - - [18/Jan/2026:03:44:47 +0700] "GET /wp-includes/sodium_compat/src/Core32/Poly1305.php HTTP/2" 500 0 "https://www.netfinitynetwork.com/wp-includes/sodium_compat/src/Core32/" "Mozilla/5.0 AppleWebKit/537.36 (KHTML, like Gecko; compatible; GPTBot/1.3; +https://openai.com/gptbot)"
74.7.227.136 - - [18/Jan/2026:03:44:49 +0700] "GET /wp-includes/sodium_compat/src/Core32/Salsa20.php HTTP/2" 500 0 "https://www.netfinitynetwork.idm01.my.id/wp-includes/sodium_compat/src/Core32/" "Mozilla/5.0 AppleWebKit/537.36 (KHTML, like Gecko; compatible; GPTBot/1.3; +https://openai.com/gptbot)"
74.7.243.201 - - [18/Jan/2026:03:44:50 +0700] "GET /wp-includes/sodium_compat/src/Core/Ed25519.php HTTP/2" 500 0 "https://netfinitynetwork.idm01.my.id/wp-includes/sodium_compat/src/Core/" "Mozilla/5.0 AppleWebKit/537.36 (KHTML, like Gecko; compatible; GPTBot/1.3; +https://openai.com/gptbot)"
74.7.243.232 - - [18/Jan/2026:03:44:54 +0700] "GET /wp-includes/sodium_compat/src/Core32/ChaCha20.php HTTP/2" 500 0 "https://netfinitynetwork.com/wp-includes/sodium_compat/src/Core32/" "Mozilla/5.0 AppleWebKit/537.36 (KHTML, like Gecko; compatible; GPTBot/1.3; +https://openai.com/gptbot)"
74.7.241.60 - - [18/Jan/2026:03:45:16 +0700] "GET /wp-includes/js/plupload/wp-plupload.min.js HTTP/2" 200 2184 "https://mail.netfinitynetwork.com/wp-includes/js/plupload/" "Mozilla/5.0 AppleWebKit/537.36 (KHTML, like Gecko; compatible; GPTBot/1.3; +https://openai.com/gptbot)"
74.7.227.136 - - [18/Jan/2026:03:45:44 +0700] "GET /wp-includes/sodium_compat/src/Core32/Curve25519/ HTTP/2" 200 808 "https://www.netfinitynetwork.idm01.my.id/wp-includes/sodium_compat/src/Core32/" "Mozilla/5.0 AppleWebKit/537.36 (KHTML, like Gecko; compatible; GPTBot/1.3; +https://openai.com/gptbot)"
74.7.243.196 - - [18/Jan/2026:03:45:47 +0700] "GET /wp-includes/sodium_compat/src/Core32/XChaCha20.php HTTP/2" 500 0 "https://www.netfinitynetwork.com/wp-includes/sodium_compat/src/Core32/" "Mozilla/5.0 AppleWebKit/537.36 (KHTML, like Gecko; compatible; GPTBot/1.3; +https://openai.com/gptbot)"
74.7.243.201 - - [18/Jan/2026:03:45:49 +0700] "GET /wp-includes/sodium_compat/src/Core/AEGIS128L.php HTTP/2" 500 0 "https://netfinitynetwork.idm01.my.id/wp-includes/sodium_compat/src/Core/" "Mozilla/5.0 AppleWebKit/537.36 (KHTML, like Gecko; compatible; GPTBot/1.3; +https://openai.com/gptbot)"
74.7.243.232 - - [18/Jan/2026:03:45:55 +0700] "GET /wp-includes/sodium_compat/src/Core32/Poly1305.php HTTP/2" 500 0 "https://netfinitynetwork.com/wp-includes/sodium_compat/src/Core32/" "Mozilla/5.0 AppleWebKit/537.36 (KHTML, like Gecko; compatible; GPTBot/1.3; +https://openai.com/gptbot)"
74.7.241.60 - - [18/Jan/2026:03:46:03 +0700] "GET /wp-includes/js/plupload/handlers.min.js HTTP/2" 200 3601 "https://mail.netfinitynetwork.com/wp-includes/js/plupload/" "Mozilla/5.0 AppleWebKit/537.36 (KHTML, like Gecko; compatible; GPTBot/1.3; +https://openai.com/gptbot)"
74.7.241.60 - - [18/Jan/2026:03:46:44 +0700] "GET /wp-includes/sodium_compat/src/Core32/X25519.php HTTP/2" 500 0 "https://mail.netfinitynetwork.com/wp-includes/sodium_compat/src/Core32/" "Mozilla/5.0 AppleWebKit/537.36 (KHTML, like Gecko; compatible; GPTBot/1.3; +https://openai.com/gptbot)"
74.7.227.136 - - [18/Jan/2026:03:46:45 +0700] "GET /wp-includes/sodium_compat/src/Core32/Curve25519.php HTTP/2" 500 0 "https://www.netfinitynetwork.idm01.my.id/wp-includes/sodium_compat/src/Core32/" "Mozilla/5.0 AppleWebKit/537.36 (KHTML, like Gecko; compatible; GPTBot/1.3; +https://openai.com/gptbot)"
74.7.243.196 - - [18/Jan/2026:03:46:49 +0700] "GET /wp-includes/sodium_compat/src/Core32/HChaCha20.php HTTP/2" 500 0 "https://www.netfinitynetwork.com/wp-includes/sodium_compat/src/Core32/" "Mozilla/5.0 AppleWebKit/537.36 (KHTML, like Gecko; compatible; GPTBot/1.3; +https://openai.com/gptbot)"
74.7.243.201 - - [18/Jan/2026:03:46:52 +0700] "GET /wp-includes/sodium_compat/src/Core32/BLAKE2b.php HTTP/2" 500 0 "https://netfinitynetwork.idm01.my.id/wp-includes/sodium_compat/src/Core32/" "Mozilla/5.0 AppleWebKit/537.36 (KHTML, like Gecko; compatible; GPTBot/1.3; +https://openai.com/gptbot)"
74.7.243.232 - - [18/Jan/2026:03:47:01 +0700] "GET /wp-includes/sodium_compat/src/Core32/XChaCha20.php HTTP/2" 500 0 "https://netfinitynetwork.com/wp-includes/sodium_compat/src/Core32/" "Mozilla/5.0 AppleWebKit/537.36 (KHTML, like Gecko; compatible; GPTBot/1.3; +https://openai.com/gptbot)"
74.7.241.60 - - [18/Jan/2026:03:47:22 +0700] "GET /wp-includes/js/thickbox/%22+url+%22 HTTP/2" 404 1251 "https://mail.netfinitynetwork.com/wp-includes/js/thickbox/thickbox.js" "Mozilla/5.0 AppleWebKit/537.36 (KHTML, like Gecko; compatible; GPTBot/1.3; +https://openai.com/gptbot)"
74.7.227.136 - - [18/Jan/2026:03:47:43 +0700] "GET /wp-includes/js/plupload/license.txt HTTP/2" 200 6451 "https://www.netfinitynetwork.idm01.my.id/wp-includes/js/plupload/" "Mozilla/5.0 AppleWebKit/537.36 (KHTML, like Gecko; compatible; GPTBot/1.3; +https://openai.com/gptbot)"
74.7.243.196 - - [18/Jan/2026:03:47:52 +0700] "GET /wp-includes/js/thickbox/macFFBgHack.png HTTP/2" 200 94 "https://www.netfinitynetwork.com/wp-includes/js/thickbox/" "Mozilla/5.0 AppleWebKit/537.36 (KHTML, like Gecko; compatible; GPTBot/1.3; +https://openai.com/gptbot)"
74.7.243.201 - - [18/Jan/2026:03:47:52 +0700] "GET /wp-includes/js/api-request.js HTTP/2" 200 1227 "https://netfinitynetwork.idm01.my.id/wp-includes/js/" "Mozilla/5.0 AppleWebKit/537.36 (KHTML, like Gecko; compatible; GPTBot/1.3; +https://openai.com/gptbot)"
216.73.216.99 - - [18/Jan/2026:03:47:53 +0700] "GET /robots.txt HTTP/2" 200 108 "-" "Mozilla/5.0 AppleWebKit/537.36 (KHTML, like Gecko; compatible; ClaudeBot/1.0; +claudebot@anthropic.com)"
216.73.216.99 - - [18/Jan/2026:03:47:53 +0700] "GET /wp-includes/registration.php HTTP/2" 500 0 "-" "Mozilla/5.0 AppleWebKit/537.36 (KHTML, like Gecko; compatible; ClaudeBot/1.0; +claudebot@anthropic.com)"
216.73.216.99 - - [18/Jan/2026:03:47:58 +0700] "GET /wp-includes/pluggable-deprecated.php HTTP/2" 200 0 "-" "Mozilla/5.0 AppleWebKit/537.36 (KHTML, like Gecko; compatible; ClaudeBot/1.0; +claudebot@anthropic.com)"
216.73.216.99 - - [18/Jan/2026:03:48:03 +0700] "GET /wp-includes/robots-template.php HTTP/2" 200 0 "-" "Mozilla/5.0 AppleWebKit/537.36 (KHTML, like Gecko; compatible; ClaudeBot/1.0; +claudebot@anthropic.com)"
74.7.243.232 - - [18/Jan/2026:03:48:03 +0700] "GET /wp-includes/sodium_compat/src/Core32/HChaCha20.php HTTP/2" 500 0 "https://netfinitynetwork.com/wp-includes/sodium_compat/src/Core32/" "Mozilla/5.0 AppleWebKit/537.36 (KHTML, like Gecko; compatible; GPTBot/1.3; +https://openai.com/gptbot)"
216.73.216.99 - - [18/Jan/2026:03:48:08 +0700] "GET /wp-includes/customize/class-wp-customize-code-editor-control.php HTTP/2" 500 0 "-" "Mozilla/5.0 AppleWebKit/537.36 (KHTML, like Gecko; compatible; ClaudeBot/1.0; +claudebot@anthropic.com)"
74.7.241.60 - - [18/Jan/2026:03:48:22 +0700] "GET /wp-includes/js/thickbox/%22+imgLoader.src+%22 HTTP/2" 404 1251 "https://mail.netfinitynetwork.com/wp-includes/js/thickbox/thickbox.js" "Mozilla/5.0 AppleWebKit/537.36 (KHTML, like Gecko; compatible; GPTBot/1.3; +https://openai.com/gptbot)"
216.73.216.99 - - [18/Jan/2026:03:48:34 +0700] "GET /wp-includes/class-smtp.php HTTP/2" 500 0 "-" "Mozilla/5.0 AppleWebKit/537.36 (KHTML, like Gecko; compatible; ClaudeBot/1.0; +claudebot@anthropic.com)"
216.73.216.99 - - [18/Jan/2026:03:48:38 +0700] "GET /wp-includes/general-template.php HTTP/2" 200 0 "-" "Mozilla/5.0 AppleWebKit/537.36 (KHTML, like Gecko; compatible; ClaudeBot/1.0; +claudebot@anthropic.com)"
216.73.216.99 - - [18/Jan/2026:03:48:43 +0700] "GET /wp-includes/class.wp-dependencies.php HTTP/2" 500 0 "-" "Mozilla/5.0 AppleWebKit/537.36 (KHTML, like Gecko; compatible; ClaudeBot/1.0; +claudebot@anthropic.com)"
74.7.227.136 - - [18/Jan/2026:03:48:47 +0700] "GET /wp-includes/js/plupload/handlers.js HTTP/2" 200 5732 "https://www.netfinitynetwork.idm01.my.id/wp-includes/js/plupload/" "Mozilla/5.0 AppleWebKit/537.36 (KHTML, like Gecko; compatible; GPTBot/1.3; +https://openai.com/gptbot)"
216.73.216.99 - - [18/Jan/2026:03:48:48 +0700] "GET /wp-includes/customize/class-wp-customize-partial.php HTTP/2" 200 0 "-" "Mozilla/5.0 AppleWebKit/537.36 (KHTML, like Gecko; compatible; ClaudeBot/1.0; +claudebot@anthropic.com)"
74.7.243.201 - - [18/Jan/2026:03:48:52 +0700] "GET /wp-includes/js/twemoji.min.js HTTP/2" 200 3811 "https://netfinitynetwork.idm01.my.id/wp-includes/js/" "Mozilla/5.0 AppleWebKit/537.36 (KHTML, like Gecko; compatible; GPTBot/1.3; +https://openai.com/gptbot)"
74.7.243.196 - - [18/Jan/2026:03:48:56 +0700] "GET /wp-includes/sodium_compat/src/Core32/Curve25519/H.php HTTP/2" 500 0 "https://www.netfinitynetwork.com/wp-includes/sodium_compat/src/Core32/Curve25519/" "Mozilla/5.0 AppleWebKit/537.36 (KHTML, like Gecko; compatible; GPTBot/1.3; +https://openai.com/gptbot)"
74.7.243.232 - - [18/Jan/2026:03:49:04 +0700] "GET /wp-includes/sodium_compat/src/Core/Poly1305/ HTTP/2" 200 702 "https://netfinitynetwork.com/wp-includes/sodium_compat/src/Core/" "Mozilla/5.0 AppleWebKit/537.36 (KHTML, like Gecko; compatible; GPTBot/1.3; +https://openai.com/gptbot)"
216.73.216.99 - - [18/Jan/2026:03:49:19 +0700] "GET /wp-includes/customize/class-wp-customize-sidebar-section.php HTTP/2" 500 0 "-" "Mozilla/5.0 AppleWebKit/537.36 (KHTML, like Gecko; compatible; ClaudeBot/1.0; +claudebot@anthropic.com)"
