74.7.243.201 - - [18/Jan/2026:03:03:02 +0700] "GET /wp-includes/IXR/class-IXR-server.php HTTP/2" 200 0 "https://netfinitynetwork.idm01.my.id/wp-includes/IXR/" "Mozilla/5.0 AppleWebKit/537.36 (KHTML, like Gecko; compatible; GPTBot/1.3; +https://openai.com/gptbot)"
74.7.243.201 - - [18/Jan/2026:03:03:03 +0700] "GET /wp-includes/IXR/class-IXR-value.php HTTP/2" 200 0 "https://netfinitynetwork.idm01.my.id/wp-includes/IXR/" "Mozilla/5.0 AppleWebKit/537.36 (KHTML, like Gecko; compatible; GPTBot/1.3; +https://openai.com/gptbot)"
74.7.243.232 - - [18/Jan/2026:03:03:04 +0700] "GET /wp-includes/IXR/?SA HTTP/2" 200 1250 "https://netfinitynetwork.com/wp-includes/IXR/" "Mozilla/5.0 AppleWebKit/537.36 (KHTML, like Gecko; compatible; GPTBot/1.3; +https://openai.com/gptbot)"
74.7.243.201 - - [18/Jan/2026:03:03:05 +0700] "GET /wp-includes/js/dist/?SA HTTP/2" 200 3775 "https://netfinitynetwork.idm01.my.id/wp-includes/js/dist/" "Mozilla/5.0 AppleWebKit/537.36 (KHTML, like Gecko; compatible; GPTBot/1.3; +https://openai.com/gptbot)"
74.7.243.201 - - [18/Jan/2026:03:03:06 +0700] "GET /wp-includes/js/dist/?ND HTTP/2" 200 3606 "https://netfinitynetwork.idm01.my.id/wp-includes/js/dist/" "Mozilla/5.0 AppleWebKit/537.36 (KHTML, like Gecko; compatible; GPTBot/1.3; +https://openai.com/gptbot)"
74.7.243.201 - - [18/Jan/2026:03:03:08 +0700] "GET /wp-includes/js/dist/?MA HTTP/2" 200 3983 "https://netfinitynetwork.idm01.my.id/wp-includes/js/dist/" "Mozilla/5.0 AppleWebKit/537.36 (KHTML, like Gecko; compatible; GPTBot/1.3; +https://openai.com/gptbot)"
74.7.243.201 - - [18/Jan/2026:03:03:09 +0700] "GET /wp-includes/js/dist/dom-ready.min.js HTTP/2" 200 275 "https://netfinitynetwork.idm01.my.id/wp-includes/js/dist/" "Mozilla/5.0 AppleWebKit/537.36 (KHTML, like Gecko; compatible; GPTBot/1.3; +https://openai.com/gptbot)"
74.7.243.196 - - [18/Jan/2026:03:03:10 +0700] "GET /wp-includes/js/dist/preferences-persistence.js HTTP/2" 200 3629 "https://www.netfinitynetwork.com/wp-includes/js/dist/" "Mozilla/5.0 AppleWebKit/537.36 (KHTML, like Gecko; compatible; GPTBot/1.3; +https://openai.com/gptbot)"
74.7.243.201 - - [18/Jan/2026:03:03:10 +0700] "GET /wp-includes/js/dist/api-fetch.min.js HTTP/2" 200 2304 "https://netfinitynetwork.idm01.my.id/wp-includes/js/dist/" "Mozilla/5.0 AppleWebKit/537.36 (KHTML, like Gecko; compatible; GPTBot/1.3; +https://openai.com/gptbot)"
74.7.243.201 - - [18/Jan/2026:03:03:11 +0700] "GET /wp-includes/js/dist/rich-text.min.js HTTP/2" 200 11891 "https://netfinitynetwork.idm01.my.id/wp-includes/js/dist/" "Mozilla/5.0 AppleWebKit/537.36 (KHTML, like Gecko; compatible; GPTBot/1.3; +https://openai.com/gptbot)"
74.7.243.201 - - [18/Jan/2026:03:03:11 +0700] "GET /wp-includes/IXR/class-IXR-date.php HTTP/2" 200 0 "https://netfinitynetwork.idm01.my.id/wp-includes/IXR/" "Mozilla/5.0 AppleWebKit/537.36 (KHTML, like Gecko; compatible; GPTBot/1.3; +https://openai.com/gptbot)"
74.7.243.201 - - [18/Jan/2026:03:03:12 +0700] "GET /wp-includes/js/dist/server-side-render.js HTTP/2" 200 2432 "https://netfinitynetwork.idm01.my.id/wp-includes/js/dist/" "Mozilla/5.0 AppleWebKit/537.36 (KHTML, like Gecko; compatible; GPTBot/1.3; +https://openai.com/gptbot)"
74.7.243.201 - - [18/Jan/2026:03:03:13 +0700] "GET /wp-includes/js/dist/block-directory.js HTTP/2" 200 15880 "https://netfinitynetwork.idm01.my.id/wp-includes/js/dist/" "Mozilla/5.0 AppleWebKit/537.36 (KHTML, like Gecko; compatible; GPTBot/1.3; +https://openai.com/gptbot)"
74.7.243.201 - - [18/Jan/2026:03:03:13 +0700] "GET /wp-includes/js/dist/reusable-blocks.js HTTP/2" 200 3983 "https://netfinitynetwork.idm01.my.id/wp-includes/js/dist/" "Mozilla/5.0 AppleWebKit/537.36 (KHTML, like Gecko; compatible; GPTBot/1.3; +https://openai.com/gptbot)"
74.7.243.201 - - [18/Jan/2026:03:03:14 +0700] "GET /wp-includes/js/dist/customize-widgets.js HTTP/2" 200 16653 "https://netfinitynetwork.idm01.my.id/wp-includes/js/dist/" "Mozilla/5.0 AppleWebKit/537.36 (KHTML, like Gecko; compatible; GPTBot/1.3; +https://openai.com/gptbot)"
74.7.243.201 - - [18/Jan/2026:03:03:15 +0700] "GET /wp-includes/js/dist/?NA HTTP/2" 200 3749 "https://netfinitynetwork.idm01.my.id/wp-includes/js/dist/?SA" "Mozilla/5.0 AppleWebKit/537.36 (KHTML, like Gecko; compatible; GPTBot/1.3; +https://openai.com/gptbot)"
74.7.243.201 - - [18/Jan/2026:03:03:15 +0700] "GET /wp-includes/js/dist/?SD HTTP/2" 200 3777 "https://netfinitynetwork.idm01.my.id/wp-includes/js/dist/?SA" "Mozilla/5.0 AppleWebKit/537.36 (KHTML, like Gecko; compatible; GPTBot/1.3; +https://openai.com/gptbot)"
74.7.243.201 - - [18/Jan/2026:03:03:16 +0700] "GET /wp-includes/js/dist/?MD HTTP/2" 200 3975 "https://netfinitynetwork.idm01.my.id/wp-includes/js/dist/?MA" "Mozilla/5.0 AppleWebKit/537.36 (KHTML, like Gecko; compatible; GPTBot/1.3; +https://openai.com/gptbot)"
74.7.243.201 - - [18/Jan/2026:03:03:16 +0700] "GET /wp-includes/js/dist/html-entities.js HTTP/2" 200 671 "https://netfinitynetwork.idm01.my.id/wp-includes/js/dist/" "Mozilla/5.0 AppleWebKit/537.36 (KHTML, like Gecko; compatible; GPTBot/1.3; +https://openai.com/gptbot)"
74.7.243.201 - - [18/Jan/2026:03:03:17 +0700] "GET /wp-includes/js/dist/nux.min.js HTTP/2" 200 1501 "https://netfinitynetwork.idm01.my.id/wp-includes/js/dist/" "Mozilla/5.0 AppleWebKit/537.36 (KHTML, like Gecko; compatible; GPTBot/1.3; +https://openai.com/gptbot)"
74.7.243.201 - - [18/Jan/2026:03:03:17 +0700] "GET /wp-includes/js/dist/dom.min.js HTTP/2" 200 4539 "https://netfinitynetwork.idm01.my.id/wp-includes/js/dist/" "Mozilla/5.0 AppleWebKit/537.36 (KHTML, like Gecko; compatible; GPTBot/1.3; +https://openai.com/gptbot)"
74.7.243.201 - - [18/Jan/2026:03:03:18 +0700] "GET /wp-includes/js/dist/media-utils.min.js HTTP/2" 200 3482 "https://netfinitynetwork.idm01.my.id/wp-includes/js/dist/" "Mozilla/5.0 AppleWebKit/537.36 (KHTML, like Gecko; compatible; GPTBot/1.3; +https://openai.com/gptbot)"
74.7.243.201 - - [18/Jan/2026:03:03:18 +0700] "GET /wp-includes/js/dist/base-styles.min.js HTTP/2" 200 75 "https://netfinitynetwork.idm01.my.id/wp-includes/js/dist/" "Mozilla/5.0 AppleWebKit/537.36 (KHTML, like Gecko; compatible; GPTBot/1.3; +https://openai.com/gptbot)"
74.7.243.201 - - [18/Jan/2026:03:03:19 +0700] "GET /wp-includes/js/dist/warning.js HTTP/2" 200 556 "https://netfinitynetwork.idm01.my.id/wp-includes/js/dist/" "Mozilla/5.0 AppleWebKit/537.36 (KHTML, like Gecko; compatible; GPTBot/1.3; +https://openai.com/gptbot)"
74.7.241.60 - - [18/Jan/2026:03:03:19 +0700] "GET /wp-includes/class-wp.php HTTP/2" 200 0 "https://mail.netfinitynetwork.com/wp-includes/" "Mozilla/5.0 AppleWebKit/537.36 (KHTML, like Gecko; compatible; GPTBot/1.3; +https://openai.com/gptbot)"
74.7.243.201 - - [18/Jan/2026:03:03:19 +0700] "GET /wp-includes/js/dist/edit-site.min.js HTTP/2" 200 231837 "https://netfinitynetwork.idm01.my.id/wp-includes/js/dist/" "Mozilla/5.0 AppleWebKit/537.36 (KHTML, like Gecko; compatible; GPTBot/1.3; +https://openai.com/gptbot)"
74.7.243.201 - - [18/Jan/2026:03:03:21 +0700] "GET /wp-includes/js/dist/private-apis.js HTTP/2" 200 1443 "https://netfinitynetwork.idm01.my.id/wp-includes/js/dist/" "Mozilla/5.0 AppleWebKit/537.36 (KHTML, like Gecko; compatible; GPTBot/1.3; +https://openai.com/gptbot)"
74.7.243.201 - - [18/Jan/2026:03:03:21 +0700] "GET /wp-includes/js/dist/blob.min.js HTTP/2" 200 505 "https://netfinitynetwork.idm01.my.id/wp-includes/js/dist/" "Mozilla/5.0 AppleWebKit/537.36 (KHTML, like Gecko; compatible; GPTBot/1.3; +https://openai.com/gptbot)"
74.7.243.201 - - [18/Jan/2026:03:03:22 +0700] "GET /wp-includes/js/dist/date.min.js HTTP/2" 200 36299 "https://netfinitynetwork.idm01.my.id/wp-includes/js/dist/" "Mozilla/5.0 AppleWebKit/537.36 (KHTML, like Gecko; compatible; GPTBot/1.3; +https://openai.com/gptbot)"
74.7.243.201 - - [18/Jan/2026:03:03:22 +0700] "GET /wp-includes/js/dist/data.min.js HTTP/2" 200 8588 "https://netfinitynetwork.idm01.my.id/wp-includes/js/dist/" "Mozilla/5.0 AppleWebKit/537.36 (KHTML, like Gecko; compatible; GPTBot/1.3; +https://openai.com/gptbot)"
74.7.243.201 - - [18/Jan/2026:03:03:23 +0700] "GET /wp-includes/js/dist/annotations.min.js HTTP/2" 200 2025 "https://netfinitynetwork.idm01.my.id/wp-includes/js/dist/" "Mozilla/5.0 AppleWebKit/537.36 (KHTML, like Gecko; compatible; GPTBot/1.3; +https://openai.com/gptbot)"
74.7.243.201 - - [18/Jan/2026:03:03:23 +0700] "GET /wp-includes/js/dist/preferences.min.js HTTP/2" 200 2705 "https://netfinitynetwork.idm01.my.id/wp-includes/js/dist/" "Mozilla/5.0 AppleWebKit/537.36 (KHTML, like Gecko; compatible; GPTBot/1.3; +https://openai.com/gptbot)"
74.7.243.201 - - [18/Jan/2026:03:03:24 +0700] "GET /wp-includes/js/dist/a11y.min.js HTTP/2" 200 794 "https://netfinitynetwork.idm01.my.id/wp-includes/js/dist/" "Mozilla/5.0 AppleWebKit/537.36 (KHTML, like Gecko; compatible; GPTBot/1.3; +https://openai.com/gptbot)"
74.7.243.201 - - [18/Jan/2026:03:03:24 +0700] "GET /wp-includes/js/dist/url.min.js HTTP/2" 200 3647 "https://netfinitynetwork.idm01.my.id/wp-includes/js/dist/" "Mozilla/5.0 AppleWebKit/537.36 (KHTML, like Gecko; compatible; GPTBot/1.3; +https://openai.com/gptbot)"
74.7.243.201 - - [18/Jan/2026:03:03:25 +0700] "GET /wp-includes/js/dist/priority-queue.js HTTP/2" 200 2847 "https://netfinitynetwork.idm01.my.id/wp-includes/js/dist/" "Mozilla/5.0 AppleWebKit/537.36 (KHTML, like Gecko; compatible; GPTBot/1.3; +https://openai.com/gptbot)"
74.7.243.201 - - [18/Jan/2026:03:03:26 +0700] "GET /wp-includes/js/dist/core-commands.js HTTP/2" 200 4851 "https://netfinitynetwork.idm01.my.id/wp-includes/js/dist/" "Mozilla/5.0 AppleWebKit/537.36 (KHTML, like Gecko; compatible; GPTBot/1.3; +https://openai.com/gptbot)"
74.7.243.201 - - [18/Jan/2026:03:03:26 +0700] "GET /wp-includes/js/dist/shortcode.min.js HTTP/2" 200 1329 "https://netfinitynetwork.idm01.my.id/wp-includes/js/dist/" "Mozilla/5.0 AppleWebKit/537.36 (KHTML, like Gecko; compatible; GPTBot/1.3; +https://openai.com/gptbot)"
74.7.243.196 - - [18/Jan/2026:03:03:27 +0700] "GET /wp-includes/js/dist/edit-post.js HTTP/2" 200 20149 "https://www.netfinitynetwork.com/wp-includes/js/dist/" "Mozilla/5.0 AppleWebKit/537.36 (KHTML, like Gecko; compatible; GPTBot/1.3; +https://openai.com/gptbot)"
74.7.243.201 - - [18/Jan/2026:03:03:27 +0700] "GET /wp-includes/js/dist/block-library.js HTTP/2" 200 393205 "https://netfinitynetwork.idm01.my.id/wp-includes/js/dist/" "Mozilla/5.0 AppleWebKit/537.36 (KHTML, like Gecko; compatible; GPTBot/1.3; +https://openai.com/gptbot)"
74.7.243.201 - - [18/Jan/2026:03:03:28 +0700] "GET /wp-includes/js/dist/viewport.min.js HTTP/2" 200 904 "https://netfinitynetwork.idm01.my.id/wp-includes/js/dist/" "Mozilla/5.0 AppleWebKit/537.36 (KHTML, like Gecko; compatible; GPTBot/1.3; +https://openai.com/gptbot)"
74.7.243.201 - - [18/Jan/2026:03:03:28 +0700] "GET /wp-includes/js/dist/block-editor.js HTTP/2" 200 485527 "https://netfinitynetwork.idm01.my.id/wp-includes/js/dist/" "Mozilla/5.0 AppleWebKit/537.36 (KHTML, like Gecko; compatible; GPTBot/1.3; +https://openai.com/gptbot)"
74.7.243.201 - - [18/Jan/2026:03:03:29 +0700] "GET /wp-includes/js/dist/i18n.min.js HTTP/2" 200 2119 "https://netfinitynetwork.idm01.my.id/wp-includes/js/dist/" "Mozilla/5.0 AppleWebKit/537.36 (KHTML, like Gecko; compatible; GPTBot/1.3; +https://openai.com/gptbot)"
74.7.243.201 - - [18/Jan/2026:03:03:29 +0700] "GET /wp-includes/js/dist/list-reusable-blocks.min.js HTTP/2" 200 1984 "https://netfinitynetwork.idm01.my.id/wp-includes/js/dist/" "Mozilla/5.0 AppleWebKit/537.36 (KHTML, like Gecko; compatible; GPTBot/1.3; +https://openai.com/gptbot)"
74.7.243.201 - - [18/Jan/2026:03:03:30 +0700] "GET /wp-includes/js/dist/widgets.js HTTP/2" 200 10051 "https://netfinitynetwork.idm01.my.id/wp-includes/js/dist/" "Mozilla/5.0 AppleWebKit/537.36 (KHTML, like Gecko; compatible; GPTBot/1.3; +https://openai.com/gptbot)"
74.7.243.201 - - [18/Jan/2026:03:03:31 +0700] "GET /wp-includes/js/dist/edit-widgets.js HTTP/2" 200 26649 "https://netfinitynetwork.idm01.my.id/wp-includes/js/dist/" "Mozilla/5.0 AppleWebKit/537.36 (KHTML, like Gecko; compatible; GPTBot/1.3; +https://openai.com/gptbot)"
74.7.243.201 - - [18/Jan/2026:03:03:31 +0700] "GET /wp-includes/js/dist/notices.js HTTP/2" 200 1538 "https://netfinitynetwork.idm01.my.id/wp-includes/js/dist/" "Mozilla/5.0 AppleWebKit/537.36 (KHTML, like Gecko; compatible; GPTBot/1.3; +https://openai.com/gptbot)"
74.7.243.232 - - [18/Jan/2026:03:03:31 +0700] "GET /wp-includes/js/dist/latex-to-mathml.js HTTP/2" 200 105091 "https://netfinitynetwork.com/wp-includes/js/dist/" "Mozilla/5.0 AppleWebKit/537.36 (KHTML, like Gecko; compatible; GPTBot/1.3; +https://openai.com/gptbot)"
74.7.243.201 - - [18/Jan/2026:03:03:32 +0700] "GET /wp-includes/js/dist/plugins.js HTTP/2" 200 3870 "https://netfinitynetwork.idm01.my.id/wp-includes/js/dist/" "Mozilla/5.0 AppleWebKit/537.36 (KHTML, like Gecko; compatible; GPTBot/1.3; +https://openai.com/gptbot)"
74.7.243.201 - - [18/Jan/2026:03:03:32 +0700] "GET /wp-includes/js/dist/element.js HTTP/2" 200 12779 "https://netfinitynetwork.idm01.my.id/wp-includes/js/dist/" "Mozilla/5.0 AppleWebKit/537.36 (KHTML, like Gecko; compatible; GPTBot/1.3; +https://openai.com/gptbot)"
74.7.243.201 - - [18/Jan/2026:03:03:33 +0700] "GET /wp-includes/js/dist/primitives.min.js HTTP/2" 200 767 "https://netfinitynetwork.idm01.my.id/wp-includes/js/dist/" "Mozilla/5.0 AppleWebKit/537.36 (KHTML, like Gecko; compatible; GPTBot/1.3; +https://openai.com/gptbot)"
74.7.227.136 - - [18/Jan/2026:03:03:33 +0700] "GET /wp-includes/IXR/ HTTP/2" 200 1257 "https://www.netfinitynetwork.idm01.my.id/wp-includes/" "Mozilla/5.0 AppleWebKit/537.36 (KHTML, like Gecko; compatible; GPTBot/1.3; +https://openai.com/gptbot)"
74.7.243.201 - - [18/Jan/2026:03:03:33 +0700] "GET /wp-includes/js/dist/deprecated.min.js HTTP/2" 200 409 "https://netfinitynetwork.idm01.my.id/wp-includes/js/dist/" "Mozilla/5.0 AppleWebKit/537.36 (KHTML, like Gecko; compatible; GPTBot/1.3; +https://openai.com/gptbot)"
74.7.243.201 - - [18/Jan/2026:03:03:34 +0700] "GET /wp-includes/js/dist/components.min.js HTTP/2" 200 242081 "https://netfinitynetwork.idm01.my.id/wp-includes/js/dist/" "Mozilla/5.0 AppleWebKit/537.36 (KHTML, like Gecko; compatible; GPTBot/1.3; +https://openai.com/gptbot)"
74.7.243.201 - - [18/Jan/2026:03:03:35 +0700] "GET /wp-includes/js/dist/element.min.js HTTP/2" 200 4846 "https://netfinitynetwork.idm01.my.id/wp-includes/js/dist/" "Mozilla/5.0 AppleWebKit/537.36 (KHTML, like Gecko; compatible; GPTBot/1.3; +https://openai.com/gptbot)"
74.7.243.201 - - [18/Jan/2026:03:03:36 +0700] "GET /wp-includes/js/dist/redux-routine.js HTTP/2" 200 4622 "https://netfinitynetwork.idm01.my.id/wp-includes/js/dist/" "Mozilla/5.0 AppleWebKit/537.36 (KHTML, like Gecko; compatible; GPTBot/1.3; +https://openai.com/gptbot)"
74.7.243.201 - - [18/Jan/2026:03:03:36 +0700] "GET /wp-includes/js/dist/wordcount.min.js HTTP/2" 200 1204 "https://netfinitynetwork.idm01.my.id/wp-includes/js/dist/" "Mozilla/5.0 AppleWebKit/537.36 (KHTML, like Gecko; compatible; GPTBot/1.3; +https://openai.com/gptbot)"
74.7.243.201 - - [18/Jan/2026:03:03:37 +0700] "GET /wp-includes/js/dist/data-controls.js HTTP/2" 200 1117 "https://netfinitynetwork.idm01.my.id/wp-includes/js/dist/" "Mozilla/5.0 AppleWebKit/537.36 (KHTML, like Gecko; compatible; GPTBot/1.3; +https://openai.com/gptbot)"
74.7.243.201 - - [18/Jan/2026:03:03:37 +0700] "GET /wp-includes/js/dist/patterns.js HTTP/2" 200 11217 "https://netfinitynetwork.idm01.my.id/wp-includes/js/dist/" "Mozilla/5.0 AppleWebKit/537.36 (KHTML, like Gecko; compatible; GPTBot/1.3; +https://openai.com/gptbot)"
74.7.243.201 - - [18/Jan/2026:03:03:38 +0700] "GET /wp-includes/js/dist/commands.min.js HTTP/2" 200 15932 "https://netfinitynetwork.idm01.my.id/wp-includes/js/dist/" "Mozilla/5.0 AppleWebKit/537.36 (KHTML, like Gecko; compatible; GPTBot/1.3; +https://openai.com/gptbot)"
74.7.243.201 - - [18/Jan/2026:03:03:38 +0700] "GET /wp-includes/js/dist/viewport.js HTTP/2" 200 1757 "https://netfinitynetwork.idm01.my.id/wp-includes/js/dist/" "Mozilla/5.0 AppleWebKit/537.36 (KHTML, like Gecko; compatible; GPTBot/1.3; +https://openai.com/gptbot)"
74.7.243.201 - - [18/Jan/2026:03:03:39 +0700] "GET /wp-includes/js/dist/patterns.min.js HTTP/2" 200 7012 "https://netfinitynetwork.idm01.my.id/wp-includes/js/dist/" "Mozilla/5.0 AppleWebKit/537.36 (KHTML, like Gecko; compatible; GPTBot/1.3; +https://openai.com/gptbot)"
74.7.243.201 - - [18/Jan/2026:03:03:39 +0700] "GET /wp-includes/js/dist/style-engine.js HTTP/2" 200 9163 "https://netfinitynetwork.idm01.my.id/wp-includes/js/dist/" "Mozilla/5.0 AppleWebKit/537.36 (KHTML, like Gecko; compatible; GPTBot/1.3; +https://openai.com/gptbot)"
74.7.243.201 - - [18/Jan/2026:03:03:40 +0700] "GET /wp-includes/js/dist/compose.js HTTP/2" 200 34057 "https://netfinitynetwork.idm01.my.id/wp-includes/js/dist/" "Mozilla/5.0 AppleWebKit/537.36 (KHTML, like Gecko; compatible; GPTBot/1.3; +https://openai.com/gptbot)"
74.7.243.201 - - [18/Jan/2026:03:03:41 +0700] "GET /wp-includes/js/dist/commands.js HTTP/2" 200 39437 "https://netfinitynetwork.idm01.my.id/wp-includes/js/dist/" "Mozilla/5.0 AppleWebKit/537.36 (KHTML, like Gecko; compatible; GPTBot/1.3; +https://openai.com/gptbot)"
74.7.243.201 - - [18/Jan/2026:03:03:41 +0700] "GET /wp-includes/js/dist/notices.min.js HTTP/2" 200 875 "https://netfinitynetwork.idm01.my.id/wp-includes/js/dist/" "Mozilla/5.0 AppleWebKit/537.36 (KHTML, like Gecko; compatible; GPTBot/1.3; +https://openai.com/gptbot)"
74.7.243.201 - - [18/Jan/2026:03:03:42 +0700] "GET /wp-includes/js/dist/base-styles.js HTTP/2" 200 177 "https://netfinitynetwork.idm01.my.id/wp-includes/js/dist/" "Mozilla/5.0 AppleWebKit/537.36 (KHTML, like Gecko; compatible; GPTBot/1.3; +https://openai.com/gptbot)"
74.7.243.201 - - [18/Jan/2026:03:03:42 +0700] "GET /wp-includes/js/dist/widgets.min.js HTTP/2" 200 6793 "https://netfinitynetwork.idm01.my.id/wp-includes/js/dist/" "Mozilla/5.0 AppleWebKit/537.36 (KHTML, like Gecko; compatible; GPTBot/1.3; +https://openai.com/gptbot)"
74.7.243.196 - - [18/Jan/2026:03:03:42 +0700] "GET /wp-includes/js/dist/block-serialization-default-parser.min.js HTTP/2" 200 1053 "https://www.netfinitynetwork.com/wp-includes/js/dist/" "Mozilla/5.0 AppleWebKit/537.36 (KHTML, like Gecko; compatible; GPTBot/1.3; +https://openai.com/gptbot)"
74.7.243.201 - - [18/Jan/2026:03:03:43 +0700] "GET /wp-includes/js/dist/warning.min.js HTTP/2" 200 202 "https://netfinitynetwork.idm01.my.id/wp-includes/js/dist/" "Mozilla/5.0 AppleWebKit/537.36 (KHTML, like Gecko; compatible; GPTBot/1.3; +https://openai.com/gptbot)"
74.7.243.201 - - [18/Jan/2026:03:03:43 +0700] "GET /wp-includes/js/dist/plugins.min.js HTTP/2" 200 1772 "https://netfinitynetwork.idm01.my.id/wp-includes/js/dist/" "Mozilla/5.0 AppleWebKit/537.36 (KHTML, like Gecko; compatible; GPTBot/1.3; +https://openai.com/gptbot)"
74.7.243.201 - - [18/Jan/2026:03:03:44 +0700] "GET /wp-includes/js/dist/compose.min.js HTTP/2" 200 12437 "https://netfinitynetwork.idm01.my.id/wp-includes/js/dist/" "Mozilla/5.0 AppleWebKit/537.36 (KHTML, like Gecko; compatible; GPTBot/1.3; +https://openai.com/gptbot)"
74.7.243.201 - - [18/Jan/2026:03:03:44 +0700] "GET /wp-includes/js/dist/media-utils.js HTTP/2" 200 5453 "https://netfinitynetwork.idm01.my.id/wp-includes/js/dist/" "Mozilla/5.0 AppleWebKit/537.36 (KHTML, like Gecko; compatible; GPTBot/1.3; +https://openai.com/gptbot)"
74.7.243.201 - - [18/Jan/2026:03:03:45 +0700] "GET /wp-includes/js/dist/script-modules/a11y/ HTTP/2" 200 688 "https://netfinitynetwork.idm01.my.id/wp-includes/js/dist/script-modules/" "Mozilla/5.0 AppleWebKit/537.36 (KHTML, like Gecko; compatible; GPTBot/1.3; +https://openai.com/gptbot)"
74.7.243.201 - - [18/Jan/2026:03:03:45 +0700] "GET /wp-includes/rest-api/?MD HTTP/2" 200 1120 "https://netfinitynetwork.idm01.my.id/wp-includes/rest-api/?MA" "Mozilla/5.0 AppleWebKit/537.36 (KHTML, like Gecko; compatible; GPTBot/1.3; +https://openai.com/gptbot)"
74.7.243.201 - - [18/Jan/2026:03:03:46 +0700] "GET /wp-includes/rest-api/?SD HTTP/2" 200 1118 "https://netfinitynetwork.idm01.my.id/wp-includes/rest-api/?SA" "Mozilla/5.0 AppleWebKit/537.36 (KHTML, like Gecko; compatible; GPTBot/1.3; +https://openai.com/gptbot)"
74.7.243.201 - - [18/Jan/2026:03:03:46 +0700] "GET /wp-includes/rest-api/?NA HTTP/2" 200 1119 "https://netfinitynetwork.idm01.my.id/wp-includes/rest-api/?ND" "Mozilla/5.0 AppleWebKit/537.36 (KHTML, like Gecko; compatible; GPTBot/1.3; +https://openai.com/gptbot)"
74.7.243.201 - - [18/Jan/2026:03:03:47 +0700] "GET /wp-includes/category-template.php HTTP/2" 200 0 "https://netfinitynetwork.idm01.my.id/wp-includes/" "Mozilla/5.0 AppleWebKit/537.36 (KHTML, like Gecko; compatible; GPTBot/1.3; +https://openai.com/gptbot)"
74.7.243.201 - - [18/Jan/2026:03:03:47 +0700] "GET /wp-includes/class-json.php HTTP/2" 500 0 "https://netfinitynetwork.idm01.my.id/wp-includes/" "Mozilla/5.0 AppleWebKit/537.36 (KHTML, like Gecko; compatible; GPTBot/1.3; +https://openai.com/gptbot)"
74.7.243.201 - - [18/Jan/2026:03:03:48 +0700] "GET /wp-includes/l10n/class-wp-translations.php HTTP/2" 200 0 "https://netfinitynetwork.idm01.my.id/wp-includes/l10n/" "Mozilla/5.0 AppleWebKit/537.36 (KHTML, like Gecko; compatible; GPTBot/1.3; +https://openai.com/gptbot)"
74.7.243.201 - - [18/Jan/2026:03:03:49 +0700] "GET /wp-includes/js/media-audiovideo.js HTTP/2" 200 5192 "https://netfinitynetwork.idm01.my.id/wp-includes/js/" "Mozilla/5.0 AppleWebKit/537.36 (KHTML, like Gecko; compatible; GPTBot/1.3; +https://openai.com/gptbot)"
74.7.243.201 - - [18/Jan/2026:03:03:51 +0700] "GET /wp-includes/js/customize-models.js HTTP/2" 200 1800 "https://netfinitynetwork.idm01.my.id/wp-includes/js/" "Mozilla/5.0 AppleWebKit/537.36 (KHTML, like Gecko; compatible; GPTBot/1.3; +https://openai.com/gptbot)"
74.7.243.201 - - [18/Jan/2026:03:03:52 +0700] "GET /wp-includes/js/imagesloaded.min.js HTTP/2" 200 1687 "https://netfinitynetwork.idm01.my.id/wp-includes/js/" "Mozilla/5.0 AppleWebKit/537.36 (KHTML, like Gecko; compatible; GPTBot/1.3; +https://openai.com/gptbot)"
74.7.243.201 - - [18/Jan/2026:03:03:53 +0700] "GET /wp-includes/js/jcrop/?MA HTTP/2" 200 732 "https://netfinitynetwork.idm01.my.id/wp-includes/js/jcrop/" "Mozilla/5.0 AppleWebKit/537.36 (KHTML, like Gecko; compatible; GPTBot/1.3; +https://openai.com/gptbot)"
74.7.243.201 - - [18/Jan/2026:03:03:54 +0700] "GET /wp-includes/js/jcrop/?ND HTTP/2" 200 717 "https://netfinitynetwork.idm01.my.id/wp-includes/js/jcrop/" "Mozilla/5.0 AppleWebKit/537.36 (KHTML, like Gecko; compatible; GPTBot/1.3; +https://openai.com/gptbot)"
74.7.243.201 - - [18/Jan/2026:03:03:55 +0700] "GET /wp-includes/js/jcrop/?SA HTTP/2" 200 725 "https://netfinitynetwork.idm01.my.id/wp-includes/js/jcrop/" "Mozilla/5.0 AppleWebKit/537.36 (KHTML, like Gecko; compatible; GPTBot/1.3; +https://openai.com/gptbot)"
74.7.243.232 - - [18/Jan/2026:03:03:56 +0700] "GET /wp-includes/js/dist/edit-post.min.js HTTP/2" 200 13246 "https://netfinitynetwork.com/wp-includes/js/dist/" "Mozilla/5.0 AppleWebKit/537.36 (KHTML, like Gecko; compatible; GPTBot/1.3; +https://openai.com/gptbot)"
74.7.243.201 - - [18/Jan/2026:03:03:56 +0700] "GET /wp-includes/js/jquery/ui/ HTTP/2" 200 2454 "https://netfinitynetwork.idm01.my.id/wp-includes/js/jquery/" "Mozilla/5.0 AppleWebKit/537.36 (KHTML, like Gecko; compatible; GPTBot/1.3; +https://openai.com/gptbot)"
74.7.243.196 - - [18/Jan/2026:03:03:56 +0700] "GET /wp-includes/IXR/?ND HTTP/2" 200 1252 "https://www.netfinitynetwork.com/wp-includes/IXR/" "Mozilla/5.0 AppleWebKit/537.36 (KHTML, like Gecko; compatible; GPTBot/1.3; +https://openai.com/gptbot)"
74.7.243.201 - - [18/Jan/2026:03:03:57 +0700] "GET /wp-includes/class-wp-network.php HTTP/2" 200 0 "https://netfinitynetwork.idm01.my.id/wp-includes/" "Mozilla/5.0 AppleWebKit/537.36 (KHTML, like Gecko; compatible; GPTBot/1.3; +https://openai.com/gptbot)"
74.7.243.201 - - [18/Jan/2026:03:03:58 +0700] "GET /wp-includes/js/dist/'+t+' HTTP/2" 404 1251 "https://netfinitynetwork.idm01.my.id/wp-includes/js/dist/core-data.min.js" "Mozilla/5.0 AppleWebKit/537.36 (KHTML, like Gecko; compatible; GPTBot/1.3; +https://openai.com/gptbot)"
74.7.243.201 - - [18/Jan/2026:03:03:58 +0700] "GET /wp-includes/sodium_compat/namespaced/Core/X25519.php HTTP/2" 500 0 "https://netfinitynetwork.idm01.my.id/wp-includes/sodium_compat/namespaced/Core/" "Mozilla/5.0 AppleWebKit/537.36 (KHTML, like Gecko; compatible; GPTBot/1.3; +https://openai.com/gptbot)"
74.7.243.201 - - [18/Jan/2026:03:03:59 +0700] "GET /wp-includes/sodium_compat/namespaced/Core/Ed25519.php HTTP/2" 500 0 "https://netfinitynetwork.idm01.my.id/wp-includes/sodium_compat/namespaced/Core/" "Mozilla/5.0 AppleWebKit/537.36 (KHTML, like Gecko; compatible; GPTBot/1.3; +https://openai.com/gptbot)"
74.7.243.201 - - [18/Jan/2026:03:04:00 +0700] "GET /wp-includes/js/',attachment.get(%20'url'%20),' HTTP/2" 404 1251 "https://netfinitynetwork.idm01.my.id/wp-includes/js/media-audiovideo.js" "Mozilla/5.0 AppleWebKit/537.36 (KHTML, like Gecko; compatible; GPTBot/1.3; +https://openai.com/gptbot)"
74.7.243.201 - - [18/Jan/2026:03:04:06 +0700] "GET /wp-includes/sodium_compat/namespaced/Core/Curve25519/Fe.php HTTP/2" 500 0 "https://netfinitynetwork.idm01.my.id/wp-includes/sodium_compat/namespaced/Core/Curve25519/" "Mozilla/5.0 AppleWebKit/537.36 (KHTML, like Gecko; compatible; GPTBot/1.3; +https://openai.com/gptbot)"
74.7.243.196 - - [18/Jan/2026:03:04:09 +0700] "GET /wp-includes/js/dist/block-serialization-default-parser.js HTTP/2" 200 1748 "https://www.netfinitynetwork.com/wp-includes/js/dist/" "Mozilla/5.0 AppleWebKit/537.36 (KHTML, like Gecko; compatible; GPTBot/1.3; +https://openai.com/gptbot)"
74.7.243.201 - - [18/Jan/2026:03:04:12 +0700] "GET /wp-includes/js/masonry.min.js HTTP/2" 200 7117 "https://netfinitynetwork.idm01.my.id/wp-includes/js/" "Mozilla/5.0 AppleWebKit/537.36 (KHTML, like Gecko; compatible; GPTBot/1.3; +https://openai.com/gptbot)"
74.7.243.232 - - [18/Jan/2026:03:04:18 +0700] "GET /wp-includes/js/dist/private-apis.min.js HTTP/2" 200 900 "https://netfinitynetwork.com/wp-includes/js/dist/" "Mozilla/5.0 AppleWebKit/537.36 (KHTML, like Gecko; compatible; GPTBot/1.3; +https://openai.com/gptbot)"
74.7.243.196 - - [18/Jan/2026:03:04:21 +0700] "GET /wp-includes/IXR/class-IXR-clientmulticall.php HTTP/2" 500 0 "https://www.netfinitynetwork.com/wp-includes/IXR/" "Mozilla/5.0 AppleWebKit/537.36 (KHTML, like Gecko; compatible; GPTBot/1.3; +https://openai.com/gptbot)"
74.7.241.60 - - [18/Jan/2026:03:04:25 +0700] "GET /wp-includes/IXR/ HTTP/2" 200 1252 "https://mail.netfinitynetwork.com/wp-includes/" "Mozilla/5.0 AppleWebKit/537.36 (KHTML, like Gecko; compatible; GPTBot/1.3; +https://openai.com/gptbot)"
74.7.243.201 - - [18/Jan/2026:03:04:28 +0700] "GET /wp-includes/js/jcrop/?MD HTTP/2" 200 729 "https://netfinitynetwork.idm01.my.id/wp-includes/js/jcrop/?MA" "Mozilla/5.0 AppleWebKit/537.36 (KHTML, like Gecko; compatible; GPTBot/1.3; +https://openai.com/gptbot)"
74.7.227.136 - - [18/Jan/2026:03:04:30 +0700] "GET /wp-includes/images/xit.gif HTTP/2" 200 181 "https://www.netfinitynetwork.idm01.my.id/wp-includes/images/" "Mozilla/5.0 AppleWebKit/537.36 (KHTML, like Gecko; compatible; GPTBot/1.3; +https://openai.com/gptbot)"
74.7.243.196 - - [18/Jan/2026:03:04:31 +0700] "GET /wp-includes/IXR/?MD HTTP/2" 200 1250 "https://www.netfinitynetwork.com/wp-includes/IXR/?MA" "Mozilla/5.0 AppleWebKit/537.36 (KHTML, like Gecko; compatible; GPTBot/1.3; +https://openai.com/gptbot)"
74.7.243.232 - - [18/Jan/2026:03:04:38 +0700] "GET /wp-includes/js/dist/preferences-persistence.js HTTP/2" 200 3629 "https://netfinitynetwork.com/wp-includes/js/dist/" "Mozilla/5.0 AppleWebKit/537.36 (KHTML, like Gecko; compatible; GPTBot/1.3; +https://openai.com/gptbot)"
74.7.243.201 - - [18/Jan/2026:03:04:42 +0700] "GET /wp-includes/js/jcrop/?NA HTTP/2" 200 722 "https://netfinitynetwork.idm01.my.id/wp-includes/js/jcrop/?MA" "Mozilla/5.0 AppleWebKit/537.36 (KHTML, like Gecko; compatible; GPTBot/1.3; +https://openai.com/gptbot)"
74.7.243.232 - - [18/Jan/2026:03:04:55 +0700] "GET /wp-includes/js/dist/edit-post.js HTTP/2" 200 20149 "https://netfinitynetwork.com/wp-includes/js/dist/" "Mozilla/5.0 AppleWebKit/537.36 (KHTML, like Gecko; compatible; GPTBot/1.3; +https://openai.com/gptbot)"
74.7.243.201 - - [18/Jan/2026:03:04:56 +0700] "GET /wp-includes/js/jcrop/?SD HTTP/2" 200 721 "https://netfinitynetwork.idm01.my.id/wp-includes/js/jcrop/?SA" "Mozilla/5.0 AppleWebKit/537.36 (KHTML, like Gecko; compatible; GPTBot/1.3; +https://openai.com/gptbot)"
74.7.243.196 - - [18/Jan/2026:03:05:03 +0700] "GET /wp-includes/IXR/?SD HTTP/2" 200 1252 "https://www.netfinitynetwork.com/wp-includes/IXR/?SA" "Mozilla/5.0 AppleWebKit/537.36 (KHTML, like Gecko; compatible; GPTBot/1.3; +https://openai.com/gptbot)"
74.7.243.201 - - [18/Jan/2026:03:05:08 +0700] "GET /wp-includes/js/jquery/ui/slider.js HTTP/2" 200 4753 "https://netfinitynetwork.idm01.my.id/wp-includes/js/jquery/ui/" "Mozilla/5.0 AppleWebKit/537.36 (KHTML, like Gecko; compatible; GPTBot/1.3; +https://openai.com/gptbot)"
74.7.243.232 - - [18/Jan/2026:03:05:11 +0700] "GET /wp-includes/js/dist/block-serialization-default-parser.min.js HTTP/2" 200 1053 "https://netfinitynetwork.com/wp-includes/js/dist/" "Mozilla/5.0 AppleWebKit/537.36 (KHTML, like Gecko; compatible; GPTBot/1.3; +https://openai.com/gptbot)"
74.7.243.201 - - [18/Jan/2026:03:05:19 +0700] "GET /wp-includes/js/api-request.min.js HTTP/2" 200 530 "https://netfinitynetwork.idm01.my.id/wp-includes/js/" "Mozilla/5.0 AppleWebKit/537.36 (KHTML, like Gecko; compatible; GPTBot/1.3; +https://openai.com/gptbot)"
74.7.241.60 - - [18/Jan/2026:03:05:23 +0700] "GET /wp-includes/images/xit.gif HTTP/2" 200 181 "https://mail.netfinitynetwork.com/wp-includes/images/" "Mozilla/5.0 AppleWebKit/537.36 (KHTML, like Gecko; compatible; GPTBot/1.3; +https://openai.com/gptbot)"
74.7.227.136 - - [18/Jan/2026:03:05:24 +0700] "GET /wp-includes/js/dist/ HTTP/2" 200 3753 "https://www.netfinitynetwork.idm01.my.id/wp-includes/js/" "Mozilla/5.0 AppleWebKit/537.36 (KHTML, like Gecko; compatible; GPTBot/1.3; +https://openai.com/gptbot)"
74.7.243.232 - - [18/Jan/2026:03:05:26 +0700] "GET /wp-includes/IXR/?ND HTTP/2" 200 1250 "https://netfinitynetwork.com/wp-includes/IXR/" "Mozilla/5.0 AppleWebKit/537.36 (KHTML, like Gecko; compatible; GPTBot/1.3; +https://openai.com/gptbot)"
74.7.243.201 - - [18/Jan/2026:03:05:28 +0700] "GET /wp-includes/theme.json HTTP/2" 200 2136 "https://netfinitynetwork.idm01.my.id/wp-includes/" "Mozilla/5.0 AppleWebKit/537.36 (KHTML, like Gecko; compatible; GPTBot/1.3; +https://openai.com/gptbot)"
74.7.243.196 - - [18/Jan/2026:03:05:32 +0700] "GET /wp-includes/IXR/?NA HTTP/2" 200 1251 "https://www.netfinitynetwork.com/wp-includes/IXR/?MA" "Mozilla/5.0 AppleWebKit/537.36 (KHTML, like Gecko; compatible; GPTBot/1.3; +https://openai.com/gptbot)"
74.7.243.201 - - [18/Jan/2026:03:05:36 +0700] "GET /wp-includes/js/jquery/ui/effect-shake.min.js HTTP/2" 200 443 "https://netfinitynetwork.idm01.my.id/wp-includes/js/jquery/ui/" "Mozilla/5.0 AppleWebKit/537.36 (KHTML, like Gecko; compatible; GPTBot/1.3; +https://openai.com/gptbot)"
74.7.243.232 - - [18/Jan/2026:03:05:39 +0700] "GET /wp-includes/js/dist/block-serialization-default-parser.js HTTP/2" 200 1748 "https://netfinitynetwork.com/wp-includes/js/dist/" "Mozilla/5.0 AppleWebKit/537.36 (KHTML, like Gecko; compatible; GPTBot/1.3; +https://openai.com/gptbot)"
74.7.243.201 - - [18/Jan/2026:03:05:44 +0700] "GET /wp-includes/images/media/ HTTP/2" 200 1262 "https://netfinitynetwork.idm01.my.id/wp-includes/images/" "Mozilla/5.0 AppleWebKit/537.36 (KHTML, like Gecko; compatible; GPTBot/1.3; +https://openai.com/gptbot)"
74.7.243.232 - - [18/Jan/2026:03:05:51 +0700] "GET /wp-includes/IXR/class-IXR-clientmulticall.php HTTP/2" 500 0 "https://netfinitynetwork.com/wp-includes/IXR/" "Mozilla/5.0 AppleWebKit/537.36 (KHTML, like Gecko; compatible; GPTBot/1.3; +https://openai.com/gptbot)"
74.7.243.201 - - [18/Jan/2026:03:05:52 +0700] "GET /wp-includes/js/jquery/ui/effect-slide.min.js HTTP/2" 200 499 "https://netfinitynetwork.idm01.my.id/wp-includes/js/jquery/ui/" "Mozilla/5.0 AppleWebKit/537.36 (KHTML, like Gecko; compatible; GPTBot/1.3; +https://openai.com/gptbot)"
74.7.243.201 - - [18/Jan/2026:03:05:58 +0700] "GET /wp-includes/js/jquery/ui/effect-scale.min.js HTTP/2" 200 382 "https://netfinitynetwork.idm01.my.id/wp-includes/js/jquery/ui/" "Mozilla/5.0 AppleWebKit/537.36 (KHTML, like Gecko; compatible; GPTBot/1.3; +https://openai.com/gptbot)"
74.7.243.196 - - [18/Jan/2026:03:05:58 +0700] "GET /wp-includes/IXR/class-IXR-error.php HTTP/2" 200 0 "https://www.netfinitynetwork.com/wp-includes/IXR/" "Mozilla/5.0 AppleWebKit/537.36 (KHTML, like Gecko; compatible; GPTBot/1.3; +https://openai.com/gptbot)"
74.7.243.232 - - [18/Jan/2026:03:06:01 +0700] "GET /wp-includes/IXR/?NA HTTP/2" 200 1250 "https://netfinitynetwork.com/wp-includes/IXR/?MA" "Mozilla/5.0 AppleWebKit/537.36 (KHTML, like Gecko; compatible; GPTBot/1.3; +https://openai.com/gptbot)"
74.7.243.201 - - [18/Jan/2026:03:06:04 +0700] "GET /wp-includes/js/jquery/ui/effect-blind.min.js HTTP/2" 200 453 "https://netfinitynetwork.idm01.my.id/wp-includes/js/jquery/ui/" "Mozilla/5.0 AppleWebKit/537.36 (KHTML, like Gecko; compatible; GPTBot/1.3; +https://openai.com/gptbot)"
74.7.243.201 - - [18/Jan/2026:03:06:09 +0700] "GET /wp-includes/pomo/streams.php HTTP/2" 200 0 "https://netfinitynetwork.idm01.my.id/wp-includes/pomo/" "Mozilla/5.0 AppleWebKit/537.36 (KHTML, like Gecko; compatible; GPTBot/1.3; +https://openai.com/gptbot)"
74.7.227.136 - - [18/Jan/2026:03:06:11 +0700] "GET /wp-includes/l10n/class-wp-translation-file-php.php HTTP/2" 500 0 "https://www.netfinitynetwork.idm01.my.id/wp-includes/l10n/" "Mozilla/5.0 AppleWebKit/537.36 (KHTML, like Gecko; compatible; GPTBot/1.3; +https://openai.com/gptbot)"
74.7.243.201 - - [18/Jan/2026:03:06:13 +0700] "GET /wp-includes/js/utils.js HTTP/2" 200 1549 "https://netfinitynetwork.idm01.my.id/wp-includes/js/" "Mozilla/5.0 AppleWebKit/537.36 (KHTML, like Gecko; compatible; GPTBot/1.3; +https://openai.com/gptbot)"
74.7.241.60 - - [18/Jan/2026:03:06:14 +0700] "GET /wp-includes/js/dist/ HTTP/2" 200 3805 "https://mail.netfinitynetwork.com/wp-includes/js/" "Mozilla/5.0 AppleWebKit/537.36 (KHTML, like Gecko; compatible; GPTBot/1.3; +https://openai.com/gptbot)"
74.7.243.201 - - [18/Jan/2026:03:06:18 +0700] "GET /wp-includes/js/tinymce/ HTTP/2" 200 1221 "https://netfinitynetwork.idm01.my.id/wp-includes/js/" "Mozilla/5.0 AppleWebKit/537.36 (KHTML, like Gecko; compatible; GPTBot/1.3; +https://openai.com/gptbot)"
74.7.243.201 - - [18/Jan/2026:03:06:21 +0700] "GET /wp-includes/PHPMailer/error_log HTTP/2" 403 1242 "https://netfinitynetwork.idm01.my.id/wp-includes/PHPMailer/" "Mozilla/5.0 AppleWebKit/537.36 (KHTML, like Gecko; compatible; GPTBot/1.3; +https://openai.com/gptbot)"
74.7.243.196 - - [18/Jan/2026:03:06:21 +0700] "GET /wp-includes/js/dist/admin-ui.js HTTP/2" 200 1532 "https://www.netfinitynetwork.com/wp-includes/js/dist/" "Mozilla/5.0 AppleWebKit/537.36 (KHTML, like Gecko; compatible; GPTBot/1.3; +https://openai.com/gptbot)"
74.7.243.201 - - [18/Jan/2026:03:06:25 +0700] "GET /wp-includes/images/rss.png HTTP/2" 200 608 "https://netfinitynetwork.idm01.my.id/wp-includes/images/" "Mozilla/5.0 AppleWebKit/537.36 (KHTML, like Gecko; compatible; GPTBot/1.3; +https://openai.com/gptbot)"
74.7.243.201 - - [18/Jan/2026:03:06:28 +0700] "GET /wp-includes/js/wpdialog.js HTTP/2" 200 284 "https://netfinitynetwork.idm01.my.id/wp-includes/js/" "Mozilla/5.0 AppleWebKit/537.36 (KHTML, like Gecko; compatible; GPTBot/1.3; +https://openai.com/gptbot)"
74.7.243.201 - - [18/Jan/2026:03:06:31 +0700] "GET /wp-includes/widgets/class-wp-widget-media-gallery.php HTTP/2" 500 0 "https://netfinitynetwork.idm01.my.id/wp-includes/widgets/" "Mozilla/5.0 AppleWebKit/537.36 (KHTML, like Gecko; compatible; GPTBot/1.3; +https://openai.com/gptbot)"
74.7.243.201 - - [18/Jan/2026:03:06:34 +0700] "GET /wp-includes/images/media/interactive.svg HTTP/2" 200 203 "https://netfinitynetwork.idm01.my.id/wp-includes/images/media/" "Mozilla/5.0 AppleWebKit/537.36 (KHTML, like Gecko; compatible; GPTBot/1.3; +https://openai.com/gptbot)"
74.7.243.232 - - [18/Jan/2026:03:06:34 +0700] "GET /wp-includes/IXR/?SD HTTP/2" 200 1250 "https://netfinitynetwork.com/wp-includes/IXR/?SA" "Mozilla/5.0 AppleWebKit/537.36 (KHTML, like Gecko; compatible; GPTBot/1.3; +https://openai.com/gptbot)"
74.7.243.196 - - [18/Jan/2026:03:06:41 +0700] "GET /wp-includes/js/dist/admin-ui.min.js HTTP/2" 200 912 "https://www.netfinitynetwork.com/wp-includes/js/dist/" "Mozilla/5.0 AppleWebKit/537.36 (KHTML, like Gecko; compatible; GPTBot/1.3; +https://openai.com/gptbot)"
74.7.243.201 - - [18/Jan/2026:03:06:42 +0700] "GET /wp-includes/images/media/interactive.png HTTP/2" 200 319 "https://netfinitynetwork.idm01.my.id/wp-includes/images/media/" "Mozilla/5.0 AppleWebKit/537.36 (KHTML, like Gecko; compatible; GPTBot/1.3; +https://openai.com/gptbot)"
74.7.243.201 - - [18/Jan/2026:03:06:50 +0700] "GET /wp-includes/images/media/document.svg HTTP/2" 200 186 "https://netfinitynetwork.idm01.my.id/wp-includes/images/media/" "Mozilla/5.0 AppleWebKit/537.36 (KHTML, like Gecko; compatible; GPTBot/1.3; +https://openai.com/gptbot)"
74.7.227.136 - - [18/Jan/2026:03:06:51 +0700] "GET /wp-includes/js/mce-view.min.js HTTP/2" 200 3437 "https://www.netfinitynetwork.idm01.my.id/wp-includes/js/" "Mozilla/5.0 AppleWebKit/537.36 (KHTML, like Gecko; compatible; GPTBot/1.3; +https://openai.com/gptbot)"
74.7.243.201 - - [18/Jan/2026:03:06:57 +0700] "GET /wp-includes/images/media/spreadsheet.png HTTP/2" 200 188 "https://netfinitynetwork.idm01.my.id/wp-includes/images/media/" "Mozilla/5.0 AppleWebKit/537.36 (KHTML, like Gecko; compatible; GPTBot/1.3; +https://openai.com/gptbot)"
74.7.243.196 - - [18/Jan/2026:03:06:59 +0700] "GET /wp-includes/IXR/class-IXR-introspectionserver.php HTTP/2" 500 0 "https://www.netfinitynetwork.com/wp-includes/IXR/" "Mozilla/5.0 AppleWebKit/537.36 (KHTML, like Gecko; compatible; GPTBot/1.3; +https://openai.com/gptbot)"
74.7.241.60 - - [18/Jan/2026:03:07:00 +0700] "GET /wp-includes/l10n/class-wp-translation-file-php.php HTTP/2" 500 0 "https://mail.netfinitynetwork.com/wp-includes/l10n/" "Mozilla/5.0 AppleWebKit/537.36 (KHTML, like Gecko; compatible; GPTBot/1.3; +https://openai.com/gptbot)"
74.7.243.232 - - [18/Jan/2026:03:07:02 +0700] "GET /wp-includes/IXR/?MD HTTP/2" 200 1249 "https://netfinitynetwork.com/wp-includes/IXR/?MA" "Mozilla/5.0 AppleWebKit/537.36 (KHTML, like Gecko; compatible; GPTBot/1.3; +https://openai.com/gptbot)"
74.7.243.201 - - [18/Jan/2026:03:07:03 +0700] "GET /wp-includes/images/media/spreadsheet.svg HTTP/2" 200 176 "https://netfinitynetwork.idm01.my.id/wp-includes/images/media/" "Mozilla/5.0 AppleWebKit/537.36 (KHTML, like Gecko; compatible; GPTBot/1.3; +https://openai.com/gptbot)"
74.7.243.201 - - [18/Jan/2026:03:07:08 +0700] "GET /wp-includes/images/media/document.png HTTP/2" 200 200 "https://netfinitynetwork.idm01.my.id/wp-includes/images/media/" "Mozilla/5.0 AppleWebKit/537.36 (KHTML, like Gecko; compatible; GPTBot/1.3; +https://openai.com/gptbot)"
74.7.243.201 - - [18/Jan/2026:03:07:13 +0700] "GET /wp-includes/js/tinymce/tiny_mce_popup.js HTTP/2" 200 4709 "https://netfinitynetwork.idm01.my.id/wp-includes/js/tinymce/" "Mozilla/5.0 AppleWebKit/537.36 (KHTML, like Gecko; compatible; GPTBot/1.3; +https://openai.com/gptbot)"
74.7.243.196 - - [18/Jan/2026:03:07:17 +0700] "GET /wp-includes/js/dist/preferences-persistence.min.js HTTP/2" 200 1925 "https://www.netfinitynetwork.com/wp-includes/js/dist/" "Mozilla/5.0 AppleWebKit/537.36 (KHTML, like Gecko; compatible; GPTBot/1.3; +https://openai.com/gptbot)"
74.7.243.201 - - [18/Jan/2026:03:07:18 +0700] "GET /wp-includes/js/tinymce/tinymce.min.js HTTP/2" 200 119543 "https://netfinitynetwork.idm01.my.id/wp-includes/js/tinymce/" "Mozilla/5.0 AppleWebKit/537.36 (KHTML, like Gecko; compatible; GPTBot/1.3; +https://openai.com/gptbot)"
74.7.243.201 - - [18/Jan/2026:03:07:22 +0700] "GET /wp-includes/js/tinymce/wp-tinymce.php HTTP/2" 200 128193 "https://netfinitynetwork.idm01.my.id/wp-includes/js/tinymce/" "Mozilla/5.0 AppleWebKit/537.36 (KHTML, like Gecko; compatible; GPTBot/1.3; +https://openai.com/gptbot)"
74.7.243.201 - - [18/Jan/2026:03:07:26 +0700] "GET /wp-includes/js/tinymce/wp-tinymce.js HTTP/2" 200 212251 "https://netfinitynetwork.idm01.my.id/wp-includes/js/tinymce/" "Mozilla/5.0 AppleWebKit/537.36 (KHTML, like Gecko; compatible; GPTBot/1.3; +https://openai.com/gptbot)"
74.7.243.232 - - [18/Jan/2026:03:07:27 +0700] "GET /wp-includes/IXR/class-IXR-error.php HTTP/2" 200 0 "https://netfinitynetwork.com/wp-includes/IXR/" "Mozilla/5.0 AppleWebKit/537.36 (KHTML, like Gecko; compatible; GPTBot/1.3; +https://openai.com/gptbot)"
74.7.243.201 - - [18/Jan/2026:03:07:29 +0700] "GET /wp-includes/images/media/archive.svg HTTP/2" 200 227 "https://netfinitynetwork.idm01.my.id/wp-includes/images/media/" "Mozilla/5.0 AppleWebKit/537.36 (KHTML, like Gecko; compatible; GPTBot/1.3; +https://openai.com/gptbot)"
74.7.243.201 - - [18/Jan/2026:03:07:32 +0700] "GET /wp-includes/images/media/archive.png HTTP/2" 200 417 "https://netfinitynetwork.idm01.my.id/wp-includes/images/media/" "Mozilla/5.0 AppleWebKit/537.36 (KHTML, like Gecko; compatible; GPTBot/1.3; +https://openai.com/gptbot)"
74.7.243.201 - - [18/Jan/2026:03:07:34 +0700] "GET /wp-includes/js/tinymce/themes/ HTTP/2" 200 641 "https://netfinitynetwork.idm01.my.id/wp-includes/js/tinymce/" "Mozilla/5.0 AppleWebKit/537.36 (KHTML, like Gecko; compatible; GPTBot/1.3; +https://openai.com/gptbot)"
74.7.243.201 - - [18/Jan/2026:03:07:37 +0700] "GET /wp-includes/images/media/default.svg HTTP/2" 200 161 "https://netfinitynetwork.idm01.my.id/wp-includes/images/media/" "Mozilla/5.0 AppleWebKit/537.36 (KHTML, like Gecko; compatible; GPTBot/1.3; +https://openai.com/gptbot)"
74.7.243.201 - - [18/Jan/2026:03:07:39 +0700] "GET /wp-includes/images/media/default.png HTTP/2" 200 168 "https://netfinitynetwork.idm01.my.id/wp-includes/images/media/" "Mozilla/5.0 AppleWebKit/537.36 (KHTML, like Gecko; compatible; GPTBot/1.3; +https://openai.com/gptbot)"
74.7.241.60 - - [18/Jan/2026:03:07:40 +0700] "GET /wp-includes/js/mce-view.min.js HTTP/2" 200 3437 "https://mail.netfinitynetwork.com/wp-includes/js/" "Mozilla/5.0 AppleWebKit/537.36 (KHTML, like Gecko; compatible; GPTBot/1.3; +https://openai.com/gptbot)"
74.7.243.201 - - [18/Jan/2026:03:07:41 +0700] "GET /wp-includes/images/media/audio.png HTTP/2" 200 382 "https://netfinitynetwork.idm01.my.id/wp-includes/images/media/" "Mozilla/5.0 AppleWebKit/537.36 (KHTML, like Gecko; compatible; GPTBot/1.3; +https://openai.com/gptbot)"
74.7.243.201 - - [18/Jan/2026:03:07:42 +0700] "GET /wp-includes/images/media/audio.svg HTTP/2" 200 232 "https://netfinitynetwork.idm01.my.id/wp-includes/images/media/" "Mozilla/5.0 AppleWebKit/537.36 (KHTML, like Gecko; compatible; GPTBot/1.3; +https://openai.com/gptbot)"
74.7.243.201 - - [18/Jan/2026:03:07:44 +0700] "GET /wp-includes/js/tinymce/'%20+%20url%20+%20' HTTP/2" 404 1251 "https://netfinitynetwork.idm01.my.id/wp-includes/js/tinymce/tiny_mce_popup.js" "Mozilla/5.0 AppleWebKit/537.36 (KHTML, like Gecko; compatible; GPTBot/1.3; +https://openai.com/gptbot)"
74.7.243.201 - - [18/Jan/2026:03:07:45 +0700] "GET /wp-includes/js/tinymce/plugins/ HTTP/2" 200 1241 "https://netfinitynetwork.idm01.my.id/wp-includes/js/tinymce/" "Mozilla/5.0 AppleWebKit/537.36 (KHTML, like Gecko; compatible; GPTBot/1.3; +https://openai.com/gptbot)"
74.7.243.201 - - [18/Jan/2026:03:07:47 +0700] "GET /wp-includes/images/media/text.svg HTTP/2" 200 165 "https://netfinitynetwork.idm01.my.id/wp-includes/images/media/" "Mozilla/5.0 AppleWebKit/537.36 (KHTML, like Gecko; compatible; GPTBot/1.3; +https://openai.com/gptbot)"
74.7.243.201 - - [18/Jan/2026:03:07:48 +0700] "GET /wp-includes/js/tinymce/'+m.poster+' HTTP/2" 404 1251 "https://netfinitynetwork.idm01.my.id/wp-includes/js/tinymce/wp-tinymce.js" "Mozilla/5.0 AppleWebKit/537.36 (KHTML, like Gecko; compatible; GPTBot/1.3; +https://openai.com/gptbot)"
74.7.243.201 - - [18/Jan/2026:03:07:49 +0700] "GET /wp-includes/js/tinymce/'+s.source1+' HTTP/2" 404 1251 "https://netfinitynetwork.idm01.my.id/wp-includes/js/tinymce/wp-tinymce.js" "Mozilla/5.0 AppleWebKit/537.36 (KHTML, like Gecko; compatible; GPTBot/1.3; +https://openai.com/gptbot)"
74.7.243.201 - - [18/Jan/2026:03:07:50 +0700] "GET /wp-includes/js/tinymce/'+s.source2+' HTTP/2" 404 1251 "https://netfinitynetwork.idm01.my.id/wp-includes/js/tinymce/wp-tinymce.js" "Mozilla/5.0 AppleWebKit/537.36 (KHTML, like Gecko; compatible; GPTBot/1.3; +https://openai.com/gptbot)"
74.7.243.232 - - [18/Jan/2026:03:07:51 +0700] "GET /wp-includes/js/dist/admin-ui.js HTTP/2" 200 1532 "https://netfinitynetwork.com/wp-includes/js/dist/" "Mozilla/5.0 AppleWebKit/537.36 (KHTML, like Gecko; compatible; GPTBot/1.3; +https://openai.com/gptbot)"
74.7.243.201 - - [18/Jan/2026:03:07:51 +0700] "GET /wp-includes/js/tinymce/'+n.source1+' HTTP/2" 404 1251 "https://netfinitynetwork.idm01.my.id/wp-includes/js/tinymce/wp-tinymce.js" "Mozilla/5.0 AppleWebKit/537.36 (KHTML, like Gecko; compatible; GPTBot/1.3; +https://openai.com/gptbot)"
74.7.243.201 - - [18/Jan/2026:03:07:52 +0700] "GET /wp-includes/js/',i.get( HTTP/2" 404 1251 "https://netfinitynetwork.idm01.my.id/wp-includes/js/media-audiovideo.min.js" "Mozilla/5.0 AppleWebKit/537.36 (KHTML, like Gecko; compatible; GPTBot/1.3; +https://openai.com/gptbot)"
217.182.64.155 - - [18/Jan/2026:03:07:53 +0700] "GET / HTTP/1.1" 200 1905 "-" "Mozilla/5.0"
74.7.227.136 - - [18/Jan/2026:03:07:53 +0700] "GET /wp-includes/ID3/module.tag.apetag.php HTTP/2" 200 0 "https://www.netfinitynetwork.idm01.my.id/wp-includes/ID3/" "Mozilla/5.0 AppleWebKit/537.36 (KHTML, like Gecko; compatible; GPTBot/1.3; +https://openai.com/gptbot)"
74.7.243.201 - - [18/Jan/2026:03:07:54 +0700] "GET /wp-includes/js/crop/marqueeVert.gif HTTP/2" 200 293 "https://netfinitynetwork.idm01.my.id/wp-includes/js/crop/" "Mozilla/5.0 AppleWebKit/537.36 (KHTML, like Gecko; compatible; GPTBot/1.3; +https://openai.com/gptbot)"
74.7.243.201 - - [18/Jan/2026:03:07:55 +0700] "GET /wp-includes/js/wp-lists.js HTTP/2" 200 5138 "https://netfinitynetwork.idm01.my.id/wp-includes/js/" "Mozilla/5.0 AppleWebKit/537.36 (KHTML, like Gecko; compatible; GPTBot/1.3; +https://openai.com/gptbot)"
74.7.243.201 - - [18/Jan/2026:03:07:56 +0700] "GET /wp-includes/js/jquery/ui/effect-clip.js HTTP/2" 200 627 "https://netfinitynetwork.idm01.my.id/wp-includes/js/jquery/ui/" "Mozilla/5.0 AppleWebKit/537.36 (KHTML, like Gecko; compatible; GPTBot/1.3; +https://openai.com/gptbot)"
74.7.243.201 - - [18/Jan/2026:03:07:57 +0700] "GET /wp-includes/js/jquery/ui/effect-fold.js HTTP/2" 200 834 "https://netfinitynetwork.idm01.my.id/wp-includes/js/jquery/ui/" "Mozilla/5.0 AppleWebKit/537.36 (KHTML, like Gecko; compatible; GPTBot/1.3; +https://openai.com/gptbot)"
74.7.243.201 - - [18/Jan/2026:03:07:57 +0700] "GET /wp-includes/js/tinymce/plugins/charmap/ HTTP/2" 200 682 "https://netfinitynetwork.idm01.my.id/wp-includes/js/tinymce/plugins/" "Mozilla/5.0 AppleWebKit/537.36 (KHTML, like Gecko; compatible; GPTBot/1.3; +https://openai.com/gptbot)"
74.7.243.201 - - [18/Jan/2026:03:07:58 +0700] "GET /wp-includes/js/tinymce/plugins/wptextpattern/ HTTP/2" 200 688 "https://netfinitynetwork.idm01.my.id/wp-includes/js/tinymce/plugins/" "Mozilla/5.0 AppleWebKit/537.36 (KHTML, like Gecko; compatible; GPTBot/1.3; +https://openai.com/gptbot)"
74.7.243.201 - - [18/Jan/2026:03:07:59 +0700] "GET /wp-includes/js/tinymce/plugins/directionality/ HTTP/2" 200 685 "https://netfinitynetwork.idm01.my.id/wp-includes/js/tinymce/plugins/" "Mozilla/5.0 AppleWebKit/537.36 (KHTML, like Gecko; compatible; GPTBot/1.3; +https://openai.com/gptbot)"
74.7.243.201 - - [18/Jan/2026:03:07:59 +0700] "GET /wp-includes/js/tinymce/plugins/compat3x/ HTTP/2" 200 736 "https://netfinitynetwork.idm01.my.id/wp-includes/js/tinymce/plugins/" "Mozilla/5.0 AppleWebKit/537.36 (KHTML, like Gecko; compatible; GPTBot/1.3; +https://openai.com/gptbot)"
74.7.243.201 - - [18/Jan/2026:03:08:00 +0700] "GET /wp-includes/js/jquery/ui/effect-fade.js HTTP/2" 200 465 "https://netfinitynetwork.idm01.my.id/wp-includes/js/jquery/ui/" "Mozilla/5.0 AppleWebKit/537.36 (KHTML, like Gecko; compatible; GPTBot/1.3; +https://openai.com/gptbot)"
74.7.243.201 - - [18/Jan/2026:03:08:00 +0700] "GET /wp-includes/js/jquery/ui/effect-drop.js HTTP/2" 200 673 "https://netfinitynetwork.idm01.my.id/wp-includes/js/jquery/ui/" "Mozilla/5.0 AppleWebKit/537.36 (KHTML, like Gecko; compatible; GPTBot/1.3; +https://openai.com/gptbot)"
74.7.243.201 - - [18/Jan/2026:03:08:01 +0700] "GET /wp-includes/js/jquery/ui/effect-size.js HTTP/2" 200 1568 "https://netfinitynetwork.idm01.my.id/wp-includes/js/jquery/ui/" "Mozilla/5.0 AppleWebKit/537.36 (KHTML, like Gecko; compatible; GPTBot/1.3; +https://openai.com/gptbot)"
74.7.243.201 - - [18/Jan/2026:03:08:02 +0700] "GET /wp-includes/js/jquery/ui/tooltip.min.js HTTP/2" 200 2019 "https://netfinitynetwork.idm01.my.id/wp-includes/js/jquery/ui/" "Mozilla/5.0 AppleWebKit/537.36 (KHTML, like Gecko; compatible; GPTBot/1.3; +https://openai.com/gptbot)"
74.7.243.201 - - [18/Jan/2026:03:08:02 +0700] "GET /wp-includes/js/jquery/ui/effect-bounce.min.js HTTP/2" 200 548 "https://netfinitynetwork.idm01.my.id/wp-includes/js/jquery/ui/" "Mozilla/5.0 AppleWebKit/537.36 (KHTML, like Gecko; compatible; GPTBot/1.3; +https://openai.com/gptbot)"
74.7.243.201 - - [18/Jan/2026:03:08:03 +0700] "GET /wp-includes/sodium_compat/namespaced/Core/Poly1305/ HTTP/2" 200 709 "https://netfinitynetwork.idm01.my.id/wp-includes/sodium_compat/namespaced/Core/" "Mozilla/5.0 AppleWebKit/537.36 (KHTML, like Gecko; compatible; GPTBot/1.3; +https://openai.com/gptbot)"
74.7.243.201 - - [18/Jan/2026:03:08:03 +0700] "GET /wp-includes/js/jquery/ui/effect-size.min.js HTTP/2" 200 898 "https://netfinitynetwork.idm01.my.id/wp-includes/js/jquery/ui/" "Mozilla/5.0 AppleWebKit/537.36 (KHTML, like Gecko; compatible; GPTBot/1.3; +https://openai.com/gptbot)"
