74.7.241.60 - - [18/Jan/2026:03:28:31 +0700] "GET /wp-includes/js/dist/keyboard-shortcuts.min.js HTTP/2" 200 1246 "https://mail.netfinitynetwork.com/wp-includes/js/dist/" "Mozilla/5.0 AppleWebKit/537.36 (KHTML, like Gecko; compatible; GPTBot/1.3; +https://openai.com/gptbot)"
74.7.227.136 - - [18/Jan/2026:03:28:32 +0700] "GET /wp-includes/js/wpdialog.js HTTP/2" 200 284 "https://www.netfinitynetwork.idm01.my.id/wp-includes/js/" "Mozilla/5.0 AppleWebKit/537.36 (KHTML, like Gecko; compatible; GPTBot/1.3; +https://openai.com/gptbot)"
74.7.227.136 - - [18/Jan/2026:03:28:33 +0700] "GET /wp-includes/images/rss.png HTTP/2" 200 608 "https://www.netfinitynetwork.idm01.my.id/wp-includes/images/" "Mozilla/5.0 AppleWebKit/537.36 (KHTML, like Gecko; compatible; GPTBot/1.3; +https://openai.com/gptbot)"
74.7.227.136 - - [18/Jan/2026:03:28:34 +0700] "GET /wp-includes/widgets/class-wp-widget-media-gallery.php HTTP/2" 500 0 "https://www.netfinitynetwork.idm01.my.id/wp-includes/widgets/" "Mozilla/5.0 AppleWebKit/537.36 (KHTML, like Gecko; compatible; GPTBot/1.3; +https://openai.com/gptbot)"
74.7.243.201 - - [18/Jan/2026:03:28:34 +0700] "GET /wp-includes/js/thickbox/loadingAnimation.gif HTTP/2" 200 15238 "https://netfinitynetwork.idm01.my.id/wp-includes/js/thickbox/" "Mozilla/5.0 AppleWebKit/537.36 (KHTML, like Gecko; compatible; GPTBot/1.3; +https://openai.com/gptbot)"
216.73.216.99 - - [18/Jan/2026:03:28:35 +0700] "GET /wp-includes/widgets/class-wp-widget-rss.php HTTP/2" 500 0 "-" "Mozilla/5.0 AppleWebKit/537.36 (KHTML, like Gecko; compatible; ClaudeBot/1.0; +claudebot@anthropic.com)"
216.73.216.99 - - [18/Jan/2026:03:28:35 +0700] "GET /wp-includes/class-wp-customize-manager.php HTTP/2" 200 0 "-" "Mozilla/5.0 AppleWebKit/537.36 (KHTML, like Gecko; compatible; ClaudeBot/1.0; +claudebot@anthropic.com)"
216.73.216.99 - - [18/Jan/2026:03:28:35 +0700] "GET /wp-includes/css/wp-empty-template-alert.css HTTP/2" 200 192 "-" "Mozilla/5.0 AppleWebKit/537.36 (KHTML, like Gecko; compatible; ClaudeBot/1.0; +claudebot@anthropic.com)"
74.7.227.136 - - [18/Jan/2026:03:28:35 +0700] "GET /wp-includes/images/media/interactive.svg HTTP/2" 200 203 "https://www.netfinitynetwork.idm01.my.id/wp-includes/images/media/" "Mozilla/5.0 AppleWebKit/537.36 (KHTML, like Gecko; compatible; GPTBot/1.3; +https://openai.com/gptbot)"
216.73.216.99 - - [18/Jan/2026:03:28:35 +0700] "GET /wp-includes/IXR/class-IXR-client.php HTTP/2" 200 0 "-" "Mozilla/5.0 AppleWebKit/537.36 (KHTML, like Gecko; compatible; ClaudeBot/1.0; +claudebot@anthropic.com)"
216.73.216.99 - - [18/Jan/2026:03:28:36 +0700] "GET /wp-includes/css/admin-bar-rtl.css HTTP/2" 200 4599 "-" "Mozilla/5.0 AppleWebKit/537.36 (KHTML, like Gecko; compatible; ClaudeBot/1.0; +claudebot@anthropic.com)"
216.73.216.99 - - [18/Jan/2026:03:28:36 +0700] "GET /wp-includes/js/wp-pointer.min.js HTTP/2" 200 1221 "-" "Mozilla/5.0 AppleWebKit/537.36 (KHTML, like Gecko; compatible; ClaudeBot/1.0; +claudebot@anthropic.com)"
216.73.216.99 - - [18/Jan/2026:03:28:37 +0700] "GET /wp-includes/class-wp-block-bindings-source.php HTTP/2" 200 0 "-" "Mozilla/5.0 AppleWebKit/537.36 (KHTML, like Gecko; compatible; ClaudeBot/1.0; +claudebot@anthropic.com)"
216.73.216.99 - - [18/Jan/2026:03:28:37 +0700] "GET /wp-includes/l10n.php HTTP/2" 200 0 "-" "Mozilla/5.0 AppleWebKit/537.36 (KHTML, like Gecko; compatible; ClaudeBot/1.0; +claudebot@anthropic.com)"
216.73.216.99 - - [18/Jan/2026:03:28:38 +0700] "GET /wp-includes/media-template.php HTTP/2" 200 0 "-" "Mozilla/5.0 AppleWebKit/537.36 (KHTML, like Gecko; compatible; ClaudeBot/1.0; +claudebot@anthropic.com)"
74.7.227.136 - - [18/Jan/2026:03:28:38 +0700] "GET /wp-includes/images/media/interactive.png HTTP/2" 200 319 "https://www.netfinitynetwork.idm01.my.id/wp-includes/images/media/" "Mozilla/5.0 AppleWebKit/537.36 (KHTML, like Gecko; compatible; GPTBot/1.3; +https://openai.com/gptbot)"
216.73.216.99 - - [18/Jan/2026:03:28:38 +0700] "GET /wp-includes/class-wp-http-requests-response.php HTTP/2" 500 0 "-" "Mozilla/5.0 AppleWebKit/537.36 (KHTML, like Gecko; compatible; ClaudeBot/1.0; +claudebot@anthropic.com)"
216.73.216.99 - - [18/Jan/2026:03:28:41 +0700] "GET /wp-includes/js/hoverIntent.min.js HTTP/2" 200 668 "-" "Mozilla/5.0 AppleWebKit/537.36 (KHTML, like Gecko; compatible; ClaudeBot/1.0; +claudebot@anthropic.com)"
216.73.216.99 - - [18/Jan/2026:03:28:41 +0700] "GET /wp-includes/widgets/class-wp-widget-recent-comments.php HTTP/2" 500 0 "-" "Mozilla/5.0 AppleWebKit/537.36 (KHTML, like Gecko; compatible; ClaudeBot/1.0; +claudebot@anthropic.com)"
74.7.227.136 - - [18/Jan/2026:03:28:41 +0700] "GET /wp-includes/images/media/document.svg HTTP/2" 200 186 "https://www.netfinitynetwork.idm01.my.id/wp-includes/images/media/" "Mozilla/5.0 AppleWebKit/537.36 (KHTML, like Gecko; compatible; GPTBot/1.3; +https://openai.com/gptbot)"
216.73.216.99 - - [18/Jan/2026:03:28:41 +0700] "GET /wp-includes/widgets/class-wp-widget-custom-html.php HTTP/2" 500 0 "-" "Mozilla/5.0 AppleWebKit/537.36 (KHTML, like Gecko; compatible; ClaudeBot/1.0; +claudebot@anthropic.com)"
216.73.216.99 - - [18/Jan/2026:03:28:42 +0700] "GET /wp-includes/js/api-request.min.js HTTP/2" 200 530 "-" "Mozilla/5.0 AppleWebKit/537.36 (KHTML, like Gecko; compatible; ClaudeBot/1.0; +claudebot@anthropic.com)"
74.7.241.60 - - [18/Jan/2026:03:28:43 +0700] "GET /wp-includes/js/dist/escape-html.min.js HTTP/2" 200 476 "https://mail.netfinitynetwork.com/wp-includes/js/dist/" "Mozilla/5.0 AppleWebKit/537.36 (KHTML, like Gecko; compatible; GPTBot/1.3; +https://openai.com/gptbot)"
74.7.227.136 - - [18/Jan/2026:03:28:43 +0700] "GET /wp-includes/images/media/spreadsheet.svg HTTP/2" 200 176 "https://www.netfinitynetwork.idm01.my.id/wp-includes/images/media/" "Mozilla/5.0 AppleWebKit/537.36 (KHTML, like Gecko; compatible; GPTBot/1.3; +https://openai.com/gptbot)"
74.7.227.136 - - [18/Jan/2026:03:28:45 +0700] "GET /wp-includes/images/media/spreadsheet.png HTTP/2" 200 188 "https://www.netfinitynetwork.idm01.my.id/wp-includes/images/media/" "Mozilla/5.0 AppleWebKit/537.36 (KHTML, like Gecko; compatible; GPTBot/1.3; +https://openai.com/gptbot)"
216.73.216.99 - - [18/Jan/2026:03:28:47 +0700] "GET /wp-includes/widgets/class-wp-widget-block.php HTTP/2" 500 0 "-" "Mozilla/5.0 AppleWebKit/537.36 (KHTML, like Gecko; compatible; ClaudeBot/1.0; +claudebot@anthropic.com)"
74.7.227.136 - - [18/Jan/2026:03:28:47 +0700] "GET /wp-includes/images/media/document.png HTTP/2" 200 200 "https://www.netfinitynetwork.idm01.my.id/wp-includes/images/media/" "Mozilla/5.0 AppleWebKit/537.36 (KHTML, like Gecko; compatible; GPTBot/1.3; +https://openai.com/gptbot)"
74.7.243.196 - - [18/Jan/2026:03:28:49 +0700] "GET /wp-includes/js/plupload/plupload.js HTTP/2" 200 16101 "https://www.netfinitynetwork.com/wp-includes/js/plupload/" "Mozilla/5.0 AppleWebKit/537.36 (KHTML, like Gecko; compatible; GPTBot/1.3; +https://openai.com/gptbot)"
74.7.227.136 - - [18/Jan/2026:03:28:49 +0700] "GET /wp-includes/js/tinymce/tiny_mce_popup.js HTTP/2" 200 4709 "https://www.netfinitynetwork.idm01.my.id/wp-includes/js/tinymce/" "Mozilla/5.0 AppleWebKit/537.36 (KHTML, like Gecko; compatible; GPTBot/1.3; +https://openai.com/gptbot)"
74.7.227.136 - - [18/Jan/2026:03:28:51 +0700] "GET /wp-includes/js/tinymce/tinymce.min.js HTTP/2" 200 119543 "https://www.netfinitynetwork.idm01.my.id/wp-includes/js/tinymce/" "Mozilla/5.0 AppleWebKit/537.36 (KHTML, like Gecko; compatible; GPTBot/1.3; +https://openai.com/gptbot)"
216.73.216.99 - - [18/Jan/2026:03:28:52 +0700] "GET /wp-includes/js/codemirror HTTP/2" 301 795 "-" "Mozilla/5.0 AppleWebKit/537.36 (KHTML, like Gecko; compatible; ClaudeBot/1.0; +claudebot@anthropic.com)"
216.73.216.99 - - [18/Jan/2026:03:28:52 +0700] "GET /wp-includes/js/codemirror/ HTTP/2" 200 1139 "https://netfinitynetwork.idm01.my.id/wp-includes/js/codemirror" "Mozilla/5.0 AppleWebKit/537.36 (KHTML, like Gecko; compatible; ClaudeBot/1.0; +claudebot@anthropic.com)"
74.7.241.60 - - [18/Jan/2026:03:28:52 +0700] "GET /wp-includes/js/dist/block-editor.min.js HTTP/2" 200 256764 "https://mail.netfinitynetwork.com/wp-includes/js/dist/" "Mozilla/5.0 AppleWebKit/537.36 (KHTML, like Gecko; compatible; GPTBot/1.3; +https://openai.com/gptbot)"
74.7.227.136 - - [18/Jan/2026:03:28:52 +0700] "GET /wp-includes/js/tinymce/wp-tinymce.php HTTP/2" 200 128152 "https://www.netfinitynetwork.idm01.my.id/wp-includes/js/tinymce/" "Mozilla/5.0 AppleWebKit/537.36 (KHTML, like Gecko; compatible; GPTBot/1.3; +https://openai.com/gptbot)"
74.7.227.136 - - [18/Jan/2026:03:28:54 +0700] "GET /wp-includes/js/tinymce/wp-tinymce.js HTTP/2" 200 212251 "https://www.netfinitynetwork.idm01.my.id/wp-includes/js/tinymce/" "Mozilla/5.0 AppleWebKit/537.36 (KHTML, like Gecko; compatible; GPTBot/1.3; +https://openai.com/gptbot)"
74.7.227.136 - - [18/Jan/2026:03:28:55 +0700] "GET /wp-includes/images/media/archive.svg HTTP/2" 200 227 "https://www.netfinitynetwork.idm01.my.id/wp-includes/images/media/" "Mozilla/5.0 AppleWebKit/537.36 (KHTML, like Gecko; compatible; GPTBot/1.3; +https://openai.com/gptbot)"
74.7.227.136 - - [18/Jan/2026:03:28:56 +0700] "GET /wp-includes/images/media/archive.png HTTP/2" 200 417 "https://www.netfinitynetwork.idm01.my.id/wp-includes/images/media/" "Mozilla/5.0 AppleWebKit/537.36 (KHTML, like Gecko; compatible; GPTBot/1.3; +https://openai.com/gptbot)"
216.73.216.99 - - [18/Jan/2026:03:28:57 +0700] "GET /wp-includes/widgets/class-wp-widget-text.php HTTP/2" 500 0 "-" "Mozilla/5.0 AppleWebKit/537.36 (KHTML, like Gecko; compatible; ClaudeBot/1.0; +claudebot@anthropic.com)"
74.7.227.136 - - [18/Jan/2026:03:28:57 +0700] "GET /wp-includes/js/tinymce/themes/ HTTP/2" 200 644 "https://www.netfinitynetwork.idm01.my.id/wp-includes/js/tinymce/" "Mozilla/5.0 AppleWebKit/537.36 (KHTML, like Gecko; compatible; GPTBot/1.3; +https://openai.com/gptbot)"
74.7.227.136 - - [18/Jan/2026:03:28:58 +0700] "GET /wp-includes/images/media/default.svg HTTP/2" 200 161 "https://www.netfinitynetwork.idm01.my.id/wp-includes/images/media/" "Mozilla/5.0 AppleWebKit/537.36 (KHTML, like Gecko; compatible; GPTBot/1.3; +https://openai.com/gptbot)"
74.7.227.136 - - [18/Jan/2026:03:28:59 +0700] "GET /wp-includes/images/media/default.png HTTP/2" 200 168 "https://www.netfinitynetwork.idm01.my.id/wp-includes/images/media/" "Mozilla/5.0 AppleWebKit/537.36 (KHTML, like Gecko; compatible; GPTBot/1.3; +https://openai.com/gptbot)"
74.7.227.136 - - [18/Jan/2026:03:28:59 +0700] "GET /wp-includes/images/media/audio.png HTTP/2" 200 382 "https://www.netfinitynetwork.idm01.my.id/wp-includes/images/media/" "Mozilla/5.0 AppleWebKit/537.36 (KHTML, like Gecko; compatible; GPTBot/1.3; +https://openai.com/gptbot)"
74.7.227.136 - - [18/Jan/2026:03:29:00 +0700] "GET /wp-includes/images/media/audio.svg HTTP/2" 200 232 "https://www.netfinitynetwork.idm01.my.id/wp-includes/images/media/" "Mozilla/5.0 AppleWebKit/537.36 (KHTML, like Gecko; compatible; GPTBot/1.3; +https://openai.com/gptbot)"
74.7.227.136 - - [18/Jan/2026:03:29:01 +0700] "GET /wp-includes/js/tinymce/'%20+%20url%20+%20' HTTP/2" 404 1251 "https://www.netfinitynetwork.idm01.my.id/wp-includes/js/tinymce/tiny_mce_popup.js" "Mozilla/5.0 AppleWebKit/537.36 (KHTML, like Gecko; compatible; GPTBot/1.3; +https://openai.com/gptbot)"
74.7.241.60 - - [18/Jan/2026:03:29:01 +0700] "GET /wp-includes/js/dist/customize-widgets.min.js HTTP/2" 200 10479 "https://mail.netfinitynetwork.com/wp-includes/js/dist/" "Mozilla/5.0 AppleWebKit/537.36 (KHTML, like Gecko; compatible; GPTBot/1.3; +https://openai.com/gptbot)"
74.7.227.136 - - [18/Jan/2026:03:29:01 +0700] "GET /wp-includes/js/tinymce/plugins/ HTTP/2" 200 1242 "https://www.netfinitynetwork.idm01.my.id/wp-includes/js/tinymce/" "Mozilla/5.0 AppleWebKit/537.36 (KHTML, like Gecko; compatible; GPTBot/1.3; +https://openai.com/gptbot)"
216.73.216.99 - - [18/Jan/2026:03:29:02 +0700] "GET /wp-includes/js/jquery HTTP/2" 301 795 "-" "Mozilla/5.0 AppleWebKit/537.36 (KHTML, like Gecko; compatible; ClaudeBot/1.0; +claudebot@anthropic.com)"
74.7.227.136 - - [18/Jan/2026:03:29:02 +0700] "GET /wp-includes/images/media/text.svg HTTP/2" 200 165 "https://www.netfinitynetwork.idm01.my.id/wp-includes/images/media/" "Mozilla/5.0 AppleWebKit/537.36 (KHTML, like Gecko; compatible; GPTBot/1.3; +https://openai.com/gptbot)"
216.73.216.99 - - [18/Jan/2026:03:29:02 +0700] "GET /wp-includes/js/jquery/ HTTP/2" 200 1549 "https://netfinitynetwork.idm01.my.id/wp-includes/js/jquery" "Mozilla/5.0 AppleWebKit/537.36 (KHTML, like Gecko; compatible; ClaudeBot/1.0; +claudebot@anthropic.com)"
74.7.227.136 - - [18/Jan/2026:03:29:02 +0700] "GET /wp-includes/js/tinymce/'+m.poster+' HTTP/2" 404 1251 "https://www.netfinitynetwork.idm01.my.id/wp-includes/js/tinymce/wp-tinymce.js" "Mozilla/5.0 AppleWebKit/537.36 (KHTML, like Gecko; compatible; GPTBot/1.3; +https://openai.com/gptbot)"
74.7.227.136 - - [18/Jan/2026:03:29:03 +0700] "GET /wp-includes/js/tinymce/'+s.source2+' HTTP/2" 404 1251 "https://www.netfinitynetwork.idm01.my.id/wp-includes/js/tinymce/wp-tinymce.js" "Mozilla/5.0 AppleWebKit/537.36 (KHTML, like Gecko; compatible; GPTBot/1.3; +https://openai.com/gptbot)"
74.7.227.136 - - [18/Jan/2026:03:29:03 +0700] "GET /wp-includes/js/tinymce/'+s.source1+' HTTP/2" 404 1251 "https://www.netfinitynetwork.idm01.my.id/wp-includes/js/tinymce/wp-tinymce.js" "Mozilla/5.0 AppleWebKit/537.36 (KHTML, like Gecko; compatible; GPTBot/1.3; +https://openai.com/gptbot)"
74.7.227.136 - - [18/Jan/2026:03:29:04 +0700] "GET /wp-includes/js/tinymce/'+n.source1+' HTTP/2" 404 1251 "https://www.netfinitynetwork.idm01.my.id/wp-includes/js/tinymce/wp-tinymce.js" "Mozilla/5.0 AppleWebKit/537.36 (KHTML, like Gecko; compatible; GPTBot/1.3; +https://openai.com/gptbot)"
74.7.243.232 - - [18/Jan/2026:03:29:04 +0700] "GET /wp-includes/js/plupload/plupload.min.js HTTP/2" 200 5376 "https://netfinitynetwork.com/wp-includes/js/plupload/" "Mozilla/5.0 AppleWebKit/537.36 (KHTML, like Gecko; compatible; GPTBot/1.3; +https://openai.com/gptbot)"
74.7.227.136 - - [18/Jan/2026:03:29:04 +0700] "GET /wp-includes/js/',i.get( HTTP/2" 404 1251 "https://www.netfinitynetwork.idm01.my.id/wp-includes/js/media-audiovideo.min.js" "Mozilla/5.0 AppleWebKit/537.36 (KHTML, like Gecko; compatible; GPTBot/1.3; +https://openai.com/gptbot)"
74.7.227.136 - - [18/Jan/2026:03:29:05 +0700] "GET /wp-includes/js/crop/marqueeVert.gif HTTP/2" 200 293 "https://www.netfinitynetwork.idm01.my.id/wp-includes/js/crop/" "Mozilla/5.0 AppleWebKit/537.36 (KHTML, like Gecko; compatible; GPTBot/1.3; +https://openai.com/gptbot)"
74.7.227.136 - - [18/Jan/2026:03:29:05 +0700] "GET /wp-includes/js/wp-lists.js HTTP/2" 200 5138 "https://www.netfinitynetwork.idm01.my.id/wp-includes/js/" "Mozilla/5.0 AppleWebKit/537.36 (KHTML, like Gecko; compatible; GPTBot/1.3; +https://openai.com/gptbot)"
74.7.227.136 - - [18/Jan/2026:03:29:06 +0700] "GET /wp-includes/js/jquery/ui/effect-fade.js HTTP/2" 200 465 "https://www.netfinitynetwork.idm01.my.id/wp-includes/js/jquery/ui/" "Mozilla/5.0 AppleWebKit/537.36 (KHTML, like Gecko; compatible; GPTBot/1.3; +https://openai.com/gptbot)"
74.7.227.136 - - [18/Jan/2026:03:29:06 +0700] "GET /wp-includes/js/jquery/ui/effect-size.js HTTP/2" 200 1568 "https://www.netfinitynetwork.idm01.my.id/wp-includes/js/jquery/ui/" "Mozilla/5.0 AppleWebKit/537.36 (KHTML, like Gecko; compatible; GPTBot/1.3; +https://openai.com/gptbot)"
216.73.216.99 - - [18/Jan/2026:03:29:07 +0700] "GET /wp-includes/ms-site.php HTTP/2" 200 0 "-" "Mozilla/5.0 AppleWebKit/537.36 (KHTML, like Gecko; compatible; ClaudeBot/1.0; +claudebot@anthropic.com)"
74.7.227.136 - - [18/Jan/2026:03:29:07 +0700] "GET /wp-includes/js/tinymce/plugins/wptextpattern/ HTTP/2" 200 691 "https://www.netfinitynetwork.idm01.my.id/wp-includes/js/tinymce/plugins/" "Mozilla/5.0 AppleWebKit/537.36 (KHTML, like Gecko; compatible; GPTBot/1.3; +https://openai.com/gptbot)"
74.7.227.136 - - [18/Jan/2026:03:29:08 +0700] "GET /wp-includes/js/tinymce/plugins/directionality/ HTTP/2" 200 690 "https://www.netfinitynetwork.idm01.my.id/wp-includes/js/tinymce/plugins/" "Mozilla/5.0 AppleWebKit/537.36 (KHTML, like Gecko; compatible; GPTBot/1.3; +https://openai.com/gptbot)"
74.7.227.136 - - [18/Jan/2026:03:29:08 +0700] "GET /wp-includes/js/tinymce/plugins/compat3x/ HTTP/2" 200 739 "https://www.netfinitynetwork.idm01.my.id/wp-includes/js/tinymce/plugins/" "Mozilla/5.0 AppleWebKit/537.36 (KHTML, like Gecko; compatible; GPTBot/1.3; +https://openai.com/gptbot)"
74.7.227.136 - - [18/Jan/2026:03:29:09 +0700] "GET /wp-includes/js/jquery/ui/effect-fold.js HTTP/2" 200 834 "https://www.netfinitynetwork.idm01.my.id/wp-includes/js/jquery/ui/" "Mozilla/5.0 AppleWebKit/537.36 (KHTML, like Gecko; compatible; GPTBot/1.3; +https://openai.com/gptbot)"
74.7.241.60 - - [18/Jan/2026:03:29:09 +0700] "GET /wp-includes/js/dist/escape-html.js HTTP/2" 200 874 "https://mail.netfinitynetwork.com/wp-includes/js/dist/" "Mozilla/5.0 AppleWebKit/537.36 (KHTML, like Gecko; compatible; GPTBot/1.3; +https://openai.com/gptbot)"
74.7.227.136 - - [18/Jan/2026:03:29:09 +0700] "GET /wp-includes/js/jquery/ui/tooltip.min.js HTTP/2" 200 2019 "https://www.netfinitynetwork.idm01.my.id/wp-includes/js/jquery/ui/" "Mozilla/5.0 AppleWebKit/537.36 (KHTML, like Gecko; compatible; GPTBot/1.3; +https://openai.com/gptbot)"
74.7.227.136 - - [18/Jan/2026:03:29:10 +0700] "GET /wp-includes/js/jquery/ui/effect-clip.js HTTP/2" 200 627 "https://www.netfinitynetwork.idm01.my.id/wp-includes/js/jquery/ui/" "Mozilla/5.0 AppleWebKit/537.36 (KHTML, like Gecko; compatible; GPTBot/1.3; +https://openai.com/gptbot)"
74.7.227.136 - - [18/Jan/2026:03:29:10 +0700] "GET /wp-includes/js/jquery/ui/effect-drop.js HTTP/2" 200 673 "https://www.netfinitynetwork.idm01.my.id/wp-includes/js/jquery/ui/" "Mozilla/5.0 AppleWebKit/537.36 (KHTML, like Gecko; compatible; GPTBot/1.3; +https://openai.com/gptbot)"
74.7.227.136 - - [18/Jan/2026:03:29:11 +0700] "GET /wp-includes/js/jquery/ui/effect-bounce.min.js HTTP/2" 200 548 "https://www.netfinitynetwork.idm01.my.id/wp-includes/js/jquery/ui/" "Mozilla/5.0 AppleWebKit/537.36 (KHTML, like Gecko; compatible; GPTBot/1.3; +https://openai.com/gptbot)"
74.7.227.136 - - [18/Jan/2026:03:29:11 +0700] "GET /wp-includes/sodium_compat/namespaced/Core/Poly1305/ HTTP/2" 200 715 "https://www.netfinitynetwork.idm01.my.id/wp-includes/sodium_compat/namespaced/Core/" "Mozilla/5.0 AppleWebKit/537.36 (KHTML, like Gecko; compatible; GPTBot/1.3; +https://openai.com/gptbot)"
216.73.216.99 - - [18/Jan/2026:03:29:12 +0700] "GET /wp-includes/default-filters.php HTTP/2" 200 6 "-" "Mozilla/5.0 AppleWebKit/537.36 (KHTML, like Gecko; compatible; ClaudeBot/1.0; +claudebot@anthropic.com)"
74.7.227.136 - - [18/Jan/2026:03:29:12 +0700] "GET /wp-includes/js/jquery/ui/effect-clip.min.js HTTP/2" 200 410 "https://www.netfinitynetwork.idm01.my.id/wp-includes/js/jquery/ui/" "Mozilla/5.0 AppleWebKit/537.36 (KHTML, like Gecko; compatible; GPTBot/1.3; +https://openai.com/gptbot)"
74.7.227.136 - - [18/Jan/2026:03:29:12 +0700] "GET /wp-includes/js/jquery/ui/effect-size.min.js HTTP/2" 200 898 "https://www.netfinitynetwork.idm01.my.id/wp-includes/js/jquery/ui/" "Mozilla/5.0 AppleWebKit/537.36 (KHTML, like Gecko; compatible; GPTBot/1.3; +https://openai.com/gptbot)"
74.7.227.136 - - [18/Jan/2026:03:29:13 +0700] "GET /wp-includes/js/tinymce/plugins/wptextpattern/?MA HTTP/2" 200 696 "https://www.netfinitynetwork.idm01.my.id/wp-includes/js/tinymce/plugins/wptextpattern/" "Mozilla/5.0 AppleWebKit/537.36 (KHTML, like Gecko; compatible; GPTBot/1.3; +https://openai.com/gptbot)"
74.7.227.136 - - [18/Jan/2026:03:29:13 +0700] "GET /wp-includes/js/tinymce/plugins/directionality/plugin.min.js HTTP/2" 200 417 "https://www.netfinitynetwork.idm01.my.id/wp-includes/js/tinymce/plugins/directionality/" "Mozilla/5.0 AppleWebKit/537.36 (KHTML, like Gecko; compatible; GPTBot/1.3; +https://openai.com/gptbot)"
74.7.227.136 - - [18/Jan/2026:03:29:14 +0700] "GET /wp-includes/js/tinymce/plugins/wptextpattern/plugin.min.js HTTP/2" 200 1291 "https://www.netfinitynetwork.idm01.my.id/wp-includes/js/tinymce/plugins/wptextpattern/" "Mozilla/5.0 AppleWebKit/537.36 (KHTML, like Gecko; compatible; GPTBot/1.3; +https://openai.com/gptbot)"
74.7.227.136 - - [18/Jan/2026:03:29:14 +0700] "GET /wp-includes/js/tinymce/plugins/wptextpattern/plugin.js HTTP/2" 200 2618 "https://www.netfinitynetwork.idm01.my.id/wp-includes/js/tinymce/plugins/wptextpattern/" "Mozilla/5.0 AppleWebKit/537.36 (KHTML, like Gecko; compatible; GPTBot/1.3; +https://openai.com/gptbot)"
74.7.227.136 - - [18/Jan/2026:03:29:15 +0700] "GET /wp-includes/js/tinymce/plugins/directionality/plugin.js HTTP/2" 200 607 "https://www.netfinitynetwork.idm01.my.id/wp-includes/js/tinymce/plugins/directionality/" "Mozilla/5.0 AppleWebKit/537.36 (KHTML, like Gecko; compatible; GPTBot/1.3; +https://openai.com/gptbot)"
74.7.227.136 - - [18/Jan/2026:03:29:15 +0700] "GET /wp-includes/js/jquery/ui/effect-drop.min.js HTTP/2" 200 425 "https://www.netfinitynetwork.idm01.my.id/wp-includes/js/jquery/ui/" "Mozilla/5.0 AppleWebKit/537.36 (KHTML, like Gecko; compatible; GPTBot/1.3; +https://openai.com/gptbot)"
74.7.227.136 - - [18/Jan/2026:03:29:16 +0700] "GET /wp-includes/js/jquery/ui/effect-fade.min.js HTTP/2" 200 303 "https://www.netfinitynetwork.idm01.my.id/wp-includes/js/jquery/ui/" "Mozilla/5.0 AppleWebKit/537.36 (KHTML, like Gecko; compatible; GPTBot/1.3; +https://openai.com/gptbot)"
74.7.241.60 - - [18/Jan/2026:03:29:16 +0700] "GET /wp-includes/js/dist/style-engine.min.js HTTP/2" 200 1950 "https://mail.netfinitynetwork.com/wp-includes/js/dist/" "Mozilla/5.0 AppleWebKit/537.36 (KHTML, like Gecko; compatible; GPTBot/1.3; +https://openai.com/gptbot)"
74.7.227.136 - - [18/Jan/2026:03:29:16 +0700] "GET /wp-includes/js/jquery/ui/effect-puff.min.js HTTP/2" 200 290 "https://www.netfinitynetwork.idm01.my.id/wp-includes/js/jquery/ui/" "Mozilla/5.0 AppleWebKit/537.36 (KHTML, like Gecko; compatible; GPTBot/1.3; +https://openai.com/gptbot)"
74.7.227.136 - - [18/Jan/2026:03:29:17 +0700] "GET /wp-includes/sodium_compat/namespaced/Core/Poly1305/error_log HTTP/2" 403 1242 "https://www.netfinitynetwork.idm01.my.id/wp-includes/sodium_compat/namespaced/Core/Poly1305/" "Mozilla/5.0 AppleWebKit/537.36 (KHTML, like Gecko; compatible; GPTBot/1.3; +https://openai.com/gptbot)"
74.7.227.136 - - [18/Jan/2026:03:29:17 +0700] "GET /wp-includes/sodium_compat/namespaced/Core/Poly1305/State.php HTTP/2" 500 0 "https://www.netfinitynetwork.idm01.my.id/wp-includes/sodium_compat/namespaced/Core/Poly1305/" "Mozilla/5.0 AppleWebKit/537.36 (KHTML, like Gecko; compatible; GPTBot/1.3; +https://openai.com/gptbot)"
74.7.227.136 - - [18/Jan/2026:03:29:18 +0700] "GET /wp-includes/js/jquery/ui/effect-fold.min.js HTTP/2" 200 522 "https://www.netfinitynetwork.idm01.my.id/wp-includes/js/jquery/ui/" "Mozilla/5.0 AppleWebKit/537.36 (KHTML, like Gecko; compatible; GPTBot/1.3; +https://openai.com/gptbot)"
74.7.227.136 - - [18/Jan/2026:03:29:20 +0700] "GET /wp-includes/js/tinymce/'+(m=n).source1+' HTTP/2" 404 1251 "https://www.netfinitynetwork.idm01.my.id/wp-includes/js/tinymce/wp-tinymce.js" "Mozilla/5.0 AppleWebKit/537.36 (KHTML, like Gecko; compatible; GPTBot/1.3; +https://openai.com/gptbot)"
74.7.227.136 - - [18/Jan/2026:03:29:21 +0700] "GET /wp-includes/js/jquery/ui/effect-blind.js HTTP/2" 200 670 "https://www.netfinitynetwork.idm01.my.id/wp-includes/js/jquery/ui/" "Mozilla/5.0 AppleWebKit/537.36 (KHTML, like Gecko; compatible; GPTBot/1.3; +https://openai.com/gptbot)"
74.7.227.136 - - [18/Jan/2026:03:29:22 +0700] "GET /wp-includes/js/jquery/ui/effect-scale.js HTTP/2" 200 615 "https://www.netfinitynetwork.idm01.my.id/wp-includes/js/jquery/ui/" "Mozilla/5.0 AppleWebKit/537.36 (KHTML, like Gecko; compatible; GPTBot/1.3; +https://openai.com/gptbot)"
74.7.241.60 - - [18/Jan/2026:03:29:23 +0700] "GET /wp-includes/js/dist/edit-widgets.min.js HTTP/2" 200 16838 "https://mail.netfinitynetwork.com/wp-includes/js/dist/" "Mozilla/5.0 AppleWebKit/537.36 (KHTML, like Gecko; compatible; GPTBot/1.3; +https://openai.com/gptbot)"
74.7.227.136 - - [18/Jan/2026:03:29:24 +0700] "GET /wp-includes/js/jquery/ui/effect-shake.js HTTP/2" 200 717 "https://www.netfinitynetwork.idm01.my.id/wp-includes/js/jquery/ui/" "Mozilla/5.0 AppleWebKit/537.36 (KHTML, like Gecko; compatible; GPTBot/1.3; +https://openai.com/gptbot)"
74.7.227.136 - - [18/Jan/2026:03:29:25 +0700] "GET /wp-includes/js/jquery/ui/sortable.min.js HTTP/2" 200 6358 "https://www.netfinitynetwork.idm01.my.id/wp-includes/js/jquery/ui/" "Mozilla/5.0 AppleWebKit/537.36 (KHTML, like Gecko; compatible; GPTBot/1.3; +https://openai.com/gptbot)"
74.7.227.136 - - [18/Jan/2026:03:29:26 +0700] "GET /wp-includes/theme-compat/comments.php HTTP/2" 500 0 "https://www.netfinitynetwork.idm01.my.id/wp-includes/theme-compat/" "Mozilla/5.0 AppleWebKit/537.36 (KHTML, like Gecko; compatible; GPTBot/1.3; +https://openai.com/gptbot)"
74.7.227.136 - - [18/Jan/2026:03:29:27 +0700] "GET /wp-includes/js/jquery/ui/effect-puff.js HTTP/2" 200 482 "https://www.netfinitynetwork.idm01.my.id/wp-includes/js/jquery/ui/" "Mozilla/5.0 AppleWebKit/537.36 (KHTML, like Gecko; compatible; GPTBot/1.3; +https://openai.com/gptbot)"
74.7.241.60 - - [18/Jan/2026:03:29:29 +0700] "GET /wp-includes/js/dist/is-shallow-equal.js HTTP/2" 200 983 "https://mail.netfinitynetwork.com/wp-includes/js/dist/" "Mozilla/5.0 AppleWebKit/537.36 (KHTML, like Gecko; compatible; GPTBot/1.3; +https://openai.com/gptbot)"
74.7.227.136 - - [18/Jan/2026:03:29:30 +0700] "GET /wp-includes/js/jquery/ui/spinner.min.js HTTP/2" 200 2304 "https://www.netfinitynetwork.idm01.my.id/wp-includes/js/jquery/ui/" "Mozilla/5.0 AppleWebKit/537.36 (KHTML, like Gecko; compatible; GPTBot/1.3; +https://openai.com/gptbot)"
74.7.227.136 - - [18/Jan/2026:03:29:32 +0700] "GET /wp-includes/js/jquery/ui/checkboxradio.js HTTP/2" 200 2176 "https://www.netfinitynetwork.idm01.my.id/wp-includes/js/jquery/ui/" "Mozilla/5.0 AppleWebKit/537.36 (KHTML, like Gecko; compatible; GPTBot/1.3; +https://openai.com/gptbot)"
74.7.241.60 - - [18/Jan/2026:03:29:34 +0700] "GET /wp-includes/IXR/class-IXR-base64.php HTTP/2" 200 0 "https://mail.netfinitynetwork.com/wp-includes/IXR/" "Mozilla/5.0 AppleWebKit/537.36 (KHTML, like Gecko; compatible; GPTBot/1.3; +https://openai.com/gptbot)"
74.7.227.136 - - [18/Jan/2026:03:29:34 +0700] "GET /wp-includes/js/jquery/ui/effect-slide.js HTTP/2" 200 804 "https://www.netfinitynetwork.idm01.my.id/wp-includes/js/jquery/ui/" "Mozilla/5.0 AppleWebKit/537.36 (KHTML, like Gecko; compatible; GPTBot/1.3; +https://openai.com/gptbot)"
74.7.227.136 - - [18/Jan/2026:03:29:36 +0700] "GET /wp-includes/js/zxcvbn.min.js HTTP/2" 200 389493 "https://www.netfinitynetwork.idm01.my.id/wp-includes/js/" "Mozilla/5.0 AppleWebKit/537.36 (KHTML, like Gecko; compatible; GPTBot/1.3; +https://openai.com/gptbot)"
216.73.216.99 - - [18/Jan/2026:03:29:37 +0700] "GET /wp-includes/js/swfobject.js HTTP/2" 200 0 "-" "Mozilla/5.0 AppleWebKit/537.36 (KHTML, like Gecko; compatible; ClaudeBot/1.0; +claudebot@anthropic.com)"
95.85.238.21 - - [18/Jan/2026:03:29:36 +0700] "GET /wp-login.php HTTP/1.1" 200 5477 "-" "Mozilla/5.0 (Macintosh; Intel Mac OS X 10_6_8) AppleWebKit/534.59.10 (KHTML, like Gecko) Version/5.1.9 Safari/534.59.10"
95.85.238.21 - - [18/Jan/2026:03:29:37 +0700] "POST /wp-login.php HTTP/1.1" 200 5715 "-" "Mozilla/5.0 (Macintosh; Intel Mac OS X 10_6_8) AppleWebKit/534.59.10 (KHTML, like Gecko) Version/5.1.9 Safari/534.59.10"
74.7.241.60 - - [18/Jan/2026:03:29:39 +0700] "GET /wp-includes/IXR/class-IXR-request.php HTTP/2" 200 0 "https://mail.netfinitynetwork.com/wp-includes/IXR/" "Mozilla/5.0 AppleWebKit/537.36 (KHTML, like Gecko; compatible; GPTBot/1.3; +https://openai.com/gptbot)"
74.7.243.201 - - [18/Jan/2026:03:29:40 +0700] "GET /wp-includes/sodium_compat/src/Core32/ChaCha20.php HTTP/2" 500 0 "https://netfinitynetwork.idm01.my.id/wp-includes/sodium_compat/src/Core32/" "Mozilla/5.0 AppleWebKit/537.36 (KHTML, like Gecko; compatible; GPTBot/1.3; +https://openai.com/gptbot)"
216.73.216.99 - - [18/Jan/2026:03:29:40 +0700] "GET /wp-includes/js/quicktags.js HTTP/2" 200 5997 "-" "Mozilla/5.0 AppleWebKit/537.36 (KHTML, like Gecko; compatible; ClaudeBot/1.0; +claudebot@anthropic.com)"
74.7.227.136 - - [18/Jan/2026:03:29:42 +0700] "GET /wp-includes/widgets/class-wp-widget-tag-cloud.php HTTP/2" 500 0 "https://www.netfinitynetwork.idm01.my.id/wp-includes/widgets/" "Mozilla/5.0 AppleWebKit/537.36 (KHTML, like Gecko; compatible; GPTBot/1.3; +https://openai.com/gptbot)"
74.7.241.60 - - [18/Jan/2026:03:29:43 +0700] "GET /wp-includes/js/dist/list-reusable-blocks.js HTTP/2" 200 8574 "https://mail.netfinitynetwork.com/wp-includes/js/dist/" "Mozilla/5.0 AppleWebKit/537.36 (KHTML, like Gecko; compatible; GPTBot/1.3; +https://openai.com/gptbot)"
74.7.227.136 - - [18/Jan/2026:03:29:44 +0700] "GET /wp-includes/sodium_compat/src/PHP52/ HTTP/2" 200 666 "https://www.netfinitynetwork.idm01.my.id/wp-includes/sodium_compat/src/" "Mozilla/5.0 AppleWebKit/537.36 (KHTML, like Gecko; compatible; GPTBot/1.3; +https://openai.com/gptbot)"
216.73.216.99 - - [18/Jan/2026:03:29:45 +0700] "GET /wp-includes/js/wp-embed.js HTTP/2" 200 1183 "-" "Mozilla/5.0 AppleWebKit/537.36 (KHTML, like Gecko; compatible; ClaudeBot/1.0; +claudebot@anthropic.com)"
74.7.241.60 - - [18/Jan/2026:03:29:47 +0700] "GET /wp-includes/js/dist/reusable-blocks.min.js HTTP/2" 200 2342 "https://mail.netfinitynetwork.com/wp-includes/js/dist/" "Mozilla/5.0 AppleWebKit/537.36 (KHTML, like Gecko; compatible; GPTBot/1.3; +https://openai.com/gptbot)"
74.7.243.196 - - [18/Jan/2026:03:29:47 +0700] "GET /wp-includes/js/plupload/wp-plupload.js HTTP/2" 200 4919 "https://www.netfinitynetwork.com/wp-includes/js/plupload/" "Mozilla/5.0 AppleWebKit/537.36 (KHTML, like Gecko; compatible; GPTBot/1.3; +https://openai.com/gptbot)"
74.7.227.136 - - [18/Jan/2026:03:29:49 +0700] "GET /wp-includes/sodium_compat/namespaced/Core/Curve25519/H.php HTTP/2" 500 0 "https://www.netfinitynetwork.idm01.my.id/wp-includes/sodium_compat/namespaced/Core/Curve25519/" "Mozilla/5.0 AppleWebKit/537.36 (KHTML, like Gecko; compatible; GPTBot/1.3; +https://openai.com/gptbot)"
216.73.216.99 - - [18/Jan/2026:03:29:50 +0700] "GET /wp-includes/js/underscore.min.js HTTP/2" 200 7185 "-" "Mozilla/5.0 AppleWebKit/537.36 (KHTML, like Gecko; compatible; ClaudeBot/1.0; +claudebot@anthropic.com)"
74.7.241.60 - - [18/Jan/2026:03:29:50 +0700] "GET /wp-includes/js/dist/priority-queue.min.js HTTP/2" 200 1450 "https://mail.netfinitynetwork.com/wp-includes/js/dist/" "Mozilla/5.0 AppleWebKit/537.36 (KHTML, like Gecko; compatible; GPTBot/1.3; +https://openai.com/gptbot)"
74.7.227.136 - - [18/Jan/2026:03:29:53 +0700] "GET /wp-includes/js/dist/script-modules/block-editor/ HTTP/2" 200 644 "https://www.netfinitynetwork.idm01.my.id/wp-includes/js/dist/script-modules/" "Mozilla/5.0 AppleWebKit/537.36 (KHTML, like Gecko; compatible; GPTBot/1.3; +https://openai.com/gptbot)"
74.7.241.60 - - [18/Jan/2026:03:29:53 +0700] "GET /wp-includes/js/dist/block-directory.min.js HTTP/2" 200 6714 "https://mail.netfinitynetwork.com/wp-includes/js/dist/" "Mozilla/5.0 AppleWebKit/537.36 (KHTML, like Gecko; compatible; GPTBot/1.3; +https://openai.com/gptbot)"
216.73.216.99 - - [18/Jan/2026:03:29:55 +0700] "GET /wp-includes/abilities-api/class-wp-ability-category.php HTTP/2" 200 0 "-" "Mozilla/5.0 AppleWebKit/537.36 (KHTML, like Gecko; compatible; ClaudeBot/1.0; +claudebot@anthropic.com)"
74.7.241.60 - - [18/Jan/2026:03:29:56 +0700] "GET /wp-includes/js/dist/keyboard-shortcuts.js HTTP/2" 200 2179 "https://mail.netfinitynetwork.com/wp-includes/js/dist/" "Mozilla/5.0 AppleWebKit/537.36 (KHTML, like Gecko; compatible; GPTBot/1.3; +https://openai.com/gptbot)"
216.73.216.99 - - [18/Jan/2026:03:29:57 +0700] "GET /wp-includes/js/customize-models.js HTTP/2" 200 1800 "-" "Mozilla/5.0 AppleWebKit/537.36 (KHTML, like Gecko; compatible; ClaudeBot/1.0; +claudebot@anthropic.com)"
74.7.241.60 - - [18/Jan/2026:03:29:58 +0700] "GET /wp-includes/IXR/class-IXR-message.php HTTP/2" 200 0 "https://mail.netfinitynetwork.com/wp-includes/IXR/" "Mozilla/5.0 AppleWebKit/537.36 (KHTML, like Gecko; compatible; GPTBot/1.3; +https://openai.com/gptbot)"
74.7.241.60 - - [18/Jan/2026:03:30:01 +0700] "GET /wp-includes/js/dist/latex-to-mathml.js HTTP/2" 200 105091 "https://mail.netfinitynetwork.com/wp-includes/js/dist/" "Mozilla/5.0 AppleWebKit/537.36 (KHTML, like Gecko; compatible; GPTBot/1.3; +https://openai.com/gptbot)"
216.73.216.99 - - [18/Jan/2026:03:30:01 +0700] "GET /wp-includes/js/customize-base.js HTTP/2" 200 6895 "-" "Mozilla/5.0 AppleWebKit/537.36 (KHTML, like Gecko; compatible; ClaudeBot/1.0; +claudebot@anthropic.com)"
74.7.241.60 - - [18/Jan/2026:03:30:03 +0700] "GET /wp-includes/js/dist/keycodes.js HTTP/2" 200 2239 "https://mail.netfinitynetwork.com/wp-includes/js/dist/" "Mozilla/5.0 AppleWebKit/537.36 (KHTML, like Gecko; compatible; GPTBot/1.3; +https://openai.com/gptbot)"
74.7.241.60 - - [18/Jan/2026:03:30:04 +0700] "GET /wp-includes/js/dist/script-modules/ HTTP/2" 200 723 "https://mail.netfinitynetwork.com/wp-includes/js/dist/" "Mozilla/5.0 AppleWebKit/537.36 (KHTML, like Gecko; compatible; GPTBot/1.3; +https://openai.com/gptbot)"
216.73.216.99 - - [18/Jan/2026:03:30:06 +0700] "GET /wp-includes/js/crop HTTP/2" 301 795 "-" "Mozilla/5.0 AppleWebKit/537.36 (KHTML, like Gecko; compatible; ClaudeBot/1.0; +claudebot@anthropic.com)"
74.7.241.60 - - [18/Jan/2026:03:30:06 +0700] "GET /wp-includes/js/dist/keycodes.min.js HTTP/2" 200 1290 "https://mail.netfinitynetwork.com/wp-includes/js/dist/" "Mozilla/5.0 AppleWebKit/537.36 (KHTML, like Gecko; compatible; GPTBot/1.3; +https://openai.com/gptbot)"
216.73.216.99 - - [18/Jan/2026:03:30:06 +0700] "GET /wp-includes/js/crop/ HTTP/2" 200 763 "https://netfinitynetwork.idm01.my.id/wp-includes/js/crop" "Mozilla/5.0 AppleWebKit/537.36 (KHTML, like Gecko; compatible; ClaudeBot/1.0; +claudebot@anthropic.com)"
74.7.227.136 - - [18/Jan/2026:03:30:07 +0700] "GET /wp-includes/js/wp-api.js HTTP/2" 200 10451 "https://www.netfinitynetwork.idm01.my.id/wp-includes/js/" "Mozilla/5.0 AppleWebKit/537.36 (KHTML, like Gecko; compatible; GPTBot/1.3; +https://openai.com/gptbot)"
74.7.241.60 - - [18/Jan/2026:03:30:08 +0700] "GET /wp-includes/IXR/class-IXR-client.php HTTP/2" 200 0 "https://mail.netfinitynetwork.com/wp-includes/IXR/" "Mozilla/5.0 AppleWebKit/537.36 (KHTML, like Gecko; compatible; GPTBot/1.3; +https://openai.com/gptbot)"
74.7.241.60 - - [18/Jan/2026:03:30:09 +0700] "GET /wp-includes/IXR/class-IXR-server.php HTTP/2" 200 0 "https://mail.netfinitynetwork.com/wp-includes/IXR/" "Mozilla/5.0 AppleWebKit/537.36 (KHTML, like Gecko; compatible; GPTBot/1.3; +https://openai.com/gptbot)"
216.73.216.99 - - [18/Jan/2026:03:30:09 +0700] "GET /wp-includes/abilities-api/class-wp-abilities-registry.php HTTP/2" 200 0 "-" "Mozilla/5.0 AppleWebKit/537.36 (KHTML, like Gecko; compatible; ClaudeBot/1.0; +claudebot@anthropic.com)"
74.7.243.232 - - [18/Jan/2026:03:30:09 +0700] "GET /wp-includes/js/plupload/plupload.js HTTP/2" 200 16101 "https://netfinitynetwork.com/wp-includes/js/plupload/" "Mozilla/5.0 AppleWebKit/537.36 (KHTML, like Gecko; compatible; GPTBot/1.3; +https://openai.com/gptbot)"
74.7.241.60 - - [18/Jan/2026:03:30:10 +0700] "GET /wp-includes/IXR/class-IXR-value.php HTTP/2" 200 0 "https://mail.netfinitynetwork.com/wp-includes/IXR/" "Mozilla/5.0 AppleWebKit/537.36 (KHTML, like Gecko; compatible; GPTBot/1.3; +https://openai.com/gptbot)"
216.73.216.99 - - [18/Jan/2026:03:30:11 +0700] "GET /wp-includes/js/thickbox HTTP/2" 301 795 "-" "Mozilla/5.0 AppleWebKit/537.36 (KHTML, like Gecko; compatible; ClaudeBot/1.0; +claudebot@anthropic.com)"
74.7.241.60 - - [18/Jan/2026:03:30:11 +0700] "GET /wp-includes/js/dist/?SA HTTP/2" 200 3770 "https://mail.netfinitynetwork.com/wp-includes/js/dist/" "Mozilla/5.0 AppleWebKit/537.36 (KHTML, like Gecko; compatible; GPTBot/1.3; +https://openai.com/gptbot)"
216.73.216.99 - - [18/Jan/2026:03:30:11 +0700] "GET /wp-includes/js/thickbox/ HTTP/2" 200 790 "https://netfinitynetwork.idm01.my.id/wp-includes/js/thickbox" "Mozilla/5.0 AppleWebKit/537.36 (KHTML, like Gecko; compatible; ClaudeBot/1.0; +claudebot@anthropic.com)"
74.7.241.60 - - [18/Jan/2026:03:30:12 +0700] "GET /wp-includes/js/dist/?ND HTTP/2" 200 3655 "https://mail.netfinitynetwork.com/wp-includes/js/dist/" "Mozilla/5.0 AppleWebKit/537.36 (KHTML, like Gecko; compatible; GPTBot/1.3; +https://openai.com/gptbot)"
74.7.241.60 - - [18/Jan/2026:03:30:13 +0700] "GET /wp-includes/js/dist/?MA HTTP/2" 200 3979 "https://mail.netfinitynetwork.com/wp-includes/js/dist/" "Mozilla/5.0 AppleWebKit/537.36 (KHTML, like Gecko; compatible; GPTBot/1.3; +https://openai.com/gptbot)"
216.73.216.99 - - [18/Jan/2026:03:30:13 +0700] "GET /wp-includes/rest-api/fields/class-wp-rest-post-meta-fields.php HTTP/2" 500 0 "-" "Mozilla/5.0 AppleWebKit/537.36 (KHTML, like Gecko; compatible; ClaudeBot/1.0; +claudebot@anthropic.com)"
74.7.241.60 - - [18/Jan/2026:03:30:14 +0700] "GET /wp-includes/js/dist/api-fetch.min.js HTTP/2" 200 2304 "https://mail.netfinitynetwork.com/wp-includes/js/dist/" "Mozilla/5.0 AppleWebKit/537.36 (KHTML, like Gecko; compatible; GPTBot/1.3; +https://openai.com/gptbot)"
74.7.241.60 - - [18/Jan/2026:03:30:15 +0700] "GET /wp-includes/js/dist/dom-ready.min.js HTTP/2" 200 275 "https://mail.netfinitynetwork.com/wp-includes/js/dist/" "Mozilla/5.0 AppleWebKit/537.36 (KHTML, like Gecko; compatible; GPTBot/1.3; +https://openai.com/gptbot)"
74.7.241.60 - - [18/Jan/2026:03:30:15 +0700] "GET /wp-includes/js/dist/rich-text.min.js HTTP/2" 200 11891 "https://mail.netfinitynetwork.com/wp-includes/js/dist/" "Mozilla/5.0 AppleWebKit/537.36 (KHTML, like Gecko; compatible; GPTBot/1.3; +https://openai.com/gptbot)"
74.7.241.60 - - [18/Jan/2026:03:30:16 +0700] "GET /wp-includes/js/dist/core-data.min.js HTTP/2" 200 20409 "https://mail.netfinitynetwork.com/wp-includes/js/dist/" "Mozilla/5.0 AppleWebKit/537.36 (KHTML, like Gecko; compatible; GPTBot/1.3; +https://openai.com/gptbot)"
216.73.216.99 - - [18/Jan/2026:03:30:16 +0700] "GET /wp-includes/js/plupload HTTP/2" 301 795 "-" "Mozilla/5.0 AppleWebKit/537.36 (KHTML, like Gecko; compatible; ClaudeBot/1.0; +claudebot@anthropic.com)"
216.73.216.99 - - [18/Jan/2026:03:30:16 +0700] "GET /wp-includes/js/plupload/ HTTP/2" 200 1196 "https://netfinitynetwork.idm01.my.id/wp-includes/js/plupload" "Mozilla/5.0 AppleWebKit/537.36 (KHTML, like Gecko; compatible; ClaudeBot/1.0; +claudebot@anthropic.com)"
74.7.241.60 - - [18/Jan/2026:03:30:16 +0700] "GET /wp-includes/IXR/class-IXR-date.php HTTP/2" 200 0 "https://mail.netfinitynetwork.com/wp-includes/IXR/" "Mozilla/5.0 AppleWebKit/537.36 (KHTML, like Gecko; compatible; GPTBot/1.3; +https://openai.com/gptbot)"
74.7.241.60 - - [18/Jan/2026:03:30:17 +0700] "GET /wp-includes/js/dist/server-side-render.js HTTP/2" 200 2432 "https://mail.netfinitynetwork.com/wp-includes/js/dist/" "Mozilla/5.0 AppleWebKit/537.36 (KHTML, like Gecko; compatible; GPTBot/1.3; +https://openai.com/gptbot)"
216.73.216.99 - - [18/Jan/2026:03:30:18 +0700] "GET /wp-includes/widgets/class-wp-widget-search.php HTTP/2" 500 0 "-" "Mozilla/5.0 AppleWebKit/537.36 (KHTML, like Gecko; compatible; ClaudeBot/1.0; +claudebot@anthropic.com)"
74.7.241.60 - - [18/Jan/2026:03:30:18 +0700] "GET /wp-includes/js/dist/reusable-blocks.js HTTP/2" 200 3983 "https://mail.netfinitynetwork.com/wp-includes/js/dist/" "Mozilla/5.0 AppleWebKit/537.36 (KHTML, like Gecko; compatible; GPTBot/1.3; +https://openai.com/gptbot)"
74.7.241.60 - - [18/Jan/2026:03:30:18 +0700] "GET /wp-includes/js/dist/block-directory.js HTTP/2" 200 15880 "https://mail.netfinitynetwork.com/wp-includes/js/dist/" "Mozilla/5.0 AppleWebKit/537.36 (KHTML, like Gecko; compatible; GPTBot/1.3; +https://openai.com/gptbot)"
74.7.241.60 - - [18/Jan/2026:03:30:19 +0700] "GET /wp-includes/js/dist/?SD HTTP/2" 200 3774 "https://mail.netfinitynetwork.com/wp-includes/js/dist/?SA" "Mozilla/5.0 AppleWebKit/537.36 (KHTML, like Gecko; compatible; GPTBot/1.3; +https://openai.com/gptbot)"
74.7.227.136 - - [18/Jan/2026:03:30:19 +0700] "GET /wp-includes/js/wp-custom-header.js HTTP/2" 200 2767 "https://www.netfinitynetwork.idm01.my.id/wp-includes/js/" "Mozilla/5.0 AppleWebKit/537.36 (KHTML, like Gecko; compatible; GPTBot/1.3; +https://openai.com/gptbot)"
74.7.241.60 - - [18/Jan/2026:03:30:19 +0700] "GET /wp-includes/js/dist/?NA HTTP/2" 200 3744 "https://mail.netfinitynetwork.com/wp-includes/js/dist/?SA" "Mozilla/5.0 AppleWebKit/537.36 (KHTML, like Gecko; compatible; GPTBot/1.3; +https://openai.com/gptbot)"
74.7.241.60 - - [18/Jan/2026:03:30:20 +0700] "GET /wp-includes/js/dist/?MD HTTP/2" 200 3972 "https://mail.netfinitynetwork.com/wp-includes/js/dist/?MA" "Mozilla/5.0 AppleWebKit/537.36 (KHTML, like Gecko; compatible; GPTBot/1.3; +https://openai.com/gptbot)"
74.7.241.60 - - [18/Jan/2026:03:30:20 +0700] "GET /wp-includes/js/dist/customize-widgets.js HTTP/2" 200 16653 "https://mail.netfinitynetwork.com/wp-includes/js/dist/" "Mozilla/5.0 AppleWebKit/537.36 (KHTML, like Gecko; compatible; GPTBot/1.3; +https://openai.com/gptbot)"
74.7.241.60 - - [18/Jan/2026:03:30:21 +0700] "GET /wp-includes/js/dist/html-entities.js HTTP/2" 200 671 "https://mail.netfinitynetwork.com/wp-includes/js/dist/" "Mozilla/5.0 AppleWebKit/537.36 (KHTML, like Gecko; compatible; GPTBot/1.3; +https://openai.com/gptbot)"
74.7.241.60 - - [18/Jan/2026:03:30:21 +0700] "GET /wp-includes/js/dist/dom.min.js HTTP/2" 200 4539 "https://mail.netfinitynetwork.com/wp-includes/js/dist/" "Mozilla/5.0 AppleWebKit/537.36 (KHTML, like Gecko; compatible; GPTBot/1.3; +https://openai.com/gptbot)"
74.7.241.60 - - [18/Jan/2026:03:30:22 +0700] "GET /wp-includes/js/dist/nux.min.js HTTP/2" 200 1501 "https://mail.netfinitynetwork.com/wp-includes/js/dist/" "Mozilla/5.0 AppleWebKit/537.36 (KHTML, like Gecko; compatible; GPTBot/1.3; +https://openai.com/gptbot)"
74.7.241.60 - - [18/Jan/2026:03:30:22 +0700] "GET /wp-includes/js/dist/base-styles.min.js HTTP/2" 200 75 "https://mail.netfinitynetwork.com/wp-includes/js/dist/" "Mozilla/5.0 AppleWebKit/537.36 (KHTML, like Gecko; compatible; GPTBot/1.3; +https://openai.com/gptbot)"
74.7.241.60 - - [18/Jan/2026:03:30:23 +0700] "GET /wp-includes/js/dist/media-utils.min.js HTTP/2" 200 3482 "https://mail.netfinitynetwork.com/wp-includes/js/dist/" "Mozilla/5.0 AppleWebKit/537.36 (KHTML, like Gecko; compatible; GPTBot/1.3; +https://openai.com/gptbot)"
74.7.241.60 - - [18/Jan/2026:03:30:23 +0700] "GET /wp-includes/js/dist/edit-site.min.js HTTP/2" 200 231837 "https://mail.netfinitynetwork.com/wp-includes/js/dist/" "Mozilla/5.0 AppleWebKit/537.36 (KHTML, like Gecko; compatible; GPTBot/1.3; +https://openai.com/gptbot)"
216.73.216.99 - - [18/Jan/2026:03:30:23 +0700] "GET /wp-includes/widgets/class-wp-nav-menu-widget.php HTTP/2" 500 0 "-" "Mozilla/5.0 AppleWebKit/537.36 (KHTML, like Gecko; compatible; ClaudeBot/1.0; +claudebot@anthropic.com)"
74.7.241.60 - - [18/Jan/2026:03:30:25 +0700] "GET /wp-includes/js/dist/private-apis.js HTTP/2" 200 1443 "https://mail.netfinitynetwork.com/wp-includes/js/dist/" "Mozilla/5.0 AppleWebKit/537.36 (KHTML, like Gecko; compatible; GPTBot/1.3; +https://openai.com/gptbot)"
74.7.241.60 - - [18/Jan/2026:03:30:25 +0700] "GET /wp-includes/js/dist/blob.min.js HTTP/2" 200 505 "https://mail.netfinitynetwork.com/wp-includes/js/dist/" "Mozilla/5.0 AppleWebKit/537.36 (KHTML, like Gecko; compatible; GPTBot/1.3; +https://openai.com/gptbot)"
74.7.241.60 - - [18/Jan/2026:03:30:26 +0700] "GET /wp-includes/js/dist/data.min.js HTTP/2" 200 8588 "https://mail.netfinitynetwork.com/wp-includes/js/dist/" "Mozilla/5.0 AppleWebKit/537.36 (KHTML, like Gecko; compatible; GPTBot/1.3; +https://openai.com/gptbot)"
74.7.241.60 - - [18/Jan/2026:03:30:26 +0700] "GET /wp-includes/js/dist/date.min.js HTTP/2" 200 36299 "https://mail.netfinitynetwork.com/wp-includes/js/dist/" "Mozilla/5.0 AppleWebKit/537.36 (KHTML, like Gecko; compatible; GPTBot/1.3; +https://openai.com/gptbot)"
74.7.241.60 - - [18/Jan/2026:03:30:27 +0700] "GET /wp-includes/js/dist/preferences.min.js HTTP/2" 200 2705 "https://mail.netfinitynetwork.com/wp-includes/js/dist/" "Mozilla/5.0 AppleWebKit/537.36 (KHTML, like Gecko; compatible; GPTBot/1.3; +https://openai.com/gptbot)"
216.73.216.99 - - [18/Jan/2026:03:30:28 +0700] "GET /wp-includes/rest-api/fields/class-wp-rest-meta-fields.php HTTP/2" 200 0 "-" "Mozilla/5.0 AppleWebKit/537.36 (KHTML, like Gecko; compatible; ClaudeBot/1.0; +claudebot@anthropic.com)"
74.7.241.60 - - [18/Jan/2026:03:30:28 +0700] "GET /wp-includes/js/dist/annotations.min.js HTTP/2" 200 2025 "https://mail.netfinitynetwork.com/wp-includes/js/dist/" "Mozilla/5.0 AppleWebKit/537.36 (KHTML, like Gecko; compatible; GPTBot/1.3; +https://openai.com/gptbot)"
74.7.241.60 - - [18/Jan/2026:03:30:28 +0700] "GET /wp-includes/js/dist/a11y.min.js HTTP/2" 200 794 "https://mail.netfinitynetwork.com/wp-includes/js/dist/" "Mozilla/5.0 AppleWebKit/537.36 (KHTML, like Gecko; compatible; GPTBot/1.3; +https://openai.com/gptbot)"
74.7.241.60 - - [18/Jan/2026:03:30:29 +0700] "GET /wp-includes/js/dist/url.min.js HTTP/2" 200 3647 "https://mail.netfinitynetwork.com/wp-includes/js/dist/" "Mozilla/5.0 AppleWebKit/537.36 (KHTML, like Gecko; compatible; GPTBot/1.3; +https://openai.com/gptbot)"
74.7.241.60 - - [18/Jan/2026:03:30:29 +0700] "GET /wp-includes/js/dist/priority-queue.js HTTP/2" 200 2847 "https://mail.netfinitynetwork.com/wp-includes/js/dist/" "Mozilla/5.0 AppleWebKit/537.36 (KHTML, like Gecko; compatible; GPTBot/1.3; +https://openai.com/gptbot)"
74.7.241.60 - - [18/Jan/2026:03:30:30 +0700] "GET /wp-includes/js/dist/shortcode.min.js HTTP/2" 200 1329 "https://mail.netfinitynetwork.com/wp-includes/js/dist/" "Mozilla/5.0 AppleWebKit/537.36 (KHTML, like Gecko; compatible; GPTBot/1.3; +https://openai.com/gptbot)"
74.7.227.136 - - [18/Jan/2026:03:30:30 +0700] "GET /wp-includes/js/'%20+%20attrs.href%20+%20' HTTP/2" 404 1251 "https://www.netfinitynetwork.idm01.my.id/wp-includes/js/wplink.js" "Mozilla/5.0 AppleWebKit/537.36 (KHTML, like Gecko; compatible; GPTBot/1.3; +https://openai.com/gptbot)"
74.7.241.60 - - [18/Jan/2026:03:30:30 +0700] "GET /wp-includes/js/dist/block-library.js HTTP/2" 200 361801 "https://mail.netfinitynetwork.com/wp-includes/js/dist/" "Mozilla/5.0 AppleWebKit/537.36 (KHTML, like Gecko; compatible; GPTBot/1.3; +https://openai.com/gptbot)"
74.7.241.60 - - [18/Jan/2026:03:30:31 +0700] "GET /wp-includes/js/dist/block-editor.js HTTP/2" 200 446935 "https://mail.netfinitynetwork.com/wp-includes/js/dist/" "Mozilla/5.0 AppleWebKit/537.36 (KHTML, like Gecko; compatible; GPTBot/1.3; +https://openai.com/gptbot)"
74.7.241.60 - - [18/Jan/2026:03:30:32 +0700] "GET /wp-includes/js/dist/viewport.min.js HTTP/2" 200 904 "https://mail.netfinitynetwork.com/wp-includes/js/dist/" "Mozilla/5.0 AppleWebKit/537.36 (KHTML, like Gecko; compatible; GPTBot/1.3; +https://openai.com/gptbot)"
216.73.216.99 - - [18/Jan/2026:03:30:33 +0700] "GET /wp-includes/widgets/class-wp-widget-pages.php HTTP/2" 500 0 "-" "Mozilla/5.0 AppleWebKit/537.36 (KHTML, like Gecko; compatible; ClaudeBot/1.0; +claudebot@anthropic.com)"
74.7.241.60 - - [18/Jan/2026:03:30:33 +0700] "GET /wp-includes/js/dist/i18n.min.js HTTP/2" 200 2119 "https://mail.netfinitynetwork.com/wp-includes/js/dist/" "Mozilla/5.0 AppleWebKit/537.36 (KHTML, like Gecko; compatible; GPTBot/1.3; +https://openai.com/gptbot)"
74.7.241.60 - - [18/Jan/2026:03:30:33 +0700] "GET /wp-includes/js/dist/list-reusable-blocks.min.js HTTP/2" 200 1984 "https://mail.netfinitynetwork.com/wp-includes/js/dist/" "Mozilla/5.0 AppleWebKit/537.36 (KHTML, like Gecko; compatible; GPTBot/1.3; +https://openai.com/gptbot)"
74.7.241.60 - - [18/Jan/2026:03:30:34 +0700] "GET /wp-includes/js/dist/notices.js HTTP/2" 200 1538 "https://mail.netfinitynetwork.com/wp-includes/js/dist/" "Mozilla/5.0 AppleWebKit/537.36 (KHTML, like Gecko; compatible; GPTBot/1.3; +https://openai.com/gptbot)"
74.7.241.60 - - [18/Jan/2026:03:30:34 +0700] "GET /wp-includes/js/dist/plugins.js HTTP/2" 200 3870 "https://mail.netfinitynetwork.com/wp-includes/js/dist/" "Mozilla/5.0 AppleWebKit/537.36 (KHTML, like Gecko; compatible; GPTBot/1.3; +https://openai.com/gptbot)"
74.7.241.60 - - [18/Jan/2026:03:30:35 +0700] "GET /wp-includes/js/dist/element.js HTTP/2" 200 12779 "https://mail.netfinitynetwork.com/wp-includes/js/dist/" "Mozilla/5.0 AppleWebKit/537.36 (KHTML, like Gecko; compatible; GPTBot/1.3; +https://openai.com/gptbot)"
74.7.241.60 - - [18/Jan/2026:03:30:35 +0700] "GET /wp-includes/js/dist/widgets.js HTTP/2" 200 10051 "https://mail.netfinitynetwork.com/wp-includes/js/dist/" "Mozilla/5.0 AppleWebKit/537.36 (KHTML, like Gecko; compatible; GPTBot/1.3; +https://openai.com/gptbot)"
74.7.241.60 - - [18/Jan/2026:03:30:36 +0700] "GET /wp-includes/js/dist/edit-widgets.js HTTP/2" 200 26649 "https://mail.netfinitynetwork.com/wp-includes/js/dist/" "Mozilla/5.0 AppleWebKit/537.36 (KHTML, like Gecko; compatible; GPTBot/1.3; +https://openai.com/gptbot)"
74.7.241.60 - - [18/Jan/2026:03:30:36 +0700] "GET /wp-includes/js/dist/components.min.js HTTP/2" 200 242081 "https://mail.netfinitynetwork.com/wp-includes/js/dist/" "Mozilla/5.0 AppleWebKit/537.36 (KHTML, like Gecko; compatible; GPTBot/1.3; +https://openai.com/gptbot)"
74.7.243.201 - - [18/Jan/2026:03:30:37 +0700] "GET /wp-includes/sodium_compat/src/Core32/Poly1305.php HTTP/2" 500 0 "https://netfinitynetwork.idm01.my.id/wp-includes/sodium_compat/src/Core32/" "Mozilla/5.0 AppleWebKit/537.36 (KHTML, like Gecko; compatible; GPTBot/1.3; +https://openai.com/gptbot)"
216.73.216.99 - - [18/Jan/2026:03:30:38 +0700] "GET /wp-includes/widgets/class-wp-widget-calendar.php HTTP/2" 500 0 "-" "Mozilla/5.0 AppleWebKit/537.36 (KHTML, like Gecko; compatible; ClaudeBot/1.0; +claudebot@anthropic.com)"
74.7.241.60 - - [18/Jan/2026:03:30:39 +0700] "GET /wp-includes/js/dist/deprecated.min.js HTTP/2" 200 409 "https://mail.netfinitynetwork.com/wp-includes/js/dist/" "Mozilla/5.0 AppleWebKit/537.36 (KHTML, like Gecko; compatible; GPTBot/1.3; +https://openai.com/gptbot)"
