74.7.243.232 - - [18/Jan/2026:04:20:01 +0700] "GET /wp-includes/js/'+this.controller.state().get( HTTP/2" 404 1251 "https://netfinitynetwork.com/wp-includes/js/media-views.min.js" "Mozilla/5.0 AppleWebKit/537.36 (KHTML, like Gecko; compatible; GPTBot/1.3; +https://openai.com/gptbot)"
74.7.241.60 - - [18/Jan/2026:04:20:12 +0700] "GET /wp-includes/sodium_compat/src/Core32/ChaCha20/IetfCtx.php HTTP/2" 500 0 "https://mail.netfinitynetwork.com/wp-includes/sodium_compat/src/Core32/ChaCha20/" "Mozilla/5.0 AppleWebKit/537.36 (KHTML, like Gecko; compatible; GPTBot/1.3; +https://openai.com/gptbot)"
74.7.243.232 - - [18/Jan/2026:04:20:14 +0700] "GET /wp-includes/js/wp-util.js HTTP/2" 200 1581 "https://netfinitynetwork.com/wp-includes/js/" "Mozilla/5.0 AppleWebKit/537.36 (KHTML, like Gecko; compatible; GPTBot/1.3; +https://openai.com/gptbot)"
74.7.243.201 - - [18/Jan/2026:04:20:14 +0700] "GET /wp-includes/js/dist/script-modules/block-library/search/ HTTP/2" 200 677 "https://netfinitynetwork.idm01.my.id/wp-includes/js/dist/script-modules/block-library/" "Mozilla/5.0 AppleWebKit/537.36 (KHTML, like Gecko; compatible; GPTBot/1.3; +https://openai.com/gptbot)"
74.7.243.232 - - [18/Jan/2026:04:20:27 +0700] "GET /wp-includes/js/dist/annotations.js HTTP/2" 200 4069 "https://netfinitynetwork.com/wp-includes/js/dist/" "Mozilla/5.0 AppleWebKit/537.36 (KHTML, like Gecko; compatible; GPTBot/1.3; +https://openai.com/gptbot)"
74.7.227.136 - - [18/Jan/2026:04:20:29 +0700] "GET /wp-includes/js/dist/script-modules/interactivity-router/ HTTP/2" 200 685 "https://www.netfinitynetwork.idm01.my.id/wp-includes/js/dist/script-modules/" "Mozilla/5.0 AppleWebKit/537.36 (KHTML, like Gecko; compatible; GPTBot/1.3; +https://openai.com/gptbot)"
74.7.243.232 - - [18/Jan/2026:04:20:38 +0700] "GET /wp-includes/js/tinymce/license.txt HTTP/2" 200 8889 "https://netfinitynetwork.com/wp-includes/js/tinymce/" "Mozilla/5.0 AppleWebKit/537.36 (KHTML, like Gecko; compatible; GPTBot/1.3; +https://openai.com/gptbot)"
74.7.243.196 - - [18/Jan/2026:04:20:39 +0700] "GET /wp-includes/rest-api/fields/class-wp-rest-meta-fields.php HTTP/2" 200 0 "https://www.netfinitynetwork.com/wp-includes/rest-api/fields/" "Mozilla/5.0 AppleWebKit/537.36 (KHTML, like Gecko; compatible; GPTBot/1.3; +https://openai.com/gptbot)"
74.7.243.232 - - [18/Jan/2026:04:20:49 +0700] "GET /wp-includes/js/dist/preferences.js HTTP/2" 200 4344 "https://netfinitynetwork.com/wp-includes/js/dist/" "Mozilla/5.0 AppleWebKit/537.36 (KHTML, like Gecko; compatible; GPTBot/1.3; +https://openai.com/gptbot)"
74.7.243.232 - - [18/Jan/2026:04:20:58 +0700] "GET /wp-includes/rest-api/fields/class-wp-rest-post-meta-fields.php HTTP/2" 500 0 "https://netfinitynetwork.com/wp-includes/rest-api/fields/" "Mozilla/5.0 AppleWebKit/537.36 (KHTML, like Gecko; compatible; GPTBot/1.3; +https://openai.com/gptbot)"
74.7.227.136 - - [18/Jan/2026:04:21:01 +0700] "GET /wp-includes/js/crop/marqueeHoriz.gif HTTP/2" 200 277 "https://www.netfinitynetwork.idm01.my.id/wp-includes/js/crop/" "Mozilla/5.0 AppleWebKit/537.36 (KHTML, like Gecko; compatible; GPTBot/1.3; +https://openai.com/gptbot)"
74.7.243.201 - - [18/Jan/2026:04:21:04 +0700] "GET /wp-includes/js/dist/script-modules/block-library/accordion/ HTTP/2" 200 682 "https://netfinitynetwork.idm01.my.id/wp-includes/js/dist/script-modules/block-library/" "Mozilla/5.0 AppleWebKit/537.36 (KHTML, like Gecko; compatible; GPTBot/1.3; +https://openai.com/gptbot)"
74.7.243.232 - - [18/Jan/2026:04:21:07 +0700] "GET /wp-includes/rest-api/fields/class-wp-rest-comment-meta-fields.php HTTP/2" 500 0 "https://netfinitynetwork.com/wp-includes/rest-api/fields/" "Mozilla/5.0 AppleWebKit/537.36 (KHTML, like Gecko; compatible; GPTBot/1.3; +https://openai.com/gptbot)"
74.7.241.60 - - [18/Jan/2026:04:21:17 +0700] "GET /wp-includes/sodium_compat/src/Core/Curve25519/H.php HTTP/2" 500 0 "https://mail.netfinitynetwork.com/wp-includes/sodium_compat/src/Core/Curve25519/" "Mozilla/5.0 AppleWebKit/537.36 (KHTML, like Gecko; compatible; GPTBot/1.3; +https://openai.com/gptbot)"
74.7.227.136 - - [18/Jan/2026:04:21:32 +0700] "GET /wp-includes/rest-api/fields/ HTTP/2" 200 1129 "https://www.netfinitynetwork.idm01.my.id/wp-includes/rest-api/" "Mozilla/5.0 AppleWebKit/537.36 (KHTML, like Gecko; compatible; GPTBot/1.3; +https://openai.com/gptbot)"
74.7.243.232 - - [18/Jan/2026:04:21:33 +0700] "GET /wp-includes/rest-api/fields/class-wp-rest-term-meta-fields.php HTTP/2" 500 0 "https://netfinitynetwork.com/wp-includes/rest-api/fields/" "Mozilla/5.0 AppleWebKit/537.36 (KHTML, like Gecko; compatible; GPTBot/1.3; +https://openai.com/gptbot)"
74.7.243.196 - - [18/Jan/2026:04:21:44 +0700] "GET /wp-includes/js/dist/preferences.js HTTP/2" 200 4344 "https://www.netfinitynetwork.com/wp-includes/js/dist/" "Mozilla/5.0 AppleWebKit/537.36 (KHTML, like Gecko; compatible; GPTBot/1.3; +https://openai.com/gptbot)"
74.7.243.201 - - [18/Jan/2026:04:21:51 +0700] "GET /wp-includes/js/dist/script-modules/block-library/navigation/ HTTP/2" 200 684 "https://netfinitynetwork.idm01.my.id/wp-includes/js/dist/script-modules/block-library/" "Mozilla/5.0 AppleWebKit/537.36 (KHTML, like Gecko; compatible; GPTBot/1.3; +https://openai.com/gptbot)"
74.7.227.136 - - [18/Jan/2026:04:22:00 +0700] "GET /wp-includes/js/utils.min.js HTTP/2" 200 756 "https://www.netfinitynetwork.idm01.my.id/wp-includes/js/" "Mozilla/5.0 AppleWebKit/537.36 (KHTML, like Gecko; compatible; GPTBot/1.3; +https://openai.com/gptbot)"
74.7.241.60 - - [18/Jan/2026:04:22:22 +0700] "GET /wp-includes/sodium_compat/src/Core/Curve25519/Fe.php HTTP/2" 200 0 "https://mail.netfinitynetwork.com/wp-includes/sodium_compat/src/Core/Curve25519/" "Mozilla/5.0 AppleWebKit/537.36 (KHTML, like Gecko; compatible; GPTBot/1.3; +https://openai.com/gptbot)"
74.7.227.136 - - [18/Jan/2026:04:22:24 +0700] "GET /wp-includes/js/wp-emoji.js HTTP/2" 200 3118 "https://www.netfinitynetwork.idm01.my.id/wp-includes/js/" "Mozilla/5.0 AppleWebKit/537.36 (KHTML, like Gecko; compatible; GPTBot/1.3; +https://openai.com/gptbot)"
74.7.243.201 - - [18/Jan/2026:04:22:31 +0700] "GET /wp-includes/js/hoverIntent.js HTTP/2" 200 2268 "https://netfinitynetwork.idm01.my.id/wp-includes/js/" "Mozilla/5.0 AppleWebKit/537.36 (KHTML, like Gecko; compatible; GPTBot/1.3; +https://openai.com/gptbot)"
74.7.243.232 - - [18/Jan/2026:04:22:37 +0700] "GET /wp-includes/rest-api/fields/error_log HTTP/2" 403 1242 "https://netfinitynetwork.com/wp-includes/rest-api/fields/" "Mozilla/5.0 AppleWebKit/537.36 (KHTML, like Gecko; compatible; GPTBot/1.3; +https://openai.com/gptbot)"
74.7.243.196 - - [18/Jan/2026:04:22:38 +0700] "GET /wp-includes/js/jquery/suggest.js HTTP/2" 200 2224 "https://www.netfinitynetwork.com/wp-includes/js/jquery/" "Mozilla/5.0 AppleWebKit/537.36 (KHTML, like Gecko; compatible; GPTBot/1.3; +https://openai.com/gptbot)"
74.7.227.136 - - [18/Jan/2026:04:22:46 +0700] "GET /wp-includes/js/jquery/ui/effect.min.js HTTP/2" 200 3724 "https://www.netfinitynetwork.idm01.my.id/wp-includes/js/jquery/ui/" "Mozilla/5.0 AppleWebKit/537.36 (KHTML, like Gecko; compatible; GPTBot/1.3; +https://openai.com/gptbot)"
103.247.11.196 - - [18/Jan/2026:04:22:56 +0700] "POST /wp-cron.php?doing_wp_cron=1768684976.4105188846588134765625 HTTP/1.1" 200 0 "-" "WordPress/6.9; https://netfinitynetwork.com"
150.220.226.54 - - [18/Jan/2026:04:22:55 +0700] "POST /wp-login.php HTTP/1.1" 200 2080 "-" "Mozilla/5.0 (Windows NT 10.0; Win64; x64; rv:62.0) Gecko/20100101 Firefox/62.0"
74.7.227.136 - - [18/Jan/2026:04:23:06 +0700] "GET /wp-includes/js/'%20+%20this.controller.state().get('src')%20+%20' HTTP/2" 404 1251 "https://www.netfinitynetwork.idm01.my.id/wp-includes/js/media-views.js" "Mozilla/5.0 AppleWebKit/537.36 (KHTML, like Gecko; compatible; GPTBot/1.3; +https://openai.com/gptbot)"
74.7.243.201 - - [18/Jan/2026:04:23:08 +0700] "GET /wp-includes/js/dist/blocks.min.js HTTP/2" 200 52113 "https://netfinitynetwork.idm01.my.id/wp-includes/js/dist/" "Mozilla/5.0 AppleWebKit/537.36 (KHTML, like Gecko; compatible; GPTBot/1.3; +https://openai.com/gptbot)"
216.73.216.99 - - [18/Jan/2026:04:23:20 +0700] "GET /wp-includes/assets/script-loader-react-refresh-entry.php HTTP/2" 200 0 "-" "Mozilla/5.0 AppleWebKit/537.36 (KHTML, like Gecko; compatible; ClaudeBot/1.0; +claudebot@anthropic.com)"
216.73.216.99 - - [18/Jan/2026:04:23:24 +0700] "GET /wp-includes/assets/script-loader-react-refresh-runtime.php HTTP/2" 200 0 "-" "Mozilla/5.0 AppleWebKit/537.36 (KHTML, like Gecko; compatible; ClaudeBot/1.0; +claudebot@anthropic.com)"
74.7.227.136 - - [18/Jan/2026:04:23:25 +0700] "GET /wp-includes/js/jquery/ui/dialog.min.js HTTP/2" 200 3660 "https://www.netfinitynetwork.idm01.my.id/wp-includes/js/jquery/ui/" "Mozilla/5.0 AppleWebKit/537.36 (KHTML, like Gecko; compatible; GPTBot/1.3; +https://openai.com/gptbot)"
74.7.241.60 - - [18/Jan/2026:04:23:26 +0700] "GET /wp-includes/js/api-request.js HTTP/2" 200 1227 "https://mail.netfinitynetwork.com/wp-includes/js/" "Mozilla/5.0 AppleWebKit/537.36 (KHTML, like Gecko; compatible; GPTBot/1.3; +https://openai.com/gptbot)"
216.73.216.99 - - [18/Jan/2026:04:23:26 +0700] "GET /wp-includes/assets/script-modules-packages.php HTTP/2" 200 0 "-" "Mozilla/5.0 AppleWebKit/537.36 (KHTML, like Gecko; compatible; ClaudeBot/1.0; +claudebot@anthropic.com)"
74.7.243.196 - - [18/Jan/2026:04:23:29 +0700] "GET /wp-includes/images/media/text.png HTTP/2" 200 188 "https://www.netfinitynetwork.com/wp-includes/images/media/" "Mozilla/5.0 AppleWebKit/537.36 (KHTML, like Gecko; compatible; GPTBot/1.3; +https://openai.com/gptbot)"
216.73.216.99 - - [18/Jan/2026:04:23:30 +0700] "GET /wp-includes/assets/script-loader-react-refresh-runtime.min.php HTTP/2" 200 0 "-" "Mozilla/5.0 AppleWebKit/537.36 (KHTML, like Gecko; compatible; ClaudeBot/1.0; +claudebot@anthropic.com)"
74.7.243.201 - - [18/Jan/2026:04:23:40 +0700] "GET /wp-includes/js/dist/dom-ready.js HTTP/2" 200 537 "https://netfinitynetwork.idm01.my.id/wp-includes/js/dist/" "Mozilla/5.0 AppleWebKit/537.36 (KHTML, like Gecko; compatible; GPTBot/1.3; +https://openai.com/gptbot)"
74.7.243.232 - - [18/Jan/2026:04:23:42 +0700] "GET /wp-includes/rest-api/fields/class-wp-rest-meta-fields.php HTTP/2" 200 0 "https://netfinitynetwork.com/wp-includes/rest-api/fields/" "Mozilla/5.0 AppleWebKit/537.36 (KHTML, like Gecko; compatible; GPTBot/1.3; +https://openai.com/gptbot)"
74.7.227.136 - - [18/Jan/2026:04:23:43 +0700] "GET /wp-includes/js/jquery/ui/button.min.js HTTP/2" 200 1830 "https://www.netfinitynetwork.idm01.my.id/wp-includes/js/jquery/ui/" "Mozilla/5.0 AppleWebKit/537.36 (KHTML, like Gecko; compatible; GPTBot/1.3; +https://openai.com/gptbot)"
74.7.227.136 - - [18/Jan/2026:04:23:59 +0700] "GET /wp-includes/js/wp-util.js HTTP/2" 200 1581 "https://www.netfinitynetwork.idm01.my.id/wp-includes/js/" "Mozilla/5.0 AppleWebKit/537.36 (KHTML, like Gecko; compatible; GPTBot/1.3; +https://openai.com/gptbot)"
74.7.243.201 - - [18/Jan/2026:04:24:12 +0700] "GET /wp-includes/rest-api/endpoints/class-wp-rest-abilities-v1-categories-controller.php HTTP/2" 500 0 "https://netfinitynetwork.idm01.my.id/wp-includes/rest-api/endpoints/" "Mozilla/5.0 AppleWebKit/537.36 (KHTML, like Gecko; compatible; GPTBot/1.3; +https://openai.com/gptbot)"
216.73.216.99 - - [18/Jan/2026:04:24:12 +0700] "GET /wp-includes/assets/script-loader-packages.php HTTP/2" 200 0 "-" "Mozilla/5.0 AppleWebKit/537.36 (KHTML, like Gecko; compatible; ClaudeBot/1.0; +claudebot@anthropic.com)"
74.7.227.136 - - [18/Jan/2026:04:24:13 +0700] "GET /wp-includes/js/'+this.controller.state().get( HTTP/2" 404 1251 "https://www.netfinitynetwork.idm01.my.id/wp-includes/js/media-views.min.js" "Mozilla/5.0 AppleWebKit/537.36 (KHTML, like Gecko; compatible; GPTBot/1.3; +https://openai.com/gptbot)"
216.73.216.99 - - [18/Jan/2026:04:24:16 +0700] "GET /wp-includes/assets/script-loader-react-refresh-entry.min.php HTTP/2" 200 0 "-" "Mozilla/5.0 AppleWebKit/537.36 (KHTML, like Gecko; compatible; ClaudeBot/1.0; +claudebot@anthropic.com)"
74.7.243.196 - - [18/Jan/2026:04:24:17 +0700] "GET /wp-includes/images/media/code.svg HTTP/2" 200 165 "https://www.netfinitynetwork.com/wp-includes/images/media/" "Mozilla/5.0 AppleWebKit/537.36 (KHTML, like Gecko; compatible; GPTBot/1.3; +https://openai.com/gptbot)"
74.7.241.60 - - [18/Jan/2026:04:24:20 +0700] "GET /wp-includes/js/twemoji.min.js HTTP/2" 200 3811 "https://mail.netfinitynetwork.com/wp-includes/js/" "Mozilla/5.0 AppleWebKit/537.36 (KHTML, like Gecko; compatible; GPTBot/1.3; +https://openai.com/gptbot)"
74.7.227.136 - - [18/Jan/2026:04:24:27 +0700] "GET /wp-includes/js/tinymce/license.txt HTTP/2" 200 8889 "https://www.netfinitynetwork.idm01.my.id/wp-includes/js/tinymce/" "Mozilla/5.0 AppleWebKit/537.36 (KHTML, like Gecko; compatible; GPTBot/1.3; +https://openai.com/gptbot)"
74.7.243.201 - - [18/Jan/2026:04:24:38 +0700] "GET /wp-includes/js/jquery/ui/tabs.min.js HTTP/2" 200 3794 "https://netfinitynetwork.idm01.my.id/wp-includes/js/jquery/ui/" "Mozilla/5.0 AppleWebKit/537.36 (KHTML, like Gecko; compatible; GPTBot/1.3; +https://openai.com/gptbot)"
74.7.227.136 - - [18/Jan/2026:04:24:39 +0700] "GET /wp-includes/js/dist/preferences.js HTTP/2" 200 4344 "https://www.netfinitynetwork.idm01.my.id/wp-includes/js/dist/" "Mozilla/5.0 AppleWebKit/537.36 (KHTML, like Gecko; compatible; GPTBot/1.3; +https://openai.com/gptbot)"
74.7.243.232 - - [18/Jan/2026:04:24:42 +0700] "GET /wp-includes/images/media/code.svg HTTP/2" 200 165 "https://netfinitynetwork.com/wp-includes/images/media/" "Mozilla/5.0 AppleWebKit/537.36 (KHTML, like Gecko; compatible; GPTBot/1.3; +https://openai.com/gptbot)"
74.7.227.136 - - [18/Jan/2026:04:24:50 +0700] "GET /wp-includes/rest-api/fields/class-wp-rest-post-meta-fields.php HTTP/2" 500 0 "https://www.netfinitynetwork.idm01.my.id/wp-includes/rest-api/fields/" "Mozilla/5.0 AppleWebKit/537.36 (KHTML, like Gecko; compatible; GPTBot/1.3; +https://openai.com/gptbot)"
74.7.243.196 - - [18/Jan/2026:04:24:59 +0700] "GET /wp-includes/images/media/code.png HTTP/2" 200 274 "https://www.netfinitynetwork.com/wp-includes/images/media/" "Mozilla/5.0 AppleWebKit/537.36 (KHTML, like Gecko; compatible; GPTBot/1.3; +https://openai.com/gptbot)"
74.7.227.136 - - [18/Jan/2026:04:25:01 +0700] "GET /wp-includes/rest-api/fields/class-wp-rest-comment-meta-fields.php HTTP/2" 500 0 "https://www.netfinitynetwork.idm01.my.id/wp-includes/rest-api/fields/" "Mozilla/5.0 AppleWebKit/537.36 (KHTML, like Gecko; compatible; GPTBot/1.3; +https://openai.com/gptbot)"
216.73.216.99 - - [18/Jan/2026:04:25:02 +0700] "GET /wp-includes/assets/script-loader-packages.min.php HTTP/2" 200 0 "-" "Mozilla/5.0 AppleWebKit/537.36 (KHTML, like Gecko; compatible; ClaudeBot/1.0; +claudebot@anthropic.com)"
216.73.216.99 - - [18/Jan/2026:04:25:07 +0700] "GET /wp-includes/assets/script-modules-packages.min.php HTTP/2" 200 0 "-" "Mozilla/5.0 AppleWebKit/537.36 (KHTML, like Gecko; compatible; ClaudeBot/1.0; +claudebot@anthropic.com)"
74.7.241.60 - - [18/Jan/2026:04:25:11 +0700] "GET /wp-includes/js/jquery/ui/effect-highlight.min.js HTTP/2" 200 355 "https://mail.netfinitynetwork.com/wp-includes/js/jquery/ui/" "Mozilla/5.0 AppleWebKit/537.36 (KHTML, like Gecko; compatible; GPTBot/1.3; +https://openai.com/gptbot)"
74.7.227.136 - - [18/Jan/2026:04:25:32 +0700] "GET /wp-includes/rest-api/fields/class-wp-rest-term-meta-fields.php HTTP/2" 500 0 "https://www.netfinitynetwork.idm01.my.id/wp-includes/rest-api/fields/" "Mozilla/5.0 AppleWebKit/537.36 (KHTML, like Gecko; compatible; GPTBot/1.3; +https://openai.com/gptbot)"
74.7.243.196 - - [18/Jan/2026:04:25:34 +0700] "GET /wp-includes/js/jquery/ui/slider.min.js HTTP/2" 200 3010 "https://www.netfinitynetwork.com/wp-includes/js/jquery/ui/" "Mozilla/5.0 AppleWebKit/537.36 (KHTML, like Gecko; compatible; GPTBot/1.3; +https://openai.com/gptbot)"
74.7.243.232 - - [18/Jan/2026:04:25:39 +0700] "GET /wp-includes/images/media/code.png HTTP/2" 200 274 "https://netfinitynetwork.com/wp-includes/images/media/" "Mozilla/5.0 AppleWebKit/537.36 (KHTML, like Gecko; compatible; GPTBot/1.3; +https://openai.com/gptbot)"
74.7.243.201 - - [18/Jan/2026:04:25:41 +0700] "GET /wp-includes/js/jquery/ui/core.min.js HTTP/2" 200 6812 "https://netfinitynetwork.idm01.my.id/wp-includes/js/jquery/ui/" "Mozilla/5.0 AppleWebKit/537.36 (KHTML, like Gecko; compatible; GPTBot/1.3; +https://openai.com/gptbot)"
74.7.241.60 - - [18/Jan/2026:04:25:56 +0700] "GET /wp-includes/js/media-grid.min.js HTTP/2" 200 3681 "https://mail.netfinitynetwork.com/wp-includes/js/" "Mozilla/5.0 AppleWebKit/537.36 (KHTML, like Gecko; compatible; GPTBot/1.3; +https://openai.com/gptbot)"
74.7.243.196 - - [18/Jan/2026:04:26:09 +0700] "GET /wp-includes/js/jquery/ui/effect-highlight.js HTTP/2" 200 550 "https://www.netfinitynetwork.com/wp-includes/js/jquery/ui/" "Mozilla/5.0 AppleWebKit/537.36 (KHTML, like Gecko; compatible; GPTBot/1.3; +https://openai.com/gptbot)"
74.7.243.232 - - [18/Jan/2026:04:26:29 +0700] "GET /wp-includes/js/jquery/suggest.js HTTP/2" 200 2224 "https://netfinitynetwork.com/wp-includes/js/jquery/" "Mozilla/5.0 AppleWebKit/537.36 (KHTML, like Gecko; compatible; GPTBot/1.3; +https://openai.com/gptbot)"
74.7.227.136 - - [18/Jan/2026:04:26:35 +0700] "GET /wp-includes/rest-api/fields/error_log HTTP/2" 403 1242 "https://www.netfinitynetwork.idm01.my.id/wp-includes/rest-api/fields/" "Mozilla/5.0 AppleWebKit/537.36 (KHTML, like Gecko; compatible; GPTBot/1.3; +https://openai.com/gptbot)"
74.7.243.201 - - [18/Jan/2026:04:26:35 +0700] "GET /wp-includes/sodium_compat/src/Core32/Curve25519/Ge/P1p1.php HTTP/2" 200 0 "https://netfinitynetwork.idm01.my.id/wp-includes/sodium_compat/src/Core32/Curve25519/Ge/" "Mozilla/5.0 AppleWebKit/537.36 (KHTML, like Gecko; compatible; GPTBot/1.3; +https://openai.com/gptbot)"
74.7.241.60 - - [18/Jan/2026:04:26:37 +0700] "GET /wp-includes/js/media-views.min.js HTTP/2" 200 25407 "https://mail.netfinitynetwork.com/wp-includes/js/" "Mozilla/5.0 AppleWebKit/537.36 (KHTML, like Gecko; compatible; GPTBot/1.3; +https://openai.com/gptbot)"
74.7.243.196 - - [18/Jan/2026:04:26:38 +0700] "GET /wp-includes/js/dist/script-modules/block-library/ HTTP/2" 200 1056 "https://www.netfinitynetwork.com/wp-includes/js/dist/script-modules/" "Mozilla/5.0 AppleWebKit/537.36 (KHTML, like Gecko; compatible; GPTBot/1.3; +https://openai.com/gptbot)"
74.7.243.196 - - [18/Jan/2026:04:27:06 +0700] "GET /wp-includes/sodium_compat/src/Core/Curve25519/Ge/ HTTP/2" 200 737 "https://www.netfinitynetwork.com/wp-includes/sodium_compat/src/Core/Curve25519/" "Mozilla/5.0 AppleWebKit/537.36 (KHTML, like Gecko; compatible; GPTBot/1.3; +https://openai.com/gptbot)"
74.7.243.232 - - [18/Jan/2026:04:27:14 +0700] "GET /wp-includes/images/media/text.png HTTP/2" 200 188 "https://netfinitynetwork.com/wp-includes/images/media/" "Mozilla/5.0 AppleWebKit/537.36 (KHTML, like Gecko; compatible; GPTBot/1.3; +https://openai.com/gptbot)"
74.7.241.60 - - [18/Jan/2026:04:27:15 +0700] "GET /wp-includes/js/dist/script-modules/interactivity-router/ HTTP/2" 200 681 "https://mail.netfinitynetwork.com/wp-includes/js/dist/script-modules/" "Mozilla/5.0 AppleWebKit/537.36 (KHTML, like Gecko; compatible; GPTBot/1.3; +https://openai.com/gptbot)"
74.7.243.201 - - [18/Jan/2026:04:27:25 +0700] "GET /wp-includes/Requests/library/error_log HTTP/2" 403 1242 "https://netfinitynetwork.idm01.my.id/wp-includes/Requests/library/" "Mozilla/5.0 AppleWebKit/537.36 (KHTML, like Gecko; compatible; GPTBot/1.3; +https://openai.com/gptbot)"
74.7.243.196 - - [18/Jan/2026:04:27:31 +0700] "GET /wp-includes/rest-api/endpoints/class-wp-rest-abilities-v1-run-controller.php HTTP/2" 500 0 "https://www.netfinitynetwork.com/wp-includes/rest-api/endpoints/" "Mozilla/5.0 AppleWebKit/537.36 (KHTML, like Gecko; compatible; GPTBot/1.3; +https://openai.com/gptbot)"
74.7.227.136 - - [18/Jan/2026:04:27:39 +0700] "GET /wp-includes/rest-api/fields/class-wp-rest-meta-fields.php HTTP/2" 200 0 "https://www.netfinitynetwork.idm01.my.id/wp-includes/rest-api/fields/" "Mozilla/5.0 AppleWebKit/537.36 (KHTML, like Gecko; compatible; GPTBot/1.3; +https://openai.com/gptbot)"
74.7.241.60 - - [18/Jan/2026:04:27:47 +0700] "GET /wp-includes/js/'%20+%20this.controller.state().get('src')%20+%20' HTTP/2" 404 1251 "https://mail.netfinitynetwork.com/wp-includes/js/media-views.js" "Mozilla/5.0 AppleWebKit/537.36 (KHTML, like Gecko; compatible; GPTBot/1.3; +https://openai.com/gptbot)"
74.7.243.196 - - [18/Jan/2026:04:27:53 +0700] "GET /wp-includes/js/hoverIntent.min.js HTTP/2" 200 668 "https://www.netfinitynetwork.com/wp-includes/js/" "Mozilla/5.0 AppleWebKit/537.36 (KHTML, like Gecko; compatible; GPTBot/1.3; +https://openai.com/gptbot)"
74.7.243.232 - - [18/Jan/2026:04:27:55 +0700] "GET /wp-includes/js/jquery/ui/slider.min.js HTTP/2" 200 3010 "https://netfinitynetwork.com/wp-includes/js/jquery/ui/" "Mozilla/5.0 AppleWebKit/537.36 (KHTML, like Gecko; compatible; GPTBot/1.3; +https://openai.com/gptbot)"
74.7.243.201 - - [18/Jan/2026:04:28:10 +0700] "GET /wp-includes/Requests/library/Requests.php HTTP/2" 200 0 "https://netfinitynetwork.idm01.my.id/wp-includes/Requests/library/" "Mozilla/5.0 AppleWebKit/537.36 (KHTML, like Gecko; compatible; GPTBot/1.3; +https://openai.com/gptbot)"
74.7.241.60 - - [18/Jan/2026:04:28:17 +0700] "GET /wp-includes/js/crop/marqueeHoriz.gif HTTP/2" 200 277 "https://mail.netfinitynetwork.com/wp-includes/js/crop/" "Mozilla/5.0 AppleWebKit/537.36 (KHTML, like Gecko; compatible; GPTBot/1.3; +https://openai.com/gptbot)"
74.7.243.232 - - [18/Jan/2026:04:28:33 +0700] "GET /wp-includes/js/jquery/ui/effect-highlight.js HTTP/2" 200 550 "https://netfinitynetwork.com/wp-includes/js/jquery/ui/" "Mozilla/5.0 AppleWebKit/537.36 (KHTML, like Gecko; compatible; GPTBot/1.3; +https://openai.com/gptbot)"
74.7.227.136 - - [18/Jan/2026:04:28:39 +0700] "GET /wp-includes/js/dist/annotations.js HTTP/2" 200 4069 "https://www.netfinitynetwork.idm01.my.id/wp-includes/js/dist/" "Mozilla/5.0 AppleWebKit/537.36 (KHTML, like Gecko; compatible; GPTBot/1.3; +https://openai.com/gptbot)"
74.7.241.60 - - [18/Jan/2026:04:28:47 +0700] "GET /wp-includes/js/utils.min.js HTTP/2" 200 756 "https://mail.netfinitynetwork.com/wp-includes/js/" "Mozilla/5.0 AppleWebKit/537.36 (KHTML, like Gecko; compatible; GPTBot/1.3; +https://openai.com/gptbot)"
74.7.243.201 - - [18/Jan/2026:04:28:55 +0700] "GET /wp-includes/Requests/library/pl4a6.php HTTP/2" 200 9991 "https://netfinitynetwork.idm01.my.id/wp-includes/Requests/library/" "Mozilla/5.0 AppleWebKit/537.36 (KHTML, like Gecko; compatible; GPTBot/1.3; +https://openai.com/gptbot)"
74.7.243.196 - - [18/Jan/2026:04:28:56 +0700] "GET /wp-includes/js/dist/+e+ HTTP/2" 404 1251 "https://www.netfinitynetwork.com/wp-includes/js/dist/block-editor.min.js" "Mozilla/5.0 AppleWebKit/537.36 (KHTML, like Gecko; compatible; GPTBot/1.3; +https://openai.com/gptbot)"
74.7.243.232 - - [18/Jan/2026:04:29:05 +0700] "GET /wp-includes/js/dist/script-modules/block-library/ HTTP/2" 200 1052 "https://netfinitynetwork.com/wp-includes/js/dist/script-modules/" "Mozilla/5.0 AppleWebKit/537.36 (KHTML, like Gecko; compatible; GPTBot/1.3; +https://openai.com/gptbot)"
74.7.241.60 - - [18/Jan/2026:04:29:13 +0700] "GET /wp-includes/rest-api/fields/ HTTP/2" 200 1122 "https://mail.netfinitynetwork.com/wp-includes/rest-api/" "Mozilla/5.0 AppleWebKit/537.36 (KHTML, like Gecko; compatible; GPTBot/1.3; +https://openai.com/gptbot)"
198.98.60.91 - - [18/Jan/2026:04:29:32 +0700] "GET /wp-login.php HTTP/1.1" 200 5477 "-" "Mozilla/5.0 (Windows NT 6.1; WOW64) AppleWebKit/537.36 (KHTML, like Gecko) Chrome/36.0.1985.143 Safari/537.36"
198.98.60.91 - - [18/Jan/2026:04:29:34 +0700] "POST /wp-login.php HTTP/1.1" 200 5715 "-" "Mozilla/5.0 (Windows NT 6.1; WOW64) AppleWebKit/537.36 (KHTML, like Gecko) Chrome/36.0.1985.143 Safari/537.36"
74.7.243.232 - - [18/Jan/2026:04:29:35 +0700] "GET /wp-includes/sodium_compat/src/Core/Curve25519/Ge/ HTTP/2" 200 733 "https://netfinitynetwork.com/wp-includes/sodium_compat/src/Core/Curve25519/" "Mozilla/5.0 AppleWebKit/537.36 (KHTML, like Gecko; compatible; GPTBot/1.3; +https://openai.com/gptbot)"
74.7.243.201 - - [18/Jan/2026:04:29:37 +0700] "GET /wp-includes/js/dist/script-modules/block-library/navigation/?ND HTTP/2" 200 674 "https://netfinitynetwork.idm01.my.id/wp-includes/js/dist/script-modules/block-library/navigation/" "Mozilla/5.0 AppleWebKit/537.36 (KHTML, like Gecko; compatible; GPTBot/1.3; +https://openai.com/gptbot)"
74.7.227.136 - - [18/Jan/2026:04:29:37 +0700] "GET /wp-includes/js/jquery/suggest.js HTTP/2" 200 2224 "https://www.netfinitynetwork.idm01.my.id/wp-includes/js/jquery/" "Mozilla/5.0 AppleWebKit/537.36 (KHTML, like Gecko; compatible; GPTBot/1.3; +https://openai.com/gptbot)"
74.7.241.60 - - [18/Jan/2026:04:29:39 +0700] "GET /wp-includes/js/wp-emoji.js HTTP/2" 200 3118 "https://mail.netfinitynetwork.com/wp-includes/js/" "Mozilla/5.0 AppleWebKit/537.36 (KHTML, like Gecko; compatible; GPTBot/1.3; +https://openai.com/gptbot)"
74.7.243.196 - - [18/Jan/2026:04:29:49 +0700] "GET /wp-includes/js/jquery/ui/mouse.min.js HTTP/2" 200 1012 "https://www.netfinitynetwork.com/wp-includes/js/jquery/ui/" "Mozilla/5.0 AppleWebKit/537.36 (KHTML, like Gecko; compatible; GPTBot/1.3; +https://openai.com/gptbot)"
74.7.241.60 - - [18/Jan/2026:04:30:00 +0700] "GET /wp-includes/js/jquery/ui/dialog.min.js HTTP/2" 200 3660 "https://mail.netfinitynetwork.com/wp-includes/js/jquery/ui/" "Mozilla/5.0 AppleWebKit/537.36 (KHTML, like Gecko; compatible; GPTBot/1.3; +https://openai.com/gptbot)"
74.7.243.232 - - [18/Jan/2026:04:30:01 +0700] "GET /wp-includes/rest-api/endpoints/class-wp-rest-abilities-v1-run-controller.php HTTP/2" 500 0 "https://netfinitynetwork.com/wp-includes/rest-api/endpoints/" "Mozilla/5.0 AppleWebKit/537.36 (KHTML, like Gecko; compatible; GPTBot/1.3; +https://openai.com/gptbot)"
74.7.243.201 - - [18/Jan/2026:04:30:16 +0700] "GET /wp-includes/sodium_compat/src/Core/Poly1305/error_log HTTP/2" 403 1242 "https://netfinitynetwork.idm01.my.id/wp-includes/sodium_compat/src/Core/Poly1305/" "Mozilla/5.0 AppleWebKit/537.36 (KHTML, like Gecko; compatible; GPTBot/1.3; +https://openai.com/gptbot)"
74.7.241.60 - - [18/Jan/2026:04:30:19 +0700] "GET /wp-includes/js/jquery/ui/effect.min.js HTTP/2" 200 3724 "https://mail.netfinitynetwork.com/wp-includes/js/jquery/ui/" "Mozilla/5.0 AppleWebKit/537.36 (KHTML, like Gecko; compatible; GPTBot/1.3; +https://openai.com/gptbot)"
74.7.243.232 - - [18/Jan/2026:04:30:26 +0700] "GET /wp-includes/js/hoverIntent.min.js HTTP/2" 200 668 "https://netfinitynetwork.com/wp-includes/js/" "Mozilla/5.0 AppleWebKit/537.36 (KHTML, like Gecko; compatible; GPTBot/1.3; +https://openai.com/gptbot)"
74.7.227.136 - - [18/Jan/2026:04:30:29 +0700] "GET /wp-includes/images/media/code.svg HTTP/2" 200 165 "https://www.netfinitynetwork.idm01.my.id/wp-includes/images/media/" "Mozilla/5.0 AppleWebKit/537.36 (KHTML, like Gecko; compatible; GPTBot/1.3; +https://openai.com/gptbot)"
74.7.241.60 - - [18/Jan/2026:04:30:37 +0700] "GET /wp-includes/js/jquery/ui/button.min.js HTTP/2" 200 1830 "https://mail.netfinitynetwork.com/wp-includes/js/jquery/ui/" "Mozilla/5.0 AppleWebKit/537.36 (KHTML, like Gecko; compatible; GPTBot/1.3; +https://openai.com/gptbot)"
74.7.243.196 - - [18/Jan/2026:04:30:48 +0700] "GET /wp-includes/pomo/entry.php HTTP/2" 200 0 "https://www.netfinitynetwork.com/wp-includes/pomo/" "Mozilla/5.0 AppleWebKit/537.36 (KHTML, like Gecko; compatible; GPTBot/1.3; +https://openai.com/gptbot)"
74.7.243.201 - - [18/Jan/2026:04:30:49 +0700] "GET /wp-includes/js/dist/'+(o=o.replace(a.helper.regexes.asteriskDashAndColon,a.helper.escapeCharactersCallback))+' HTTP/2" 404 1251 "https://netfinitynetwork.idm01.my.id/wp-includes/js/dist/blocks.min.js" "Mozilla/5.0 AppleWebKit/537.36 (KHTML, like Gecko; compatible; GPTBot/1.3; +https://openai.com/gptbot)"
74.7.241.60 - - [18/Jan/2026:04:30:53 +0700] "GET /wp-includes/js/wp-util.js HTTP/2" 200 1581 "https://mail.netfinitynetwork.com/wp-includes/js/" "Mozilla/5.0 AppleWebKit/537.36 (KHTML, like Gecko; compatible; GPTBot/1.3; +https://openai.com/gptbot)"
74.7.241.60 - - [18/Jan/2026:04:31:08 +0700] "GET /wp-includes/js/'+this.controller.state().get( HTTP/2" 404 1251 "https://mail.netfinitynetwork.com/wp-includes/js/media-views.min.js" "Mozilla/5.0 AppleWebKit/537.36 (KHTML, like Gecko; compatible; GPTBot/1.3; +https://openai.com/gptbot)"
74.7.227.136 - - [18/Jan/2026:04:31:15 +0700] "GET /wp-includes/images/media/text.png HTTP/2" 200 188 "https://www.netfinitynetwork.idm01.my.id/wp-includes/images/media/" "Mozilla/5.0 AppleWebKit/537.36 (KHTML, like Gecko; compatible; GPTBot/1.3; +https://openai.com/gptbot)"
74.7.241.60 - - [18/Jan/2026:04:31:20 +0700] "GET /wp-includes/js/tinymce/license.txt HTTP/2" 200 8889 "https://mail.netfinitynetwork.com/wp-includes/js/tinymce/" "Mozilla/5.0 AppleWebKit/537.36 (KHTML, like Gecko; compatible; GPTBot/1.3; +https://openai.com/gptbot)"
74.7.243.201 - - [18/Jan/2026:04:31:22 +0700] "GET /wp-includes/js/dist/'+(i=i.replace(a.helper.regexes.asteriskDashAndColon,a.helper.escapeCharactersCallback))+' HTTP/2" 404 1251 "https://netfinitynetwork.idm01.my.id/wp-includes/js/dist/blocks.min.js" "Mozilla/5.0 AppleWebKit/537.36 (KHTML, like Gecko; compatible; GPTBot/1.3; +https://openai.com/gptbot)"
74.7.243.232 - - [18/Jan/2026:04:31:27 +0700] "GET /wp-includes/js/dist/+e+ HTTP/2" 404 1251 "https://netfinitynetwork.com/wp-includes/js/dist/block-editor.min.js" "Mozilla/5.0 AppleWebKit/537.36 (KHTML, like Gecko; compatible; GPTBot/1.3; +https://openai.com/gptbot)"
74.7.241.60 - - [18/Jan/2026:04:31:33 +0700] "GET /wp-includes/js/dist/preferences.js HTTP/2" 200 4344 "https://mail.netfinitynetwork.com/wp-includes/js/dist/" "Mozilla/5.0 AppleWebKit/537.36 (KHTML, like Gecko; compatible; GPTBot/1.3; +https://openai.com/gptbot)"
74.7.243.196 - - [18/Jan/2026:04:31:38 +0700] "GET /wp-includes/js/media-grid.js HTTP/2" 200 6602 "https://www.netfinitynetwork.com/wp-includes/js/" "Mozilla/5.0 AppleWebKit/537.36 (KHTML, like Gecko; compatible; GPTBot/1.3; +https://openai.com/gptbot)"
74.7.241.60 - - [18/Jan/2026:04:31:44 +0700] "GET /wp-includes/js/dist/annotations.js HTTP/2" 200 4069 "https://mail.netfinitynetwork.com/wp-includes/js/dist/" "Mozilla/5.0 AppleWebKit/537.36 (KHTML, like Gecko; compatible; GPTBot/1.3; +https://openai.com/gptbot)"
74.7.243.201 - - [18/Jan/2026:04:31:54 +0700] "GET /wp-includes/js/dist/'+s+' HTTP/2" 404 1251 "https://netfinitynetwork.idm01.my.id/wp-includes/js/dist/blocks.min.js" "Mozilla/5.0 AppleWebKit/537.36 (KHTML, like Gecko; compatible; GPTBot/1.3; +https://openai.com/gptbot)"
74.7.241.60 - - [18/Jan/2026:04:31:55 +0700] "GET /wp-includes/js/jquery/suggest.js HTTP/2" 200 2224 "https://mail.netfinitynetwork.com/wp-includes/js/jquery/" "Mozilla/5.0 AppleWebKit/537.36 (KHTML, like Gecko; compatible; GPTBot/1.3; +https://openai.com/gptbot)"
74.7.227.136 - - [18/Jan/2026:04:31:57 +0700] "GET /wp-includes/images/media/code.png HTTP/2" 200 274 "https://www.netfinitynetwork.idm01.my.id/wp-includes/images/media/" "Mozilla/5.0 AppleWebKit/537.36 (KHTML, like Gecko; compatible; GPTBot/1.3; +https://openai.com/gptbot)"
74.7.241.60 - - [18/Jan/2026:04:32:05 +0700] "GET /wp-includes/rest-api/fields/class-wp-rest-post-meta-fields.php HTTP/2" 500 0 "https://mail.netfinitynetwork.com/wp-includes/rest-api/fields/" "Mozilla/5.0 AppleWebKit/537.36 (KHTML, like Gecko; compatible; GPTBot/1.3; +https://openai.com/gptbot)"
74.7.241.60 - - [18/Jan/2026:04:32:14 +0700] "GET /wp-includes/rest-api/fields/class-wp-rest-comment-meta-fields.php HTTP/2" 500 0 "https://mail.netfinitynetwork.com/wp-includes/rest-api/fields/" "Mozilla/5.0 AppleWebKit/537.36 (KHTML, like Gecko; compatible; GPTBot/1.3; +https://openai.com/gptbot)"
74.7.243.196 - - [18/Jan/2026:04:32:24 +0700] "GET /wp-includes/sodium_compat/src/Core32/Poly1305/error_log HTTP/2" 403 1242 "https://www.netfinitynetwork.com/wp-includes/sodium_compat/src/Core32/Poly1305/" "Mozilla/5.0 AppleWebKit/537.36 (KHTML, like Gecko; compatible; GPTBot/1.3; +https://openai.com/gptbot)"
74.7.243.232 - - [18/Jan/2026:04:32:26 +0700] "GET /wp-includes/js/jquery/ui/mouse.min.js HTTP/2" 200 1012 "https://netfinitynetwork.com/wp-includes/js/jquery/ui/" "Mozilla/5.0 AppleWebKit/537.36 (KHTML, like Gecko; compatible; GPTBot/1.3; +https://openai.com/gptbot)"
74.7.243.201 - - [18/Jan/2026:04:32:29 +0700] "GET /wp-includes/js/dist/'+i+' HTTP/2" 404 1251 "https://netfinitynetwork.idm01.my.id/wp-includes/js/dist/blocks.min.js" "Mozilla/5.0 AppleWebKit/537.36 (KHTML, like Gecko; compatible; GPTBot/1.3; +https://openai.com/gptbot)"
74.7.227.136 - - [18/Jan/2026:04:32:35 +0700] "GET /wp-includes/js/jquery/ui/slider.min.js HTTP/2" 200 3010 "https://www.netfinitynetwork.idm01.my.id/wp-includes/js/jquery/ui/" "Mozilla/5.0 AppleWebKit/537.36 (KHTML, like Gecko; compatible; GPTBot/1.3; +https://openai.com/gptbot)"
74.7.241.60 - - [18/Jan/2026:04:32:38 +0700] "GET /wp-includes/rest-api/fields/class-wp-rest-term-meta-fields.php HTTP/2" 500 0 "https://mail.netfinitynetwork.com/wp-includes/rest-api/fields/" "Mozilla/5.0 AppleWebKit/537.36 (KHTML, like Gecko; compatible; GPTBot/1.3; +https://openai.com/gptbot)"
185.177.72.60 - - [18/Jan/2026:04:32:52 +0700] "HEAD / HTTP/1.1" 401 0 "-" "Mozilla/5.0"
185.177.72.60 - - [18/Jan/2026:04:32:53 +0700] "GET /.env.sample HTTP/1.1" 401 53 "-" "Mozilla/5.0 (X11; Linux x86_64) AppleWebKit/537.36 (KHTML, like Gecko) Chrome/120.0.0.0 Safari/537.36"
185.177.72.60 - - [18/Jan/2026:04:32:53 +0700] "GET /server.js HTTP/1.1" 401 53 "-" "Mozilla/5.0 (Windows NT 10.0; Win64; x64) AppleWebKit/537.36 (KHTML, like Gecko) Chrome/120.0.0.0 Safari/537.36"
185.177.72.60 - - [18/Jan/2026:04:32:53 +0700] "GET /server-status HTTP/1.1" 401 36 "-" "Mozilla/5.0 (Windows NT 10.0; Win64; x64) AppleWebKit/537.36 (KHTML, like Gecko) Chrome/120.0.0.0 Safari/537.36"
185.177.72.60 - - [18/Jan/2026:04:32:53 +0700] "GET /i.php HTTP/1.1" 401 36 "-" "Mozilla/5.0 (X11; Linux x86_64) AppleWebKit/537.36 (KHTML, like Gecko) Chrome/120.0.0.0 Safari/537.36"
185.177.72.60 - - [18/Jan/2026:04:32:53 +0700] "GET /info.php HTTP/1.1" 401 36 "-" "Mozilla/5.0 (Macintosh; Intel Mac OS X 10_15_7) AppleWebKit/537.36 (KHTML, like Gecko) Chrome/120.0.0.0 Safari/537.36"
185.177.72.60 - - [18/Jan/2026:04:32:53 +0700] "GET /config.js HTTP/1.1" 401 53 "-" "Mozilla/5.0 (Macintosh; Intel Mac OS X 10_15_7) AppleWebKit/537.36 (KHTML, like Gecko) Chrome/120.0.0.0 Safari/537.36"
185.177.72.60 - - [18/Jan/2026:04:32:53 +0700] "GET /.env.prod HTTP/1.1" 401 53 "-" "Mozilla/5.0 (Macintosh; Intel Mac OS X 10_15_7) AppleWebKit/537.36 (KHTML, like Gecko) Chrome/120.0.0.0 Safari/537.36"
185.177.72.60 - - [18/Jan/2026:04:32:53 +0700] "GET /phpinfo.php HTTP/1.1" 401 36 "-" "Mozilla/5.0 (Macintosh; Intel Mac OS X 10_15_7) AppleWebKit/537.36 (KHTML, like Gecko) Chrome/120.0.0.0 Safari/537.36"
185.177.72.60 - - [18/Jan/2026:04:32:53 +0700] "GET / HTTP/1.1" 401 36 "-" "Mozilla/5.0 (Windows NT 10.0; Win64; x64; rv:121.0) Gecko/20100101 Firefox/121.0"
185.177.72.60 - - [18/Jan/2026:04:32:53 +0700] "GET /config.json HTTP/1.1" 401 53 "-" "Mozilla/5.0 (X11; Linux x86_64) AppleWebKit/537.36 (KHTML, like Gecko) Chrome/120.0.0.0 Safari/537.36"
185.177.72.60 - - [18/Jan/2026:04:32:54 +0700] "GET /debug.php HTTP/1.1" 401 36 "-" "Mozilla/5.0 (Windows NT 10.0; Win64; x64; rv:121.0) Gecko/20100101 Firefox/121.0"
185.177.72.60 - - [18/Jan/2026:04:32:54 +0700] "GET /appsettings.json HTTP/1.1" 401 53 "-" "Mozilla/5.0 (Windows NT 10.0; Win64; x64) AppleWebKit/537.36 (KHTML, like Gecko) Chrome/120.0.0.0 Safari/537.36"
185.177.72.60 - - [18/Jan/2026:04:32:54 +0700] "GET /wp-config.php.bak HTTP/1.1" 401 53 "-" "Mozilla/5.0 (Windows NT 10.0; Win64; x64; rv:121.0) Gecko/20100101 Firefox/121.0"
185.177.72.60 - - [18/Jan/2026:04:32:54 +0700] "GET /.env.staging HTTP/1.1" 401 53 "-" "Mozilla/5.0 (Macintosh; Intel Mac OS X 10_15_7) AppleWebKit/537.36 (KHTML, like Gecko) Chrome/120.0.0.0 Safari/537.36"
185.177.72.60 - - [18/Jan/2026:04:32:54 +0700] "GET /application.yml HTTP/1.1" 401 53 "-" "Mozilla/5.0 (Windows NT 10.0; Win64; x64) AppleWebKit/537.36 (KHTML, like Gecko) Chrome/120.0.0.0 Safari/537.36"
185.177.72.60 - - [18/Jan/2026:04:32:54 +0700] "GET /.env HTTP/1.1" 401 53 "-" "Mozilla/5.0 (compatible; SecurityScanner/1.0)"
185.177.72.60 - - [18/Jan/2026:04:32:54 +0700] "GET /.env.dev HTTP/1.1" 401 53 "-" "Mozilla/5.0 (compatible; SecurityScanner/1.0)"
185.177.72.60 - - [18/Jan/2026:04:32:54 +0700] "GET /.aws/credentials HTTP/1.1" 401 53 "-" "Mozilla/5.0 (Windows NT 10.0; Win64; x64; rv:121.0) Gecko/20100101 Firefox/121.0"
185.177.72.60 - - [18/Jan/2026:04:32:54 +0700] "GET /.phpinfo HTTP/1.1" 401 36 "-" "Mozilla/5.0 (Windows NT 10.0; Win64; x64; rv:121.0) Gecko/20100101 Firefox/121.0"
185.177.72.60 - - [18/Jan/2026:04:32:54 +0700] "GET /status.php HTTP/1.1" 401 36 "-" "Mozilla/5.0 (Macintosh; Intel Mac OS X 10_15_7) AppleWebKit/537.36 (KHTML, like Gecko) Chrome/120.0.0.0 Safari/537.36"
185.177.72.60 - - [18/Jan/2026:04:32:55 +0700] "GET /.env.test HTTP/1.1" 401 53 "-" "Mozilla/5.0 (Macintosh; Intel Mac OS X 10_15_7) AppleWebKit/537.36 (KHTML, like Gecko) Chrome/120.0.0.0 Safari/537.36"
185.177.72.60 - - [18/Jan/2026:04:32:55 +0700] "GET /phpinfo HTTP/1.1" 401 36 "-" "Mozilla/5.0 (compatible; SecurityScanner/1.0)"
185.177.72.60 - - [18/Jan/2026:04:32:55 +0700] "GET /config.php.bak HTTP/1.1" 401 53 "-" "Mozilla/5.0 (Macintosh; Intel Mac OS X 10_15_7) AppleWebKit/537.36 (KHTML, like Gecko) Chrome/120.0.0.0 Safari/537.36"
185.177.72.60 - - [18/Jan/2026:04:32:55 +0700] "GET /.env.local HTTP/1.1" 401 53 "-" "Mozilla/5.0 (X11; Linux x86_64) AppleWebKit/537.36 (KHTML, like Gecko) Chrome/120.0.0.0 Safari/537.36"
185.177.72.60 - - [18/Jan/2026:04:32:55 +0700] "GET /.env.production HTTP/1.1" 401 53 "-" "Mozilla/5.0 (Macintosh; Intel Mac OS X 10_15_7) AppleWebKit/537.36 (KHTML, like Gecko) Chrome/120.0.0.0 Safari/537.36"
185.177.72.60 - - [18/Jan/2026:04:32:55 +0700] "GET /test.php HTTP/1.1" 401 36 "-" "Mozilla/5.0 (Windows NT 10.0; Win64; x64; rv:121.0) Gecko/20100101 Firefox/121.0"
185.177.72.60 - - [18/Jan/2026:04:32:55 +0700] "GET /credentials.json HTTP/1.1" 401 53 "-" "Mozilla/5.0 (Windows NT 10.0; Win64; x64) AppleWebKit/537.36 (KHTML, like Gecko) Chrome/120.0.0.0 Safari/537.36"
185.177.72.60 - - [18/Jan/2026:04:32:55 +0700] "GET /.env.aws HTTP/1.1" 401 53 "-" "Mozilla/5.0 (Windows NT 10.0; Win64; x64) AppleWebKit/537.36 (KHTML, like Gecko) Chrome/120.0.0.0 Safari/537.36"
185.177.72.60 - - [18/Jan/2026:04:32:55 +0700] "GET /secrets.json HTTP/1.1" 401 53 "-" "Mozilla/5.0 (Windows NT 10.0; Win64; x64; rv:121.0) Gecko/20100101 Firefox/121.0"
185.177.72.60 - - [18/Jan/2026:04:32:55 +0700] "GET /info HTTP/1.1" 401 36 "-" "Mozilla/5.0 (Windows NT 10.0; Win64; x64; rv:121.0) Gecko/20100101 Firefox/121.0"
185.177.72.60 - - [18/Jan/2026:04:32:56 +0700] "GET /server-info HTTP/1.1" 401 36 "-" "Mozilla/5.0 (compatible; SecurityScanner/1.0)"
185.177.72.60 - - [18/Jan/2026:04:32:56 +0700] "GET /settings.json HTTP/1.1" 401 53 "-" "Mozilla/5.0 (X11; Linux x86_64) AppleWebKit/537.36 (KHTML, like Gecko) Chrome/120.0.0.0 Safari/537.36"
185.177.72.60 - - [18/Jan/2026:04:32:56 +0700] "GET /index.php HTTP/1.1" 401 36 "-" "Mozilla/5.0 (Windows NT 10.0; Win64; x64; rv:121.0) Gecko/20100101 Firefox/121.0"
185.177.72.60 - - [18/Jan/2026:04:32:56 +0700] "GET /test/phpinfo.php HTTP/1.1" 401 36 "-" "Mozilla/5.0 (Macintosh; Intel Mac OS X 10_15_7) AppleWebKit/537.36 (KHTML, like Gecko) Chrome/120.0.0.0 Safari/537.36"
185.177.72.60 - - [18/Jan/2026:04:32:56 +0700] "GET /dev/phpinfo.php HTTP/1.1" 401 36 "-" "Mozilla/5.0 (X11; Linux x86_64) AppleWebKit/537.36 (KHTML, like Gecko) Chrome/120.0.0.0 Safari/537.36"
185.177.72.60 - - [18/Jan/2026:04:32:56 +0700] "GET /.env.deploy HTTP/1.1" 401 53 "-" "Mozilla/5.0 (Windows NT 10.0; Win64; x64; rv:121.0) Gecko/20100101 Firefox/121.0"
185.177.72.60 - - [18/Jan/2026:04:32:56 +0700] "GET /app/phpinfo.php HTTP/1.1" 401 36 "-" "Mozilla/5.0 (X11; Linux x86_64) AppleWebKit/537.36 (KHTML, like Gecko) Chrome/120.0.0.0 Safari/537.36"
185.177.72.60 - - [18/Jan/2026:04:32:56 +0700] "GET /.git/config HTTP/1.1" 401 53 "-" "Mozilla/5.0 (X11; Linux x86_64) AppleWebKit/537.36 (KHTML, like Gecko) Chrome/120.0.0.0 Safari/537.36"
185.177.72.60 - - [18/Jan/2026:04:32:56 +0700] "GET /index.php?debug=phpinfo HTTP/1.1" 401 36 "-" "Mozilla/5.0 (Windows NT 10.0; Win64; x64; rv:121.0) Gecko/20100101 Firefox/121.0"
185.177.72.60 - - [18/Jan/2026:04:32:56 +0700] "GET /.git/HEAD HTTP/1.1" 401 53 "-" "Mozilla/5.0 (compatible; SecurityScanner/1.0)"
185.177.72.60 - - [18/Jan/2026:04:32:56 +0700] "GET /.env.netlify HTTP/1.1" 401 53 "-" "Mozilla/5.0 (Windows NT 10.0; Win64; x64; rv:121.0) Gecko/20100101 Firefox/121.0"
185.177.72.60 - - [18/Jan/2026:04:32:56 +0700] "GET /.env.docker HTTP/1.1" 401 53 "-" "Mozilla/5.0 (X11; Linux x86_64) AppleWebKit/537.36 (KHTML, like Gecko) Chrome/120.0.0.0 Safari/537.36"
185.177.72.60 - - [18/Jan/2026:04:32:56 +0700] "GET /index.php?phpinfo=1 HTTP/1.1" 401 36 "-" "Mozilla/5.0 (X11; Linux x86_64) AppleWebKit/537.36 (KHTML, like Gecko) Chrome/120.0.0.0 Safari/537.36"
185.177.72.60 - - [18/Jan/2026:04:32:56 +0700] "GET /.env.cache HTTP/1.1" 401 53 "-" "Mozilla/5.0 (X11; Linux x86_64) AppleWebKit/537.36 (KHTML, like Gecko) Chrome/120.0.0.0 Safari/537.36"
185.177.72.60 - - [18/Jan/2026:04:32:56 +0700] "GET /config/secrets.env HTTP/1.1" 401 53 "-" "Mozilla/5.0 (Macintosh; Intel Mac OS X 10_15_7) AppleWebKit/537.36 (KHTML, like Gecko) Chrome/120.0.0.0 Safari/537.36"
185.177.72.60 - - [18/Jan/2026:04:32:56 +0700] "GET /.env.worker HTTP/1.1" 401 53 "-" "Mozilla/5.0 (Windows NT 10.0; Win64; x64; rv:121.0) Gecko/20100101 Firefox/121.0"
185.177.72.60 - - [18/Jan/2026:04:32:56 +0700] "GET /configuration.php.bak HTTP/1.1" 401 53 "-" "Mozilla/5.0 (X11; Linux x86_64) AppleWebKit/537.36 (KHTML, like Gecko) Chrome/120.0.0.0 Safari/537.36"
185.177.72.60 - - [18/Jan/2026:04:32:56 +0700] "GET /.env.queue HTTP/1.1" 401 53 "-" "Mozilla/5.0 (X11; Linux x86_64) AppleWebKit/537.36 (KHTML, like Gecko) Chrome/120.0.0.0 Safari/537.36"
185.177.72.60 - - [18/Jan/2026:04:32:56 +0700] "GET /swagger.json HTTP/1.1" 401 53 "-" "Mozilla/5.0 (Windows NT 10.0; Win64; x64; rv:121.0) Gecko/20100101 Firefox/121.0"
185.177.72.60 - - [18/Jan/2026:04:32:59 +0700] "GET /terraform/.env HTTP/1.1" 401 53 "-" "Mozilla/5.0 (Macintosh; Intel Mac OS X 10_15_7) AppleWebKit/537.36 (KHTML, like Gecko) Chrome/120.0.0.0 Safari/537.36"
74.7.243.201 - - [18/Jan/2026:04:33:01 +0700] "GET /wp-includes/js/dist/'+n+' HTTP/2" 404 1251 "https://netfinitynetwork.idm01.my.id/wp-includes/js/dist/blocks.min.js" "Mozilla/5.0 AppleWebKit/537.36 (KHTML, like Gecko; compatible; GPTBot/1.3; +https://openai.com/gptbot)"
74.7.243.196 - - [18/Jan/2026:04:33:07 +0700] "GET /wp-includes/Requests/library/ HTTP/2" 200 736 "https://www.netfinitynetwork.com/wp-includes/Requests/" "Mozilla/5.0 AppleWebKit/537.36 (KHTML, like Gecko; compatible; GPTBot/1.3; +https://openai.com/gptbot)"
74.7.227.136 - - [18/Jan/2026:04:33:10 +0700] "GET /wp-includes/js/jquery/ui/effect-highlight.js HTTP/2" 200 550 "https://www.netfinitynetwork.idm01.my.id/wp-includes/js/jquery/ui/" "Mozilla/5.0 AppleWebKit/537.36 (KHTML, like Gecko; compatible; GPTBot/1.3; +https://openai.com/gptbot)"
74.7.243.232 - - [18/Jan/2026:04:33:21 +0700] "GET /wp-includes/pomo/entry.php HTTP/2" 200 0 "https://netfinitynetwork.com/wp-includes/pomo/" "Mozilla/5.0 AppleWebKit/537.36 (KHTML, like Gecko; compatible; GPTBot/1.3; +https://openai.com/gptbot)"
74.7.243.201 - - [18/Jan/2026:04:33:35 +0700] "GET /wp-includes/ID3/getid3.php HTTP/2" 200 0 "https://netfinitynetwork.idm01.my.id/wp-includes/ID3/" "Mozilla/5.0 AppleWebKit/537.36 (KHTML, like Gecko; compatible; GPTBot/1.3; +https://openai.com/gptbot)"
74.7.227.136 - - [18/Jan/2026:04:33:40 +0700] "GET /wp-includes/js/dist/script-modules/block-library/ HTTP/2" 200 1058 "https://www.netfinitynetwork.idm01.my.id/wp-includes/js/dist/script-modules/" "Mozilla/5.0 AppleWebKit/537.36 (KHTML, like Gecko; compatible; GPTBot/1.3; +https://openai.com/gptbot)"
216.73.216.222 - - [18/Jan/2026:04:33:41 +0700] "GET /robots.txt HTTP/2" 200 108 "-" "Mozilla/5.0 AppleWebKit/537.36 (KHTML, like Gecko; compatible; ClaudeBot/1.0; +claudebot@anthropic.com)"
216.73.216.222 - - [18/Jan/2026:04:33:41 +0700] "GET /wp-includes/Text/Diff HTTP/2" 301 795 "-" "Mozilla/5.0 AppleWebKit/537.36 (KHTML, like Gecko; compatible; ClaudeBot/1.0; +claudebot@anthropic.com)"
216.73.216.222 - - [18/Jan/2026:04:33:41 +0700] "GET /wp-includes/Text/Diff/ HTTP/2" 200 702 "https://netfinitynetwork.com/wp-includes/Text/Diff" "Mozilla/5.0 AppleWebKit/537.36 (KHTML, like Gecko; compatible; ClaudeBot/1.0; +claudebot@anthropic.com)"
216.73.216.222 - - [18/Jan/2026:04:33:42 +0700] "GET /wp-includes/Text/Diff.php HTTP/2" 200 0 "-" "Mozilla/5.0 AppleWebKit/537.36 (KHTML, like Gecko; compatible; ClaudeBot/1.0; +claudebot@anthropic.com)"
216.73.216.222 - - [18/Jan/2026:04:33:42 +0700] "GET /wp-includes/SimplePie/src/HTTP HTTP/2" 301 795 "-" "Mozilla/5.0 AppleWebKit/537.36 (KHTML, like Gecko; compatible; ClaudeBot/1.0; +claudebot@anthropic.com)"
216.73.216.222 - - [18/Jan/2026:04:33:42 +0700] "GET /wp-includes/SimplePie/src/HTTP/ HTTP/2" 200 1146 "https://netfinitynetwork.com/wp-includes/SimplePie/src/HTTP" "Mozilla/5.0 AppleWebKit/537.36 (KHTML, like Gecko; compatible; ClaudeBot/1.0; +claudebot@anthropic.com)"
216.73.216.222 - - [18/Jan/2026:04:33:43 +0700] "GET /wp-includes/SimplePie/src/File.php HTTP/2" 500 0 "-" "Mozilla/5.0 AppleWebKit/537.36 (KHTML, like Gecko; compatible; ClaudeBot/1.0; +claudebot@anthropic.com)"
74.7.241.60 - - [18/Jan/2026:04:33:43 +0700] "GET /wp-includes/rest-api/fields/error_log HTTP/2" 403 1242 "https://mail.netfinitynetwork.com/wp-includes/rest-api/fields/" "Mozilla/5.0 AppleWebKit/537.36 (KHTML, like Gecko; compatible; GPTBot/1.3; +https://openai.com/gptbot)"
74.7.243.196 - - [18/Jan/2026:04:33:48 +0700] "GET /wp-includes/js/hoverIntent.js HTTP/2" 200 2268 "https://www.netfinitynetwork.com/wp-includes/js/" "Mozilla/5.0 AppleWebKit/537.36 (KHTML, like Gecko; compatible; GPTBot/1.3; +https://openai.com/gptbot)"
74.7.227.136 - - [18/Jan/2026:04:34:07 +0700] "GET /wp-includes/sodium_compat/src/Core/Curve25519/Ge/ HTTP/2" 200 742 "https://www.netfinitynetwork.idm01.my.id/wp-includes/sodium_compat/src/Core/Curve25519/" "Mozilla/5.0 AppleWebKit/537.36 (KHTML, like Gecko; compatible; GPTBot/1.3; +https://openai.com/gptbot)"
74.7.243.201 - - [18/Jan/2026:04:34:09 +0700] "GET /wp-includes/js/jquery/ui/menu.min.js HTTP/2" 200 2917 "https://netfinitynetwork.idm01.my.id/wp-includes/js/jquery/ui/" "Mozilla/5.0 AppleWebKit/537.36 (KHTML, like Gecko; compatible; GPTBot/1.3; +https://openai.com/gptbot)"
74.7.243.232 - - [18/Jan/2026:04:34:12 +0700] "GET /wp-includes/sodium_compat/src/Core/AEGIS256.php HTTP/2" 500 0 "https://netfinitynetwork.com/wp-includes/sodium_compat/src/Core/" "Mozilla/5.0 AppleWebKit/537.36 (KHTML, like Gecko; compatible; GPTBot/1.3; +https://openai.com/gptbot)"
74.7.243.196 - - [18/Jan/2026:04:34:27 +0700] "GET /wp-includes/js/dist/script-modules/block-library/search/ HTTP/2" 200 676 "https://www.netfinitynetwork.com/wp-includes/js/dist/script-modules/block-library/" "Mozilla/5.0 AppleWebKit/537.36 (KHTML, like Gecko; compatible; GPTBot/1.3; +https://openai.com/gptbot)"
74.7.227.136 - - [18/Jan/2026:04:34:32 +0700] "GET /wp-includes/rest-api/endpoints/class-wp-rest-abilities-v1-run-controller.php HTTP/2" 500 0 "https://www.netfinitynetwork.idm01.my.id/wp-includes/rest-api/endpoints/" "Mozilla/5.0 AppleWebKit/537.36 (KHTML, like Gecko; compatible; GPTBot/1.3; +https://openai.com/gptbot)"
74.7.243.201 - - [18/Jan/2026:04:34:40 +0700] "GET /wp-includes/Text/Diff.php HTTP/2" 200 0 "https://netfinitynetwork.idm01.my.id/wp-includes/Text/" "Mozilla/5.0 AppleWebKit/537.36 (KHTML, like Gecko; compatible; GPTBot/1.3; +https://openai.com/gptbot)"
74.7.241.60 - - [18/Jan/2026:04:34:46 +0700] "GET /wp-includes/rest-api/fields/class-wp-rest-meta-fields.php HTTP/2" 200 0 "https://mail.netfinitynetwork.com/wp-includes/rest-api/fields/" "Mozilla/5.0 AppleWebKit/537.36 (KHTML, like Gecko; compatible; GPTBot/1.3; +https://openai.com/gptbot)"
74.7.227.136 - - [18/Jan/2026:04:34:53 +0700] "GET /wp-includes/js/hoverIntent.min.js HTTP/2" 200 668 "https://www.netfinitynetwork.idm01.my.id/wp-includes/js/" "Mozilla/5.0 AppleWebKit/537.36 (KHTML, like Gecko; compatible; GPTBot/1.3; +https://openai.com/gptbot)"
74.7.243.232 - - [18/Jan/2026:04:34:57 +0700] "GET /wp-includes/js/media-grid.js HTTP/2" 200 6602 "https://netfinitynetwork.com/wp-includes/js/" "Mozilla/5.0 AppleWebKit/537.36 (KHTML, like Gecko; compatible; GPTBot/1.3; +https://openai.com/gptbot)"
74.7.243.196 - - [18/Jan/2026:04:35:01 +0700] "GET /wp-includes/js/dist/script-modules/block-library/accordion/ HTTP/2" 200 681 "https://www.netfinitynetwork.com/wp-includes/js/dist/script-modules/block-library/" "Mozilla/5.0 AppleWebKit/537.36 (KHTML, like Gecko; compatible; GPTBot/1.3; +https://openai.com/gptbot)"
216.73.216.222 - - [18/Jan/2026:04:35:07 +0700] "GET /wp-includes/SimplePie/src/Misc.php HTTP/2" 200 0 "-" "Mozilla/5.0 AppleWebKit/537.36 (KHTML, like Gecko; compatible; ClaudeBot/1.0; +claudebot@anthropic.com)"
216.73.216.222 - - [18/Jan/2026:04:35:07 +0700] "GET /wp-includes/interactivity-api/interactivity-api.php HTTP/2" 200 0 "-" "Mozilla/5.0 AppleWebKit/537.36 (KHTML, like Gecko; compatible; ClaudeBot/1.0; +claudebot@anthropic.com)"
216.73.216.222 - - [18/Jan/2026:04:35:08 +0700] "GET /wp-includes/style-engine HTTP/2" 301 795 "-" "Mozilla/5.0 AppleWebKit/537.36 (KHTML, like Gecko; compatible; ClaudeBot/1.0; +claudebot@anthropic.com)"
216.73.216.222 - - [18/Jan/2026:04:35:08 +0700] "GET /wp-includes/SimplePie/src/Cache.php HTTP/2" 200 0 "-" "Mozilla/5.0 AppleWebKit/537.36 (KHTML, like Gecko; compatible; ClaudeBot/1.0; +claudebot@anthropic.com)"
