74.7.243.196 - - [18/Jan/2026:03:15:54 +0700] "GET /wp-includes/js/dist/wordcount.min.js HTTP/2" 200 1204 "https://www.netfinitynetwork.com/wp-includes/js/dist/" "Mozilla/5.0 AppleWebKit/537.36 (KHTML, like Gecko; compatible; GPTBot/1.3; +https://openai.com/gptbot)"
74.7.243.196 - - [18/Jan/2026:03:15:55 +0700] "GET /wp-includes/js/dist/data-controls.js HTTP/2" 200 1117 "https://www.netfinitynetwork.com/wp-includes/js/dist/" "Mozilla/5.0 AppleWebKit/537.36 (KHTML, like Gecko; compatible; GPTBot/1.3; +https://openai.com/gptbot)"
74.7.243.201 - - [18/Jan/2026:03:15:56 +0700] "GET /wp-includes/js/plupload/handlers.min.js HTTP/2" 200 3601 "https://netfinitynetwork.idm01.my.id/wp-includes/js/plupload/" "Mozilla/5.0 AppleWebKit/537.36 (KHTML, like Gecko; compatible; GPTBot/1.3; +https://openai.com/gptbot)"
74.7.243.196 - - [18/Jan/2026:03:15:56 +0700] "GET /wp-includes/js/dist/style-engine.js HTTP/2" 200 9163 "https://www.netfinitynetwork.com/wp-includes/js/dist/" "Mozilla/5.0 AppleWebKit/537.36 (KHTML, like Gecko; compatible; GPTBot/1.3; +https://openai.com/gptbot)"
74.7.243.196 - - [18/Jan/2026:03:15:56 +0700] "GET /wp-includes/js/dist/patterns.js HTTP/2" 200 11217 "https://www.netfinitynetwork.com/wp-includes/js/dist/" "Mozilla/5.0 AppleWebKit/537.36 (KHTML, like Gecko; compatible; GPTBot/1.3; +https://openai.com/gptbot)"
74.7.243.196 - - [18/Jan/2026:03:15:57 +0700] "GET /wp-includes/js/dist/compose.js HTTP/2" 200 34057 "https://www.netfinitynetwork.com/wp-includes/js/dist/" "Mozilla/5.0 AppleWebKit/537.36 (KHTML, like Gecko; compatible; GPTBot/1.3; +https://openai.com/gptbot)"
74.7.243.232 - - [18/Jan/2026:03:15:58 +0700] "GET /wp-includes/IXR/class-IXR-base64.php HTTP/2" 200 0 "https://netfinitynetwork.com/wp-includes/IXR/" "Mozilla/5.0 AppleWebKit/537.36 (KHTML, like Gecko; compatible; GPTBot/1.3; +https://openai.com/gptbot)"
74.7.243.196 - - [18/Jan/2026:03:15:58 +0700] "GET /wp-includes/js/dist/commands.min.js HTTP/2" 200 15932 "https://www.netfinitynetwork.com/wp-includes/js/dist/" "Mozilla/5.0 AppleWebKit/537.36 (KHTML, like Gecko; compatible; GPTBot/1.3; +https://openai.com/gptbot)"
74.7.243.196 - - [18/Jan/2026:03:15:59 +0700] "GET /wp-includes/js/dist/patterns.min.js HTTP/2" 200 7012 "https://www.netfinitynetwork.com/wp-includes/js/dist/" "Mozilla/5.0 AppleWebKit/537.36 (KHTML, like Gecko; compatible; GPTBot/1.3; +https://openai.com/gptbot)"
74.7.243.196 - - [18/Jan/2026:03:15:59 +0700] "GET /wp-includes/js/dist/commands.js HTTP/2" 200 39437 "https://www.netfinitynetwork.com/wp-includes/js/dist/" "Mozilla/5.0 AppleWebKit/537.36 (KHTML, like Gecko; compatible; GPTBot/1.3; +https://openai.com/gptbot)"
74.7.243.196 - - [18/Jan/2026:03:16:00 +0700] "GET /wp-includes/js/dist/viewport.js HTTP/2" 200 1757 "https://www.netfinitynetwork.com/wp-includes/js/dist/" "Mozilla/5.0 AppleWebKit/537.36 (KHTML, like Gecko; compatible; GPTBot/1.3; +https://openai.com/gptbot)"
74.7.243.196 - - [18/Jan/2026:03:16:01 +0700] "GET /wp-includes/js/dist/warning.js HTTP/2" 200 556 "https://www.netfinitynetwork.com/wp-includes/js/dist/" "Mozilla/5.0 AppleWebKit/537.36 (KHTML, like Gecko; compatible; GPTBot/1.3; +https://openai.com/gptbot)"
74.7.243.196 - - [18/Jan/2026:03:16:01 +0700] "GET /wp-includes/js/dist/media-utils.js HTTP/2" 200 5453 "https://www.netfinitynetwork.com/wp-includes/js/dist/" "Mozilla/5.0 AppleWebKit/537.36 (KHTML, like Gecko; compatible; GPTBot/1.3; +https://openai.com/gptbot)"
74.7.243.196 - - [18/Jan/2026:03:16:02 +0700] "GET /wp-includes/js/dist/warning.min.js HTTP/2" 200 202 "https://www.netfinitynetwork.com/wp-includes/js/dist/" "Mozilla/5.0 AppleWebKit/537.36 (KHTML, like Gecko; compatible; GPTBot/1.3; +https://openai.com/gptbot)"
74.7.243.196 - - [18/Jan/2026:03:16:02 +0700] "GET /wp-includes/js/dist/notices.min.js HTTP/2" 200 875 "https://www.netfinitynetwork.com/wp-includes/js/dist/" "Mozilla/5.0 AppleWebKit/537.36 (KHTML, like Gecko; compatible; GPTBot/1.3; +https://openai.com/gptbot)"
74.7.243.196 - - [18/Jan/2026:03:16:03 +0700] "GET /wp-includes/js/dist/widgets.min.js HTTP/2" 200 6793 "https://www.netfinitynetwork.com/wp-includes/js/dist/" "Mozilla/5.0 AppleWebKit/537.36 (KHTML, like Gecko; compatible; GPTBot/1.3; +https://openai.com/gptbot)"
74.7.243.196 - - [18/Jan/2026:03:16:03 +0700] "GET /wp-includes/js/dist/base-styles.js HTTP/2" 200 177 "https://www.netfinitynetwork.com/wp-includes/js/dist/" "Mozilla/5.0 AppleWebKit/537.36 (KHTML, like Gecko; compatible; GPTBot/1.3; +https://openai.com/gptbot)"
74.7.243.196 - - [18/Jan/2026:03:16:04 +0700] "GET /wp-includes/js/dist/plugins.min.js HTTP/2" 200 1772 "https://www.netfinitynetwork.com/wp-includes/js/dist/" "Mozilla/5.0 AppleWebKit/537.36 (KHTML, like Gecko; compatible; GPTBot/1.3; +https://openai.com/gptbot)"
74.7.243.196 - - [18/Jan/2026:03:16:04 +0700] "GET /wp-includes/js/dist/compose.min.js HTTP/2" 200 12437 "https://www.netfinitynetwork.com/wp-includes/js/dist/" "Mozilla/5.0 AppleWebKit/537.36 (KHTML, like Gecko; compatible; GPTBot/1.3; +https://openai.com/gptbot)"
74.7.243.196 - - [18/Jan/2026:03:16:05 +0700] "GET /wp-includes/js/dist/script-modules/a11y/ HTTP/2" 200 687 "https://www.netfinitynetwork.com/wp-includes/js/dist/script-modules/" "Mozilla/5.0 AppleWebKit/537.36 (KHTML, like Gecko; compatible; GPTBot/1.3; +https://openai.com/gptbot)"
74.7.243.232 - - [18/Jan/2026:03:16:05 +0700] "GET /wp-includes/IXR/class-IXR-request.php HTTP/2" 200 0 "https://netfinitynetwork.com/wp-includes/IXR/" "Mozilla/5.0 AppleWebKit/537.36 (KHTML, like Gecko; compatible; GPTBot/1.3; +https://openai.com/gptbot)"
74.7.243.196 - - [18/Jan/2026:03:16:05 +0700] "GET /wp-includes/rest-api/?SD HTTP/2" 200 1117 "https://www.netfinitynetwork.com/wp-includes/rest-api/?SA" "Mozilla/5.0 AppleWebKit/537.36 (KHTML, like Gecko; compatible; GPTBot/1.3; +https://openai.com/gptbot)"
74.7.243.196 - - [18/Jan/2026:03:16:06 +0700] "GET /wp-includes/rest-api/?MD HTTP/2" 200 1119 "https://www.netfinitynetwork.com/wp-includes/rest-api/?MA" "Mozilla/5.0 AppleWebKit/537.36 (KHTML, like Gecko; compatible; GPTBot/1.3; +https://openai.com/gptbot)"
74.7.243.196 - - [18/Jan/2026:03:16:06 +0700] "GET /wp-includes/rest-api/?NA HTTP/2" 200 1117 "https://www.netfinitynetwork.com/wp-includes/rest-api/?SA" "Mozilla/5.0 AppleWebKit/537.36 (KHTML, like Gecko; compatible; GPTBot/1.3; +https://openai.com/gptbot)"
74.7.243.196 - - [18/Jan/2026:03:16:07 +0700] "GET /wp-includes/class-json.php HTTP/2" 500 0 "https://www.netfinitynetwork.com/wp-includes/" "Mozilla/5.0 AppleWebKit/537.36 (KHTML, like Gecko; compatible; GPTBot/1.3; +https://openai.com/gptbot)"
74.7.243.196 - - [18/Jan/2026:03:16:07 +0700] "GET /wp-includes/l10n/class-wp-translations.php HTTP/2" 200 0 "https://www.netfinitynetwork.com/wp-includes/l10n/" "Mozilla/5.0 AppleWebKit/537.36 (KHTML, like Gecko; compatible; GPTBot/1.3; +https://openai.com/gptbot)"
74.7.243.196 - - [18/Jan/2026:03:16:09 +0700] "GET /wp-includes/js/customize-models.js HTTP/2" 200 1800 "https://www.netfinitynetwork.com/wp-includes/js/" "Mozilla/5.0 AppleWebKit/537.36 (KHTML, like Gecko; compatible; GPTBot/1.3; +https://openai.com/gptbot)"
74.7.243.196 - - [18/Jan/2026:03:16:10 +0700] "GET /wp-includes/js/imagesloaded.min.js HTTP/2" 200 1687 "https://www.netfinitynetwork.com/wp-includes/js/" "Mozilla/5.0 AppleWebKit/537.36 (KHTML, like Gecko; compatible; GPTBot/1.3; +https://openai.com/gptbot)"
74.7.243.196 - - [18/Jan/2026:03:16:12 +0700] "GET /wp-includes/js/media-audiovideo.js HTTP/2" 200 5192 "https://www.netfinitynetwork.com/wp-includes/js/" "Mozilla/5.0 AppleWebKit/537.36 (KHTML, like Gecko; compatible; GPTBot/1.3; +https://openai.com/gptbot)"
74.7.243.232 - - [18/Jan/2026:03:16:12 +0700] "GET /wp-includes/js/dist/list-reusable-blocks.js HTTP/2" 200 8574 "https://netfinitynetwork.com/wp-includes/js/dist/" "Mozilla/5.0 AppleWebKit/537.36 (KHTML, like Gecko; compatible; GPTBot/1.3; +https://openai.com/gptbot)"
74.7.243.196 - - [18/Jan/2026:03:16:13 +0700] "GET /wp-includes/js/jcrop/?ND HTTP/2" 200 716 "https://www.netfinitynetwork.com/wp-includes/js/jcrop/" "Mozilla/5.0 AppleWebKit/537.36 (KHTML, like Gecko; compatible; GPTBot/1.3; +https://openai.com/gptbot)"
74.7.243.196 - - [18/Jan/2026:03:16:14 +0700] "GET /wp-includes/js/jcrop/?SA HTTP/2" 200 723 "https://www.netfinitynetwork.com/wp-includes/js/jcrop/" "Mozilla/5.0 AppleWebKit/537.36 (KHTML, like Gecko; compatible; GPTBot/1.3; +https://openai.com/gptbot)"
74.7.243.196 - - [18/Jan/2026:03:16:15 +0700] "GET /wp-includes/js/jcrop/?MA HTTP/2" 200 729 "https://www.netfinitynetwork.com/wp-includes/js/jcrop/" "Mozilla/5.0 AppleWebKit/537.36 (KHTML, like Gecko; compatible; GPTBot/1.3; +https://openai.com/gptbot)"
74.7.243.196 - - [18/Jan/2026:03:16:16 +0700] "GET /wp-includes/js/jquery/ui/ HTTP/2" 200 2449 "https://www.netfinitynetwork.com/wp-includes/js/jquery/" "Mozilla/5.0 AppleWebKit/537.36 (KHTML, like Gecko; compatible; GPTBot/1.3; +https://openai.com/gptbot)"
74.7.243.196 - - [18/Jan/2026:03:16:17 +0700] "GET /wp-includes/class-wp-network.php HTTP/2" 200 0 "https://www.netfinitynetwork.com/wp-includes/" "Mozilla/5.0 AppleWebKit/537.36 (KHTML, like Gecko; compatible; GPTBot/1.3; +https://openai.com/gptbot)"
74.7.243.196 - - [18/Jan/2026:03:16:17 +0700] "GET /wp-includes/js/dist/'+t+' HTTP/2" 404 1251 "https://www.netfinitynetwork.com/wp-includes/js/dist/core-data.min.js" "Mozilla/5.0 AppleWebKit/537.36 (KHTML, like Gecko; compatible; GPTBot/1.3; +https://openai.com/gptbot)"
74.7.243.196 - - [18/Jan/2026:03:16:18 +0700] "GET /wp-includes/sodium_compat/namespaced/Core/X25519.php HTTP/2" 500 0 "https://www.netfinitynetwork.com/wp-includes/sodium_compat/namespaced/Core/" "Mozilla/5.0 AppleWebKit/537.36 (KHTML, like Gecko; compatible; GPTBot/1.3; +https://openai.com/gptbot)"
74.7.243.232 - - [18/Jan/2026:03:16:18 +0700] "GET /wp-includes/js/dist/reusable-blocks.min.js HTTP/2" 200 2342 "https://netfinitynetwork.com/wp-includes/js/dist/" "Mozilla/5.0 AppleWebKit/537.36 (KHTML, like Gecko; compatible; GPTBot/1.3; +https://openai.com/gptbot)"
74.7.243.196 - - [18/Jan/2026:03:16:18 +0700] "GET /wp-includes/sodium_compat/namespaced/Core/Ed25519.php HTTP/2" 500 0 "https://www.netfinitynetwork.com/wp-includes/sodium_compat/namespaced/Core/" "Mozilla/5.0 AppleWebKit/537.36 (KHTML, like Gecko; compatible; GPTBot/1.3; +https://openai.com/gptbot)"
74.7.227.136 - - [18/Jan/2026:03:16:19 +0700] "GET /wp-includes/IXR/?SD HTTP/2" 200 1261 "https://www.netfinitynetwork.idm01.my.id/wp-includes/IXR/?SA" "Mozilla/5.0 AppleWebKit/537.36 (KHTML, like Gecko; compatible; GPTBot/1.3; +https://openai.com/gptbot)"
74.7.243.196 - - [18/Jan/2026:03:16:20 +0700] "GET /wp-includes/sodium_compat/namespaced/Core/Curve25519/Fe.php HTTP/2" 500 0 "https://www.netfinitynetwork.com/wp-includes/sodium_compat/namespaced/Core/Curve25519/" "Mozilla/5.0 AppleWebKit/537.36 (KHTML, like Gecko; compatible; GPTBot/1.3; +https://openai.com/gptbot)"
74.7.243.232 - - [18/Jan/2026:03:16:24 +0700] "GET /wp-includes/js/dist/block-directory.min.js HTTP/2" 200 6714 "https://netfinitynetwork.com/wp-includes/js/dist/" "Mozilla/5.0 AppleWebKit/537.36 (KHTML, like Gecko; compatible; GPTBot/1.3; +https://openai.com/gptbot)"
74.7.243.196 - - [18/Jan/2026:03:16:26 +0700] "GET /wp-includes/js/masonry.min.js HTTP/2" 200 7117 "https://www.netfinitynetwork.com/wp-includes/js/" "Mozilla/5.0 AppleWebKit/537.36 (KHTML, like Gecko; compatible; GPTBot/1.3; +https://openai.com/gptbot)"
74.7.243.232 - - [18/Jan/2026:03:16:28 +0700] "GET /wp-includes/js/dist/priority-queue.min.js HTTP/2" 200 1450 "https://netfinitynetwork.com/wp-includes/js/dist/" "Mozilla/5.0 AppleWebKit/537.36 (KHTML, like Gecko; compatible; GPTBot/1.3; +https://openai.com/gptbot)"
74.7.241.60 - - [18/Jan/2026:03:16:29 +0700] "GET /wp-includes/js/dist/edit-post.min.js HTTP/2" 200 13246 "https://mail.netfinitynetwork.com/wp-includes/js/dist/" "Mozilla/5.0 AppleWebKit/537.36 (KHTML, like Gecko; compatible; GPTBot/1.3; +https://openai.com/gptbot)"
74.7.243.232 - - [18/Jan/2026:03:16:33 +0700] "GET /wp-includes/js/dist/keyboard-shortcuts.js HTTP/2" 200 2179 "https://netfinitynetwork.com/wp-includes/js/dist/" "Mozilla/5.0 AppleWebKit/537.36 (KHTML, like Gecko; compatible; GPTBot/1.3; +https://openai.com/gptbot)"
74.7.243.201 - - [18/Jan/2026:03:16:37 +0700] "GET /wp-includes/js/'%20+%20this.controller.state().get('src')%20+%20' HTTP/2" 404 1251 "https://netfinitynetwork.idm01.my.id/wp-includes/js/media-views.js" "Mozilla/5.0 AppleWebKit/537.36 (KHTML, like Gecko; compatible; GPTBot/1.3; +https://openai.com/gptbot)"
74.7.243.232 - - [18/Jan/2026:03:16:37 +0700] "GET /wp-includes/IXR/class-IXR-message.php HTTP/2" 200 0 "https://netfinitynetwork.com/wp-includes/IXR/" "Mozilla/5.0 AppleWebKit/537.36 (KHTML, like Gecko; compatible; GPTBot/1.3; +https://openai.com/gptbot)"
74.7.243.232 - - [18/Jan/2026:03:16:41 +0700] "GET /wp-includes/js/dist/keycodes.js HTTP/2" 200 2239 "https://netfinitynetwork.com/wp-includes/js/dist/" "Mozilla/5.0 AppleWebKit/537.36 (KHTML, like Gecko; compatible; GPTBot/1.3; +https://openai.com/gptbot)"
74.7.243.196 - - [18/Jan/2026:03:16:43 +0700] "GET /wp-includes/js/',attachment.get(%20'url'%20),' HTTP/2" 404 1251 "https://www.netfinitynetwork.com/wp-includes/js/media-audiovideo.js" "Mozilla/5.0 AppleWebKit/537.36 (KHTML, like Gecko; compatible; GPTBot/1.3; +https://openai.com/gptbot)"
74.7.243.232 - - [18/Jan/2026:03:16:44 +0700] "GET /wp-includes/js/dist/keycodes.min.js HTTP/2" 200 1290 "https://netfinitynetwork.com/wp-includes/js/dist/" "Mozilla/5.0 AppleWebKit/537.36 (KHTML, like Gecko; compatible; GPTBot/1.3; +https://openai.com/gptbot)"
74.7.243.232 - - [18/Jan/2026:03:16:47 +0700] "GET /wp-includes/js/dist/script-modules/ HTTP/2" 200 720 "https://netfinitynetwork.com/wp-includes/js/dist/" "Mozilla/5.0 AppleWebKit/537.36 (KHTML, like Gecko; compatible; GPTBot/1.3; +https://openai.com/gptbot)"
74.7.227.136 - - [18/Jan/2026:03:16:48 +0700] "GET /wp-includes/IXR/?MD HTTP/2" 200 1255 "https://www.netfinitynetwork.idm01.my.id/wp-includes/IXR/?MA" "Mozilla/5.0 AppleWebKit/537.36 (KHTML, like Gecko; compatible; GPTBot/1.3; +https://openai.com/gptbot)"
74.7.243.232 - - [18/Jan/2026:03:16:49 +0700] "GET /wp-includes/IXR/class-IXR-client.php HTTP/2" 200 0 "https://netfinitynetwork.com/wp-includes/IXR/" "Mozilla/5.0 AppleWebKit/537.36 (KHTML, like Gecko; compatible; GPTBot/1.3; +https://openai.com/gptbot)"
74.7.243.232 - - [18/Jan/2026:03:16:52 +0700] "GET /wp-includes/IXR/class-IXR-server.php HTTP/2" 200 0 "https://netfinitynetwork.com/wp-includes/IXR/" "Mozilla/5.0 AppleWebKit/537.36 (KHTML, like Gecko; compatible; GPTBot/1.3; +https://openai.com/gptbot)"
74.7.243.232 - - [18/Jan/2026:03:16:54 +0700] "GET /wp-includes/IXR/class-IXR-value.php HTTP/2" 200 0 "https://netfinitynetwork.com/wp-includes/IXR/" "Mozilla/5.0 AppleWebKit/537.36 (KHTML, like Gecko; compatible; GPTBot/1.3; +https://openai.com/gptbot)"
74.7.243.232 - - [18/Jan/2026:03:16:56 +0700] "GET /wp-includes/js/dist/?SA HTTP/2" 200 3767 "https://netfinitynetwork.com/wp-includes/js/dist/" "Mozilla/5.0 AppleWebKit/537.36 (KHTML, like Gecko; compatible; GPTBot/1.3; +https://openai.com/gptbot)"
74.7.243.196 - - [18/Jan/2026:03:16:57 +0700] "GET /wp-includes/js/jcrop/?NA HTTP/2" 200 720 "https://www.netfinitynetwork.com/wp-includes/js/jcrop/?ND" "Mozilla/5.0 AppleWebKit/537.36 (KHTML, like Gecko; compatible; GPTBot/1.3; +https://openai.com/gptbot)"
74.7.243.232 - - [18/Jan/2026:03:16:57 +0700] "GET /wp-includes/js/dist/?MA HTTP/2" 200 3977 "https://netfinitynetwork.com/wp-includes/js/dist/" "Mozilla/5.0 AppleWebKit/537.36 (KHTML, like Gecko; compatible; GPTBot/1.3; +https://openai.com/gptbot)"
74.7.243.232 - - [18/Jan/2026:03:16:59 +0700] "GET /wp-includes/js/dist/?ND HTTP/2" 200 3712 "https://netfinitynetwork.com/wp-includes/js/dist/" "Mozilla/5.0 AppleWebKit/537.36 (KHTML, like Gecko; compatible; GPTBot/1.3; +https://openai.com/gptbot)"
74.7.243.232 - - [18/Jan/2026:03:17:00 +0700] "GET /wp-includes/js/dist/core-data.min.js HTTP/2" 200 20409 "https://netfinitynetwork.com/wp-includes/js/dist/" "Mozilla/5.0 AppleWebKit/537.36 (KHTML, like Gecko; compatible; GPTBot/1.3; +https://openai.com/gptbot)"
74.7.243.232 - - [18/Jan/2026:03:17:01 +0700] "GET /wp-includes/js/dist/api-fetch.min.js HTTP/2" 200 2304 "https://netfinitynetwork.com/wp-includes/js/dist/" "Mozilla/5.0 AppleWebKit/537.36 (KHTML, like Gecko; compatible; GPTBot/1.3; +https://openai.com/gptbot)"
74.7.243.232 - - [18/Jan/2026:03:17:03 +0700] "GET /wp-includes/js/dist/dom-ready.min.js HTTP/2" 200 275 "https://netfinitynetwork.com/wp-includes/js/dist/" "Mozilla/5.0 AppleWebKit/537.36 (KHTML, like Gecko; compatible; GPTBot/1.3; +https://openai.com/gptbot)"
74.7.243.232 - - [18/Jan/2026:03:17:04 +0700] "GET /wp-includes/js/dist/rich-text.min.js HTTP/2" 200 11891 "https://netfinitynetwork.com/wp-includes/js/dist/" "Mozilla/5.0 AppleWebKit/537.36 (KHTML, like Gecko; compatible; GPTBot/1.3; +https://openai.com/gptbot)"
74.7.243.232 - - [18/Jan/2026:03:17:04 +0700] "GET /wp-includes/IXR/class-IXR-date.php HTTP/2" 200 0 "https://netfinitynetwork.com/wp-includes/IXR/" "Mozilla/5.0 AppleWebKit/537.36 (KHTML, like Gecko; compatible; GPTBot/1.3; +https://openai.com/gptbot)"
74.7.243.232 - - [18/Jan/2026:03:17:05 +0700] "GET /wp-includes/js/dist/server-side-render.js HTTP/2" 200 2432 "https://netfinitynetwork.com/wp-includes/js/dist/" "Mozilla/5.0 AppleWebKit/537.36 (KHTML, like Gecko; compatible; GPTBot/1.3; +https://openai.com/gptbot)"
74.7.243.232 - - [18/Jan/2026:03:17:06 +0700] "GET /wp-includes/js/dist/reusable-blocks.js HTTP/2" 200 3983 "https://netfinitynetwork.com/wp-includes/js/dist/" "Mozilla/5.0 AppleWebKit/537.36 (KHTML, like Gecko; compatible; GPTBot/1.3; +https://openai.com/gptbot)"
74.7.243.232 - - [18/Jan/2026:03:17:07 +0700] "GET /wp-includes/js/dist/block-directory.js HTTP/2" 200 15880 "https://netfinitynetwork.com/wp-includes/js/dist/" "Mozilla/5.0 AppleWebKit/537.36 (KHTML, like Gecko; compatible; GPTBot/1.3; +https://openai.com/gptbot)"
74.7.243.232 - - [18/Jan/2026:03:17:07 +0700] "GET /wp-includes/js/dist/?SD HTTP/2" 200 3770 "https://netfinitynetwork.com/wp-includes/js/dist/?SA" "Mozilla/5.0 AppleWebKit/537.36 (KHTML, like Gecko; compatible; GPTBot/1.3; +https://openai.com/gptbot)"
74.7.243.232 - - [18/Jan/2026:03:17:08 +0700] "GET /wp-includes/js/dist/?MD HTTP/2" 200 3968 "https://netfinitynetwork.com/wp-includes/js/dist/?MA" "Mozilla/5.0 AppleWebKit/537.36 (KHTML, like Gecko; compatible; GPTBot/1.3; +https://openai.com/gptbot)"
74.7.243.232 - - [18/Jan/2026:03:17:08 +0700] "GET /wp-includes/js/dist/?NA HTTP/2" 200 3741 "https://netfinitynetwork.com/wp-includes/js/dist/?SA" "Mozilla/5.0 AppleWebKit/537.36 (KHTML, like Gecko; compatible; GPTBot/1.3; +https://openai.com/gptbot)"
74.7.243.232 - - [18/Jan/2026:03:17:09 +0700] "GET /wp-includes/js/dist/customize-widgets.js HTTP/2" 200 16653 "https://netfinitynetwork.com/wp-includes/js/dist/" "Mozilla/5.0 AppleWebKit/537.36 (KHTML, like Gecko; compatible; GPTBot/1.3; +https://openai.com/gptbot)"
74.7.243.232 - - [18/Jan/2026:03:17:09 +0700] "GET /wp-includes/js/dist/html-entities.js HTTP/2" 200 671 "https://netfinitynetwork.com/wp-includes/js/dist/" "Mozilla/5.0 AppleWebKit/537.36 (KHTML, like Gecko; compatible; GPTBot/1.3; +https://openai.com/gptbot)"
74.7.243.232 - - [18/Jan/2026:03:17:10 +0700] "GET /wp-includes/js/dist/dom.min.js HTTP/2" 200 4539 "https://netfinitynetwork.com/wp-includes/js/dist/" "Mozilla/5.0 AppleWebKit/537.36 (KHTML, like Gecko; compatible; GPTBot/1.3; +https://openai.com/gptbot)"
74.7.243.232 - - [18/Jan/2026:03:17:11 +0700] "GET /wp-includes/js/dist/nux.min.js HTTP/2" 200 1501 "https://netfinitynetwork.com/wp-includes/js/dist/" "Mozilla/5.0 AppleWebKit/537.36 (KHTML, like Gecko; compatible; GPTBot/1.3; +https://openai.com/gptbot)"
74.7.243.232 - - [18/Jan/2026:03:17:11 +0700] "GET /wp-includes/js/dist/media-utils.min.js HTTP/2" 200 3482 "https://netfinitynetwork.com/wp-includes/js/dist/" "Mozilla/5.0 AppleWebKit/537.36 (KHTML, like Gecko; compatible; GPTBot/1.3; +https://openai.com/gptbot)"
74.7.243.232 - - [18/Jan/2026:03:17:12 +0700] "GET /wp-includes/js/dist/base-styles.min.js HTTP/2" 200 75 "https://netfinitynetwork.com/wp-includes/js/dist/" "Mozilla/5.0 AppleWebKit/537.36 (KHTML, like Gecko; compatible; GPTBot/1.3; +https://openai.com/gptbot)"
74.7.243.232 - - [18/Jan/2026:03:17:12 +0700] "GET /wp-includes/js/dist/edit-site.min.js HTTP/2" 200 231837 "https://netfinitynetwork.com/wp-includes/js/dist/" "Mozilla/5.0 AppleWebKit/537.36 (KHTML, like Gecko; compatible; GPTBot/1.3; +https://openai.com/gptbot)"
74.7.243.196 - - [18/Jan/2026:03:17:12 +0700] "GET /wp-includes/js/jcrop/?SD HTTP/2" 200 720 "https://www.netfinitynetwork.com/wp-includes/js/jcrop/?SA" "Mozilla/5.0 AppleWebKit/537.36 (KHTML, like Gecko; compatible; GPTBot/1.3; +https://openai.com/gptbot)"
74.7.227.136 - - [18/Jan/2026:03:17:13 +0700] "GET /wp-includes/IXR/class-IXR-error.php HTTP/2" 200 0 "https://www.netfinitynetwork.idm01.my.id/wp-includes/IXR/" "Mozilla/5.0 AppleWebKit/537.36 (KHTML, like Gecko; compatible; GPTBot/1.3; +https://openai.com/gptbot)"
74.7.243.201 - - [18/Jan/2026:03:17:13 +0700] "GET /wp-includes/js/thickbox/%22+url+%22 HTTP/2" 404 1251 "https://netfinitynetwork.idm01.my.id/wp-includes/js/thickbox/thickbox.js" "Mozilla/5.0 AppleWebKit/537.36 (KHTML, like Gecko; compatible; GPTBot/1.3; +https://openai.com/gptbot)"
74.7.243.232 - - [18/Jan/2026:03:17:13 +0700] "GET /wp-includes/js/dist/private-apis.js HTTP/2" 200 1443 "https://netfinitynetwork.com/wp-includes/js/dist/" "Mozilla/5.0 AppleWebKit/537.36 (KHTML, like Gecko; compatible; GPTBot/1.3; +https://openai.com/gptbot)"
74.7.243.232 - - [18/Jan/2026:03:17:14 +0700] "GET /wp-includes/js/dist/blob.min.js HTTP/2" 200 505 "https://netfinitynetwork.com/wp-includes/js/dist/" "Mozilla/5.0 AppleWebKit/537.36 (KHTML, like Gecko; compatible; GPTBot/1.3; +https://openai.com/gptbot)"
74.7.243.232 - - [18/Jan/2026:03:17:14 +0700] "GET /wp-includes/js/dist/date.min.js HTTP/2" 200 36299 "https://netfinitynetwork.com/wp-includes/js/dist/" "Mozilla/5.0 AppleWebKit/537.36 (KHTML, like Gecko; compatible; GPTBot/1.3; +https://openai.com/gptbot)"
74.7.243.232 - - [18/Jan/2026:03:17:15 +0700] "GET /wp-includes/js/dist/data.min.js HTTP/2" 200 8588 "https://netfinitynetwork.com/wp-includes/js/dist/" "Mozilla/5.0 AppleWebKit/537.36 (KHTML, like Gecko; compatible; GPTBot/1.3; +https://openai.com/gptbot)"
74.7.241.60 - - [18/Jan/2026:03:17:16 +0700] "GET /wp-includes/js/dist/private-apis.min.js HTTP/2" 200 900 "https://mail.netfinitynetwork.com/wp-includes/js/dist/" "Mozilla/5.0 AppleWebKit/537.36 (KHTML, like Gecko; compatible; GPTBot/1.3; +https://openai.com/gptbot)"
74.7.243.232 - - [18/Jan/2026:03:17:16 +0700] "GET /wp-includes/js/dist/preferences.min.js HTTP/2" 200 2705 "https://netfinitynetwork.com/wp-includes/js/dist/" "Mozilla/5.0 AppleWebKit/537.36 (KHTML, like Gecko; compatible; GPTBot/1.3; +https://openai.com/gptbot)"
74.7.243.232 - - [18/Jan/2026:03:17:16 +0700] "GET /wp-includes/js/dist/annotations.min.js HTTP/2" 200 2025 "https://netfinitynetwork.com/wp-includes/js/dist/" "Mozilla/5.0 AppleWebKit/537.36 (KHTML, like Gecko; compatible; GPTBot/1.3; +https://openai.com/gptbot)"
74.7.243.232 - - [18/Jan/2026:03:17:17 +0700] "GET /wp-includes/js/dist/a11y.min.js HTTP/2" 200 794 "https://netfinitynetwork.com/wp-includes/js/dist/" "Mozilla/5.0 AppleWebKit/537.36 (KHTML, like Gecko; compatible; GPTBot/1.3; +https://openai.com/gptbot)"
74.7.243.232 - - [18/Jan/2026:03:17:17 +0700] "GET /wp-includes/js/dist/url.min.js HTTP/2" 200 3647 "https://netfinitynetwork.com/wp-includes/js/dist/" "Mozilla/5.0 AppleWebKit/537.36 (KHTML, like Gecko; compatible; GPTBot/1.3; +https://openai.com/gptbot)"
74.7.243.232 - - [18/Jan/2026:03:17:18 +0700] "GET /wp-includes/js/dist/priority-queue.js HTTP/2" 200 2847 "https://netfinitynetwork.com/wp-includes/js/dist/" "Mozilla/5.0 AppleWebKit/537.36 (KHTML, like Gecko; compatible; GPTBot/1.3; +https://openai.com/gptbot)"
74.7.243.232 - - [18/Jan/2026:03:17:18 +0700] "GET /wp-includes/js/dist/block-library.js HTTP/2" 200 361801 "https://netfinitynetwork.com/wp-includes/js/dist/" "Mozilla/5.0 AppleWebKit/537.36 (KHTML, like Gecko; compatible; GPTBot/1.3; +https://openai.com/gptbot)"
74.7.243.232 - - [18/Jan/2026:03:17:20 +0700] "GET /wp-includes/js/dist/core-commands.js HTTP/2" 200 4851 "https://netfinitynetwork.com/wp-includes/js/dist/" "Mozilla/5.0 AppleWebKit/537.36 (KHTML, like Gecko; compatible; GPTBot/1.3; +https://openai.com/gptbot)"
74.7.243.232 - - [18/Jan/2026:03:17:20 +0700] "GET /wp-includes/js/dist/shortcode.min.js HTTP/2" 200 1329 "https://netfinitynetwork.com/wp-includes/js/dist/" "Mozilla/5.0 AppleWebKit/537.36 (KHTML, like Gecko; compatible; GPTBot/1.3; +https://openai.com/gptbot)"
74.7.243.232 - - [18/Jan/2026:03:17:21 +0700] "GET /wp-includes/js/dist/block-editor.js HTTP/2" 200 446935 "https://netfinitynetwork.com/wp-includes/js/dist/" "Mozilla/5.0 AppleWebKit/537.36 (KHTML, like Gecko; compatible; GPTBot/1.3; +https://openai.com/gptbot)"
74.7.243.232 - - [18/Jan/2026:03:17:22 +0700] "GET /wp-includes/js/dist/viewport.min.js HTTP/2" 200 904 "https://netfinitynetwork.com/wp-includes/js/dist/" "Mozilla/5.0 AppleWebKit/537.36 (KHTML, like Gecko; compatible; GPTBot/1.3; +https://openai.com/gptbot)"
74.7.243.232 - - [18/Jan/2026:03:17:22 +0700] "GET /wp-includes/js/dist/i18n.min.js HTTP/2" 200 2119 "https://netfinitynetwork.com/wp-includes/js/dist/" "Mozilla/5.0 AppleWebKit/537.36 (KHTML, like Gecko; compatible; GPTBot/1.3; +https://openai.com/gptbot)"
74.7.243.232 - - [18/Jan/2026:03:17:23 +0700] "GET /wp-includes/js/dist/list-reusable-blocks.min.js HTTP/2" 200 1984 "https://netfinitynetwork.com/wp-includes/js/dist/" "Mozilla/5.0 AppleWebKit/537.36 (KHTML, like Gecko; compatible; GPTBot/1.3; +https://openai.com/gptbot)"
74.7.243.232 - - [18/Jan/2026:03:17:23 +0700] "GET /wp-includes/js/dist/widgets.js HTTP/2" 200 10051 "https://netfinitynetwork.com/wp-includes/js/dist/" "Mozilla/5.0 AppleWebKit/537.36 (KHTML, like Gecko; compatible; GPTBot/1.3; +https://openai.com/gptbot)"
74.7.243.232 - - [18/Jan/2026:03:17:24 +0700] "GET /wp-includes/js/dist/edit-widgets.js HTTP/2" 200 26649 "https://netfinitynetwork.com/wp-includes/js/dist/" "Mozilla/5.0 AppleWebKit/537.36 (KHTML, like Gecko; compatible; GPTBot/1.3; +https://openai.com/gptbot)"
74.7.243.232 - - [18/Jan/2026:03:17:24 +0700] "GET /wp-includes/js/dist/plugins.js HTTP/2" 200 3870 "https://netfinitynetwork.com/wp-includes/js/dist/" "Mozilla/5.0 AppleWebKit/537.36 (KHTML, like Gecko; compatible; GPTBot/1.3; +https://openai.com/gptbot)"
74.7.243.232 - - [18/Jan/2026:03:17:25 +0700] "GET /wp-includes/js/dist/notices.js HTTP/2" 200 1538 "https://netfinitynetwork.com/wp-includes/js/dist/" "Mozilla/5.0 AppleWebKit/537.36 (KHTML, like Gecko; compatible; GPTBot/1.3; +https://openai.com/gptbot)"
74.7.243.232 - - [18/Jan/2026:03:17:25 +0700] "GET /wp-includes/js/dist/element.js HTTP/2" 200 12779 "https://netfinitynetwork.com/wp-includes/js/dist/" "Mozilla/5.0 AppleWebKit/537.36 (KHTML, like Gecko; compatible; GPTBot/1.3; +https://openai.com/gptbot)"
74.7.243.232 - - [18/Jan/2026:03:17:26 +0700] "GET /wp-includes/js/dist/primitives.min.js HTTP/2" 200 767 "https://netfinitynetwork.com/wp-includes/js/dist/" "Mozilla/5.0 AppleWebKit/537.36 (KHTML, like Gecko; compatible; GPTBot/1.3; +https://openai.com/gptbot)"
74.7.243.196 - - [18/Jan/2026:03:17:26 +0700] "GET /wp-includes/js/jcrop/?MD HTTP/2" 200 727 "https://www.netfinitynetwork.com/wp-includes/js/jcrop/?MA" "Mozilla/5.0 AppleWebKit/537.36 (KHTML, like Gecko; compatible; GPTBot/1.3; +https://openai.com/gptbot)"
74.7.243.232 - - [18/Jan/2026:03:17:26 +0700] "GET /wp-includes/js/dist/deprecated.min.js HTTP/2" 200 409 "https://netfinitynetwork.com/wp-includes/js/dist/" "Mozilla/5.0 AppleWebKit/537.36 (KHTML, like Gecko; compatible; GPTBot/1.3; +https://openai.com/gptbot)"
74.7.243.232 - - [18/Jan/2026:03:17:27 +0700] "GET /wp-includes/js/dist/components.min.js HTTP/2" 200 242081 "https://netfinitynetwork.com/wp-includes/js/dist/" "Mozilla/5.0 AppleWebKit/537.36 (KHTML, like Gecko; compatible; GPTBot/1.3; +https://openai.com/gptbot)"
74.7.243.232 - - [18/Jan/2026:03:17:28 +0700] "GET /wp-includes/js/dist/element.min.js HTTP/2" 200 4846 "https://netfinitynetwork.com/wp-includes/js/dist/" "Mozilla/5.0 AppleWebKit/537.36 (KHTML, like Gecko; compatible; GPTBot/1.3; +https://openai.com/gptbot)"
74.7.243.232 - - [18/Jan/2026:03:17:29 +0700] "GET /wp-includes/js/dist/redux-routine.js HTTP/2" 200 4622 "https://netfinitynetwork.com/wp-includes/js/dist/" "Mozilla/5.0 AppleWebKit/537.36 (KHTML, like Gecko; compatible; GPTBot/1.3; +https://openai.com/gptbot)"
74.7.243.232 - - [18/Jan/2026:03:17:29 +0700] "GET /wp-includes/js/dist/wordcount.min.js HTTP/2" 200 1204 "https://netfinitynetwork.com/wp-includes/js/dist/" "Mozilla/5.0 AppleWebKit/537.36 (KHTML, like Gecko; compatible; GPTBot/1.3; +https://openai.com/gptbot)"
74.7.243.232 - - [18/Jan/2026:03:17:30 +0700] "GET /wp-includes/js/dist/data-controls.js HTTP/2" 200 1117 "https://netfinitynetwork.com/wp-includes/js/dist/" "Mozilla/5.0 AppleWebKit/537.36 (KHTML, like Gecko; compatible; GPTBot/1.3; +https://openai.com/gptbot)"
74.7.243.232 - - [18/Jan/2026:03:17:30 +0700] "GET /wp-includes/js/dist/patterns.js HTTP/2" 200 11217 "https://netfinitynetwork.com/wp-includes/js/dist/" "Mozilla/5.0 AppleWebKit/537.36 (KHTML, like Gecko; compatible; GPTBot/1.3; +https://openai.com/gptbot)"
74.7.243.232 - - [18/Jan/2026:03:17:31 +0700] "GET /wp-includes/js/dist/commands.min.js HTTP/2" 200 15932 "https://netfinitynetwork.com/wp-includes/js/dist/" "Mozilla/5.0 AppleWebKit/537.36 (KHTML, like Gecko; compatible; GPTBot/1.3; +https://openai.com/gptbot)"
74.7.243.232 - - [18/Jan/2026:03:17:31 +0700] "GET /wp-includes/js/dist/viewport.js HTTP/2" 200 1757 "https://netfinitynetwork.com/wp-includes/js/dist/" "Mozilla/5.0 AppleWebKit/537.36 (KHTML, like Gecko; compatible; GPTBot/1.3; +https://openai.com/gptbot)"
74.7.243.232 - - [18/Jan/2026:03:17:32 +0700] "GET /wp-includes/js/dist/patterns.min.js HTTP/2" 200 7012 "https://netfinitynetwork.com/wp-includes/js/dist/" "Mozilla/5.0 AppleWebKit/537.36 (KHTML, like Gecko; compatible; GPTBot/1.3; +https://openai.com/gptbot)"
74.7.243.232 - - [18/Jan/2026:03:17:32 +0700] "GET /wp-includes/js/dist/commands.js HTTP/2" 200 39437 "https://netfinitynetwork.com/wp-includes/js/dist/" "Mozilla/5.0 AppleWebKit/537.36 (KHTML, like Gecko; compatible; GPTBot/1.3; +https://openai.com/gptbot)"
74.7.243.232 - - [18/Jan/2026:03:17:33 +0700] "GET /wp-includes/js/dist/compose.js HTTP/2" 200 34057 "https://netfinitynetwork.com/wp-includes/js/dist/" "Mozilla/5.0 AppleWebKit/537.36 (KHTML, like Gecko; compatible; GPTBot/1.3; +https://openai.com/gptbot)"
74.7.243.232 - - [18/Jan/2026:03:17:34 +0700] "GET /wp-includes/js/dist/style-engine.js HTTP/2" 200 9163 "https://netfinitynetwork.com/wp-includes/js/dist/" "Mozilla/5.0 AppleWebKit/537.36 (KHTML, like Gecko; compatible; GPTBot/1.3; +https://openai.com/gptbot)"
74.7.243.232 - - [18/Jan/2026:03:17:34 +0700] "GET /wp-includes/js/dist/warning.js HTTP/2" 200 556 "https://netfinitynetwork.com/wp-includes/js/dist/" "Mozilla/5.0 AppleWebKit/537.36 (KHTML, like Gecko; compatible; GPTBot/1.3; +https://openai.com/gptbot)"
74.7.243.232 - - [18/Jan/2026:03:17:35 +0700] "GET /wp-includes/js/dist/notices.min.js HTTP/2" 200 875 "https://netfinitynetwork.com/wp-includes/js/dist/" "Mozilla/5.0 AppleWebKit/537.36 (KHTML, like Gecko; compatible; GPTBot/1.3; +https://openai.com/gptbot)"
74.7.227.136 - - [18/Jan/2026:03:17:35 +0700] "GET /wp-includes/js/dist/admin-ui.js HTTP/2" 200 1532 "https://www.netfinitynetwork.idm01.my.id/wp-includes/js/dist/" "Mozilla/5.0 AppleWebKit/537.36 (KHTML, like Gecko; compatible; GPTBot/1.3; +https://openai.com/gptbot)"
74.7.243.232 - - [18/Jan/2026:03:17:35 +0700] "GET /wp-includes/js/dist/plugins.min.js HTTP/2" 200 1772 "https://netfinitynetwork.com/wp-includes/js/dist/" "Mozilla/5.0 AppleWebKit/537.36 (KHTML, like Gecko; compatible; GPTBot/1.3; +https://openai.com/gptbot)"
74.7.243.232 - - [18/Jan/2026:03:17:36 +0700] "GET /wp-includes/js/dist/base-styles.js HTTP/2" 200 177 "https://netfinitynetwork.com/wp-includes/js/dist/" "Mozilla/5.0 AppleWebKit/537.36 (KHTML, like Gecko; compatible; GPTBot/1.3; +https://openai.com/gptbot)"
74.7.243.232 - - [18/Jan/2026:03:17:36 +0700] "GET /wp-includes/js/dist/warning.min.js HTTP/2" 200 202 "https://netfinitynetwork.com/wp-includes/js/dist/" "Mozilla/5.0 AppleWebKit/537.36 (KHTML, like Gecko; compatible; GPTBot/1.3; +https://openai.com/gptbot)"
74.7.243.232 - - [18/Jan/2026:03:17:37 +0700] "GET /wp-includes/js/dist/compose.min.js HTTP/2" 200 12437 "https://netfinitynetwork.com/wp-includes/js/dist/" "Mozilla/5.0 AppleWebKit/537.36 (KHTML, like Gecko; compatible; GPTBot/1.3; +https://openai.com/gptbot)"
74.7.243.232 - - [18/Jan/2026:03:17:37 +0700] "GET /wp-includes/js/dist/media-utils.js HTTP/2" 200 5453 "https://netfinitynetwork.com/wp-includes/js/dist/" "Mozilla/5.0 AppleWebKit/537.36 (KHTML, like Gecko; compatible; GPTBot/1.3; +https://openai.com/gptbot)"
74.7.243.196 - - [18/Jan/2026:03:17:38 +0700] "GET /wp-includes/js/api-request.min.js HTTP/2" 200 530 "https://www.netfinitynetwork.com/wp-includes/js/" "Mozilla/5.0 AppleWebKit/537.36 (KHTML, like Gecko; compatible; GPTBot/1.3; +https://openai.com/gptbot)"
74.7.243.232 - - [18/Jan/2026:03:17:38 +0700] "GET /wp-includes/js/dist/widgets.min.js HTTP/2" 200 6793 "https://netfinitynetwork.com/wp-includes/js/dist/" "Mozilla/5.0 AppleWebKit/537.36 (KHTML, like Gecko; compatible; GPTBot/1.3; +https://openai.com/gptbot)"
74.7.243.232 - - [18/Jan/2026:03:17:39 +0700] "GET /wp-includes/js/dist/script-modules/a11y/ HTTP/2" 200 683 "https://netfinitynetwork.com/wp-includes/js/dist/script-modules/" "Mozilla/5.0 AppleWebKit/537.36 (KHTML, like Gecko; compatible; GPTBot/1.3; +https://openai.com/gptbot)"
74.7.243.232 - - [18/Jan/2026:03:17:39 +0700] "GET /wp-includes/rest-api/?SD HTTP/2" 200 1113 "https://netfinitynetwork.com/wp-includes/rest-api/?SA" "Mozilla/5.0 AppleWebKit/537.36 (KHTML, like Gecko; compatible; GPTBot/1.3; +https://openai.com/gptbot)"
74.7.243.232 - - [18/Jan/2026:03:17:40 +0700] "GET /wp-includes/rest-api/?NA HTTP/2" 200 1111 "https://netfinitynetwork.com/wp-includes/rest-api/?ND" "Mozilla/5.0 AppleWebKit/537.36 (KHTML, like Gecko; compatible; GPTBot/1.3; +https://openai.com/gptbot)"
74.7.243.232 - - [18/Jan/2026:03:17:40 +0700] "GET /wp-includes/rest-api/?MD HTTP/2" 200 1114 "https://netfinitynetwork.com/wp-includes/rest-api/?MA" "Mozilla/5.0 AppleWebKit/537.36 (KHTML, like Gecko; compatible; GPTBot/1.3; +https://openai.com/gptbot)"
74.7.243.232 - - [18/Jan/2026:03:17:41 +0700] "GET /wp-includes/category-template.php HTTP/2" 200 0 "https://netfinitynetwork.com/wp-includes/" "Mozilla/5.0 AppleWebKit/537.36 (KHTML, like Gecko; compatible; GPTBot/1.3; +https://openai.com/gptbot)"
74.7.243.232 - - [18/Jan/2026:03:17:41 +0700] "GET /wp-includes/class-json.php HTTP/2" 500 0 "https://netfinitynetwork.com/wp-includes/" "Mozilla/5.0 AppleWebKit/537.36 (KHTML, like Gecko; compatible; GPTBot/1.3; +https://openai.com/gptbot)"
74.7.243.232 - - [18/Jan/2026:03:17:42 +0700] "GET /wp-includes/l10n/class-wp-translations.php HTTP/2" 200 0 "https://netfinitynetwork.com/wp-includes/l10n/" "Mozilla/5.0 AppleWebKit/537.36 (KHTML, like Gecko; compatible; GPTBot/1.3; +https://openai.com/gptbot)"
74.7.243.232 - - [18/Jan/2026:03:17:43 +0700] "GET /wp-includes/js/customize-models.js HTTP/2" 200 1800 "https://netfinitynetwork.com/wp-includes/js/" "Mozilla/5.0 AppleWebKit/537.36 (KHTML, like Gecko; compatible; GPTBot/1.3; +https://openai.com/gptbot)"
74.7.243.232 - - [18/Jan/2026:03:17:45 +0700] "GET /wp-includes/js/media-audiovideo.js HTTP/2" 200 5192 "https://netfinitynetwork.com/wp-includes/js/" "Mozilla/5.0 AppleWebKit/537.36 (KHTML, like Gecko; compatible; GPTBot/1.3; +https://openai.com/gptbot)"
74.7.243.232 - - [18/Jan/2026:03:17:46 +0700] "GET /wp-includes/js/imagesloaded.min.js HTTP/2" 200 1687 "https://netfinitynetwork.com/wp-includes/js/" "Mozilla/5.0 AppleWebKit/537.36 (KHTML, like Gecko; compatible; GPTBot/1.3; +https://openai.com/gptbot)"
74.7.243.232 - - [18/Jan/2026:03:17:47 +0700] "GET /wp-includes/js/jcrop/?MA HTTP/2" 200 727 "https://netfinitynetwork.com/wp-includes/js/jcrop/" "Mozilla/5.0 AppleWebKit/537.36 (KHTML, like Gecko; compatible; GPTBot/1.3; +https://openai.com/gptbot)"
74.7.243.232 - - [18/Jan/2026:03:17:48 +0700] "GET /wp-includes/js/jcrop/?SA HTTP/2" 200 719 "https://netfinitynetwork.com/wp-includes/js/jcrop/" "Mozilla/5.0 AppleWebKit/537.36 (KHTML, like Gecko; compatible; GPTBot/1.3; +https://openai.com/gptbot)"
74.7.243.196 - - [18/Jan/2026:03:17:49 +0700] "GET /wp-includes/theme.json HTTP/2" 200 2136 "https://www.netfinitynetwork.com/wp-includes/" "Mozilla/5.0 AppleWebKit/537.36 (KHTML, like Gecko; compatible; GPTBot/1.3; +https://openai.com/gptbot)"
74.7.243.232 - - [18/Jan/2026:03:17:49 +0700] "GET /wp-includes/js/jcrop/?ND HTTP/2" 200 712 "https://netfinitynetwork.com/wp-includes/js/jcrop/" "Mozilla/5.0 AppleWebKit/537.36 (KHTML, like Gecko; compatible; GPTBot/1.3; +https://openai.com/gptbot)"
74.7.243.232 - - [18/Jan/2026:03:17:50 +0700] "GET /wp-includes/js/jquery/ui/ HTTP/2" 200 2445 "https://netfinitynetwork.com/wp-includes/js/jquery/" "Mozilla/5.0 AppleWebKit/537.36 (KHTML, like Gecko; compatible; GPTBot/1.3; +https://openai.com/gptbot)"
74.7.243.232 - - [18/Jan/2026:03:17:51 +0700] "GET /wp-includes/class-wp-network.php HTTP/2" 200 0 "https://netfinitynetwork.com/wp-includes/" "Mozilla/5.0 AppleWebKit/537.36 (KHTML, like Gecko; compatible; GPTBot/1.3; +https://openai.com/gptbot)"
74.7.243.232 - - [18/Jan/2026:03:17:51 +0700] "GET /wp-includes/js/dist/'+t+' HTTP/2" 404 1251 "https://netfinitynetwork.com/wp-includes/js/dist/core-data.min.js" "Mozilla/5.0 AppleWebKit/537.36 (KHTML, like Gecko; compatible; GPTBot/1.3; +https://openai.com/gptbot)"
74.7.243.201 - - [18/Jan/2026:03:17:52 +0700] "GET /wp-includes/js/thickbox/%22+imgLoader.src+%22 HTTP/2" 404 1251 "https://netfinitynetwork.idm01.my.id/wp-includes/js/thickbox/thickbox.js" "Mozilla/5.0 AppleWebKit/537.36 (KHTML, like Gecko; compatible; GPTBot/1.3; +https://openai.com/gptbot)"
74.7.243.232 - - [18/Jan/2026:03:17:52 +0700] "GET /wp-includes/sodium_compat/namespaced/Core/Ed25519.php HTTP/2" 500 0 "https://netfinitynetwork.com/wp-includes/sodium_compat/namespaced/Core/" "Mozilla/5.0 AppleWebKit/537.36 (KHTML, like Gecko; compatible; GPTBot/1.3; +https://openai.com/gptbot)"
74.7.243.232 - - [18/Jan/2026:03:17:53 +0700] "GET /wp-includes/sodium_compat/namespaced/Core/X25519.php HTTP/2" 500 0 "https://netfinitynetwork.com/wp-includes/sodium_compat/namespaced/Core/" "Mozilla/5.0 AppleWebKit/537.36 (KHTML, like Gecko; compatible; GPTBot/1.3; +https://openai.com/gptbot)"
74.7.243.232 - - [18/Jan/2026:03:17:54 +0700] "GET /wp-includes/sodium_compat/namespaced/Core/Curve25519/Fe.php HTTP/2" 500 0 "https://netfinitynetwork.com/wp-includes/sodium_compat/namespaced/Core/Curve25519/" "Mozilla/5.0 AppleWebKit/537.36 (KHTML, like Gecko; compatible; GPTBot/1.3; +https://openai.com/gptbot)"
74.7.227.136 - - [18/Jan/2026:03:17:57 +0700] "GET /wp-includes/js/dist/admin-ui.min.js HTTP/2" 200 912 "https://www.netfinitynetwork.idm01.my.id/wp-includes/js/dist/" "Mozilla/5.0 AppleWebKit/537.36 (KHTML, like Gecko; compatible; GPTBot/1.3; +https://openai.com/gptbot)"
74.7.241.60 - - [18/Jan/2026:03:17:57 +0700] "GET /wp-includes/js/dist/preferences-persistence.js HTTP/2" 200 3629 "https://mail.netfinitynetwork.com/wp-includes/js/dist/" "Mozilla/5.0 AppleWebKit/537.36 (KHTML, like Gecko; compatible; GPTBot/1.3; +https://openai.com/gptbot)"
74.7.243.196 - - [18/Jan/2026:03:17:59 +0700] "GET /wp-includes/js/jquery/ui/effect-shake.min.js HTTP/2" 200 443 "https://www.netfinitynetwork.com/wp-includes/js/jquery/ui/" "Mozilla/5.0 AppleWebKit/537.36 (KHTML, like Gecko; compatible; GPTBot/1.3; +https://openai.com/gptbot)"
74.7.243.232 - - [18/Jan/2026:03:18:00 +0700] "GET /wp-includes/js/',attachment.get(%20'url'%20),' HTTP/2" 404 1251 "https://netfinitynetwork.com/wp-includes/js/media-audiovideo.js" "Mozilla/5.0 AppleWebKit/537.36 (KHTML, like Gecko; compatible; GPTBot/1.3; +https://openai.com/gptbot)"
74.7.243.196 - - [18/Jan/2026:03:18:08 +0700] "GET /wp-includes/images/media/ HTTP/2" 200 1259 "https://www.netfinitynetwork.com/wp-includes/images/" "Mozilla/5.0 AppleWebKit/537.36 (KHTML, like Gecko; compatible; GPTBot/1.3; +https://openai.com/gptbot)"
74.7.227.136 - - [18/Jan/2026:03:18:15 +0700] "GET /wp-includes/IXR/class-IXR-introspectionserver.php HTTP/2" 500 0 "https://www.netfinitynetwork.idm01.my.id/wp-includes/IXR/" "Mozilla/5.0 AppleWebKit/537.36 (KHTML, like Gecko; compatible; GPTBot/1.3; +https://openai.com/gptbot)"
74.7.243.196 - - [18/Jan/2026:03:18:15 +0700] "GET /wp-includes/js/jquery/ui/effect-scale.min.js HTTP/2" 200 382 "https://www.netfinitynetwork.com/wp-includes/js/jquery/ui/" "Mozilla/5.0 AppleWebKit/537.36 (KHTML, like Gecko; compatible; GPTBot/1.3; +https://openai.com/gptbot)"
74.7.243.232 - - [18/Jan/2026:03:18:16 +0700] "GET /wp-includes/js/masonry.min.js HTTP/2" 200 7117 "https://netfinitynetwork.com/wp-includes/js/" "Mozilla/5.0 AppleWebKit/537.36 (KHTML, like Gecko; compatible; GPTBot/1.3; +https://openai.com/gptbot)"
74.7.243.196 - - [18/Jan/2026:03:18:22 +0700] "GET /wp-includes/js/jquery/ui/effect-slide.min.js HTTP/2" 200 499 "https://www.netfinitynetwork.com/wp-includes/js/jquery/ui/" "Mozilla/5.0 AppleWebKit/537.36 (KHTML, like Gecko; compatible; GPTBot/1.3; +https://openai.com/gptbot)"
74.7.243.196 - - [18/Jan/2026:03:18:29 +0700] "GET /wp-includes/js/jquery/ui/effect-blind.min.js HTTP/2" 200 453 "https://www.netfinitynetwork.com/wp-includes/js/jquery/ui/" "Mozilla/5.0 AppleWebKit/537.36 (KHTML, like Gecko; compatible; GPTBot/1.3; +https://openai.com/gptbot)"
74.7.243.201 - - [18/Jan/2026:03:18:30 +0700] "GET /wp-includes/js/thickbox/%22+urlNoQuery[0]+%22 HTTP/2" 404 1251 "https://netfinitynetwork.idm01.my.id/wp-includes/js/thickbox/thickbox.js" "Mozilla/5.0 AppleWebKit/537.36 (KHTML, like Gecko; compatible; GPTBot/1.3; +https://openai.com/gptbot)"
74.7.227.136 - - [18/Jan/2026:03:18:32 +0700] "GET /wp-includes/js/dist/preferences-persistence.min.js HTTP/2" 200 1925 "https://www.netfinitynetwork.idm01.my.id/wp-includes/js/dist/" "Mozilla/5.0 AppleWebKit/537.36 (KHTML, like Gecko; compatible; GPTBot/1.3; +https://openai.com/gptbot)"
74.7.243.232 - - [18/Jan/2026:03:18:32 +0700] "GET /wp-includes/js/jcrop/?NA HTTP/2" 200 716 "https://netfinitynetwork.com/wp-includes/js/jcrop/?MA" "Mozilla/5.0 AppleWebKit/537.36 (KHTML, like Gecko; compatible; GPTBot/1.3; +https://openai.com/gptbot)"
74.7.243.196 - - [18/Jan/2026:03:18:35 +0700] "GET /wp-includes/pomo/streams.php HTTP/2" 200 0 "https://www.netfinitynetwork.com/wp-includes/pomo/" "Mozilla/5.0 AppleWebKit/537.36 (KHTML, like Gecko; compatible; GPTBot/1.3; +https://openai.com/gptbot)"
74.7.241.60 - - [18/Jan/2026:03:18:36 +0700] "GET /wp-includes/js/dist/edit-post.js HTTP/2" 200 20149 "https://mail.netfinitynetwork.com/wp-includes/js/dist/" "Mozilla/5.0 AppleWebKit/537.36 (KHTML, like Gecko; compatible; GPTBot/1.3; +https://openai.com/gptbot)"
74.7.243.196 - - [18/Jan/2026:03:18:40 +0700] "GET /wp-includes/js/utils.js HTTP/2" 200 1549 "https://www.netfinitynetwork.com/wp-includes/js/" "Mozilla/5.0 AppleWebKit/537.36 (KHTML, like Gecko; compatible; GPTBot/1.3; +https://openai.com/gptbot)"
74.7.243.196 - - [18/Jan/2026:03:18:44 +0700] "GET /wp-includes/js/tinymce/ HTTP/2" 200 1218 "https://www.netfinitynetwork.com/wp-includes/js/" "Mozilla/5.0 AppleWebKit/537.36 (KHTML, like Gecko; compatible; GPTBot/1.3; +https://openai.com/gptbot)"
74.7.243.232 - - [18/Jan/2026:03:18:48 +0700] "GET /wp-includes/js/jcrop/?MD HTTP/2" 200 724 "https://netfinitynetwork.com/wp-includes/js/jcrop/?MA" "Mozilla/5.0 AppleWebKit/537.36 (KHTML, like Gecko; compatible; GPTBot/1.3; +https://openai.com/gptbot)"
74.7.243.196 - - [18/Jan/2026:03:18:49 +0700] "GET /wp-includes/PHPMailer/error_log HTTP/2" 403 1242 "https://www.netfinitynetwork.com/wp-includes/PHPMailer/" "Mozilla/5.0 AppleWebKit/537.36 (KHTML, like Gecko; compatible; GPTBot/1.3; +https://openai.com/gptbot)"
74.7.243.196 - - [18/Jan/2026:03:18:52 +0700] "GET /wp-includes/images/rss.png HTTP/2" 200 608 "https://www.netfinitynetwork.com/wp-includes/images/" "Mozilla/5.0 AppleWebKit/537.36 (KHTML, like Gecko; compatible; GPTBot/1.3; +https://openai.com/gptbot)"
74.7.243.196 - - [18/Jan/2026:03:18:56 +0700] "GET /wp-includes/js/wpdialog.js HTTP/2" 200 284 "https://www.netfinitynetwork.com/wp-includes/js/" "Mozilla/5.0 AppleWebKit/537.36 (KHTML, like Gecko; compatible; GPTBot/1.3; +https://openai.com/gptbot)"
74.7.243.196 - - [18/Jan/2026:03:18:59 +0700] "GET /wp-includes/widgets/class-wp-widget-media-gallery.php HTTP/2" 500 0 "https://www.netfinitynetwork.com/wp-includes/widgets/" "Mozilla/5.0 AppleWebKit/537.36 (KHTML, like Gecko; compatible; GPTBot/1.3; +https://openai.com/gptbot)"
74.7.243.232 - - [18/Jan/2026:03:19:01 +0700] "GET /wp-includes/js/jcrop/?SD HTTP/2" 200 716 "https://netfinitynetwork.com/wp-includes/js/jcrop/?SA" "Mozilla/5.0 AppleWebKit/537.36 (KHTML, like Gecko; compatible; GPTBot/1.3; +https://openai.com/gptbot)"
74.7.243.196 - - [18/Jan/2026:03:19:03 +0700] "GET /wp-includes/images/media/interactive.svg HTTP/2" 200 203 "https://www.netfinitynetwork.com/wp-includes/images/media/" "Mozilla/5.0 AppleWebKit/537.36 (KHTML, like Gecko; compatible; GPTBot/1.3; +https://openai.com/gptbot)"
74.7.243.201 - - [18/Jan/2026:03:19:07 +0700] "GET /wp-includes/sodium_compat/src/Core32/X25519.php HTTP/2" 500 0 "https://netfinitynetwork.idm01.my.id/wp-includes/sodium_compat/src/Core32/" "Mozilla/5.0 AppleWebKit/537.36 (KHTML, like Gecko; compatible; GPTBot/1.3; +https://openai.com/gptbot)"
74.7.241.60 - - [18/Jan/2026:03:19:08 +0700] "GET /wp-includes/js/dist/block-serialization-default-parser.min.js HTTP/2" 200 1053 "https://mail.netfinitynetwork.com/wp-includes/js/dist/" "Mozilla/5.0 AppleWebKit/537.36 (KHTML, like Gecko; compatible; GPTBot/1.3; +https://openai.com/gptbot)"
74.7.243.196 - - [18/Jan/2026:03:19:12 +0700] "GET /wp-includes/images/media/interactive.png HTTP/2" 200 319 "https://www.netfinitynetwork.com/wp-includes/images/media/" "Mozilla/5.0 AppleWebKit/537.36 (KHTML, like Gecko; compatible; GPTBot/1.3; +https://openai.com/gptbot)"
74.7.243.232 - - [18/Jan/2026:03:19:12 +0700] "GET /wp-includes/js/jquery/ui/effect.js HTTP/2" 200 6982 "https://netfinitynetwork.com/wp-includes/js/jquery/ui/" "Mozilla/5.0 AppleWebKit/537.36 (KHTML, like Gecko; compatible; GPTBot/1.3; +https://openai.com/gptbot)"
74.7.243.196 - - [18/Jan/2026:03:19:20 +0700] "GET /wp-includes/images/media/document.svg HTTP/2" 200 186 "https://www.netfinitynetwork.com/wp-includes/images/media/" "Mozilla/5.0 AppleWebKit/537.36 (KHTML, like Gecko; compatible; GPTBot/1.3; +https://openai.com/gptbot)"
74.7.227.136 - - [18/Jan/2026:03:19:23 +0700] "GET /wp-includes/js/dist/html-entities.min.js HTTP/2" 200 388 "https://www.netfinitynetwork.idm01.my.id/wp-includes/js/dist/" "Mozilla/5.0 AppleWebKit/537.36 (KHTML, like Gecko; compatible; GPTBot/1.3; +https://openai.com/gptbot)"
74.7.243.232 - - [18/Jan/2026:03:19:23 +0700] "GET /wp-includes/js/api-request.min.js HTTP/2" 200 530 "https://netfinitynetwork.com/wp-includes/js/" "Mozilla/5.0 AppleWebKit/537.36 (KHTML, like Gecko; compatible; GPTBot/1.3; +https://openai.com/gptbot)"
74.7.243.196 - - [18/Jan/2026:03:19:27 +0700] "GET /wp-includes/images/media/spreadsheet.svg HTTP/2" 200 176 "https://www.netfinitynetwork.com/wp-includes/images/media/" "Mozilla/5.0 AppleWebKit/537.36 (KHTML, like Gecko; compatible; GPTBot/1.3; +https://openai.com/gptbot)"
74.7.243.232 - - [18/Jan/2026:03:19:33 +0700] "GET /wp-includes/theme.json HTTP/2" 200 2136 "https://netfinitynetwork.com/wp-includes/" "Mozilla/5.0 AppleWebKit/537.36 (KHTML, like Gecko; compatible; GPTBot/1.3; +https://openai.com/gptbot)"
74.7.243.196 - - [18/Jan/2026:03:19:34 +0700] "GET /wp-includes/images/media/spreadsheet.png HTTP/2" 200 188 "https://www.netfinitynetwork.com/wp-includes/images/media/" "Mozilla/5.0 AppleWebKit/537.36 (KHTML, like Gecko; compatible; GPTBot/1.3; +https://openai.com/gptbot)"
74.7.241.60 - - [18/Jan/2026:03:19:37 +0700] "GET /wp-includes/IXR/?ND HTTP/2" 200 1254 "https://mail.netfinitynetwork.com/wp-includes/IXR/" "Mozilla/5.0 AppleWebKit/537.36 (KHTML, like Gecko; compatible; GPTBot/1.3; +https://openai.com/gptbot)"
74.7.243.196 - - [18/Jan/2026:03:19:40 +0700] "GET /wp-includes/images/media/document.png HTTP/2" 200 200 "https://www.netfinitynetwork.com/wp-includes/images/media/" "Mozilla/5.0 AppleWebKit/537.36 (KHTML, like Gecko; compatible; GPTBot/1.3; +https://openai.com/gptbot)"
74.7.243.232 - - [18/Jan/2026:03:19:42 +0700] "GET /wp-includes/js/jquery/ui/effect-shake.min.js HTTP/2" 200 443 "https://netfinitynetwork.com/wp-includes/js/jquery/ui/" "Mozilla/5.0 AppleWebKit/537.36 (KHTML, like Gecko; compatible; GPTBot/1.3; +https://openai.com/gptbot)"
74.7.243.201 - - [18/Jan/2026:03:19:43 +0700] "GET /wp-includes/js/plupload/moxie.min.js HTTP/2" 200 26466 "https://netfinitynetwork.idm01.my.id/wp-includes/js/plupload/" "Mozilla/5.0 AppleWebKit/537.36 (KHTML, like Gecko; compatible; GPTBot/1.3; +https://openai.com/gptbot)"
74.7.243.196 - - [18/Jan/2026:03:19:45 +0700] "GET /wp-includes/js/tinymce/tiny_mce_popup.js HTTP/2" 200 4709 "https://www.netfinitynetwork.com/wp-includes/js/tinymce/" "Mozilla/5.0 AppleWebKit/537.36 (KHTML, like Gecko; compatible; GPTBot/1.3; +https://openai.com/gptbot)"
74.7.243.232 - - [18/Jan/2026:03:19:50 +0700] "GET /wp-includes/images/media/ HTTP/2" 200 1254 "https://netfinitynetwork.com/wp-includes/images/" "Mozilla/5.0 AppleWebKit/537.36 (KHTML, like Gecko; compatible; GPTBot/1.3; +https://openai.com/gptbot)"
