74.7.243.201 - - [18/Jan/2026:02:39:32 +0700] "GET /wp-includes/l10n/class-wp-translation-file-mo.php HTTP/2" 500 0 "https://netfinitynetwork.idm01.my.id/wp-includes/l10n/" "Mozilla/5.0 AppleWebKit/537.36 (KHTML, like Gecko; compatible; GPTBot/1.3; +https://openai.com/gptbot)"
216.73.216.99 - - [18/Jan/2026:02:39:32 +0700] "GET /wp-includes/block-bindings HTTP/2" 301 795 "-" "Mozilla/5.0 AppleWebKit/537.36 (KHTML, like Gecko; compatible; ClaudeBot/1.0; +claudebot@anthropic.com)"
216.73.216.99 - - [18/Jan/2026:02:39:32 +0700] "GET /wp-includes/block-bindings/ HTTP/2" 200 800 "https://www.netfinitynetwork.idm01.my.id/wp-includes/block-bindings" "Mozilla/5.0 AppleWebKit/537.36 (KHTML, like Gecko; compatible; ClaudeBot/1.0; +claudebot@anthropic.com)"
216.73.216.99 - - [18/Jan/2026:02:39:37 +0700] "GET /wp-includes/spl-autoload-compat.php HTTP/2" 500 0 "-" "Mozilla/5.0 AppleWebKit/537.36 (KHTML, like Gecko; compatible; ClaudeBot/1.0; +claudebot@anthropic.com)"
74.7.243.232 - - [18/Jan/2026:02:39:41 +0700] "GET /wp-includes/js/crop/?SD HTTP/2" 200 760 "https://netfinitynetwork.com/wp-includes/js/crop/?SA" "Mozilla/5.0 AppleWebKit/537.36 (KHTML, like Gecko; compatible; GPTBot/1.3; +https://openai.com/gptbot)"
74.7.241.60 - - [18/Jan/2026:02:39:45 +0700] "GET /wp-includes/rest-api/endpoints/class-wp-rest-blocks-controller.php HTTP/2" 500 0 "https://mail.netfinitynetwork.com/wp-includes/rest-api/endpoints/" "Mozilla/5.0 AppleWebKit/537.36 (KHTML, like Gecko; compatible; GPTBot/1.3; +https://openai.com/gptbot)"
74.7.243.196 - - [18/Jan/2026:02:39:47 +0700] "GET /wp-includes/rest-api/endpoints/class-wp-rest-attachments-controller.php HTTP/2" 500 0 "https://www.netfinitynetwork.com/wp-includes/rest-api/endpoints/" "Mozilla/5.0 AppleWebKit/537.36 (KHTML, like Gecko; compatible; GPTBot/1.3; +https://openai.com/gptbot)"
216.73.216.99 - - [18/Jan/2026:02:39:58 +0700] "GET /wp-includes/theme-compat/footer-embed.php HTTP/2" 500 0 "-" "Mozilla/5.0 AppleWebKit/537.36 (KHTML, like Gecko; compatible; ClaudeBot/1.0; +claudebot@anthropic.com)"
74.7.243.201 - - [18/Jan/2026:02:40:00 +0700] "GET /wp-includes/class-wp.php HTTP/2" 200 0 "https://netfinitynetwork.idm01.my.id/wp-includes/" "Mozilla/5.0 AppleWebKit/537.36 (KHTML, like Gecko; compatible; GPTBot/1.3; +https://openai.com/gptbot)"
216.73.216.99 - - [18/Jan/2026:02:40:02 +0700] "GET /wp-includes/theme-compat/footer.php HTTP/2" 500 0 "-" "Mozilla/5.0 AppleWebKit/537.36 (KHTML, like Gecko; compatible; ClaudeBot/1.0; +claudebot@anthropic.com)"
74.7.227.136 - - [18/Jan/2026:02:40:04 +0700] "GET /wp-includes/js/crop/?SA HTTP/2" 200 770 "https://www.netfinitynetwork.idm01.my.id/wp-includes/js/crop/" "Mozilla/5.0 AppleWebKit/537.36 (KHTML, like Gecko; compatible; GPTBot/1.3; +https://openai.com/gptbot)"
216.73.216.99 - - [18/Jan/2026:02:40:07 +0700] "GET /wp-includes/class-walker-page-dropdown.php HTTP/2" 500 0 "-" "Mozilla/5.0 AppleWebKit/537.36 (KHTML, like Gecko; compatible; ClaudeBot/1.0; +claudebot@anthropic.com)"
216.73.216.99 - - [18/Jan/2026:02:40:12 +0700] "GET /wp-includes/class-wp-image-editor-gd.php HTTP/2" 500 0 "-" "Mozilla/5.0 AppleWebKit/537.36 (KHTML, like Gecko; compatible; ClaudeBot/1.0; +claudebot@anthropic.com)"
216.73.216.99 - - [18/Jan/2026:02:40:17 +0700] "GET /wp-includes/style-engine/class-wp-style-engine-css-rule.php HTTP/2" 200 0 "-" "Mozilla/5.0 AppleWebKit/537.36 (KHTML, like Gecko; compatible; ClaudeBot/1.0; +claudebot@anthropic.com)"
216.73.216.99 - - [18/Jan/2026:02:40:22 +0700] "GET /wp-includes/class-walker-category-dropdown.php HTTP/2" 500 0 "-" "Mozilla/5.0 AppleWebKit/537.36 (KHTML, like Gecko; compatible; ClaudeBot/1.0; +claudebot@anthropic.com)"
74.7.243.196 - - [18/Jan/2026:02:40:33 +0700] "GET /wp-includes/class-walker-category.php HTTP/2" 500 0 "https://www.netfinitynetwork.com/wp-includes/" "Mozilla/5.0 AppleWebKit/537.36 (KHTML, like Gecko; compatible; GPTBot/1.3; +https://openai.com/gptbot)"
74.7.243.232 - - [18/Jan/2026:02:40:35 +0700] "GET /wp-includes/js/crop/?NA HTTP/2" 200 757 "https://netfinitynetwork.com/wp-includes/js/crop/?MA" "Mozilla/5.0 AppleWebKit/537.36 (KHTML, like Gecko; compatible; GPTBot/1.3; +https://openai.com/gptbot)"
74.7.241.60 - - [18/Jan/2026:02:40:47 +0700] "GET /wp-includes/rest-api/endpoints/class-wp-rest-menus-controller.php HTTP/2" 500 0 "https://mail.netfinitynetwork.com/wp-includes/rest-api/endpoints/" "Mozilla/5.0 AppleWebKit/537.36 (KHTML, like Gecko; compatible; GPTBot/1.3; +https://openai.com/gptbot)"
74.7.227.136 - - [18/Jan/2026:02:40:57 +0700] "GET /wp-includes/js/crop/?MA HTTP/2" 200 776 "https://www.netfinitynetwork.idm01.my.id/wp-includes/js/crop/" "Mozilla/5.0 AppleWebKit/537.36 (KHTML, like Gecko; compatible; GPTBot/1.3; +https://openai.com/gptbot)"
74.7.243.201 - - [18/Jan/2026:02:41:00 +0700] "GET /wp-includes/IXR/ HTTP/2" 200 1256 "https://netfinitynetwork.idm01.my.id/wp-includes/" "Mozilla/5.0 AppleWebKit/537.36 (KHTML, like Gecko; compatible; GPTBot/1.3; +https://openai.com/gptbot)"
74.7.243.232 - - [18/Jan/2026:02:41:26 +0700] "GET /wp-includes/rest-api/endpoints/class-wp-rest-attachments-controller.php HTTP/2" 500 0 "https://netfinitynetwork.com/wp-includes/rest-api/endpoints/" "Mozilla/5.0 AppleWebKit/537.36 (KHTML, like Gecko; compatible; GPTBot/1.3; +https://openai.com/gptbot)"
74.7.243.196 - - [18/Jan/2026:02:41:38 +0700] "GET /wp-includes/class-IXR.php HTTP/2" 200 6 "https://www.netfinitynetwork.com/wp-includes/" "Mozilla/5.0 AppleWebKit/537.36 (KHTML, like Gecko; compatible; GPTBot/1.3; +https://openai.com/gptbot)"
74.7.227.136 - - [18/Jan/2026:02:41:43 +0700] "GET /wp-includes/js/wp-ajax-response.js HTTP/2" 200 1341 "https://www.netfinitynetwork.idm01.my.id/wp-includes/js/" "Mozilla/5.0 AppleWebKit/537.36 (KHTML, like Gecko; compatible; GPTBot/1.3; +https://openai.com/gptbot)"
74.7.241.60 - - [18/Jan/2026:02:41:48 +0700] "GET /wp-includes/js/wp-ajax-response.js HTTP/2" 200 1341 "https://mail.netfinitynetwork.com/wp-includes/js/" "Mozilla/5.0 AppleWebKit/537.36 (KHTML, like Gecko; compatible; GPTBot/1.3; +https://openai.com/gptbot)"
216.73.216.99 - - [18/Jan/2026:02:41:52 +0700] "GET /_autoindex/assets/icons/corner-left-up.svg HTTP/2" 200 328 "-" "Mozilla/5.0 AppleWebKit/537.36 (KHTML, like Gecko; compatible; ClaudeBot/1.0; +claudebot@anthropic.com)"
74.7.243.201 - - [18/Jan/2026:02:41:59 +0700] "GET /wp-includes/images/xit.gif HTTP/2" 200 181 "https://netfinitynetwork.idm01.my.id/wp-includes/images/" "Mozilla/5.0 AppleWebKit/537.36 (KHTML, like Gecko; compatible; GPTBot/1.3; +https://openai.com/gptbot)"
74.7.243.232 - - [18/Jan/2026:02:42:12 +0700] "GET /wp-includes/class-walker-category.php HTTP/2" 500 0 "https://netfinitynetwork.com/wp-includes/" "Mozilla/5.0 AppleWebKit/537.36 (KHTML, like Gecko; compatible; GPTBot/1.3; +https://openai.com/gptbot)"
74.7.227.136 - - [18/Jan/2026:02:42:24 +0700] "GET /wp-includes/l10n.php HTTP/2" 200 0 "https://www.netfinitynetwork.idm01.my.id/wp-includes/" "Mozilla/5.0 AppleWebKit/537.36 (KHTML, like Gecko; compatible; GPTBot/1.3; +https://openai.com/gptbot)"
74.7.243.196 - - [18/Jan/2026:02:42:42 +0700] "GET /wp-includes/ID3/?SA HTTP/2" 200 1399 "https://www.netfinitynetwork.com/wp-includes/ID3/" "Mozilla/5.0 AppleWebKit/537.36 (KHTML, like Gecko; compatible; GPTBot/1.3; +https://openai.com/gptbot)"
74.7.241.60 - - [18/Jan/2026:02:42:51 +0700] "GET /wp-includes/l10n.php HTTP/2" 200 0 "https://mail.netfinitynetwork.com/wp-includes/" "Mozilla/5.0 AppleWebKit/537.36 (KHTML, like Gecko; compatible; GPTBot/1.3; +https://openai.com/gptbot)"
74.7.243.201 - - [18/Jan/2026:02:42:51 +0700] "GET /wp-includes/js/dist/ HTTP/2" 200 3810 "https://netfinitynetwork.idm01.my.id/wp-includes/js/" "Mozilla/5.0 AppleWebKit/537.36 (KHTML, like Gecko; compatible; GPTBot/1.3; +https://openai.com/gptbot)"
74.7.227.136 - - [18/Jan/2026:02:43:01 +0700] "GET /wp-includes/sodium_compat/namespaced/Core/Curve25519.php HTTP/2" 500 0 "https://www.netfinitynetwork.idm01.my.id/wp-includes/sodium_compat/namespaced/Core/" "Mozilla/5.0 AppleWebKit/537.36 (KHTML, like Gecko; compatible; GPTBot/1.3; +https://openai.com/gptbot)"
74.7.243.232 - - [18/Jan/2026:02:43:18 +0700] "GET /wp-includes/class-IXR.php HTTP/2" 200 6 "https://netfinitynetwork.com/wp-includes/" "Mozilla/5.0 AppleWebKit/537.36 (KHTML, like Gecko; compatible; GPTBot/1.3; +https://openai.com/gptbot)"
74.7.227.136 - - [18/Jan/2026:02:43:35 +0700] "GET /wp-includes/ID3/ HTTP/2" 200 1400 "https://www.netfinitynetwork.idm01.my.id/wp-includes/" "Mozilla/5.0 AppleWebKit/537.36 (KHTML, like Gecko; compatible; GPTBot/1.3; +https://openai.com/gptbot)"
74.7.243.201 - - [18/Jan/2026:02:43:37 +0700] "GET /wp-includes/l10n/class-wp-translation-file-php.php HTTP/2" 500 0 "https://netfinitynetwork.idm01.my.id/wp-includes/l10n/" "Mozilla/5.0 AppleWebKit/537.36 (KHTML, like Gecko; compatible; GPTBot/1.3; +https://openai.com/gptbot)"
74.7.243.196 - - [18/Jan/2026:02:43:41 +0700] "GET /wp-includes/ID3/?MA HTTP/2" 200 1409 "https://www.netfinitynetwork.com/wp-includes/ID3/" "Mozilla/5.0 AppleWebKit/537.36 (KHTML, like Gecko; compatible; GPTBot/1.3; +https://openai.com/gptbot)"
74.7.241.60 - - [18/Jan/2026:02:43:47 +0700] "GET /wp-includes/sodium_compat/namespaced/Core/Curve25519.php HTTP/2" 500 0 "https://mail.netfinitynetwork.com/wp-includes/sodium_compat/namespaced/Core/" "Mozilla/5.0 AppleWebKit/537.36 (KHTML, like Gecko; compatible; GPTBot/1.3; +https://openai.com/gptbot)"
74.7.243.201 - - [18/Jan/2026:02:44:20 +0700] "GET /wp-includes/js/mce-view.min.js HTTP/2" 200 3437 "https://netfinitynetwork.idm01.my.id/wp-includes/js/" "Mozilla/5.0 AppleWebKit/537.36 (KHTML, like Gecko; compatible; GPTBot/1.3; +https://openai.com/gptbot)"
74.7.243.232 - - [18/Jan/2026:02:44:20 +0700] "GET /wp-includes/ID3/module.audio-video.riff.php HTTP/2" 200 0 "https://netfinitynetwork.com/wp-includes/ID3/" "Mozilla/5.0 AppleWebKit/537.36 (KHTML, like Gecko; compatible; GPTBot/1.3; +https://openai.com/gptbot)"
74.7.243.196 - - [18/Jan/2026:02:44:34 +0700] "GET /wp-includes/ID3/?ND HTTP/2" 200 1401 "https://www.netfinitynetwork.com/wp-includes/ID3/" "Mozilla/5.0 AppleWebKit/537.36 (KHTML, like Gecko; compatible; GPTBot/1.3; +https://openai.com/gptbot)"
74.7.227.136 - - [18/Jan/2026:02:44:36 +0700] "GET /wp-includes/l10n/class-wp-translation-file.php HTTP/2" 200 0 "https://www.netfinitynetwork.idm01.my.id/wp-includes/l10n/" "Mozilla/5.0 AppleWebKit/537.36 (KHTML, like Gecko; compatible; GPTBot/1.3; +https://openai.com/gptbot)"
74.7.241.60 - - [18/Jan/2026:02:44:38 +0700] "GET /wp-includes/ID3/ HTTP/2" 200 1397 "https://mail.netfinitynetwork.com/wp-includes/" "Mozilla/5.0 AppleWebKit/537.36 (KHTML, like Gecko; compatible; GPTBot/1.3; +https://openai.com/gptbot)"
74.7.243.232 - - [18/Jan/2026:02:45:19 +0700] "GET /wp-includes/ID3/?ND HTTP/2" 200 1396 "https://netfinitynetwork.com/wp-includes/ID3/" "Mozilla/5.0 AppleWebKit/537.36 (KHTML, like Gecko; compatible; GPTBot/1.3; +https://openai.com/gptbot)"
74.7.243.196 - - [18/Jan/2026:02:45:21 +0700] "GET /wp-includes/ID3/module.audio-video.quicktime.php HTTP/2" 200 0 "https://www.netfinitynetwork.com/wp-includes/ID3/" "Mozilla/5.0 AppleWebKit/537.36 (KHTML, like Gecko; compatible; GPTBot/1.3; +https://openai.com/gptbot)"
74.7.243.201 - - [18/Jan/2026:02:45:25 +0700] "GET /wp-includes/ID3/module.tag.apetag.php HTTP/2" 200 0 "https://netfinitynetwork.idm01.my.id/wp-includes/ID3/" "Mozilla/5.0 AppleWebKit/537.36 (KHTML, like Gecko; compatible; GPTBot/1.3; +https://openai.com/gptbot)"
74.7.227.136 - - [18/Jan/2026:02:45:31 +0700] "GET /wp-includes/rest-api/endpoints/class-wp-rest-taxonomies-controller.php HTTP/2" 500 0 "https://www.netfinitynetwork.idm01.my.id/wp-includes/rest-api/endpoints/" "Mozilla/5.0 AppleWebKit/537.36 (KHTML, like Gecko; compatible; GPTBot/1.3; +https://openai.com/gptbot)"
74.7.241.60 - - [18/Jan/2026:02:45:42 +0700] "GET /wp-includes/js/crop/?NA HTTP/2" 200 761 "https://mail.netfinitynetwork.com/wp-includes/js/crop/?MA" "Mozilla/5.0 AppleWebKit/537.36 (KHTML, like Gecko; compatible; GPTBot/1.3; +https://openai.com/gptbot)"
74.7.243.196 - - [18/Jan/2026:02:46:03 +0700] "GET /wp-includes/ID3/module.audio-video.flv.php HTTP/2" 200 0 "https://www.netfinitynetwork.com/wp-includes/ID3/" "Mozilla/5.0 AppleWebKit/537.36 (KHTML, like Gecko; compatible; GPTBot/1.3; +https://openai.com/gptbot)"
74.7.243.232 - - [18/Jan/2026:02:46:09 +0700] "GET /wp-includes/ID3/?MA HTTP/2" 200 1404 "https://netfinitynetwork.com/wp-includes/ID3/" "Mozilla/5.0 AppleWebKit/537.36 (KHTML, like Gecko; compatible; GPTBot/1.3; +https://openai.com/gptbot)"
74.7.227.136 - - [18/Jan/2026:02:46:20 +0700] "GET /wp-includes/pomo/mo.php HTTP/2" 200 0 "https://www.netfinitynetwork.idm01.my.id/wp-includes/pomo/" "Mozilla/5.0 AppleWebKit/537.36 (KHTML, like Gecko; compatible; GPTBot/1.3; +https://openai.com/gptbot)"
74.7.243.201 - - [18/Jan/2026:02:46:22 +0700] "GET /wp-includes/pomo/translations.php HTTP/2" 200 0 "https://netfinitynetwork.idm01.my.id/wp-includes/pomo/" "Mozilla/5.0 AppleWebKit/537.36 (KHTML, like Gecko; compatible; GPTBot/1.3; +https://openai.com/gptbot)"
74.7.241.60 - - [18/Jan/2026:02:46:36 +0700] "GET /wp-includes/js/crop/?MD HTTP/2" 200 766 "https://mail.netfinitynetwork.com/wp-includes/js/crop/?MA" "Mozilla/5.0 AppleWebKit/537.36 (KHTML, like Gecko; compatible; GPTBot/1.3; +https://openai.com/gptbot)"
74.7.243.196 - - [18/Jan/2026:02:46:39 +0700] "GET /wp-includes/ID3/module.audio-video.riff.php HTTP/2" 200 0 "https://www.netfinitynetwork.com/wp-includes/ID3/" "Mozilla/5.0 AppleWebKit/537.36 (KHTML, like Gecko; compatible; GPTBot/1.3; +https://openai.com/gptbot)"
74.7.243.232 - - [18/Jan/2026:02:46:53 +0700] "GET /wp-includes/ID3/?SA HTTP/2" 200 1395 "https://netfinitynetwork.com/wp-includes/ID3/" "Mozilla/5.0 AppleWebKit/537.36 (KHTML, like Gecko; compatible; GPTBot/1.3; +https://openai.com/gptbot)"
74.7.243.196 - - [18/Jan/2026:02:47:13 +0700] "GET /wp-includes/ID3/module.audio-video.asf.php HTTP/2" 200 0 "https://www.netfinitynetwork.com/wp-includes/ID3/" "Mozilla/5.0 AppleWebKit/537.36 (KHTML, like Gecko; compatible; GPTBot/1.3; +https://openai.com/gptbot)"
74.7.243.201 - - [18/Jan/2026:02:47:13 +0700] "GET /wp-includes/rest-api/?ND HTTP/2" 200 1118 "https://netfinitynetwork.idm01.my.id/wp-includes/rest-api/" "Mozilla/5.0 AppleWebKit/537.36 (KHTML, like Gecko; compatible; GPTBot/1.3; +https://openai.com/gptbot)"
74.7.227.136 - - [18/Jan/2026:02:47:21 +0700] "GET /wp-includes/utf8.php HTTP/2" 500 0 "https://www.netfinitynetwork.idm01.my.id/wp-includes/" "Mozilla/5.0 AppleWebKit/537.36 (KHTML, like Gecko; compatible; GPTBot/1.3; +https://openai.com/gptbot)"
74.7.241.60 - - [18/Jan/2026:02:47:28 +0700] "GET /wp-includes/js/crop/?SD HTTP/2" 200 763 "https://mail.netfinitynetwork.com/wp-includes/js/crop/?SA" "Mozilla/5.0 AppleWebKit/537.36 (KHTML, like Gecko; compatible; GPTBot/1.3; +https://openai.com/gptbot)"
74.7.243.232 - - [18/Jan/2026:02:47:34 +0700] "GET /wp-includes/ID3/module.audio-video.quicktime.php HTTP/2" 200 0 "https://netfinitynetwork.com/wp-includes/ID3/" "Mozilla/5.0 AppleWebKit/537.36 (KHTML, like Gecko; compatible; GPTBot/1.3; +https://openai.com/gptbot)"
74.7.243.196 - - [18/Jan/2026:02:47:43 +0700] "GET /wp-includes/ID3/module.audio-video.matroska.php HTTP/2" 200 0 "https://www.netfinitynetwork.com/wp-includes/ID3/" "Mozilla/5.0 AppleWebKit/537.36 (KHTML, like Gecko; compatible; GPTBot/1.3; +https://openai.com/gptbot)"
74.7.243.201 - - [18/Jan/2026:02:47:57 +0700] "GET /wp-includes/rest-api/?SA HTTP/2" 200 1117 "https://netfinitynetwork.idm01.my.id/wp-includes/rest-api/" "Mozilla/5.0 AppleWebKit/537.36 (KHTML, like Gecko; compatible; GPTBot/1.3; +https://openai.com/gptbot)"
74.7.243.232 - - [18/Jan/2026:02:48:11 +0700] "GET /wp-includes/ID3/module.audio-video.asf.php HTTP/2" 200 0 "https://netfinitynetwork.com/wp-includes/ID3/" "Mozilla/5.0 AppleWebKit/537.36 (KHTML, like Gecko; compatible; GPTBot/1.3; +https://openai.com/gptbot)"
74.7.243.196 - - [18/Jan/2026:02:48:11 +0700] "GET /wp-includes/ID3/module.audio.flac.php HTTP/2" 200 0 "https://www.netfinitynetwork.com/wp-includes/ID3/" "Mozilla/5.0 AppleWebKit/537.36 (KHTML, like Gecko; compatible; GPTBot/1.3; +https://openai.com/gptbot)"
74.7.241.60 - - [18/Jan/2026:02:48:13 +0700] "GET /wp-includes/l10n/class-wp-translation-file.php HTTP/2" 200 0 "https://mail.netfinitynetwork.com/wp-includes/l10n/" "Mozilla/5.0 AppleWebKit/537.36 (KHTML, like Gecko; compatible; GPTBot/1.3; +https://openai.com/gptbot)"
74.7.227.136 - - [18/Jan/2026:02:48:17 +0700] "GET /wp-includes/js/crop/?NA HTTP/2" 200 766 "https://www.netfinitynetwork.idm01.my.id/wp-includes/js/crop/?ND" "Mozilla/5.0 AppleWebKit/537.36 (KHTML, like Gecko; compatible; GPTBot/1.3; +https://openai.com/gptbot)"
74.7.243.196 - - [18/Jan/2026:02:48:35 +0700] "GET /wp-includes/ID3/module.audio.ogg.php HTTP/2" 200 0 "https://www.netfinitynetwork.com/wp-includes/ID3/" "Mozilla/5.0 AppleWebKit/537.36 (KHTML, like Gecko; compatible; GPTBot/1.3; +https://openai.com/gptbot)"
74.7.243.201 - - [18/Jan/2026:02:48:38 +0700] "GET /wp-includes/rest-api/?MA HTTP/2" 200 1121 "https://netfinitynetwork.idm01.my.id/wp-includes/rest-api/" "Mozilla/5.0 AppleWebKit/537.36 (KHTML, like Gecko; compatible; GPTBot/1.3; +https://openai.com/gptbot)"
74.7.243.232 - - [18/Jan/2026:02:48:46 +0700] "GET /wp-includes/ID3/module.audio-video.flv.php HTTP/2" 200 0 "https://netfinitynetwork.com/wp-includes/ID3/" "Mozilla/5.0 AppleWebKit/537.36 (KHTML, like Gecko; compatible; GPTBot/1.3; +https://openai.com/gptbot)"
74.7.243.196 - - [18/Jan/2026:02:48:56 +0700] "GET /wp-includes/ID3/getid3.lib.php HTTP/2" 200 0 "https://www.netfinitynetwork.com/wp-includes/ID3/" "Mozilla/5.0 AppleWebKit/537.36 (KHTML, like Gecko; compatible; GPTBot/1.3; +https://openai.com/gptbot)"
74.7.241.60 - - [18/Jan/2026:02:48:56 +0700] "GET /wp-includes/rest-api/endpoints/class-wp-rest-taxonomies-controller.php HTTP/2" 500 0 "https://mail.netfinitynetwork.com/wp-includes/rest-api/endpoints/" "Mozilla/5.0 AppleWebKit/537.36 (KHTML, like Gecko; compatible; GPTBot/1.3; +https://openai.com/gptbot)"
74.7.243.201 - - [18/Jan/2026:02:49:15 +0700] "GET /wp-includes/js/json2.js HTTP/2" 200 31 "https://netfinitynetwork.idm01.my.id/wp-includes/js/" "Mozilla/5.0 AppleWebKit/537.36 (KHTML, like Gecko; compatible; GPTBot/1.3; +https://openai.com/gptbot)"
74.7.243.232 - - [18/Jan/2026:02:49:16 +0700] "GET /wp-includes/ID3/module.audio-video.matroska.php HTTP/2" 200 0 "https://netfinitynetwork.com/wp-includes/ID3/" "Mozilla/5.0 AppleWebKit/537.36 (KHTML, like Gecko; compatible; GPTBot/1.3; +https://openai.com/gptbot)"
74.7.243.196 - - [18/Jan/2026:02:49:16 +0700] "GET /wp-includes/ID3/?SD HTTP/2" 200 1419 "https://www.netfinitynetwork.com/wp-includes/ID3/?SA" "Mozilla/5.0 AppleWebKit/537.36 (KHTML, like Gecko; compatible; GPTBot/1.3; +https://openai.com/gptbot)"
74.7.227.136 - - [18/Jan/2026:02:49:19 +0700] "GET /wp-includes/js/crop/?SD HTTP/2" 200 768 "https://www.netfinitynetwork.idm01.my.id/wp-includes/js/crop/?SA" "Mozilla/5.0 AppleWebKit/537.36 (KHTML, like Gecko; compatible; GPTBot/1.3; +https://openai.com/gptbot)"
74.7.241.60 - - [18/Jan/2026:02:49:31 +0700] "GET /wp-includes/pomo/mo.php HTTP/2" 200 0 "https://mail.netfinitynetwork.com/wp-includes/pomo/" "Mozilla/5.0 AppleWebKit/537.36 (KHTML, like Gecko; compatible; GPTBot/1.3; +https://openai.com/gptbot)"
74.7.243.196 - - [18/Jan/2026:02:49:34 +0700] "GET /wp-includes/ID3/?MD HTTP/2" 200 1411 "https://www.netfinitynetwork.com/wp-includes/ID3/?MA" "Mozilla/5.0 AppleWebKit/537.36 (KHTML, like Gecko; compatible; GPTBot/1.3; +https://openai.com/gptbot)"
74.7.243.232 - - [18/Jan/2026:02:49:42 +0700] "GET /wp-includes/ID3/module.audio.flac.php HTTP/2" 200 0 "https://netfinitynetwork.com/wp-includes/ID3/" "Mozilla/5.0 AppleWebKit/537.36 (KHTML, like Gecko; compatible; GPTBot/1.3; +https://openai.com/gptbot)"
74.7.243.201 - - [18/Jan/2026:02:49:49 +0700] "GET /wp-includes/IXR/?ND HTTP/2" 200 1259 "https://netfinitynetwork.idm01.my.id/wp-includes/IXR/" "Mozilla/5.0 AppleWebKit/537.36 (KHTML, like Gecko; compatible; GPTBot/1.3; +https://openai.com/gptbot)"
74.7.243.196 - - [18/Jan/2026:02:49:49 +0700] "GET /wp-includes/ID3/?NA HTTP/2" 200 1396 "https://www.netfinitynetwork.com/wp-includes/ID3/?SA" "Mozilla/5.0 AppleWebKit/537.36 (KHTML, like Gecko; compatible; GPTBot/1.3; +https://openai.com/gptbot)"
74.7.243.196 - - [18/Jan/2026:02:50:04 +0700] "GET /wp-includes/ID3/module.audio.dts.php HTTP/2" 200 0 "https://www.netfinitynetwork.com/wp-includes/ID3/" "Mozilla/5.0 AppleWebKit/537.36 (KHTML, like Gecko; compatible; GPTBot/1.3; +https://openai.com/gptbot)"
74.7.243.232 - - [18/Jan/2026:02:50:07 +0700] "GET /wp-includes/ID3/module.audio.ogg.php HTTP/2" 200 0 "https://netfinitynetwork.com/wp-includes/ID3/" "Mozilla/5.0 AppleWebKit/537.36 (KHTML, like Gecko; compatible; GPTBot/1.3; +https://openai.com/gptbot)"
74.7.227.136 - - [18/Jan/2026:02:50:13 +0700] "GET /wp-includes/js/crop/?MD HTTP/2" 200 773 "https://www.netfinitynetwork.idm01.my.id/wp-includes/js/crop/?MA" "Mozilla/5.0 AppleWebKit/537.36 (KHTML, like Gecko; compatible; GPTBot/1.3; +https://openai.com/gptbot)"
74.7.243.201 - - [18/Jan/2026:02:50:18 +0700] "GET /wp-includes/IXR/?SA HTTP/2" 200 1258 "https://netfinitynetwork.idm01.my.id/wp-includes/IXR/" "Mozilla/5.0 AppleWebKit/537.36 (KHTML, like Gecko; compatible; GPTBot/1.3; +https://openai.com/gptbot)"
74.7.243.196 - - [18/Jan/2026:02:50:18 +0700] "GET /wp-includes/ID3/module.audio.mp3.php HTTP/2" 200 0 "https://www.netfinitynetwork.com/wp-includes/ID3/" "Mozilla/5.0 AppleWebKit/537.36 (KHTML, like Gecko; compatible; GPTBot/1.3; +https://openai.com/gptbot)"
74.7.243.196 - - [18/Jan/2026:02:50:29 +0700] "GET /wp-includes/ID3/module.audio.ac3.php HTTP/2" 200 0 "https://www.netfinitynetwork.com/wp-includes/ID3/" "Mozilla/5.0 AppleWebKit/537.36 (KHTML, like Gecko; compatible; GPTBot/1.3; +https://openai.com/gptbot)"
74.7.243.232 - - [18/Jan/2026:02:50:29 +0700] "GET /wp-includes/ID3/getid3.lib.php HTTP/2" 200 0 "https://netfinitynetwork.com/wp-includes/ID3/" "Mozilla/5.0 AppleWebKit/537.36 (KHTML, like Gecko; compatible; GPTBot/1.3; +https://openai.com/gptbot)"
74.7.241.60 - - [18/Jan/2026:02:50:38 +0700] "GET /wp-includes/utf8.php HTTP/2" 500 0 "https://mail.netfinitynetwork.com/wp-includes/" "Mozilla/5.0 AppleWebKit/537.36 (KHTML, like Gecko; compatible; GPTBot/1.3; +https://openai.com/gptbot)"
74.7.243.196 - - [18/Jan/2026:02:50:39 +0700] "GET /wp-includes/class-walker-page.php HTTP/2" 500 0 "https://www.netfinitynetwork.com/wp-includes/" "Mozilla/5.0 AppleWebKit/537.36 (KHTML, like Gecko; compatible; GPTBot/1.3; +https://openai.com/gptbot)"
74.7.243.201 - - [18/Jan/2026:02:50:45 +0700] "GET /wp-includes/js/dist/core-data.min.js HTTP/2" 200 20409 "https://netfinitynetwork.idm01.my.id/wp-includes/js/dist/" "Mozilla/5.0 AppleWebKit/537.36 (KHTML, like Gecko; compatible; GPTBot/1.3; +https://openai.com/gptbot)"
216.73.216.222 - - [18/Jan/2026:02:50:47 +0700] "GET /wp-includes/css/buttons.css HTTP/2" 200 2279 "-" "Mozilla/5.0 AppleWebKit/537.36 (KHTML, like Gecko; compatible; ClaudeBot/1.0; +claudebot@anthropic.com)"
216.73.216.222 - - [18/Jan/2026:02:50:47 +0700] "GET /wp-includes/css/admin-bar.css HTTP/2" 200 4574 "-" "Mozilla/5.0 AppleWebKit/537.36 (KHTML, like Gecko; compatible; ClaudeBot/1.0; +claudebot@anthropic.com)"
216.73.216.222 - - [18/Jan/2026:02:50:47 +0700] "GET /wp-includes/block-patterns/query-medium-posts.php HTTP/2" 500 0 "-" "Mozilla/5.0 AppleWebKit/537.36 (KHTML, like Gecko; compatible; ClaudeBot/1.0; +claudebot@anthropic.com)"
74.7.243.232 - - [18/Jan/2026:02:50:48 +0700] "GET /wp-includes/ID3/module.audio.dts.php HTTP/2" 200 0 "https://netfinitynetwork.com/wp-includes/ID3/" "Mozilla/5.0 AppleWebKit/537.36 (KHTML, like Gecko; compatible; GPTBot/1.3; +https://openai.com/gptbot)"
74.7.243.196 - - [18/Jan/2026:02:50:48 +0700] "GET /wp-includes/l10n/class-wp-translation-file-mo.php HTTP/2" 500 0 "https://www.netfinitynetwork.com/wp-includes/l10n/" "Mozilla/5.0 AppleWebKit/537.36 (KHTML, like Gecko; compatible; GPTBot/1.3; +https://openai.com/gptbot)"
216.73.216.222 - - [18/Jan/2026:02:50:48 +0700] "GET /wp-includes/css/wp-pointer.min.css HTTP/2" 200 791 "-" "Mozilla/5.0 AppleWebKit/537.36 (KHTML, like Gecko; compatible; ClaudeBot/1.0; +claudebot@anthropic.com)"
216.73.216.222 - - [18/Jan/2026:02:50:48 +0700] "GET /wp-includes/block-patterns/query-offset-posts.php HTTP/2" 500 0 "-" "Mozilla/5.0 AppleWebKit/537.36 (KHTML, like Gecko; compatible; ClaudeBot/1.0; +claudebot@anthropic.com)"
216.73.216.222 - - [18/Jan/2026:02:50:49 +0700] "GET /wp-includes/theme-compat/comments.php HTTP/2" 500 0 "-" "Mozilla/5.0 AppleWebKit/537.36 (KHTML, like Gecko; compatible; ClaudeBot/1.0; +claudebot@anthropic.com)"
216.73.216.222 - - [18/Jan/2026:02:50:49 +0700] "GET /wp-includes/SimplePie/library HTTP/2" 301 795 "-" "Mozilla/5.0 AppleWebKit/537.36 (KHTML, like Gecko; compatible; ClaudeBot/1.0; +claudebot@anthropic.com)"
216.73.216.222 - - [18/Jan/2026:02:50:49 +0700] "GET /wp-includes/SimplePie/library/ HTTP/2" 200 742 "https://netfinitynetwork.com/wp-includes/SimplePie/library" "Mozilla/5.0 AppleWebKit/537.36 (KHTML, like Gecko; compatible; ClaudeBot/1.0; +claudebot@anthropic.com)"
216.73.216.222 - - [18/Jan/2026:02:50:50 +0700] "GET /wp-includes/css/editor.css HTTP/2" 200 6405 "-" "Mozilla/5.0 AppleWebKit/537.36 (KHTML, like Gecko; compatible; ClaudeBot/1.0; +claudebot@anthropic.com)"
216.73.216.222 - - [18/Jan/2026:02:50:50 +0700] "GET /wp-includes/js/shortcode.js HTTP/2" 200 3352 "-" "Mozilla/5.0 AppleWebKit/537.36 (KHTML, like Gecko; compatible; ClaudeBot/1.0; +claudebot@anthropic.com)"
216.73.216.222 - - [18/Jan/2026:02:50:51 +0700] "GET /wp-includes/html-api/class-wp-html-span.php HTTP/2" 200 0 "-" "Mozilla/5.0 AppleWebKit/537.36 (KHTML, like Gecko; compatible; ClaudeBot/1.0; +claudebot@anthropic.com)"
216.73.216.222 - - [18/Jan/2026:02:50:51 +0700] "GET /wp-includes/assets/script-modules-packages.php HTTP/2" 200 0 "-" "Mozilla/5.0 AppleWebKit/537.36 (KHTML, like Gecko; compatible; ClaudeBot/1.0; +claudebot@anthropic.com)"
216.73.216.222 - - [18/Jan/2026:02:50:52 +0700] "GET /wp-includes/rest-api/error_log HTTP/2" 403 1242 "-" "Mozilla/5.0 AppleWebKit/537.36 (KHTML, like Gecko; compatible; ClaudeBot/1.0; +claudebot@anthropic.com)"
216.73.216.222 - - [18/Jan/2026:02:50:52 +0700] "GET /wp-includes/customize/error_log HTTP/2" 403 1242 "-" "Mozilla/5.0 AppleWebKit/537.36 (KHTML, like Gecko; compatible; ClaudeBot/1.0; +claudebot@anthropic.com)"
216.73.216.222 - - [18/Jan/2026:02:50:53 +0700] "GET /wp-includes/html-api/class-wp-html-processor.php HTTP/2" 500 0 "-" "Mozilla/5.0 AppleWebKit/537.36 (KHTML, like Gecko; compatible; ClaudeBot/1.0; +claudebot@anthropic.com)"
216.73.216.222 - - [18/Jan/2026:02:50:53 +0700] "GET /wp-includes/SimplePie/src HTTP/2" 301 795 "-" "Mozilla/5.0 AppleWebKit/537.36 (KHTML, like Gecko; compatible; ClaudeBot/1.0; +claudebot@anthropic.com)"
216.73.216.222 - - [18/Jan/2026:02:50:53 +0700] "GET /wp-includes/SimplePie/src/ HTTP/2" 200 1712 "https://netfinitynetwork.com/wp-includes/SimplePie/src" "Mozilla/5.0 AppleWebKit/537.36 (KHTML, like Gecko; compatible; ClaudeBot/1.0; +claudebot@anthropic.com)"
216.73.216.222 - - [18/Jan/2026:02:50:54 +0700] "GET /wp-includes/atomlib.php HTTP/2" 200 0 "-" "Mozilla/5.0 AppleWebKit/537.36 (KHTML, like Gecko; compatible; ClaudeBot/1.0; +claudebot@anthropic.com)"
216.73.216.222 - - [18/Jan/2026:02:50:54 +0700] "GET /wp-includes/block-template.php HTTP/2" 200 0 "-" "Mozilla/5.0 AppleWebKit/537.36 (KHTML, like Gecko; compatible; ClaudeBot/1.0; +claudebot@anthropic.com)"
216.73.216.222 - - [18/Jan/2026:02:50:55 +0700] "GET /wp-includes/abilities.php HTTP/2" 200 0 "-" "Mozilla/5.0 AppleWebKit/537.36 (KHTML, like Gecko; compatible; ClaudeBot/1.0; +claudebot@anthropic.com)"
216.73.216.222 - - [18/Jan/2026:02:50:56 +0700] "GET /wp-includes/formatting.php HTTP/2" 200 0 "-" "Mozilla/5.0 AppleWebKit/537.36 (KHTML, like Gecko; compatible; ClaudeBot/1.0; +claudebot@anthropic.com)"
216.73.216.222 - - [18/Jan/2026:02:50:56 +0700] "GET /wp-admin/upgrade.php HTTP/2" 200 389 "-" "Mozilla/5.0 AppleWebKit/537.36 (KHTML, like Gecko; compatible; ClaudeBot/1.0; +claudebot@anthropic.com)"
216.73.216.222 - - [18/Jan/2026:02:50:56 +0700] "GET /wp-includes/interactivity-api HTTP/2" 301 795 "-" "Mozilla/5.0 AppleWebKit/537.36 (KHTML, like Gecko; compatible; ClaudeBot/1.0; +claudebot@anthropic.com)"
103.247.11.196 - - [18/Jan/2026:02:50:56 +0700] "POST /wp-cron.php?doing_wp_cron=1768679456.2923789024353027343750 HTTP/1.1" 200 0 "-" "WordPress/6.9; https://netfinitynetwork.com"
216.73.216.222 - - [18/Jan/2026:02:50:56 +0700] "GET /wp-includes/interactivity-api/ HTTP/2" 200 759 "https://netfinitynetwork.com/wp-includes/interactivity-api" "Mozilla/5.0 AppleWebKit/537.36 (KHTML, like Gecko; compatible; ClaudeBot/1.0; +claudebot@anthropic.com)"
216.73.216.222 - - [18/Jan/2026:02:50:57 +0700] "GET /wp-includes/comment.php HTTP/2" 200 0 "-" "Mozilla/5.0 AppleWebKit/537.36 (KHTML, like Gecko; compatible; ClaudeBot/1.0; +claudebot@anthropic.com)"
216.73.216.222 - - [18/Jan/2026:02:50:57 +0700] "GET /wp-includes/script-loader.php HTTP/2" 500 0 "-" "Mozilla/5.0 AppleWebKit/537.36 (KHTML, like Gecko; compatible; ClaudeBot/1.0; +claudebot@anthropic.com)"
216.73.216.222 - - [18/Jan/2026:02:50:58 +0700] "GET /wp-includes/Text HTTP/2" 301 795 "-" "Mozilla/5.0 AppleWebKit/537.36 (KHTML, like Gecko; compatible; ClaudeBot/1.0; +claudebot@anthropic.com)"
216.73.216.222 - - [18/Jan/2026:02:50:58 +0700] "GET /wp-includes/Text/ HTTP/2" 200 731 "https://netfinitynetwork.com/wp-includes/Text" "Mozilla/5.0 AppleWebKit/537.36 (KHTML, like Gecko; compatible; ClaudeBot/1.0; +claudebot@anthropic.com)"
216.73.216.222 - - [18/Jan/2026:02:50:58 +0700] "GET /wp-includes/embed.php HTTP/2" 200 0 "-" "Mozilla/5.0 AppleWebKit/537.36 (KHTML, like Gecko; compatible; ClaudeBot/1.0; +claudebot@anthropic.com)"
216.73.216.222 - - [18/Jan/2026:02:50:59 +0700] "GET /wp-includes/rest-api/fields HTTP/2" 301 795 "-" "Mozilla/5.0 AppleWebKit/537.36 (KHTML, like Gecko; compatible; ClaudeBot/1.0; +claudebot@anthropic.com)"
216.73.216.222 - - [18/Jan/2026:02:50:59 +0700] "GET /wp-includes/rest-api/fields/ HTTP/2" 200 1117 "https://netfinitynetwork.com/wp-includes/rest-api/fields" "Mozilla/5.0 AppleWebKit/537.36 (KHTML, like Gecko; compatible; ClaudeBot/1.0; +claudebot@anthropic.com)"
216.73.216.222 - - [18/Jan/2026:02:50:59 +0700] "GET /wp-includes/html-api/error_log HTTP/2" 403 1242 "-" "Mozilla/5.0 AppleWebKit/537.36 (KHTML, like Gecko; compatible; ClaudeBot/1.0; +claudebot@anthropic.com)"
216.73.216.222 - - [18/Jan/2026:02:51:00 +0700] "GET /wp-includes/html-api/class-wp-html-decoder.php HTTP/2" 200 0 "-" "Mozilla/5.0 AppleWebKit/537.36 (KHTML, like Gecko; compatible; ClaudeBot/1.0; +claudebot@anthropic.com)"
74.7.227.136 - - [18/Jan/2026:02:51:03 +0700] "GET /wp-includes/rest-api/endpoints/class-wp-rest-attachments-controller.php HTTP/2" 500 0 "https://www.netfinitynetwork.idm01.my.id/wp-includes/rest-api/endpoints/" "Mozilla/5.0 AppleWebKit/537.36 (KHTML, like Gecko; compatible; GPTBot/1.3; +https://openai.com/gptbot)"
74.7.243.232 - - [18/Jan/2026:02:51:06 +0700] "GET /wp-includes/ID3/?NA HTTP/2" 200 1391 "https://netfinitynetwork.com/wp-includes/ID3/?ND" "Mozilla/5.0 AppleWebKit/537.36 (KHTML, like Gecko; compatible; GPTBot/1.3; +https://openai.com/gptbot)"
74.7.243.201 - - [18/Jan/2026:02:51:09 +0700] "GET /wp-includes/js/dist/edit-post.min.js HTTP/2" 200 13246 "https://netfinitynetwork.idm01.my.id/wp-includes/js/dist/" "Mozilla/5.0 AppleWebKit/537.36 (KHTML, like Gecko; compatible; GPTBot/1.3; +https://openai.com/gptbot)"
74.7.243.196 - - [18/Jan/2026:02:51:16 +0700] "GET /wp-includes/class-wp.php HTTP/2" 200 0 "https://www.netfinitynetwork.com/wp-includes/" "Mozilla/5.0 AppleWebKit/537.36 (KHTML, like Gecko; compatible; GPTBot/1.3; +https://openai.com/gptbot)"
216.73.216.222 - - [18/Jan/2026:02:51:18 +0700] "GET /wp-includes/js/tinymce HTTP/2" 301 795 "-" "Mozilla/5.0 AppleWebKit/537.36 (KHTML, like Gecko; compatible; ClaudeBot/1.0; +claudebot@anthropic.com)"
216.73.216.222 - - [18/Jan/2026:02:51:18 +0700] "GET /wp-includes/css/wp-embed-template.css HTTP/2" 200 1878 "-" "Mozilla/5.0 AppleWebKit/537.36 (KHTML, like Gecko; compatible; ClaudeBot/1.0; +claudebot@anthropic.com)"
216.73.216.222 - - [18/Jan/2026:02:51:18 +0700] "GET /wp-includes/js/tinymce/ HTTP/2" 200 1214 "https://netfinitynetwork.com/wp-includes/js/tinymce" "Mozilla/5.0 AppleWebKit/537.36 (KHTML, like Gecko; compatible; ClaudeBot/1.0; +claudebot@anthropic.com)"
216.73.216.222 - - [18/Jan/2026:02:51:19 +0700] "GET /wp-includes/class-wp-network-query.php HTTP/2" 200 0 "-" "Mozilla/5.0 AppleWebKit/537.36 (KHTML, like Gecko; compatible; ClaudeBot/1.0; +claudebot@anthropic.com)"
216.73.216.222 - - [18/Jan/2026:02:51:19 +0700] "GET /wp-includes/ms-default-constants.php HTTP/2" 200 0 "-" "Mozilla/5.0 AppleWebKit/537.36 (KHTML, like Gecko; compatible; ClaudeBot/1.0; +claudebot@anthropic.com)"
216.73.216.222 - - [18/Jan/2026:02:51:20 +0700] "GET /wp-includes/js/hoverIntent.js HTTP/2" 200 2268 "-" "Mozilla/5.0 AppleWebKit/537.36 (KHTML, like Gecko; compatible; ClaudeBot/1.0; +claudebot@anthropic.com)"
216.73.216.222 - - [18/Jan/2026:02:51:20 +0700] "GET /wp-includes/class-walker-category.php HTTP/2" 500 0 "-" "Mozilla/5.0 AppleWebKit/537.36 (KHTML, like Gecko; compatible; ClaudeBot/1.0; +claudebot@anthropic.com)"
216.73.216.222 - - [18/Jan/2026:02:51:21 +0700] "GET /wp-includes/rest-api/endpoints HTTP/2" 301 795 "-" "Mozilla/5.0 AppleWebKit/537.36 (KHTML, like Gecko; compatible; ClaudeBot/1.0; +claudebot@anthropic.com)"
216.73.216.222 - - [18/Jan/2026:02:51:21 +0700] "GET /wp-includes/rest-api/endpoints/ HTTP/2" 200 2316 "https://netfinitynetwork.com/wp-includes/rest-api/endpoints" "Mozilla/5.0 AppleWebKit/537.36 (KHTML, like Gecko; compatible; ClaudeBot/1.0; +claudebot@anthropic.com)"
74.7.243.232 - - [18/Jan/2026:02:51:21 +0700] "GET /wp-includes/ID3/?MD HTTP/2" 200 1407 "https://netfinitynetwork.com/wp-includes/ID3/?MA" "Mozilla/5.0 AppleWebKit/537.36 (KHTML, like Gecko; compatible; GPTBot/1.3; +https://openai.com/gptbot)"
216.73.216.222 - - [18/Jan/2026:02:51:21 +0700] "GET /wp-includes/php-compat/readonly.php HTTP/2" 200 0 "-" "Mozilla/5.0 AppleWebKit/537.36 (KHTML, like Gecko; compatible; ClaudeBot/1.0; +claudebot@anthropic.com)"
216.73.216.222 - - [18/Jan/2026:02:51:22 +0700] "GET /wp-includes/html-api/class-wp-html-token.php HTTP/2" 200 0 "-" "Mozilla/5.0 AppleWebKit/537.36 (KHTML, like Gecko; compatible; ClaudeBot/1.0; +claudebot@anthropic.com)"
216.73.216.222 - - [18/Jan/2026:02:51:22 +0700] "GET /wp-includes/Requests/library HTTP/2" 301 795 "-" "Mozilla/5.0 AppleWebKit/537.36 (KHTML, like Gecko; compatible; ClaudeBot/1.0; +claudebot@anthropic.com)"
216.73.216.222 - - [18/Jan/2026:02:51:22 +0700] "GET /wp-includes/Requests/library/ HTTP/2" 200 720 "https://netfinitynetwork.com/wp-includes/Requests/library" "Mozilla/5.0 AppleWebKit/537.36 (KHTML, like Gecko; compatible; ClaudeBot/1.0; +claudebot@anthropic.com)"
216.73.216.222 - - [18/Jan/2026:02:51:23 +0700] "GET /wp-includes/theme-compat/embed.php HTTP/2" 500 0 "-" "Mozilla/5.0 AppleWebKit/537.36 (KHTML, like Gecko; compatible; ClaudeBot/1.0; +claudebot@anthropic.com)"
216.73.216.222 - - [18/Jan/2026:02:51:23 +0700] "GET /wp-includes/class-wp-post-type.php HTTP/2" 200 0 "-" "Mozilla/5.0 AppleWebKit/537.36 (KHTML, like Gecko; compatible; ClaudeBot/1.0; +claudebot@anthropic.com)"
216.73.216.222 - - [18/Jan/2026:02:51:24 +0700] "GET /wp-includes/class-wp-http-cookie.php HTTP/2" 200 0 "-" "Mozilla/5.0 AppleWebKit/537.36 (KHTML, like Gecko; compatible; ClaudeBot/1.0; +claudebot@anthropic.com)"
216.73.216.222 - - [18/Jan/2026:02:51:24 +0700] "GET /wp-includes/certificates HTTP/2" 301 795 "-" "Mozilla/5.0 AppleWebKit/537.36 (KHTML, like Gecko; compatible; ClaudeBot/1.0; +claudebot@anthropic.com)"
216.73.216.222 - - [18/Jan/2026:02:51:24 +0700] "GET /wp-includes/certificates/ HTTP/2" 200 622 "https://netfinitynetwork.com/wp-includes/certificates" "Mozilla/5.0 AppleWebKit/537.36 (KHTML, like Gecko; compatible; ClaudeBot/1.0; +claudebot@anthropic.com)"
216.73.216.222 - - [18/Jan/2026:02:51:25 +0700] "GET /wp-includes/pomo/entry.php HTTP/2" 200 0 "-" "Mozilla/5.0 AppleWebKit/537.36 (KHTML, like Gecko; compatible; ClaudeBot/1.0; +claudebot@anthropic.com)"
216.73.216.222 - - [18/Jan/2026:02:51:26 +0700] "GET /wp-includes/class-wp-walker.php HTTP/2" 200 0 "-" "Mozilla/5.0 AppleWebKit/537.36 (KHTML, like Gecko; compatible; ClaudeBot/1.0; +claudebot@anthropic.com)"
216.73.216.222 - - [18/Jan/2026:02:51:26 +0700] "GET /wp-includes/bookmark-template.php HTTP/2" 200 0 "-" "Mozilla/5.0 AppleWebKit/537.36 (KHTML, like Gecko; compatible; ClaudeBot/1.0; +claudebot@anthropic.com)"
216.73.216.222 - - [18/Jan/2026:02:51:26 +0700] "GET /wp-includes/class-wp-oembed-controller.php HTTP/2" 200 0 "-" "Mozilla/5.0 AppleWebKit/537.36 (KHTML, like Gecko; compatible; ClaudeBot/1.0; +claudebot@anthropic.com)"
216.73.216.222 - - [18/Jan/2026:02:51:27 +0700] "GET /wp-includes/class-wp-styles.php HTTP/2" 500 0 "-" "Mozilla/5.0 AppleWebKit/537.36 (KHTML, like Gecko; compatible; ClaudeBot/1.0; +claudebot@anthropic.com)"
216.73.216.222 - - [18/Jan/2026:02:51:27 +0700] "GET /wp-includes/media-template.php HTTP/2" 200 0 "-" "Mozilla/5.0 AppleWebKit/537.36 (KHTML, like Gecko; compatible; ClaudeBot/1.0; +claudebot@anthropic.com)"
216.73.216.222 - - [18/Jan/2026:02:51:28 +0700] "GET /wp-includes/IXR/error_log HTTP/2" 403 1242 "-" "Mozilla/5.0 AppleWebKit/537.36 (KHTML, like Gecko; compatible; ClaudeBot/1.0; +claudebot@anthropic.com)"
216.73.216.222 - - [18/Jan/2026:02:51:28 +0700] "GET /wp-includes/post.php HTTP/2" 200 0 "-" "Mozilla/5.0 AppleWebKit/537.36 (KHTML, like Gecko; compatible; ClaudeBot/1.0; +claudebot@anthropic.com)"
216.73.216.222 - - [18/Jan/2026:02:51:29 +0700] "GET /wp-includes/widgets/error_log HTTP/2" 403 1242 "-" "Mozilla/5.0 AppleWebKit/537.36 (KHTML, like Gecko; compatible; ClaudeBot/1.0; +claudebot@anthropic.com)"
216.73.216.222 - - [18/Jan/2026:02:51:29 +0700] "GET /wp-includes/class-smtp.php HTTP/2" 500 0 "-" "Mozilla/5.0 AppleWebKit/537.36 (KHTML, like Gecko; compatible; ClaudeBot/1.0; +claudebot@anthropic.com)"
216.73.216.222 - - [18/Jan/2026:02:51:30 +0700] "GET /wp-includes/class.wp-scripts.php HTTP/2" 500 0 "-" "Mozilla/5.0 AppleWebKit/537.36 (KHTML, like Gecko; compatible; ClaudeBot/1.0; +claudebot@anthropic.com)"
216.73.216.222 - - [18/Jan/2026:02:51:30 +0700] "GET /wp-includes/blocks HTTP/2" 301 795 "-" "Mozilla/5.0 AppleWebKit/537.36 (KHTML, like Gecko; compatible; ClaudeBot/1.0; +claudebot@anthropic.com)"
216.73.216.222 - - [18/Jan/2026:02:51:30 +0700] "GET /wp-includes/blocks/ HTTP/2" 200 6 "https://netfinitynetwork.com/wp-includes/blocks" "Mozilla/5.0 AppleWebKit/537.36 (KHTML, like Gecko; compatible; ClaudeBot/1.0; +claudebot@anthropic.com)"
216.73.216.222 - - [18/Jan/2026:02:51:31 +0700] "GET /wp-includes/taxonomy.php HTTP/2" 200 0 "-" "Mozilla/5.0 AppleWebKit/537.36 (KHTML, like Gecko; compatible; ClaudeBot/1.0; +claudebot@anthropic.com)"
74.7.243.201 - - [18/Jan/2026:02:51:31 +0700] "GET /wp-includes/js/dist/private-apis.min.js HTTP/2" 200 900 "https://netfinitynetwork.idm01.my.id/wp-includes/js/dist/" "Mozilla/5.0 AppleWebKit/537.36 (KHTML, like Gecko; compatible; GPTBot/1.3; +https://openai.com/gptbot)"
216.73.216.222 - - [18/Jan/2026:02:51:32 +0700] "GET /wp-includes/js/underscore.js HTTP/2" 200 18837 "-" "Mozilla/5.0 AppleWebKit/537.36 (KHTML, like Gecko; compatible; ClaudeBot/1.0; +claudebot@anthropic.com)"
216.73.216.222 - - [18/Jan/2026:02:51:32 +0700] "GET /wp-includes/js/utils.js HTTP/2" 200 1549 "-" "Mozilla/5.0 AppleWebKit/537.36 (KHTML, like Gecko; compatible; ClaudeBot/1.0; +claudebot@anthropic.com)"
216.73.216.222 - - [18/Jan/2026:02:51:32 +0700] "GET /wp-includes/block-bindings HTTP/2" 301 795 "-" "Mozilla/5.0 AppleWebKit/537.36 (KHTML, like Gecko; compatible; ClaudeBot/1.0; +claudebot@anthropic.com)"
216.73.216.222 - - [18/Jan/2026:02:51:32 +0700] "GET /wp-includes/block-bindings/ HTTP/2" 200 791 "https://netfinitynetwork.com/wp-includes/block-bindings" "Mozilla/5.0 AppleWebKit/537.36 (KHTML, like Gecko; compatible; ClaudeBot/1.0; +claudebot@anthropic.com)"
216.73.216.222 - - [18/Jan/2026:02:51:33 +0700] "GET /wp-includes/block-patterns/query-grid-posts.php HTTP/2" 500 0 "-" "Mozilla/5.0 AppleWebKit/537.36 (KHTML, like Gecko; compatible; ClaudeBot/1.0; +claudebot@anthropic.com)"
216.73.216.222 - - [18/Jan/2026:02:51:33 +0700] "GET /wp-includes/class-wp-user.php HTTP/2" 200 0 "-" "Mozilla/5.0 AppleWebKit/537.36 (KHTML, like Gecko; compatible; ClaudeBot/1.0; +claudebot@anthropic.com)"
74.7.241.60 - - [18/Jan/2026:02:51:36 +0700] "GET /wp-includes/rest-api/endpoints/class-wp-rest-attachments-controller.php HTTP/2" 500 0 "https://mail.netfinitynetwork.com/wp-includes/rest-api/endpoints/" "Mozilla/5.0 AppleWebKit/537.36 (KHTML, like Gecko; compatible; GPTBot/1.3; +https://openai.com/gptbot)"
74.7.243.232 - - [18/Jan/2026:02:51:36 +0700] "GET /wp-includes/ID3/?SD HTTP/2" 200 1415 "https://netfinitynetwork.com/wp-includes/ID3/?SA" "Mozilla/5.0 AppleWebKit/537.36 (KHTML, like Gecko; compatible; GPTBot/1.3; +https://openai.com/gptbot)"
216.73.216.222 - - [18/Jan/2026:02:51:38 +0700] "GET /wp-includes/js/wp-pointer.js HTTP/2" 200 2822 "-" "Mozilla/5.0 AppleWebKit/537.36 (KHTML, like Gecko; compatible; ClaudeBot/1.0; +claudebot@anthropic.com)"
216.73.216.222 - - [18/Jan/2026:02:51:43 +0700] "GET /wp-includes/ms-files.php HTTP/2" 200 32 "-" "Mozilla/5.0 AppleWebKit/537.36 (KHTML, like Gecko; compatible; ClaudeBot/1.0; +claudebot@anthropic.com)"
74.7.243.232 - - [18/Jan/2026:02:51:48 +0700] "GET /wp-includes/ID3/module.audio.mp3.php HTTP/2" 200 0 "https://netfinitynetwork.com/wp-includes/ID3/" "Mozilla/5.0 AppleWebKit/537.36 (KHTML, like Gecko; compatible; GPTBot/1.3; +https://openai.com/gptbot)"
216.73.216.222 - - [18/Jan/2026:02:51:48 +0700] "GET /wp-includes/class.wp-styles.php HTTP/2" 500 0 "-" "Mozilla/5.0 AppleWebKit/537.36 (KHTML, like Gecko; compatible; ClaudeBot/1.0; +claudebot@anthropic.com)"
74.7.227.136 - - [18/Jan/2026:02:51:49 +0700] "GET /wp-includes/class-walker-category.php HTTP/2" 500 0 "https://www.netfinitynetwork.idm01.my.id/wp-includes/" "Mozilla/5.0 AppleWebKit/537.36 (KHTML, like Gecko; compatible; GPTBot/1.3; +https://openai.com/gptbot)"
74.7.243.201 - - [18/Jan/2026:02:51:50 +0700] "GET /wp-includes/js/dist/preferences-persistence.js HTTP/2" 200 3629 "https://netfinitynetwork.idm01.my.id/wp-includes/js/dist/" "Mozilla/5.0 AppleWebKit/537.36 (KHTML, like Gecko; compatible; GPTBot/1.3; +https://openai.com/gptbot)"
216.73.216.222 - - [18/Jan/2026:02:51:53 +0700] "GET /wp-includes/class-wp-oembed.php HTTP/2" 200 0 "-" "Mozilla/5.0 AppleWebKit/537.36 (KHTML, like Gecko; compatible; ClaudeBot/1.0; +claudebot@anthropic.com)"
216.73.216.222 - - [18/Jan/2026:02:51:58 +0700] "GET /wp-includes/theme-compat/header.php HTTP/2" 500 0 "-" "Mozilla/5.0 AppleWebKit/537.36 (KHTML, like Gecko; compatible; ClaudeBot/1.0; +claudebot@anthropic.com)"
74.7.243.232 - - [18/Jan/2026:02:51:59 +0700] "GET /wp-includes/ID3/module.audio.ac3.php HTTP/2" 200 0 "https://netfinitynetwork.com/wp-includes/ID3/" "Mozilla/5.0 AppleWebKit/537.36 (KHTML, like Gecko; compatible; GPTBot/1.3; +https://openai.com/gptbot)"
216.73.216.222 - - [18/Jan/2026:02:52:03 +0700] "GET /wp-includes/class-wp-term.php HTTP/2" 200 0 "-" "Mozilla/5.0 AppleWebKit/537.36 (KHTML, like Gecko; compatible; ClaudeBot/1.0; +claudebot@anthropic.com)"
216.73.216.222 - - [18/Jan/2026:02:52:08 +0700] "GET /wp-includes/class-wp-feed-cache.php HTTP/2" 500 0 "-" "Mozilla/5.0 AppleWebKit/537.36 (KHTML, like Gecko; compatible; ClaudeBot/1.0; +claudebot@anthropic.com)"
74.7.243.201 - - [18/Jan/2026:02:52:09 +0700] "GET /wp-includes/js/dist/edit-post.js HTTP/2" 200 20149 "https://netfinitynetwork.idm01.my.id/wp-includes/js/dist/" "Mozilla/5.0 AppleWebKit/537.36 (KHTML, like Gecko; compatible; GPTBot/1.3; +https://openai.com/gptbot)"
74.7.243.232 - - [18/Jan/2026:02:52:10 +0700] "GET /wp-includes/class-walker-page.php HTTP/2" 500 0 "https://netfinitynetwork.com/wp-includes/" "Mozilla/5.0 AppleWebKit/537.36 (KHTML, like Gecko; compatible; GPTBot/1.3; +https://openai.com/gptbot)"
216.73.216.222 - - [18/Jan/2026:02:52:13 +0700] "GET /wp-includes/class-wp-http-streams.php HTTP/2" 200 0 "-" "Mozilla/5.0 AppleWebKit/537.36 (KHTML, like Gecko; compatible; ClaudeBot/1.0; +claudebot@anthropic.com)"
216.73.216.222 - - [18/Jan/2026:02:52:18 +0700] "GET /wp-includes/js/jquery HTTP/2" 301 795 "-" "Mozilla/5.0 AppleWebKit/537.36 (KHTML, like Gecko; compatible; ClaudeBot/1.0; +claudebot@anthropic.com)"
216.73.216.222 - - [18/Jan/2026:02:52:18 +0700] "GET /wp-includes/js/jquery/ HTTP/2" 200 1544 "https://netfinitynetwork.com/wp-includes/js/jquery" "Mozilla/5.0 AppleWebKit/537.36 (KHTML, like Gecko; compatible; ClaudeBot/1.0; +claudebot@anthropic.com)"
74.7.243.232 - - [18/Jan/2026:02:52:19 +0700] "GET /wp-includes/l10n/class-wp-translation-file-mo.php HTTP/2" 500 0 "https://netfinitynetwork.com/wp-includes/l10n/" "Mozilla/5.0 AppleWebKit/537.36 (KHTML, like Gecko; compatible; GPTBot/1.3; +https://openai.com/gptbot)"
74.7.243.196 - - [18/Jan/2026:02:52:22 +0700] "GET /wp-includes/IXR/ HTTP/2" 200 1253 "https://www.netfinitynetwork.com/wp-includes/" "Mozilla/5.0 AppleWebKit/537.36 (KHTML, like Gecko; compatible; GPTBot/1.3; +https://openai.com/gptbot)"
216.73.216.222 - - [18/Jan/2026:02:52:23 +0700] "GET /wp-includes/assets/script-loader-packages.php HTTP/2" 200 0 "-" "Mozilla/5.0 AppleWebKit/537.36 (KHTML, like Gecko; compatible; ClaudeBot/1.0; +claudebot@anthropic.com)"
74.7.243.201 - - [18/Jan/2026:02:52:24 +0700] "GET /wp-includes/js/dist/block-serialization-default-parser.min.js HTTP/2" 200 1053 "https://netfinitynetwork.idm01.my.id/wp-includes/js/dist/" "Mozilla/5.0 AppleWebKit/537.36 (KHTML, like Gecko; compatible; GPTBot/1.3; +https://openai.com/gptbot)"
216.73.216.222 - - [18/Jan/2026:02:52:28 +0700] "GET /wp-includes/html-api/class-wp-html-open-elements.php HTTP/2" 200 0 "-" "Mozilla/5.0 AppleWebKit/537.36 (KHTML, like Gecko; compatible; ClaudeBot/1.0; +claudebot@anthropic.com)"
216.73.216.222 - - [18/Jan/2026:02:52:33 +0700] "GET /wp-includes/js/api-request.js HTTP/2" 200 1227 "-" "Mozilla/5.0 AppleWebKit/537.36 (KHTML, like Gecko; compatible; ClaudeBot/1.0; +claudebot@anthropic.com)"
74.7.241.60 - - [18/Jan/2026:02:52:37 +0700] "GET /wp-includes/class-walker-category.php HTTP/2" 500 0 "https://mail.netfinitynetwork.com/wp-includes/" "Mozilla/5.0 AppleWebKit/537.36 (KHTML, like Gecko; compatible; GPTBot/1.3; +https://openai.com/gptbot)"
216.73.216.222 - - [18/Jan/2026:02:52:38 +0700] "GET /wp-includes/html-api/class-wp-html-tag-processor.php HTTP/2" 200 0 "-" "Mozilla/5.0 AppleWebKit/537.36 (KHTML, like Gecko; compatible; ClaudeBot/1.0; +claudebot@anthropic.com)"
74.7.243.201 - - [18/Jan/2026:02:52:39 +0700] "GET /wp-includes/IXR/?MA HTTP/2" 200 1248 "https://netfinitynetwork.idm01.my.id/wp-includes/IXR/" "Mozilla/5.0 AppleWebKit/537.36 (KHTML, like Gecko; compatible; GPTBot/1.3; +https://openai.com/gptbot)"
216.73.216.222 - - [18/Jan/2026:02:52:43 +0700] "GET /wp-includes/css/customize-preview.css HTTP/2" 200 959 "-" "Mozilla/5.0 AppleWebKit/537.36 (KHTML, like Gecko; compatible; ClaudeBot/1.0; +claudebot@anthropic.com)"
74.7.243.232 - - [18/Jan/2026:02:52:48 +0700] "GET /wp-includes/class-wp.php HTTP/2" 200 0 "https://netfinitynetwork.com/wp-includes/" "Mozilla/5.0 AppleWebKit/537.36 (KHTML, like Gecko; compatible; GPTBot/1.3; +https://openai.com/gptbot)"
216.73.216.222 - - [18/Jan/2026:02:52:49 +0700] "GET /wp-includes/js/mediaelement HTTP/2" 301 795 "-" "Mozilla/5.0 AppleWebKit/537.36 (KHTML, like Gecko; compatible; ClaudeBot/1.0; +claudebot@anthropic.com)"
216.73.216.222 - - [18/Jan/2026:02:52:49 +0700] "GET /wp-includes/js/mediaelement/ HTTP/2" 200 1506 "https://netfinitynetwork.com/wp-includes/js/mediaelement" "Mozilla/5.0 AppleWebKit/537.36 (KHTML, like Gecko; compatible; ClaudeBot/1.0; +claudebot@anthropic.com)"
74.7.227.136 - - [18/Jan/2026:02:52:53 +0700] "GET /wp-includes/class-IXR.php HTTP/2" 200 6 "https://www.netfinitynetwork.idm01.my.id/wp-includes/" "Mozilla/5.0 AppleWebKit/537.36 (KHTML, like Gecko; compatible; GPTBot/1.3; +https://openai.com/gptbot)"
216.73.216.222 - - [18/Jan/2026:02:52:53 +0700] "GET /wp-includes/theme-compat/error_log HTTP/2" 403 1242 "-" "Mozilla/5.0 AppleWebKit/537.36 (KHTML, like Gecko; compatible; ClaudeBot/1.0; +claudebot@anthropic.com)"
74.7.243.201 - - [18/Jan/2026:02:52:53 +0700] "GET /wp-includes/js/dist/block-serialization-default-parser.js HTTP/2" 200 1748 "https://netfinitynetwork.idm01.my.id/wp-includes/js/dist/" "Mozilla/5.0 AppleWebKit/537.36 (KHTML, like Gecko; compatible; GPTBot/1.3; +https://openai.com/gptbot)"
216.73.216.222 - - [18/Jan/2026:02:52:58 +0700] "GET /wp-includes/js/crop HTTP/2" 301 795 "-" "Mozilla/5.0 AppleWebKit/537.36 (KHTML, like Gecko; compatible; ClaudeBot/1.0; +claudebot@anthropic.com)"
216.73.216.222 - - [18/Jan/2026:02:52:58 +0700] "GET /wp-includes/js/crop/ HTTP/2" 200 757 "https://netfinitynetwork.com/wp-includes/js/crop" "Mozilla/5.0 AppleWebKit/537.36 (KHTML, like Gecko; compatible; ClaudeBot/1.0; +claudebot@anthropic.com)"
216.73.216.222 - - [18/Jan/2026:02:53:03 +0700] "GET /wp-includes/IXR/class-IXR-error.php HTTP/2" 200 0 "-" "Mozilla/5.0 AppleWebKit/537.36 (KHTML, like Gecko; compatible; ClaudeBot/1.0; +claudebot@anthropic.com)"
74.7.243.201 - - [18/Jan/2026:02:53:04 +0700] "GET /wp-includes/js/dist/api-fetch.js HTTP/2" 200 4125 "https://netfinitynetwork.idm01.my.id/wp-includes/js/dist/" "Mozilla/5.0 AppleWebKit/537.36 (KHTML, like Gecko; compatible; GPTBot/1.3; +https://openai.com/gptbot)"
