216.73.216.99 - - [18/Jan/2026:02:17:27 +0700] "GET /wp-includes/js/codemirror HTTP/2" 301 795 "-" "Mozilla/5.0 AppleWebKit/537.36 (KHTML, like Gecko; compatible; ClaudeBot/1.0; +claudebot@anthropic.com)"
216.73.216.99 - - [18/Jan/2026:02:17:28 +0700] "GET /wp-includes/js/codemirror/ HTTP/2" 200 1143 "https://www.netfinitynetwork.idm01.my.id/wp-includes/js/codemirror" "Mozilla/5.0 AppleWebKit/537.36 (KHTML, like Gecko; compatible; ClaudeBot/1.0; +claudebot@anthropic.com)"
74.7.227.136 - - [18/Jan/2026:02:17:37 +0700] "GET /wp-includes/js/admin-bar.min.js HTTP/2" 200 1223 "https://www.netfinitynetwork.idm01.my.id/wp-includes/js/" "Mozilla/5.0 AppleWebKit/537.36 (KHTML, like Gecko; compatible; GPTBot/1.3; +https://openai.com/gptbot)"
74.7.241.60 - - [18/Jan/2026:02:17:43 +0700] "GET /wp-includes/js/wp-embed.min.js HTTP/2" 200 616 "https://mail.netfinitynetwork.com/wp-includes/js/" "Mozilla/5.0 AppleWebKit/537.36 (KHTML, like Gecko; compatible; GPTBot/1.3; +https://openai.com/gptbot)"
216.73.216.99 - - [18/Jan/2026:02:17:44 +0700] "GET /wp-includes/js/wp-util.js HTTP/2" 200 1581 "-" "Mozilla/5.0 AppleWebKit/537.36 (KHTML, like Gecko; compatible; ClaudeBot/1.0; +claudebot@anthropic.com)"
74.7.243.196 - - [18/Jan/2026:02:17:45 +0700] "GET /wp-includes/theme-compat/error_log HTTP/2" 403 1242 "https://www.netfinitynetwork.com/wp-includes/theme-compat/" "Mozilla/5.0 AppleWebKit/537.36 (KHTML, like Gecko; compatible; GPTBot/1.3; +https://openai.com/gptbot)"
216.73.216.222 - - [18/Jan/2026:02:17:46 +0700] "GET /robots.txt HTTP/2" 200 108 "-" "Mozilla/5.0 AppleWebKit/537.36 (KHTML, like Gecko; compatible; ClaudeBot/1.0; +claudebot@anthropic.com)"
216.73.216.222 - - [18/Jan/2026:02:17:47 +0700] "GET /wp-admin/css/install.min.css HTTP/2" 200 1590 "-" "Mozilla/5.0 AppleWebKit/537.36 (KHTML, like Gecko; compatible; ClaudeBot/1.0; +claudebot@anthropic.com)"
216.73.216.99 - - [18/Jan/2026:02:17:48 +0700] "GET /wp-includes/IXR/class-IXR-introspectionserver.php HTTP/2" 500 0 "-" "Mozilla/5.0 AppleWebKit/537.36 (KHTML, like Gecko; compatible; ClaudeBot/1.0; +claudebot@anthropic.com)"
216.73.216.99 - - [18/Jan/2026:02:17:53 +0700] "GET /wp-includes/l10n/error_log HTTP/2" 403 1242 "-" "Mozilla/5.0 AppleWebKit/537.36 (KHTML, like Gecko; compatible; ClaudeBot/1.0; +claudebot@anthropic.com)"
216.73.216.99 - - [18/Jan/2026:02:17:58 +0700] "GET /wp-includes/js/wp-embed-template.js HTTP/2" 200 1702 "-" "Mozilla/5.0 AppleWebKit/537.36 (KHTML, like Gecko; compatible; ClaudeBot/1.0; +claudebot@anthropic.com)"
74.7.243.201 - - [18/Jan/2026:02:18:02 +0700] "GET /wp-includes/js/crop/?SA HTTP/2" 200 766 "https://netfinitynetwork.idm01.my.id/wp-includes/js/crop/" "Mozilla/5.0 AppleWebKit/537.36 (KHTML, like Gecko; compatible; GPTBot/1.3; +https://openai.com/gptbot)"
216.73.216.99 - - [18/Jan/2026:02:18:03 +0700] "GET /wp-includes/PHPMailer/SMTP.php HTTP/2" 200 0 "-" "Mozilla/5.0 AppleWebKit/537.36 (KHTML, like Gecko; compatible; ClaudeBot/1.0; +claudebot@anthropic.com)"
74.7.227.136 - - [18/Jan/2026:02:18:06 +0700] "GET /wp-includes/js/wp-embed.min.js HTTP/2" 200 616 "https://www.netfinitynetwork.idm01.my.id/wp-includes/js/" "Mozilla/5.0 AppleWebKit/537.36 (KHTML, like Gecko; compatible; GPTBot/1.3; +https://openai.com/gptbot)"
74.7.241.60 - - [18/Jan/2026:02:18:10 +0700] "GET /wp-includes/js/wp-lists.min.js HTTP/2" 200 2359 "https://mail.netfinitynetwork.com/wp-includes/js/" "Mozilla/5.0 AppleWebKit/537.36 (KHTML, like Gecko; compatible; GPTBot/1.3; +https://openai.com/gptbot)"
74.7.243.232 - - [18/Jan/2026:02:18:27 +0700] "GET /wp-includes/theme-compat/error_log HTTP/2" 403 1242 "https://netfinitynetwork.com/wp-includes/theme-compat/" "Mozilla/5.0 AppleWebKit/537.36 (KHTML, like Gecko; compatible; GPTBot/1.3; +https://openai.com/gptbot)"
74.7.227.136 - - [18/Jan/2026:02:18:29 +0700] "GET /wp-includes/js/wp-lists.min.js HTTP/2" 200 2359 "https://www.netfinitynetwork.idm01.my.id/wp-includes/js/" "Mozilla/5.0 AppleWebKit/537.36 (KHTML, like Gecko; compatible; GPTBot/1.3; +https://openai.com/gptbot)"
74.7.241.60 - - [18/Jan/2026:02:18:33 +0700] "GET /wp-includes/js/wp-emoji.min.js HTTP/2" 200 1307 "https://mail.netfinitynetwork.com/wp-includes/js/" "Mozilla/5.0 AppleWebKit/537.36 (KHTML, like Gecko; compatible; GPTBot/1.3; +https://openai.com/gptbot)"
74.7.243.196 - - [18/Jan/2026:02:18:36 +0700] "GET /wp-includes/rest-api/endpoints/class-wp-rest-templates-controller.php HTTP/2" 500 0 "https://www.netfinitynetwork.com/wp-includes/rest-api/endpoints/" "Mozilla/5.0 AppleWebKit/537.36 (KHTML, like Gecko; compatible; GPTBot/1.3; +https://openai.com/gptbot)"
74.7.243.201 - - [18/Jan/2026:02:18:50 +0700] "GET /wp-includes/js/wp-ajax-response.js HTTP/2" 200 1341 "https://netfinitynetwork.idm01.my.id/wp-includes/js/" "Mozilla/5.0 AppleWebKit/537.36 (KHTML, like Gecko; compatible; GPTBot/1.3; +https://openai.com/gptbot)"
74.7.227.136 - - [18/Jan/2026:02:18:52 +0700] "GET /wp-includes/js/wp-emoji.min.js HTTP/2" 200 1307 "https://www.netfinitynetwork.idm01.my.id/wp-includes/js/" "Mozilla/5.0 AppleWebKit/537.36 (KHTML, like Gecko; compatible; GPTBot/1.3; +https://openai.com/gptbot)"
216.73.216.99 - - [18/Jan/2026:02:18:54 +0700] "GET /wp-includes/block-supports/duotone.php HTTP/2" 500 0 "-" "Mozilla/5.0 AppleWebKit/537.36 (KHTML, like Gecko; compatible; ClaudeBot/1.0; +claudebot@anthropic.com)"
74.7.241.60 - - [18/Jan/2026:02:18:55 +0700] "GET /wp-includes/js/customize-preview-nav-menus.js HTTP/2" 200 3933 "https://mail.netfinitynetwork.com/wp-includes/js/" "Mozilla/5.0 AppleWebKit/537.36 (KHTML, like Gecko; compatible; GPTBot/1.3; +https://openai.com/gptbot)"
216.73.216.99 - - [18/Jan/2026:02:18:59 +0700] "GET /wp-includes/js/mce-view.min.js HTTP/2" 200 3437 "-" "Mozilla/5.0 AppleWebKit/537.36 (KHTML, like Gecko; compatible; ClaudeBot/1.0; +claudebot@anthropic.com)"
216.73.216.99 - - [18/Jan/2026:02:19:04 +0700] "GET /wp-includes/js/colorpicker.js HTTP/2" 200 7521 "-" "Mozilla/5.0 AppleWebKit/537.36 (KHTML, like Gecko; compatible; ClaudeBot/1.0; +claudebot@anthropic.com)"
216.73.216.99 - - [18/Jan/2026:02:19:09 +0700] "GET /wp-includes/class-wp-user-meta-session-tokens.php HTTP/2" 500 0 "-" "Mozilla/5.0 AppleWebKit/537.36 (KHTML, like Gecko; compatible; ClaudeBot/1.0; +claudebot@anthropic.com)"
74.7.227.136 - - [18/Jan/2026:02:19:12 +0700] "GET /wp-includes/js/customize-preview-nav-menus.js HTTP/2" 200 3933 "https://www.netfinitynetwork.idm01.my.id/wp-includes/js/" "Mozilla/5.0 AppleWebKit/537.36 (KHTML, like Gecko; compatible; GPTBot/1.3; +https://openai.com/gptbot)"
216.73.216.99 - - [18/Jan/2026:02:19:14 +0700] "GET /wp-includes/sodium_compat/composer.json HTTP/2" 200 657 "-" "Mozilla/5.0 AppleWebKit/537.36 (KHTML, like Gecko; compatible; ClaudeBot/1.0; +claudebot@anthropic.com)"
74.7.241.60 - - [18/Jan/2026:02:19:14 +0700] "GET /wp-includes/js/wp-sanitize.js HTTP/2" 200 515 "https://mail.netfinitynetwork.com/wp-includes/js/" "Mozilla/5.0 AppleWebKit/537.36 (KHTML, like Gecko; compatible; GPTBot/1.3; +https://openai.com/gptbot)"
216.73.216.99 - - [18/Jan/2026:02:19:19 +0700] "GET /wp-includes/PHPMailer/PHPMailer.php HTTP/2" 200 0 "-" "Mozilla/5.0 AppleWebKit/537.36 (KHTML, like Gecko; compatible; ClaudeBot/1.0; +claudebot@anthropic.com)"
74.7.243.232 - - [18/Jan/2026:02:19:24 +0700] "GET /wp-includes/js/customize-loader.js HTTP/2" 200 2473 "https://netfinitynetwork.com/wp-includes/js/" "Mozilla/5.0 AppleWebKit/537.36 (KHTML, like Gecko; compatible; GPTBot/1.3; +https://openai.com/gptbot)"
216.73.216.99 - - [18/Jan/2026:02:19:24 +0700] "GET /wp-includes/js/media-grid.js HTTP/2" 200 6602 "-" "Mozilla/5.0 AppleWebKit/537.36 (KHTML, like Gecko; compatible; ClaudeBot/1.0; +claudebot@anthropic.com)"
74.7.243.196 - - [18/Jan/2026:02:19:26 +0700] "GET /wp-includes/rest-api/endpoints/class-wp-rest-settings-controller.php HTTP/2" 500 0 "https://www.netfinitynetwork.com/wp-includes/rest-api/endpoints/" "Mozilla/5.0 AppleWebKit/537.36 (KHTML, like Gecko; compatible; GPTBot/1.3; +https://openai.com/gptbot)"
216.73.216.99 - - [18/Jan/2026:02:19:29 +0700] "GET /wp-includes/js/imagesloaded.min.js HTTP/2" 200 1687 "-" "Mozilla/5.0 AppleWebKit/537.36 (KHTML, like Gecko; compatible; ClaudeBot/1.0; +claudebot@anthropic.com)"
74.7.227.136 - - [18/Jan/2026:02:19:30 +0700] "GET /wp-includes/js/wp-sanitize.js HTTP/2" 200 515 "https://www.netfinitynetwork.idm01.my.id/wp-includes/js/" "Mozilla/5.0 AppleWebKit/537.36 (KHTML, like Gecko; compatible; GPTBot/1.3; +https://openai.com/gptbot)"
74.7.241.60 - - [18/Jan/2026:02:19:32 +0700] "GET /wp-includes/js/?ND HTTP/2" 200 3907 "https://mail.netfinitynetwork.com/wp-includes/js/" "Mozilla/5.0 AppleWebKit/537.36 (KHTML, like Gecko; compatible; GPTBot/1.3; +https://openai.com/gptbot)"
74.7.243.201 - - [18/Jan/2026:02:19:33 +0700] "GET /wp-includes/l10n.php HTTP/2" 200 0 "https://netfinitynetwork.idm01.my.id/wp-includes/" "Mozilla/5.0 AppleWebKit/537.36 (KHTML, like Gecko; compatible; GPTBot/1.3; +https://openai.com/gptbot)"
216.73.216.99 - - [18/Jan/2026:02:19:34 +0700] "GET /wp-includes/js/wpdialog.min.js HTTP/2" 200 168 "-" "Mozilla/5.0 AppleWebKit/537.36 (KHTML, like Gecko; compatible; ClaudeBot/1.0; +claudebot@anthropic.com)"
216.73.216.99 - - [18/Jan/2026:02:19:39 +0700] "GET /wp-includes/js/clipboard.js HTTP/2" 200 6600 "-" "Mozilla/5.0 AppleWebKit/537.36 (KHTML, like Gecko; compatible; ClaudeBot/1.0; +claudebot@anthropic.com)"
216.73.216.99 - - [18/Jan/2026:02:19:44 +0700] "GET /wp-includes/js/heartbeat.js HTTP/2" 200 6293 "-" "Mozilla/5.0 AppleWebKit/537.36 (KHTML, like Gecko; compatible; ClaudeBot/1.0; +claudebot@anthropic.com)"
74.7.227.136 - - [18/Jan/2026:02:19:47 +0700] "GET /wp-includes/sitemaps/providers/error_log HTTP/2" 403 1242 "https://www.netfinitynetwork.idm01.my.id/wp-includes/sitemaps/providers/" "Mozilla/5.0 AppleWebKit/537.36 (KHTML, like Gecko; compatible; GPTBot/1.3; +https://openai.com/gptbot)"
216.73.216.99 - - [18/Jan/2026:02:19:49 +0700] "GET /wp-includes/block-supports/block-style-variations.php HTTP/2" 500 0 "-" "Mozilla/5.0 AppleWebKit/537.36 (KHTML, like Gecko; compatible; ClaudeBot/1.0; +claudebot@anthropic.com)"
74.7.241.60 - - [18/Jan/2026:02:19:49 +0700] "GET /wp-includes/js/?SA HTTP/2" 200 4110 "https://mail.netfinitynetwork.com/wp-includes/js/" "Mozilla/5.0 AppleWebKit/537.36 (KHTML, like Gecko; compatible; GPTBot/1.3; +https://openai.com/gptbot)"
74.7.227.136 - - [18/Jan/2026:02:20:02 +0700] "GET /wp-includes/js/?SD HTTP/2" 200 4132 "https://www.netfinitynetwork.idm01.my.id/wp-includes/js/?SA" "Mozilla/5.0 AppleWebKit/537.36 (KHTML, like Gecko; compatible; GPTBot/1.3; +https://openai.com/gptbot)"
74.7.241.60 - - [18/Jan/2026:02:20:03 +0700] "GET /wp-includes/js/?MA HTTP/2" 200 4007 "https://mail.netfinitynetwork.com/wp-includes/js/" "Mozilla/5.0 AppleWebKit/537.36 (KHTML, like Gecko; compatible; GPTBot/1.3; +https://openai.com/gptbot)"
74.7.243.201 - - [18/Jan/2026:02:20:09 +0700] "GET /wp-includes/sodium_compat/namespaced/Core/Curve25519.php HTTP/2" 500 0 "https://netfinitynetwork.idm01.my.id/wp-includes/sodium_compat/namespaced/Core/" "Mozilla/5.0 AppleWebKit/537.36 (KHTML, like Gecko; compatible; GPTBot/1.3; +https://openai.com/gptbot)"
74.7.227.136 - - [18/Jan/2026:02:20:17 +0700] "GET /wp-includes/js/?NA HTTP/2" 200 4008 "https://www.netfinitynetwork.idm01.my.id/wp-includes/js/?SA" "Mozilla/5.0 AppleWebKit/537.36 (KHTML, like Gecko; compatible; GPTBot/1.3; +https://openai.com/gptbot)"
74.7.241.60 - - [18/Jan/2026:02:20:17 +0700] "GET /wp-includes/js/customize-preview-widgets.js HTTP/2" 200 5574 "https://mail.netfinitynetwork.com/wp-includes/js/" "Mozilla/5.0 AppleWebKit/537.36 (KHTML, like Gecko; compatible; GPTBot/1.3; +https://openai.com/gptbot)"
74.7.243.232 - - [18/Jan/2026:02:20:21 +0700] "GET /wp-includes/rest-api/endpoints/class-wp-rest-templates-controller.php HTTP/2" 500 0 "https://netfinitynetwork.com/wp-includes/rest-api/endpoints/" "Mozilla/5.0 AppleWebKit/537.36 (KHTML, like Gecko; compatible; GPTBot/1.3; +https://openai.com/gptbot)"
74.7.243.196 - - [18/Jan/2026:02:20:29 +0700] "GET /wp-includes/rest-api/endpoints/class-wp-rest-revisions-controller.php HTTP/2" 500 0 "https://www.netfinitynetwork.com/wp-includes/rest-api/endpoints/" "Mozilla/5.0 AppleWebKit/537.36 (KHTML, like Gecko; compatible; GPTBot/1.3; +https://openai.com/gptbot)"
74.7.241.60 - - [18/Jan/2026:02:20:29 +0700] "GET /wp-includes/js/customize-selective-refresh.js HTTP/2" 200 8600 "https://mail.netfinitynetwork.com/wp-includes/js/" "Mozilla/5.0 AppleWebKit/537.36 (KHTML, like Gecko; compatible; GPTBot/1.3; +https://openai.com/gptbot)"
74.7.227.136 - - [18/Jan/2026:02:20:30 +0700] "GET /wp-includes/js/?ND HTTP/2" 200 3937 "https://www.netfinitynetwork.idm01.my.id/wp-includes/js/" "Mozilla/5.0 AppleWebKit/537.36 (KHTML, like Gecko; compatible; GPTBot/1.3; +https://openai.com/gptbot)"
74.7.241.60 - - [18/Jan/2026:02:20:39 +0700] "GET /wp-includes/js/wp-util.min.js HTTP/2" 200 690 "https://mail.netfinitynetwork.com/wp-includes/js/" "Mozilla/5.0 AppleWebKit/537.36 (KHTML, like Gecko; compatible; GPTBot/1.3; +https://openai.com/gptbot)"
74.7.227.136 - - [18/Jan/2026:02:20:41 +0700] "GET /wp-includes/js/?MA HTTP/2" 200 4011 "https://www.netfinitynetwork.idm01.my.id/wp-includes/js/" "Mozilla/5.0 AppleWebKit/537.36 (KHTML, like Gecko; compatible; GPTBot/1.3; +https://openai.com/gptbot)"
74.7.243.201 - - [18/Jan/2026:02:20:42 +0700] "GET /wp-includes/ID3/ HTTP/2" 200 1397 "https://netfinitynetwork.idm01.my.id/wp-includes/" "Mozilla/5.0 AppleWebKit/537.36 (KHTML, like Gecko; compatible; GPTBot/1.3; +https://openai.com/gptbot)"
74.7.241.60 - - [18/Jan/2026:02:20:48 +0700] "GET /wp-includes/js/wp-backbone.js HTTP/2" 200 3462 "https://mail.netfinitynetwork.com/wp-includes/js/" "Mozilla/5.0 AppleWebKit/537.36 (KHTML, like Gecko; compatible; GPTBot/1.3; +https://openai.com/gptbot)"
74.7.227.136 - - [18/Jan/2026:02:20:51 +0700] "GET /wp-includes/js/customize-preview-widgets.js HTTP/2" 200 5574 "https://www.netfinitynetwork.idm01.my.id/wp-includes/js/" "Mozilla/5.0 AppleWebKit/537.36 (KHTML, like Gecko; compatible; GPTBot/1.3; +https://openai.com/gptbot)"
74.7.241.60 - - [18/Jan/2026:02:20:57 +0700] "GET /wp-includes/js/admin-bar.js HTTP/2" 200 2571 "https://mail.netfinitynetwork.com/wp-includes/js/" "Mozilla/5.0 AppleWebKit/537.36 (KHTML, like Gecko; compatible; GPTBot/1.3; +https://openai.com/gptbot)"
74.7.227.136 - - [18/Jan/2026:02:21:01 +0700] "GET /wp-includes/js/customize-selective-refresh.js HTTP/2" 200 8600 "https://www.netfinitynetwork.idm01.my.id/wp-includes/js/" "Mozilla/5.0 AppleWebKit/537.36 (KHTML, like Gecko; compatible; GPTBot/1.3; +https://openai.com/gptbot)"
74.7.241.60 - - [18/Jan/2026:02:21:06 +0700] "GET /wp-includes/js/json2.min.js HTTP/2" 200 35 "https://mail.netfinitynetwork.com/wp-includes/js/" "Mozilla/5.0 AppleWebKit/537.36 (KHTML, like Gecko; compatible; GPTBot/1.3; +https://openai.com/gptbot)"
74.7.227.136 - - [18/Jan/2026:02:21:10 +0700] "GET /wp-includes/js/wp-util.min.js HTTP/2" 200 690 "https://www.netfinitynetwork.idm01.my.id/wp-includes/js/" "Mozilla/5.0 AppleWebKit/537.36 (KHTML, like Gecko; compatible; GPTBot/1.3; +https://openai.com/gptbot)"
74.7.241.60 - - [18/Jan/2026:02:21:12 +0700] "GET /wp-includes/js/wp-embed-template.min.js HTTP/2" 200 1011 "https://mail.netfinitynetwork.com/wp-includes/js/" "Mozilla/5.0 AppleWebKit/537.36 (KHTML, like Gecko; compatible; GPTBot/1.3; +https://openai.com/gptbot)"
74.7.243.232 - - [18/Jan/2026:02:21:12 +0700] "GET /wp-includes/rest-api/endpoints/class-wp-rest-revisions-controller.php HTTP/2" 500 0 "https://netfinitynetwork.com/wp-includes/rest-api/endpoints/" "Mozilla/5.0 AppleWebKit/537.36 (KHTML, like Gecko; compatible; GPTBot/1.3; +https://openai.com/gptbot)"
216.73.216.99 - - [18/Jan/2026:02:21:16 +0700] "GET /wp-includes/js/media-audiovideo.js HTTP/2" 200 5192 "-" "Mozilla/5.0 AppleWebKit/537.36 (KHTML, like Gecko; compatible; ClaudeBot/1.0; +claudebot@anthropic.com)"
74.7.227.136 - - [18/Jan/2026:02:21:17 +0700] "GET /wp-includes/js/wp-backbone.js HTTP/2" 200 3462 "https://www.netfinitynetwork.idm01.my.id/wp-includes/js/" "Mozilla/5.0 AppleWebKit/537.36 (KHTML, like Gecko; compatible; GPTBot/1.3; +https://openai.com/gptbot)"
74.7.241.60 - - [18/Jan/2026:02:21:18 +0700] "GET /wp-includes/js/media-editor.js HTTP/2" 200 7286 "https://mail.netfinitynetwork.com/wp-includes/js/" "Mozilla/5.0 AppleWebKit/537.36 (KHTML, like Gecko; compatible; GPTBot/1.3; +https://openai.com/gptbot)"
74.7.227.136 - - [18/Jan/2026:02:21:24 +0700] "GET /wp-includes/js/admin-bar.js HTTP/2" 200 2571 "https://www.netfinitynetwork.idm01.my.id/wp-includes/js/" "Mozilla/5.0 AppleWebKit/537.36 (KHTML, like Gecko; compatible; GPTBot/1.3; +https://openai.com/gptbot)"
74.7.241.60 - - [18/Jan/2026:02:21:24 +0700] "GET /wp-includes/js/?NA HTTP/2" 200 4016 "https://mail.netfinitynetwork.com/wp-includes/js/?ND" "Mozilla/5.0 AppleWebKit/537.36 (KHTML, like Gecko; compatible; GPTBot/1.3; +https://openai.com/gptbot)"
74.7.241.60 - - [18/Jan/2026:02:21:29 +0700] "GET /wp-includes/js/?SD HTTP/2" 200 4094 "https://mail.netfinitynetwork.com/wp-includes/js/?SA" "Mozilla/5.0 AppleWebKit/537.36 (KHTML, like Gecko; compatible; GPTBot/1.3; +https://openai.com/gptbot)"
74.7.227.136 - - [18/Jan/2026:02:21:30 +0700] "GET /wp-includes/js/json2.min.js HTTP/2" 200 35 "https://www.netfinitynetwork.idm01.my.id/wp-includes/js/" "Mozilla/5.0 AppleWebKit/537.36 (KHTML, like Gecko; compatible; GPTBot/1.3; +https://openai.com/gptbot)"
74.7.243.196 - - [18/Jan/2026:02:21:32 +0700] "GET /wp-includes/class-wp-user-meta-session-tokens.php HTTP/2" 500 0 "https://www.netfinitynetwork.com/wp-includes/" "Mozilla/5.0 AppleWebKit/537.36 (KHTML, like Gecko; compatible; GPTBot/1.3; +https://openai.com/gptbot)"
74.7.241.60 - - [18/Jan/2026:02:21:34 +0700] "GET /wp-includes/js/?MD HTTP/2" 200 3986 "https://mail.netfinitynetwork.com/wp-includes/js/?MA" "Mozilla/5.0 AppleWebKit/537.36 (KHTML, like Gecko; compatible; GPTBot/1.3; +https://openai.com/gptbot)"
74.7.227.136 - - [18/Jan/2026:02:21:35 +0700] "GET /wp-includes/js/wp-embed-template.min.js HTTP/2" 200 1011 "https://www.netfinitynetwork.idm01.my.id/wp-includes/js/" "Mozilla/5.0 AppleWebKit/537.36 (KHTML, like Gecko; compatible; GPTBot/1.3; +https://openai.com/gptbot)"
74.7.241.60 - - [18/Jan/2026:02:21:37 +0700] "GET /wp-includes/js/customize-preview.min.js HTTP/2" 200 3008 "https://mail.netfinitynetwork.com/wp-includes/js/" "Mozilla/5.0 AppleWebKit/537.36 (KHTML, like Gecko; compatible; GPTBot/1.3; +https://openai.com/gptbot)"
74.7.227.136 - - [18/Jan/2026:02:21:40 +0700] "GET /wp-includes/js/media-editor.js HTTP/2" 200 7286 "https://www.netfinitynetwork.idm01.my.id/wp-includes/js/" "Mozilla/5.0 AppleWebKit/537.36 (KHTML, like Gecko; compatible; GPTBot/1.3; +https://openai.com/gptbot)"
74.7.241.60 - - [18/Jan/2026:02:21:41 +0700] "GET /wp-includes/js/wpdialog.min.js HTTP/2" 200 168 "https://mail.netfinitynetwork.com/wp-includes/js/" "Mozilla/5.0 AppleWebKit/537.36 (KHTML, like Gecko; compatible; GPTBot/1.3; +https://openai.com/gptbot)"
74.7.241.60 - - [18/Jan/2026:02:21:44 +0700] "GET /wp-includes/js/media-editor.min.js HTTP/2" 200 3457 "https://mail.netfinitynetwork.com/wp-includes/js/" "Mozilla/5.0 AppleWebKit/537.36 (KHTML, like Gecko; compatible; GPTBot/1.3; +https://openai.com/gptbot)"
74.7.227.136 - - [18/Jan/2026:02:21:45 +0700] "GET /wp-includes/js/customize-preview.min.js HTTP/2" 200 3008 "https://www.netfinitynetwork.idm01.my.id/wp-includes/js/" "Mozilla/5.0 AppleWebKit/537.36 (KHTML, like Gecko; compatible; GPTBot/1.3; +https://openai.com/gptbot)"
74.7.243.201 - - [18/Jan/2026:02:21:46 +0700] "GET /wp-includes/l10n/class-wp-translation-file.php HTTP/2" 200 0 "https://netfinitynetwork.idm01.my.id/wp-includes/l10n/" "Mozilla/5.0 AppleWebKit/537.36 (KHTML, like Gecko; compatible; GPTBot/1.3; +https://openai.com/gptbot)"
74.7.241.60 - - [18/Jan/2026:02:21:47 +0700] "GET /wp-includes/js/customize-models.min.js HTTP/2" 200 1067 "https://mail.netfinitynetwork.com/wp-includes/js/" "Mozilla/5.0 AppleWebKit/537.36 (KHTML, like Gecko; compatible; GPTBot/1.3; +https://openai.com/gptbot)"
74.7.227.136 - - [18/Jan/2026:02:21:49 +0700] "GET /wp-includes/js/wpdialog.min.js HTTP/2" 200 168 "https://www.netfinitynetwork.idm01.my.id/wp-includes/js/" "Mozilla/5.0 AppleWebKit/537.36 (KHTML, like Gecko; compatible; GPTBot/1.3; +https://openai.com/gptbot)"
74.7.241.60 - - [18/Jan/2026:02:21:50 +0700] "GET /wp-includes/js/customize-loader.min.js HTTP/2" 200 1224 "https://mail.netfinitynetwork.com/wp-includes/js/" "Mozilla/5.0 AppleWebKit/537.36 (KHTML, like Gecko; compatible; GPTBot/1.3; +https://openai.com/gptbot)"
74.7.241.60 - - [18/Jan/2026:02:21:53 +0700] "GET /wp-includes/js/media-audiovideo.min.js HTTP/2" 200 3153 "https://mail.netfinitynetwork.com/wp-includes/js/" "Mozilla/5.0 AppleWebKit/537.36 (KHTML, like Gecko; compatible; GPTBot/1.3; +https://openai.com/gptbot)"
74.7.227.136 - - [18/Jan/2026:02:21:53 +0700] "GET /wp-includes/js/?MD HTTP/2" 200 3995 "https://www.netfinitynetwork.idm01.my.id/wp-includes/js/?MA" "Mozilla/5.0 AppleWebKit/537.36 (KHTML, like Gecko; compatible; GPTBot/1.3; +https://openai.com/gptbot)"
74.7.241.60 - - [18/Jan/2026:02:21:55 +0700] "GET /wp-includes/js/wp-embed-template.js HTTP/2" 200 1702 "https://mail.netfinitynetwork.com/wp-includes/js/" "Mozilla/5.0 AppleWebKit/537.36 (KHTML, like Gecko; compatible; GPTBot/1.3; +https://openai.com/gptbot)"
74.7.227.136 - - [18/Jan/2026:02:21:56 +0700] "GET /wp-includes/js/media-editor.min.js HTTP/2" 200 3457 "https://www.netfinitynetwork.idm01.my.id/wp-includes/js/" "Mozilla/5.0 AppleWebKit/537.36 (KHTML, like Gecko; compatible; GPTBot/1.3; +https://openai.com/gptbot)"
74.7.241.60 - - [18/Jan/2026:02:21:57 +0700] "GET /wp-includes/js/wp-pointer.js HTTP/2" 200 2822 "https://mail.netfinitynetwork.com/wp-includes/js/" "Mozilla/5.0 AppleWebKit/537.36 (KHTML, like Gecko; compatible; GPTBot/1.3; +https://openai.com/gptbot)"
74.7.241.60 - - [18/Jan/2026:02:21:59 +0700] "GET /wp-includes/js/wp-emoji-release.min.js HTTP/2" 200 4949 "https://mail.netfinitynetwork.com/wp-includes/js/" "Mozilla/5.0 AppleWebKit/537.36 (KHTML, like Gecko; compatible; GPTBot/1.3; +https://openai.com/gptbot)"
74.7.227.136 - - [18/Jan/2026:02:21:59 +0700] "GET /wp-includes/js/customize-models.min.js HTTP/2" 200 1067 "https://www.netfinitynetwork.idm01.my.id/wp-includes/js/" "Mozilla/5.0 AppleWebKit/537.36 (KHTML, like Gecko; compatible; GPTBot/1.3; +https://openai.com/gptbot)"
74.7.241.60 - - [18/Jan/2026:02:22:00 +0700] "GET /wp-includes/js/jcrop/ HTTP/2" 200 720 "https://mail.netfinitynetwork.com/wp-includes/js/" "Mozilla/5.0 AppleWebKit/537.36 (KHTML, like Gecko; compatible; GPTBot/1.3; +https://openai.com/gptbot)"
74.7.241.60 - - [18/Jan/2026:02:22:02 +0700] "GET /wp-includes/js/customize-views.min.js HTTP/2" 200 806 "https://mail.netfinitynetwork.com/wp-includes/js/" "Mozilla/5.0 AppleWebKit/537.36 (KHTML, like Gecko; compatible; GPTBot/1.3; +https://openai.com/gptbot)"
74.7.227.136 - - [18/Jan/2026:02:22:02 +0700] "GET /wp-includes/js/customize-loader.min.js HTTP/2" 200 1224 "https://www.netfinitynetwork.idm01.my.id/wp-includes/js/" "Mozilla/5.0 AppleWebKit/537.36 (KHTML, like Gecko; compatible; GPTBot/1.3; +https://openai.com/gptbot)"
74.7.241.60 - - [18/Jan/2026:02:22:03 +0700] "GET /wp-includes/js/wp-api.min.js HTTP/2" 200 3983 "https://mail.netfinitynetwork.com/wp-includes/js/" "Mozilla/5.0 AppleWebKit/537.36 (KHTML, like Gecko; compatible; GPTBot/1.3; +https://openai.com/gptbot)"
74.7.241.60 - - [18/Jan/2026:02:22:04 +0700] "GET /wp-includes/js/wp-list-revisions.min.js HTTP/2" 200 279 "https://mail.netfinitynetwork.com/wp-includes/js/" "Mozilla/5.0 AppleWebKit/537.36 (KHTML, like Gecko; compatible; GPTBot/1.3; +https://openai.com/gptbot)"
74.7.227.136 - - [18/Jan/2026:02:22:04 +0700] "GET /wp-includes/sitemaps/providers/class-wp-sitemaps-users.php HTTP/2" 500 0 "https://www.netfinitynetwork.idm01.my.id/wp-includes/sitemaps/providers/" "Mozilla/5.0 AppleWebKit/537.36 (KHTML, like Gecko; compatible; GPTBot/1.3; +https://openai.com/gptbot)"
74.7.241.60 - - [18/Jan/2026:02:22:05 +0700] "GET /wp-includes/js/customize-base.min.js HTTP/2" 200 2386 "https://mail.netfinitynetwork.com/wp-includes/js/" "Mozilla/5.0 AppleWebKit/537.36 (KHTML, like Gecko; compatible; GPTBot/1.3; +https://openai.com/gptbot)"
74.7.241.60 - - [18/Jan/2026:02:22:06 +0700] "GET /wp-includes/js/hoverintent-js.min.js HTTP/2" 200 665 "https://mail.netfinitynetwork.com/wp-includes/js/" "Mozilla/5.0 AppleWebKit/537.36 (KHTML, like Gecko; compatible; GPTBot/1.3; +https://openai.com/gptbot)"
74.7.227.136 - - [18/Jan/2026:02:22:06 +0700] "GET /wp-includes/sitemaps/providers/class-wp-sitemaps-posts.php HTTP/2" 500 0 "https://www.netfinitynetwork.idm01.my.id/wp-includes/sitemaps/providers/" "Mozilla/5.0 AppleWebKit/537.36 (KHTML, like Gecko; compatible; GPTBot/1.3; +https://openai.com/gptbot)"
74.7.241.60 - - [18/Jan/2026:02:22:07 +0700] "GET /wp-includes/js/shortcode.min.js HTTP/2" 200 1078 "https://mail.netfinitynetwork.com/wp-includes/js/" "Mozilla/5.0 AppleWebKit/537.36 (KHTML, like Gecko; compatible; GPTBot/1.3; +https://openai.com/gptbot)"
74.7.241.60 - - [18/Jan/2026:02:22:08 +0700] "GET /wp-includes/js/heartbeat.min.js HTTP/2" 200 1947 "https://mail.netfinitynetwork.com/wp-includes/js/" "Mozilla/5.0 AppleWebKit/537.36 (KHTML, like Gecko; compatible; GPTBot/1.3; +https://openai.com/gptbot)"
74.7.241.60 - - [18/Jan/2026:02:22:08 +0700] "GET /wp-includes/js/autosave.min.js HTTP/2" 200 2152 "https://mail.netfinitynetwork.com/wp-includes/js/" "Mozilla/5.0 AppleWebKit/537.36 (KHTML, like Gecko; compatible; GPTBot/1.3; +https://openai.com/gptbot)"
74.7.241.60 - - [18/Jan/2026:02:22:09 +0700] "GET /wp-includes/js/quicktags.min.js HTTP/2" 200 3331 "https://mail.netfinitynetwork.com/wp-includes/js/" "Mozilla/5.0 AppleWebKit/537.36 (KHTML, like Gecko; compatible; GPTBot/1.3; +https://openai.com/gptbot)"
74.7.241.60 - - [18/Jan/2026:02:22:09 +0700] "GET /wp-includes/js/swfobject.min.js HTTP/2" 200 35 "https://mail.netfinitynetwork.com/wp-includes/js/" "Mozilla/5.0 AppleWebKit/537.36 (KHTML, like Gecko; compatible; GPTBot/1.3; +https://openai.com/gptbot)"
74.7.241.60 - - [18/Jan/2026:02:22:10 +0700] "GET /wp-includes/js/jcrop/jquery.Jcrop.min.js HTTP/2" 200 6745 "https://mail.netfinitynetwork.com/wp-includes/js/jcrop/" "Mozilla/5.0 AppleWebKit/537.36 (KHTML, like Gecko; compatible; GPTBot/1.3; +https://openai.com/gptbot)"
74.7.241.60 - - [18/Jan/2026:02:22:10 +0700] "GET /wp-includes/js/jcrop/Jcrop.gif HTTP/2" 200 323 "https://mail.netfinitynetwork.com/wp-includes/js/jcrop/" "Mozilla/5.0 AppleWebKit/537.36 (KHTML, like Gecko; compatible; GPTBot/1.3; +https://openai.com/gptbot)"
74.7.241.60 - - [18/Jan/2026:02:22:11 +0700] "GET /wp-includes/js/zxcvbn-async.js HTTP/2" 200 344 "https://mail.netfinitynetwork.com/wp-includes/js/" "Mozilla/5.0 AppleWebKit/537.36 (KHTML, like Gecko; compatible; GPTBot/1.3; +https://openai.com/gptbot)"
74.7.243.232 - - [18/Jan/2026:02:22:12 +0700] "GET /wp-includes/rest-api/endpoints/class-wp-rest-settings-controller.php HTTP/2" 500 0 "https://netfinitynetwork.com/wp-includes/rest-api/endpoints/" "Mozilla/5.0 AppleWebKit/537.36 (KHTML, like Gecko; compatible; GPTBot/1.3; +https://openai.com/gptbot)"
74.7.241.60 - - [18/Jan/2026:02:22:12 +0700] "GET /wp-includes/js/backbone.min.js HTTP/2" 200 7832 "https://mail.netfinitynetwork.com/wp-includes/js/" "Mozilla/5.0 AppleWebKit/537.36 (KHTML, like Gecko; compatible; GPTBot/1.3; +https://openai.com/gptbot)"
74.7.241.60 - - [18/Jan/2026:02:22:12 +0700] "GET /wp-includes/js/clipboard.min.js HTTP/2" 200 2989 "https://mail.netfinitynetwork.com/wp-includes/js/" "Mozilla/5.0 AppleWebKit/537.36 (KHTML, like Gecko; compatible; GPTBot/1.3; +https://openai.com/gptbot)"
74.7.241.60 - - [18/Jan/2026:02:22:13 +0700] "GET /wp-includes/js/customize-preview.js HTTP/2" 200 7347 "https://mail.netfinitynetwork.com/wp-includes/js/" "Mozilla/5.0 AppleWebKit/537.36 (KHTML, like Gecko; compatible; GPTBot/1.3; +https://openai.com/gptbot)"
74.7.227.136 - - [18/Jan/2026:02:22:13 +0700] "GET /wp-includes/js/media-audiovideo.min.js HTTP/2" 200 3153 "https://www.netfinitynetwork.idm01.my.id/wp-includes/js/" "Mozilla/5.0 AppleWebKit/537.36 (KHTML, like Gecko; compatible; GPTBot/1.3; +https://openai.com/gptbot)"
74.7.241.60 - - [18/Jan/2026:02:22:13 +0700] "GET /wp-includes/js/zxcvbn-async.min.js HTTP/2" 200 187 "https://mail.netfinitynetwork.com/wp-includes/js/" "Mozilla/5.0 AppleWebKit/537.36 (KHTML, like Gecko; compatible; GPTBot/1.3; +https://openai.com/gptbot)"
74.7.241.60 - - [18/Jan/2026:02:22:14 +0700] "GET /wp-includes/js/jquery/ HTTP/2" 200 1547 "https://mail.netfinitynetwork.com/wp-includes/js/" "Mozilla/5.0 AppleWebKit/537.36 (KHTML, like Gecko; compatible; GPTBot/1.3; +https://openai.com/gptbot)"
74.7.241.60 - - [18/Jan/2026:02:22:14 +0700] "GET /wp-includes/js/media-models.js HTTP/2" 200 10458 "https://mail.netfinitynetwork.com/wp-includes/js/" "Mozilla/5.0 AppleWebKit/537.36 (KHTML, like Gecko; compatible; GPTBot/1.3; +https://openai.com/gptbot)"
74.7.241.60 - - [18/Jan/2026:02:22:15 +0700] "GET /wp-includes/js/wp-custom-header.min.js HTTP/2" 200 1502 "https://mail.netfinitynetwork.com/wp-includes/js/" "Mozilla/5.0 AppleWebKit/537.36 (KHTML, like Gecko; compatible; GPTBot/1.3; +https://openai.com/gptbot)"
74.7.241.60 - - [18/Jan/2026:02:22:16 +0700] "GET /wp-includes/js/wp-ajax-response.min.js HTTP/2" 200 1006 "https://mail.netfinitynetwork.com/wp-includes/js/" "Mozilla/5.0 AppleWebKit/537.36 (KHTML, like Gecko; compatible; GPTBot/1.3; +https://openai.com/gptbot)"
74.7.241.60 - - [18/Jan/2026:02:22:16 +0700] "GET /wp-includes/js/media-models.min.js HTTP/2" 200 3988 "https://mail.netfinitynetwork.com/wp-includes/js/" "Mozilla/5.0 AppleWebKit/537.36 (KHTML, like Gecko; compatible; GPTBot/1.3; +https://openai.com/gptbot)"
74.7.241.60 - - [18/Jan/2026:02:22:17 +0700] "GET /wp-includes/js/wp-embed.js HTTP/2" 200 1183 "https://mail.netfinitynetwork.com/wp-includes/js/" "Mozilla/5.0 AppleWebKit/537.36 (KHTML, like Gecko; compatible; GPTBot/1.3; +https://openai.com/gptbot)"
74.7.241.60 - - [18/Jan/2026:02:22:17 +0700] "GET /wp-includes/js/wp-emoji-loader.min.js HTTP/2" 200 1116 "https://mail.netfinitynetwork.com/wp-includes/js/" "Mozilla/5.0 AppleWebKit/537.36 (KHTML, like Gecko; compatible; GPTBot/1.3; +https://openai.com/gptbot)"
74.7.241.60 - - [18/Jan/2026:02:22:18 +0700] "GET /wp-includes/js/wplink.js HTTP/2" 200 5763 "https://mail.netfinitynetwork.com/wp-includes/js/" "Mozilla/5.0 AppleWebKit/537.36 (KHTML, like Gecko; compatible; GPTBot/1.3; +https://openai.com/gptbot)"
74.7.241.60 - - [18/Jan/2026:02:22:18 +0700] "GET /wp-includes/js/wplink.min.js HTTP/2" 200 3693 "https://mail.netfinitynetwork.com/wp-includes/js/" "Mozilla/5.0 AppleWebKit/537.36 (KHTML, like Gecko; compatible; GPTBot/1.3; +https://openai.com/gptbot)"
74.7.241.60 - - [18/Jan/2026:02:22:19 +0700] "GET /wp-includes/js/wp-auth-check.js HTTP/2" 200 1440 "https://mail.netfinitynetwork.com/wp-includes/js/" "Mozilla/5.0 AppleWebKit/537.36 (KHTML, like Gecko; compatible; GPTBot/1.3; +https://openai.com/gptbot)"
74.7.241.60 - - [18/Jan/2026:02:22:19 +0700] "GET /wp-includes/js/wp-auth-check.min.js HTTP/2" 200 691 "https://mail.netfinitynetwork.com/wp-includes/js/" "Mozilla/5.0 AppleWebKit/537.36 (KHTML, like Gecko; compatible; GPTBot/1.3; +https://openai.com/gptbot)"
74.7.241.60 - - [18/Jan/2026:02:22:20 +0700] "GET /wp-includes/js/jquery/?ND HTTP/2" 200 1522 "https://mail.netfinitynetwork.com/wp-includes/js/jquery/" "Mozilla/5.0 AppleWebKit/537.36 (KHTML, like Gecko; compatible; GPTBot/1.3; +https://openai.com/gptbot)"
74.7.241.60 - - [18/Jan/2026:02:22:20 +0700] "GET /wp-includes/js/jquery/jquery.ui.touch-punch.js HTTP/2" 200 509 "https://mail.netfinitynetwork.com/wp-includes/js/jquery/" "Mozilla/5.0 AppleWebKit/537.36 (KHTML, like Gecko; compatible; GPTBot/1.3; +https://openai.com/gptbot)"
74.7.241.60 - - [18/Jan/2026:02:22:21 +0700] "GET /wp-includes/js/jquery/jquery.form.min.js HTTP/2" 200 5690 "https://mail.netfinitynetwork.com/wp-includes/js/jquery/" "Mozilla/5.0 AppleWebKit/537.36 (KHTML, like Gecko; compatible; GPTBot/1.3; +https://openai.com/gptbot)"
74.7.241.60 - - [18/Jan/2026:02:22:21 +0700] "GET /wp-includes/js/jquery/jquery.table-hotkeys.js HTTP/2" 200 1048 "https://mail.netfinitynetwork.com/wp-includes/js/jquery/" "Mozilla/5.0 AppleWebKit/537.36 (KHTML, like Gecko; compatible; GPTBot/1.3; +https://openai.com/gptbot)"
74.7.241.60 - - [18/Jan/2026:02:22:22 +0700] "GET /wp-includes/js/jquery/jquery-migrate.min.js HTTP/2" 200 4678 "https://mail.netfinitynetwork.com/wp-includes/js/jquery/" "Mozilla/5.0 AppleWebKit/537.36 (KHTML, like Gecko; compatible; GPTBot/1.3; +https://openai.com/gptbot)"
74.7.241.60 - - [18/Jan/2026:02:22:22 +0700] "GET /wp-includes/js/jquery/jquery.hotkeys.min.js HTTP/2" 200 870 "https://mail.netfinitynetwork.com/wp-includes/js/jquery/" "Mozilla/5.0 AppleWebKit/537.36 (KHTML, like Gecko; compatible; GPTBot/1.3; +https://openai.com/gptbot)"
74.7.241.60 - - [18/Jan/2026:02:22:23 +0700] "GET /wp-includes/js/jquery/jquery.masonry.min.js HTTP/2" 200 628 "https://mail.netfinitynetwork.com/wp-includes/js/jquery/" "Mozilla/5.0 AppleWebKit/537.36 (KHTML, like Gecko; compatible; GPTBot/1.3; +https://openai.com/gptbot)"
74.7.241.60 - - [18/Jan/2026:02:22:23 +0700] "GET /wp-includes/js/jquery/jquery.color.min.js HTTP/2" 200 2641 "https://mail.netfinitynetwork.com/wp-includes/js/jquery/" "Mozilla/5.0 AppleWebKit/537.36 (KHTML, like Gecko; compatible; GPTBot/1.3; +https://openai.com/gptbot)"
74.7.241.60 - - [18/Jan/2026:02:22:24 +0700] "GET /wp-includes/js/jquery/jquery.schedule.js HTTP/2" 200 931 "https://mail.netfinitynetwork.com/wp-includes/js/jquery/" "Mozilla/5.0 AppleWebKit/537.36 (KHTML, like Gecko; compatible; GPTBot/1.3; +https://openai.com/gptbot)"
74.7.241.60 - - [18/Jan/2026:02:22:24 +0700] "GET /wp-includes/js/jquery/jquery.hotkeys.js HTTP/2" 200 1908 "https://mail.netfinitynetwork.com/wp-includes/js/jquery/" "Mozilla/5.0 AppleWebKit/537.36 (KHTML, like Gecko; compatible; GPTBot/1.3; +https://openai.com/gptbot)"
74.7.241.60 - - [18/Jan/2026:02:22:26 +0700] "GET /wp-includes/js/jquery/jquery-migrate.js HTTP/2" 200 9712 "https://mail.netfinitynetwork.com/wp-includes/js/jquery/" "Mozilla/5.0 AppleWebKit/537.36 (KHTML, like Gecko; compatible; GPTBot/1.3; +https://openai.com/gptbot)"
74.7.241.60 - - [18/Jan/2026:02:22:26 +0700] "GET /wp-includes/js/jquery/jquery.table-hotkeys.min.js HTTP/2" 200 789 "https://mail.netfinitynetwork.com/wp-includes/js/jquery/" "Mozilla/5.0 AppleWebKit/537.36 (KHTML, like Gecko; compatible; GPTBot/1.3; +https://openai.com/gptbot)"
74.7.241.60 - - [18/Jan/2026:02:22:27 +0700] "GET /wp-includes/js/jquery/jquery.query.js HTTP/2" 200 1534 "https://mail.netfinitynetwork.com/wp-includes/js/jquery/" "Mozilla/5.0 AppleWebKit/537.36 (KHTML, like Gecko; compatible; GPTBot/1.3; +https://openai.com/gptbot)"
74.7.241.60 - - [18/Jan/2026:02:22:27 +0700] "GET /wp-includes/js/jquery/jquery.min.js HTTP/2" 200 29744 "https://mail.netfinitynetwork.com/wp-includes/js/jquery/" "Mozilla/5.0 AppleWebKit/537.36 (KHTML, like Gecko; compatible; GPTBot/1.3; +https://openai.com/gptbot)"
74.7.241.60 - - [18/Jan/2026:02:22:28 +0700] "GET /wp-includes/js/jquery/jquery.js HTTP/2" 200 81316 "https://mail.netfinitynetwork.com/wp-includes/js/jquery/" "Mozilla/5.0 AppleWebKit/537.36 (KHTML, like Gecko; compatible; GPTBot/1.3; +https://openai.com/gptbot)"
74.7.241.60 - - [18/Jan/2026:02:22:29 +0700] "GET /wp-includes/js/jquery/jquery.form.js HTTP/2" 200 12740 "https://mail.netfinitynetwork.com/wp-includes/js/jquery/" "Mozilla/5.0 AppleWebKit/537.36 (KHTML, like Gecko; compatible; GPTBot/1.3; +https://openai.com/gptbot)"
74.7.241.60 - - [18/Jan/2026:02:22:30 +0700] "GET /wp-includes/js/jquery/jquery.serialize-object.js HTTP/2" 200 390 "https://mail.netfinitynetwork.com/wp-includes/js/jquery/" "Mozilla/5.0 AppleWebKit/537.36 (KHTML, like Gecko; compatible; GPTBot/1.3; +https://openai.com/gptbot)"
74.7.241.60 - - [18/Jan/2026:02:22:30 +0700] "GET /wp-includes/js/jquery/suggest.min.js HTTP/2" 200 1202 "https://mail.netfinitynetwork.com/wp-includes/js/jquery/" "Mozilla/5.0 AppleWebKit/537.36 (KHTML, like Gecko; compatible; GPTBot/1.3; +https://openai.com/gptbot)"
74.7.241.60 - - [18/Jan/2026:02:22:31 +0700] "GET /wp-includes/js/'+e.href+' HTTP/2" 404 1251 "https://mail.netfinitynetwork.com/wp-includes/js/wplink.min.js" "Mozilla/5.0 AppleWebKit/537.36 (KHTML, like Gecko; compatible; GPTBot/1.3; +https://openai.com/gptbot)"
74.7.241.60 - - [18/Jan/2026:02:22:31 +0700] "GET /wp-includes/sitemaps/providers/ HTTP/2" 200 780 "https://mail.netfinitynetwork.com/wp-includes/sitemaps/" "Mozilla/5.0 AppleWebKit/537.36 (KHTML, like Gecko; compatible; GPTBot/1.3; +https://openai.com/gptbot)"
74.7.241.60 - - [18/Jan/2026:02:22:32 +0700] "GET /wp-includes/fonts/dashicons.ttf HTTP/2" 200 31243 "https://mail.netfinitynetwork.com/wp-includes/fonts/" "Mozilla/5.0 AppleWebKit/537.36 (KHTML, like Gecko; compatible; GPTBot/1.3; +https://openai.com/gptbot)"
74.7.243.196 - - [18/Jan/2026:02:22:32 +0700] "GET /wp-includes/images/down_arrow.gif HTTP/2" 200 59 "https://www.netfinitynetwork.com/wp-includes/images/" "Mozilla/5.0 AppleWebKit/537.36 (KHTML, like Gecko; compatible; GPTBot/1.3; +https://openai.com/gptbot)"
74.7.227.136 - - [18/Jan/2026:02:22:33 +0700] "GET /wp-includes/js/wp-embed-template.js HTTP/2" 200 1702 "https://www.netfinitynetwork.idm01.my.id/wp-includes/js/" "Mozilla/5.0 AppleWebKit/537.36 (KHTML, like Gecko; compatible; GPTBot/1.3; +https://openai.com/gptbot)"
74.7.241.60 - - [18/Jan/2026:02:22:33 +0700] "GET /wp-includes/sodium_compat/namespaced/Compat.php HTTP/2" 500 0 "https://mail.netfinitynetwork.com/wp-includes/sodium_compat/namespaced/" "Mozilla/5.0 AppleWebKit/537.36 (KHTML, like Gecko; compatible; GPTBot/1.3; +https://openai.com/gptbot)"
74.7.241.60 - - [18/Jan/2026:02:22:33 +0700] "GET /wp-includes/rest-api/endpoints/class-wp-rest-block-renderer-controller.php HTTP/2" 500 0 "https://mail.netfinitynetwork.com/wp-includes/rest-api/endpoints/" "Mozilla/5.0 AppleWebKit/537.36 (KHTML, like Gecko; compatible; GPTBot/1.3; +https://openai.com/gptbot)"
74.7.241.60 - - [18/Jan/2026:02:22:35 +0700] "GET /wp-includes/rest-api/endpoints/class-wp-rest-widgets-controller.php HTTP/2" 500 0 "https://mail.netfinitynetwork.com/wp-includes/rest-api/endpoints/" "Mozilla/5.0 AppleWebKit/537.36 (KHTML, like Gecko; compatible; GPTBot/1.3; +https://openai.com/gptbot)"
74.7.241.60 - - [18/Jan/2026:02:22:40 +0700] "GET /wp-includes/rest-api/endpoints/class-wp-rest-plugins-controller.php HTTP/2" 500 0 "https://mail.netfinitynetwork.com/wp-includes/rest-api/endpoints/" "Mozilla/5.0 AppleWebKit/537.36 (KHTML, like Gecko; compatible; GPTBot/1.3; +https://openai.com/gptbot)"
74.7.243.201 - - [18/Jan/2026:02:22:40 +0700] "GET /wp-includes/rest-api/endpoints/class-wp-rest-taxonomies-controller.php HTTP/2" 500 0 "https://netfinitynetwork.idm01.my.id/wp-includes/rest-api/endpoints/" "Mozilla/5.0 AppleWebKit/537.36 (KHTML, like Gecko; compatible; GPTBot/1.3; +https://openai.com/gptbot)"
74.7.227.136 - - [18/Jan/2026:02:22:50 +0700] "GET /wp-includes/js/wp-pointer.js HTTP/2" 200 2822 "https://www.netfinitynetwork.idm01.my.id/wp-includes/js/" "Mozilla/5.0 AppleWebKit/537.36 (KHTML, like Gecko; compatible; GPTBot/1.3; +https://openai.com/gptbot)"
74.7.241.60 - - [18/Jan/2026:02:22:54 +0700] "GET /wp-includes/rest-api/endpoints/class-wp-rest-sidebars-controller.php HTTP/2" 500 0 "https://mail.netfinitynetwork.com/wp-includes/rest-api/endpoints/" "Mozilla/5.0 AppleWebKit/537.36 (KHTML, like Gecko; compatible; GPTBot/1.3; +https://openai.com/gptbot)"
74.7.227.136 - - [18/Jan/2026:02:23:06 +0700] "GET /wp-includes/js/wp-emoji-release.min.js HTTP/2" 200 4949 "https://www.netfinitynetwork.idm01.my.id/wp-includes/js/" "Mozilla/5.0 AppleWebKit/537.36 (KHTML, like Gecko; compatible; GPTBot/1.3; +https://openai.com/gptbot)"
74.7.243.232 - - [18/Jan/2026:02:23:15 +0700] "GET /wp-includes/class-wp-user-meta-session-tokens.php HTTP/2" 500 0 "https://netfinitynetwork.com/wp-includes/" "Mozilla/5.0 AppleWebKit/537.36 (KHTML, like Gecko; compatible; GPTBot/1.3; +https://openai.com/gptbot)"
74.7.227.136 - - [18/Jan/2026:02:23:21 +0700] "GET /wp-includes/js/jcrop/ HTTP/2" 200 728 "https://www.netfinitynetwork.idm01.my.id/wp-includes/js/" "Mozilla/5.0 AppleWebKit/537.36 (KHTML, like Gecko; compatible; GPTBot/1.3; +https://openai.com/gptbot)"
74.7.243.201 - - [18/Jan/2026:02:23:33 +0700] "GET /wp-includes/pomo/mo.php HTTP/2" 200 0 "https://netfinitynetwork.idm01.my.id/wp-includes/pomo/" "Mozilla/5.0 AppleWebKit/537.36 (KHTML, like Gecko; compatible; GPTBot/1.3; +https://openai.com/gptbot)"
74.7.227.136 - - [18/Jan/2026:02:23:34 +0700] "GET /wp-includes/js/customize-views.min.js HTTP/2" 200 806 "https://www.netfinitynetwork.idm01.my.id/wp-includes/js/" "Mozilla/5.0 AppleWebKit/537.36 (KHTML, like Gecko; compatible; GPTBot/1.3; +https://openai.com/gptbot)"
74.7.243.196 - - [18/Jan/2026:02:23:37 +0700] "GET /wp-includes/rest-api/endpoints/class-wp-rest-autosaves-controller.php HTTP/2" 500 0 "https://www.netfinitynetwork.com/wp-includes/rest-api/endpoints/" "Mozilla/5.0 AppleWebKit/537.36 (KHTML, like Gecko; compatible; GPTBot/1.3; +https://openai.com/gptbot)"
74.7.241.60 - - [18/Jan/2026:02:23:38 +0700] "GET /wp-includes/js/crop/ HTTP/2" 200 761 "https://mail.netfinitynetwork.com/wp-includes/js/" "Mozilla/5.0 AppleWebKit/537.36 (KHTML, like Gecko; compatible; GPTBot/1.3; +https://openai.com/gptbot)"
74.7.227.136 - - [18/Jan/2026:02:23:46 +0700] "GET /wp-includes/js/wp-api.min.js HTTP/2" 200 3983 "https://www.netfinitynetwork.idm01.my.id/wp-includes/js/" "Mozilla/5.0 AppleWebKit/537.36 (KHTML, like Gecko; compatible; GPTBot/1.3; +https://openai.com/gptbot)"
74.7.227.136 - - [18/Jan/2026:02:23:56 +0700] "GET /wp-includes/js/wp-list-revisions.min.js HTTP/2" 200 279 "https://www.netfinitynetwork.idm01.my.id/wp-includes/js/" "Mozilla/5.0 AppleWebKit/537.36 (KHTML, like Gecko; compatible; GPTBot/1.3; +https://openai.com/gptbot)"
216.73.216.99 - - [18/Jan/2026:02:23:57 +0700] "GET /wp-includes/fonts HTTP/2" 301 795 "-" "Mozilla/5.0 AppleWebKit/537.36 (KHTML, like Gecko; compatible; ClaudeBot/1.0; +claudebot@anthropic.com)"
216.73.216.99 - - [18/Jan/2026:02:23:57 +0700] "GET /wp-includes/class-wp-block-type-registry.php HTTP/2" 200 0 "-" "Mozilla/5.0 AppleWebKit/537.36 (KHTML, like Gecko; compatible; ClaudeBot/1.0; +claudebot@anthropic.com)"
216.73.216.99 - - [18/Jan/2026:02:23:58 +0700] "GET /wp-includes/fonts/ HTTP/2" 200 1258 "https://www.netfinitynetwork.idm01.my.id/wp-includes/fonts" "Mozilla/5.0 AppleWebKit/537.36 (KHTML, like Gecko; compatible; ClaudeBot/1.0; +claudebot@anthropic.com)"
216.73.216.99 - - [18/Jan/2026:02:23:58 +0700] "GET /wp-includes/class-wp-image-editor-imagick.php HTTP/2" 500 0 "-" "Mozilla/5.0 AppleWebKit/537.36 (KHTML, like Gecko; compatible; ClaudeBot/1.0; +claudebot@anthropic.com)"
216.73.216.99 - - [18/Jan/2026:02:23:58 +0700] "GET /wp-includes/ms-default-filters.php HTTP/2" 500 0 "-" "Mozilla/5.0 AppleWebKit/537.36 (KHTML, like Gecko; compatible; ClaudeBot/1.0; +claudebot@anthropic.com)"
74.7.227.136 - - [18/Jan/2026:02:24:05 +0700] "GET /wp-includes/js/hoverintent-js.min.js HTTP/2" 200 665 "https://www.netfinitynetwork.idm01.my.id/wp-includes/js/" "Mozilla/5.0 AppleWebKit/537.36 (KHTML, like Gecko; compatible; GPTBot/1.3; +https://openai.com/gptbot)"
74.7.227.136 - - [18/Jan/2026:02:24:14 +0700] "GET /wp-includes/js/customize-base.min.js HTTP/2" 200 2386 "https://www.netfinitynetwork.idm01.my.id/wp-includes/js/" "Mozilla/5.0 AppleWebKit/537.36 (KHTML, like Gecko; compatible; GPTBot/1.3; +https://openai.com/gptbot)"
216.73.216.99 - - [18/Jan/2026:02:24:16 +0700] "GET /wp-includes/class-wp-tax-query.php HTTP/2" 200 0 "-" "Mozilla/5.0 AppleWebKit/537.36 (KHTML, like Gecko; compatible; ClaudeBot/1.0; +claudebot@anthropic.com)"
74.7.243.232 - - [18/Jan/2026:02:24:18 +0700] "GET /wp-includes/images/down_arrow.gif HTTP/2" 200 59 "https://netfinitynetwork.com/wp-includes/images/" "Mozilla/5.0 AppleWebKit/537.36 (KHTML, like Gecko; compatible; GPTBot/1.3; +https://openai.com/gptbot)"
216.73.216.99 - - [18/Jan/2026:02:24:20 +0700] "GET /wp-includes/class-wp-block-supports.php HTTP/2" 200 0 "-" "Mozilla/5.0 AppleWebKit/537.36 (KHTML, like Gecko; compatible; ClaudeBot/1.0; +claudebot@anthropic.com)"
74.7.227.136 - - [18/Jan/2026:02:24:21 +0700] "GET /wp-includes/js/heartbeat.min.js HTTP/2" 200 1947 "https://www.netfinitynetwork.idm01.my.id/wp-includes/js/" "Mozilla/5.0 AppleWebKit/537.36 (KHTML, like Gecko; compatible; GPTBot/1.3; +https://openai.com/gptbot)"
74.7.227.136 - - [18/Jan/2026:02:24:28 +0700] "GET /wp-includes/js/autosave.min.js HTTP/2" 200 2152 "https://www.netfinitynetwork.idm01.my.id/wp-includes/js/" "Mozilla/5.0 AppleWebKit/537.36 (KHTML, like Gecko; compatible; GPTBot/1.3; +https://openai.com/gptbot)"
74.7.243.196 - - [18/Jan/2026:02:24:33 +0700] "GET /wp-includes/rest-api/endpoints/class-wp-rest-blocks-controller.php HTTP/2" 500 0 "https://www.netfinitynetwork.com/wp-includes/rest-api/endpoints/" "Mozilla/5.0 AppleWebKit/537.36 (KHTML, like Gecko; compatible; GPTBot/1.3; +https://openai.com/gptbot)"
74.7.227.136 - - [18/Jan/2026:02:24:34 +0700] "GET /wp-includes/js/shortcode.min.js HTTP/2" 200 1078 "https://www.netfinitynetwork.idm01.my.id/wp-includes/js/" "Mozilla/5.0 AppleWebKit/537.36 (KHTML, like Gecko; compatible; GPTBot/1.3; +https://openai.com/gptbot)"
74.7.243.201 - - [18/Jan/2026:02:24:39 +0700] "GET /wp-includes/utf8.php HTTP/2" 500 0 "https://netfinitynetwork.idm01.my.id/wp-includes/" "Mozilla/5.0 AppleWebKit/537.36 (KHTML, like Gecko; compatible; GPTBot/1.3; +https://openai.com/gptbot)"
74.7.227.136 - - [18/Jan/2026:02:24:40 +0700] "GET /wp-includes/js/swfobject.min.js HTTP/2" 200 35 "https://www.netfinitynetwork.idm01.my.id/wp-includes/js/" "Mozilla/5.0 AppleWebKit/537.36 (KHTML, like Gecko; compatible; GPTBot/1.3; +https://openai.com/gptbot)"
216.73.216.99 - - [18/Jan/2026:02:24:41 +0700] "GET /wp-includes/class-wp-block-pattern-categories-registry.php HTTP/2" 200 0 "-" "Mozilla/5.0 AppleWebKit/537.36 (KHTML, like Gecko; compatible; ClaudeBot/1.0; +claudebot@anthropic.com)"
74.7.241.60 - - [18/Jan/2026:02:24:44 +0700] "GET /wp-includes/theme-compat/error_log HTTP/2" 403 1242 "https://mail.netfinitynetwork.com/wp-includes/theme-compat/" "Mozilla/5.0 AppleWebKit/537.36 (KHTML, like Gecko; compatible; GPTBot/1.3; +https://openai.com/gptbot)"
74.7.227.136 - - [18/Jan/2026:02:24:45 +0700] "GET /wp-includes/js/backbone.min.js HTTP/2" 200 7832 "https://www.netfinitynetwork.idm01.my.id/wp-includes/js/" "Mozilla/5.0 AppleWebKit/537.36 (KHTML, like Gecko; compatible; GPTBot/1.3; +https://openai.com/gptbot)"
216.73.216.99 - - [18/Jan/2026:02:24:46 +0700] "GET /wp-includes/class-wp-duotone.php HTTP/2" 200 0 "-" "Mozilla/5.0 AppleWebKit/537.36 (KHTML, like Gecko; compatible; ClaudeBot/1.0; +claudebot@anthropic.com)"
216.73.216.99 - - [18/Jan/2026:02:24:47 +0700] "GET /wp-includes/pomo HTTP/2" 301 795 "-" "Mozilla/5.0 AppleWebKit/537.36 (KHTML, like Gecko; compatible; ClaudeBot/1.0; +claudebot@anthropic.com)"
216.73.216.99 - - [18/Jan/2026:02:24:47 +0700] "GET /wp-includes/pomo/ HTTP/2" 200 1115 "https://www.netfinitynetwork.idm01.my.id/wp-includes/pomo" "Mozilla/5.0 AppleWebKit/537.36 (KHTML, like Gecko; compatible; ClaudeBot/1.0; +claudebot@anthropic.com)"
74.7.227.136 - - [18/Jan/2026:02:24:49 +0700] "GET /wp-includes/js/jcrop/jquery.Jcrop.min.js HTTP/2" 200 6745 "https://www.netfinitynetwork.idm01.my.id/wp-includes/js/jcrop/" "Mozilla/5.0 AppleWebKit/537.36 (KHTML, like Gecko; compatible; GPTBot/1.3; +https://openai.com/gptbot)"
216.73.216.99 - - [18/Jan/2026:02:24:52 +0700] "GET /wp-includes/class-wp-session-tokens.php HTTP/2" 200 0 "-" "Mozilla/5.0 AppleWebKit/537.36 (KHTML, like Gecko; compatible; ClaudeBot/1.0; +claudebot@anthropic.com)"
74.7.227.136 - - [18/Jan/2026:02:24:53 +0700] "GET /wp-includes/js/jcrop/Jcrop.gif HTTP/2" 200 323 "https://www.netfinitynetwork.idm01.my.id/wp-includes/js/jcrop/" "Mozilla/5.0 AppleWebKit/537.36 (KHTML, like Gecko; compatible; GPTBot/1.3; +https://openai.com/gptbot)"
74.7.227.136 - - [18/Jan/2026:02:24:56 +0700] "GET /wp-includes/js/zxcvbn-async.js HTTP/2" 200 344 "https://www.netfinitynetwork.idm01.my.id/wp-includes/js/" "Mozilla/5.0 AppleWebKit/537.36 (KHTML, like Gecko; compatible; GPTBot/1.3; +https://openai.com/gptbot)"
74.7.227.136 - - [18/Jan/2026:02:25:00 +0700] "GET /wp-includes/js/clipboard.min.js HTTP/2" 200 2989 "https://www.netfinitynetwork.idm01.my.id/wp-includes/js/" "Mozilla/5.0 AppleWebKit/537.36 (KHTML, like Gecko; compatible; GPTBot/1.3; +https://openai.com/gptbot)"
74.7.227.136 - - [18/Jan/2026:02:25:03 +0700] "GET /wp-includes/js/quicktags.min.js HTTP/2" 200 3331 "https://www.netfinitynetwork.idm01.my.id/wp-includes/js/" "Mozilla/5.0 AppleWebKit/537.36 (KHTML, like Gecko; compatible; GPTBot/1.3; +https://openai.com/gptbot)"
74.7.227.136 - - [18/Jan/2026:02:25:05 +0700] "GET /wp-includes/js/customize-preview.js HTTP/2" 200 7347 "https://www.netfinitynetwork.idm01.my.id/wp-includes/js/" "Mozilla/5.0 AppleWebKit/537.36 (KHTML, like Gecko; compatible; GPTBot/1.3; +https://openai.com/gptbot)"
74.7.227.136 - - [18/Jan/2026:02:25:07 +0700] "GET /wp-includes/js/zxcvbn-async.min.js HTTP/2" 200 187 "https://www.netfinitynetwork.idm01.my.id/wp-includes/js/" "Mozilla/5.0 AppleWebKit/537.36 (KHTML, like Gecko; compatible; GPTBot/1.3; +https://openai.com/gptbot)"
74.7.227.136 - - [18/Jan/2026:02:25:09 +0700] "GET /wp-includes/js/jquery/ HTTP/2" 200 1553 "https://www.netfinitynetwork.idm01.my.id/wp-includes/js/" "Mozilla/5.0 AppleWebKit/537.36 (KHTML, like Gecko; compatible; GPTBot/1.3; +https://openai.com/gptbot)"
