74.7.243.201 - - [17/Jan/2026:23:33:11 +0700] "GET /wp-includes/widgets.php HTTP/2" 200 0 "https://netfinitynetwork.idm01.my.id/wp-includes/" "Mozilla/5.0 AppleWebKit/537.36 (KHTML, like Gecko; compatible; GPTBot/1.3; +https://openai.com/gptbot)"
74.7.243.232 - - [17/Jan/2026:23:33:25 +0700] "GET /wp-includes/widgets/class-wp-nav-menu-widget.php HTTP/2" 500 0 "https://netfinitynetwork.com/wp-includes/widgets/" "Mozilla/5.0 AppleWebKit/537.36 (KHTML, like Gecko; compatible; GPTBot/1.3; +https://openai.com/gptbot)"
74.7.241.60 - - [17/Jan/2026:23:33:29 +0700] "GET /wp-includes/widgets/class-wp-widget-recent-posts.php HTTP/2" 500 0 "https://mail.netfinitynetwork.com/wp-includes/widgets/" "Mozilla/5.0 AppleWebKit/537.36 (KHTML, like Gecko; compatible; GPTBot/1.3; +https://openai.com/gptbot)"
74.7.227.136 - - [17/Jan/2026:23:33:46 +0700] "GET /wp-includes/widgets/class-wp-widget-meta.php HTTP/2" 500 0 "https://www.netfinitynetwork.idm01.my.id/wp-includes/widgets/" "Mozilla/5.0 AppleWebKit/537.36 (KHTML, like Gecko; compatible; GPTBot/1.3; +https://openai.com/gptbot)"
74.7.243.196 - - [17/Jan/2026:23:33:46 +0700] "GET /wp-includes/theme-compat/embed-404.php HTTP/2" 500 43 "https://www.netfinitynetwork.com/wp-includes/theme-compat/" "Mozilla/5.0 AppleWebKit/537.36 (KHTML, like Gecko; compatible; GPTBot/1.3; +https://openai.com/gptbot)"
74.7.243.201 - - [17/Jan/2026:23:34:12 +0700] "GET /wp-includes/plugin.php HTTP/2" 200 0 "https://netfinitynetwork.idm01.my.id/wp-includes/" "Mozilla/5.0 AppleWebKit/537.36 (KHTML, like Gecko; compatible; GPTBot/1.3; +https://openai.com/gptbot)"
74.7.243.232 - - [17/Jan/2026:23:34:30 +0700] "GET /wp-includes/theme-compat/embed-404.php HTTP/2" 500 43 "https://netfinitynetwork.com/wp-includes/theme-compat/" "Mozilla/5.0 AppleWebKit/537.36 (KHTML, like Gecko; compatible; GPTBot/1.3; +https://openai.com/gptbot)"
74.7.241.60 - - [17/Jan/2026:23:34:32 +0700] "GET /wp-includes/widgets/class-wp-widget-media-image.php HTTP/2" 500 0 "https://mail.netfinitynetwork.com/wp-includes/widgets/" "Mozilla/5.0 AppleWebKit/537.36 (KHTML, like Gecko; compatible; GPTBot/1.3; +https://openai.com/gptbot)"
74.7.243.196 - - [17/Jan/2026:23:34:51 +0700] "GET /wp-includes/theme-compat/embed.php HTTP/2" 500 0 "https://www.netfinitynetwork.com/wp-includes/theme-compat/" "Mozilla/5.0 AppleWebKit/537.36 (KHTML, like Gecko; compatible; GPTBot/1.3; +https://openai.com/gptbot)"
74.7.227.136 - - [17/Jan/2026:23:34:51 +0700] "GET /wp-includes/widgets/class-wp-widget-rss.php HTTP/2" 500 0 "https://www.netfinitynetwork.idm01.my.id/wp-includes/widgets/" "Mozilla/5.0 AppleWebKit/537.36 (KHTML, like Gecko; compatible; GPTBot/1.3; +https://openai.com/gptbot)"
74.7.243.201 - - [17/Jan/2026:23:35:09 +0700] "GET /wp-includes/locale.php HTTP/2" 500 0 "https://netfinitynetwork.idm01.my.id/wp-includes/" "Mozilla/5.0 AppleWebKit/537.36 (KHTML, like Gecko; compatible; GPTBot/1.3; +https://openai.com/gptbot)"
74.7.241.60 - - [17/Jan/2026:23:35:32 +0700] "GET /wp-includes/sitemaps/class-wp-sitemaps-provider.php HTTP/2" 200 0 "https://mail.netfinitynetwork.com/wp-includes/sitemaps/" "Mozilla/5.0 AppleWebKit/537.36 (KHTML, like Gecko; compatible; GPTBot/1.3; +https://openai.com/gptbot)"
74.7.243.232 - - [17/Jan/2026:23:35:34 +0700] "GET /wp-includes/theme-compat/embed.php HTTP/2" 500 0 "https://netfinitynetwork.com/wp-includes/theme-compat/" "Mozilla/5.0 AppleWebKit/537.36 (KHTML, like Gecko; compatible; GPTBot/1.3; +https://openai.com/gptbot)"
74.7.227.136 - - [17/Jan/2026:23:35:55 +0700] "GET /wp-includes/widgets/class-wp-widget-media-image.php HTTP/2" 500 0 "https://www.netfinitynetwork.idm01.my.id/wp-includes/widgets/" "Mozilla/5.0 AppleWebKit/537.36 (KHTML, like Gecko; compatible; GPTBot/1.3; +https://openai.com/gptbot)"
74.7.243.196 - - [17/Jan/2026:23:35:57 +0700] "GET /wp-includes/widgets/?MD HTTP/2" 200 1558 "https://www.netfinitynetwork.com/wp-includes/widgets/?MA" "Mozilla/5.0 AppleWebKit/537.36 (KHTML, like Gecko; compatible; GPTBot/1.3; +https://openai.com/gptbot)"
74.7.243.201 - - [17/Jan/2026:23:36:02 +0700] "GET /wp-includes/blocks.php HTTP/2" 200 0 "https://netfinitynetwork.idm01.my.id/wp-includes/" "Mozilla/5.0 AppleWebKit/537.36 (KHTML, like Gecko; compatible; GPTBot/1.3; +https://openai.com/gptbot)"
116.202.3.129 - - [17/Jan/2026:23:36:20 +0700] "POST /wp-login.php HTTP/1.1" 200 2080 "-" "Mozilla/5.0 (Windows NT 10.0; Win64; x64; rv:94.0) Gecko/20100101 Firefox/94.0"
74.7.243.232 - - [17/Jan/2026:23:36:36 +0700] "GET /wp-includes/widgets/?NA HTTP/2" 200 1563 "https://netfinitynetwork.com/wp-includes/widgets/?SA" "Mozilla/5.0 AppleWebKit/537.36 (KHTML, like Gecko; compatible; GPTBot/1.3; +https://openai.com/gptbot)"
74.7.241.60 - - [17/Jan/2026:23:36:37 +0700] "GET /wp-includes/widgets/?SA HTTP/2" 200 1586 "https://mail.netfinitynetwork.com/wp-includes/widgets/" "Mozilla/5.0 AppleWebKit/537.36 (KHTML, like Gecko; compatible; GPTBot/1.3; +https://openai.com/gptbot)"
74.7.227.136 - - [17/Jan/2026:23:36:55 +0700] "GET /wp-includes/widgets/class-wp-widget-recent-posts.php HTTP/2" 500 0 "https://www.netfinitynetwork.idm01.my.id/wp-includes/widgets/" "Mozilla/5.0 AppleWebKit/537.36 (KHTML, like Gecko; compatible; GPTBot/1.3; +https://openai.com/gptbot)"
74.7.243.196 - - [17/Jan/2026:23:36:56 +0700] "GET /wp-includes/widgets/?NA HTTP/2" 200 1566 "https://www.netfinitynetwork.com/wp-includes/widgets/?ND" "Mozilla/5.0 AppleWebKit/537.36 (KHTML, like Gecko; compatible; GPTBot/1.3; +https://openai.com/gptbot)"
74.7.243.201 - - [17/Jan/2026:23:37:06 +0700] "GET /wp-includes/version.php HTTP/2" 200 0 "https://netfinitynetwork.idm01.my.id/wp-includes/" "Mozilla/5.0 AppleWebKit/537.36 (KHTML, like Gecko; compatible; GPTBot/1.3; +https://openai.com/gptbot)"
74.7.241.60 - - [17/Jan/2026:23:37:32 +0700] "GET /wp-includes/widgets/?ND HTTP/2" 200 1567 "https://mail.netfinitynetwork.com/wp-includes/widgets/" "Mozilla/5.0 AppleWebKit/537.36 (KHTML, like Gecko; compatible; GPTBot/1.3; +https://openai.com/gptbot)"
74.7.243.232 - - [17/Jan/2026:23:37:37 +0700] "GET /wp-includes/widgets/?MD HTTP/2" 200 1553 "https://netfinitynetwork.com/wp-includes/widgets/?MA" "Mozilla/5.0 AppleWebKit/537.36 (KHTML, like Gecko; compatible; GPTBot/1.3; +https://openai.com/gptbot)"
74.7.243.196 - - [17/Jan/2026:23:37:51 +0700] "GET /wp-includes/widgets/?SD HTTP/2" 200 1570 "https://www.netfinitynetwork.com/wp-includes/widgets/?SA" "Mozilla/5.0 AppleWebKit/537.36 (KHTML, like Gecko; compatible; GPTBot/1.3; +https://openai.com/gptbot)"
74.7.227.136 - - [17/Jan/2026:23:37:56 +0700] "GET /wp-includes/sitemaps/class-wp-sitemaps-provider.php HTTP/2" 200 0 "https://www.netfinitynetwork.idm01.my.id/wp-includes/sitemaps/" "Mozilla/5.0 AppleWebKit/537.36 (KHTML, like Gecko; compatible; GPTBot/1.3; +https://openai.com/gptbot)"
74.7.243.201 - - [17/Jan/2026:23:38:03 +0700] "GET /wp-includes/option.php HTTP/2" 200 0 "https://netfinitynetwork.idm01.my.id/wp-includes/" "Mozilla/5.0 AppleWebKit/537.36 (KHTML, like Gecko; compatible; GPTBot/1.3; +https://openai.com/gptbot)"
74.7.241.60 - - [17/Jan/2026:23:38:24 +0700] "GET /wp-includes/widgets/?MA HTTP/2" 200 1574 "https://mail.netfinitynetwork.com/wp-includes/widgets/" "Mozilla/5.0 AppleWebKit/537.36 (KHTML, like Gecko; compatible; GPTBot/1.3; +https://openai.com/gptbot)"
74.7.243.232 - - [17/Jan/2026:23:38:35 +0700] "GET /wp-includes/widgets/?SD HTTP/2" 200 1569 "https://netfinitynetwork.com/wp-includes/widgets/?SA" "Mozilla/5.0 AppleWebKit/537.36 (KHTML, like Gecko; compatible; GPTBot/1.3; +https://openai.com/gptbot)"
74.7.243.196 - - [17/Jan/2026:23:38:42 +0700] "GET /wp-includes/sitemaps/class-wp-sitemaps-index.php HTTP/2" 200 0 "https://www.netfinitynetwork.com/wp-includes/sitemaps/" "Mozilla/5.0 AppleWebKit/537.36 (KHTML, like Gecko; compatible; GPTBot/1.3; +https://openai.com/gptbot)"
74.7.243.201 - - [17/Jan/2026:23:38:53 +0700] "GET /wp-includes/compat.php HTTP/2" 500 0 "https://netfinitynetwork.idm01.my.id/wp-includes/" "Mozilla/5.0 AppleWebKit/537.36 (KHTML, like Gecko; compatible; GPTBot/1.3; +https://openai.com/gptbot)"
74.7.227.136 - - [17/Jan/2026:23:38:58 +0700] "GET /wp-includes/widgets/?MA HTTP/2" 200 1582 "https://www.netfinitynetwork.idm01.my.id/wp-includes/widgets/" "Mozilla/5.0 AppleWebKit/537.36 (KHTML, like Gecko; compatible; GPTBot/1.3; +https://openai.com/gptbot)"
74.7.241.60 - - [17/Jan/2026:23:39:09 +0700] "GET /wp-includes/widgets/class-wp-widget-media-audio.php HTTP/2" 500 0 "https://mail.netfinitynetwork.com/wp-includes/widgets/" "Mozilla/5.0 AppleWebKit/537.36 (KHTML, like Gecko; compatible; GPTBot/1.3; +https://openai.com/gptbot)"
74.7.243.232 - - [17/Jan/2026:23:39:24 +0700] "GET /wp-includes/sitemaps/class-wp-sitemaps-index.php HTTP/2" 200 0 "https://netfinitynetwork.com/wp-includes/sitemaps/" "Mozilla/5.0 AppleWebKit/537.36 (KHTML, like Gecko; compatible; GPTBot/1.3; +https://openai.com/gptbot)"
74.7.243.196 - - [17/Jan/2026:23:39:27 +0700] "GET /wp-includes/theme-compat/footer.php HTTP/2" 500 0 "https://www.netfinitynetwork.com/wp-includes/theme-compat/" "Mozilla/5.0 AppleWebKit/537.36 (KHTML, like Gecko; compatible; GPTBot/1.3; +https://openai.com/gptbot)"
74.7.243.201 - - [17/Jan/2026:23:39:37 +0700] "GET /wp-includes/rewrite.php HTTP/2" 200 0 "https://netfinitynetwork.idm01.my.id/wp-includes/" "Mozilla/5.0 AppleWebKit/537.36 (KHTML, like Gecko; compatible; GPTBot/1.3; +https://openai.com/gptbot)"
74.7.241.60 - - [17/Jan/2026:23:39:51 +0700] "GET /wp-includes/widgets/class-wp-widget-archives.php HTTP/2" 500 0 "https://mail.netfinitynetwork.com/wp-includes/widgets/" "Mozilla/5.0 AppleWebKit/537.36 (KHTML, like Gecko; compatible; GPTBot/1.3; +https://openai.com/gptbot)"
74.7.227.136 - - [17/Jan/2026:23:39:56 +0700] "GET /wp-includes/widgets/?SA HTTP/2" 200 1589 "https://www.netfinitynetwork.idm01.my.id/wp-includes/widgets/" "Mozilla/5.0 AppleWebKit/537.36 (KHTML, like Gecko; compatible; GPTBot/1.3; +https://openai.com/gptbot)"
74.7.243.232 - - [17/Jan/2026:23:40:09 +0700] "GET /wp-includes/theme-compat/header.php HTTP/2" 500 0 "https://netfinitynetwork.com/wp-includes/theme-compat/" "Mozilla/5.0 AppleWebKit/537.36 (KHTML, like Gecko; compatible; GPTBot/1.3; +https://openai.com/gptbot)"
74.7.243.196 - - [17/Jan/2026:23:40:10 +0700] "GET /wp-includes/theme-compat/header.php HTTP/2" 500 0 "https://www.netfinitynetwork.com/wp-includes/theme-compat/" "Mozilla/5.0 AppleWebKit/537.36 (KHTML, like Gecko; compatible; GPTBot/1.3; +https://openai.com/gptbot)"
74.7.243.201 - - [17/Jan/2026:23:40:37 +0700] "GET /wp-includes/rest-api/endpoints/ HTTP/2" 200 2289 "https://netfinitynetwork.idm01.my.id/wp-includes/rest-api/" "Mozilla/5.0 AppleWebKit/537.36 (KHTML, like Gecko; compatible; GPTBot/1.3; +https://openai.com/gptbot)"
74.7.227.136 - - [17/Jan/2026:23:40:49 +0700] "GET /wp-includes/widgets/?ND HTTP/2" 200 1576 "https://www.netfinitynetwork.idm01.my.id/wp-includes/widgets/" "Mozilla/5.0 AppleWebKit/537.36 (KHTML, like Gecko; compatible; GPTBot/1.3; +https://openai.com/gptbot)"
74.7.243.232 - - [17/Jan/2026:23:40:49 +0700] "GET /wp-includes/theme-compat/footer.php HTTP/2" 500 0 "https://netfinitynetwork.com/wp-includes/theme-compat/" "Mozilla/5.0 AppleWebKit/537.36 (KHTML, like Gecko; compatible; GPTBot/1.3; +https://openai.com/gptbot)"
74.7.241.60 - - [17/Jan/2026:23:40:54 +0700] "GET /wp-includes/widgets/class-wp-widget-calendar.php HTTP/2" 500 0 "https://mail.netfinitynetwork.com/wp-includes/widgets/" "Mozilla/5.0 AppleWebKit/537.36 (KHTML, like Gecko; compatible; GPTBot/1.3; +https://openai.com/gptbot)"
74.7.243.196 - - [17/Jan/2026:23:41:13 +0700] "GET /wp-includes/theme-compat/sidebar.php HTTP/2" 500 0 "https://www.netfinitynetwork.com/wp-includes/theme-compat/" "Mozilla/5.0 AppleWebKit/537.36 (KHTML, like Gecko; compatible; GPTBot/1.3; +https://openai.com/gptbot)"
74.7.243.201 - - [17/Jan/2026:23:41:32 +0700] "GET /wp-includes/sodium_compat/src/ HTTP/2" 200 1211 "https://netfinitynetwork.idm01.my.id/wp-includes/sodium_compat/" "Mozilla/5.0 AppleWebKit/537.36 (KHTML, like Gecko; compatible; GPTBot/1.3; +https://openai.com/gptbot)"
74.7.227.136 - - [17/Jan/2026:23:41:34 +0700] "GET /wp-includes/widgets/class-wp-widget-media-audio.php HTTP/2" 500 0 "https://www.netfinitynetwork.idm01.my.id/wp-includes/widgets/" "Mozilla/5.0 AppleWebKit/537.36 (KHTML, like Gecko; compatible; GPTBot/1.3; +https://openai.com/gptbot)"
74.7.243.232 - - [17/Jan/2026:23:41:54 +0700] "GET /wp-includes/theme-compat/sidebar.php HTTP/2" 500 0 "https://netfinitynetwork.com/wp-includes/theme-compat/" "Mozilla/5.0 AppleWebKit/537.36 (KHTML, like Gecko; compatible; GPTBot/1.3; +https://openai.com/gptbot)"
74.7.241.60 - - [17/Jan/2026:23:41:59 +0700] "GET /wp-includes/widgets/class-wp-widget-categories.php HTTP/2" 500 0 "https://mail.netfinitynetwork.com/wp-includes/widgets/" "Mozilla/5.0 AppleWebKit/537.36 (KHTML, like Gecko; compatible; GPTBot/1.3; +https://openai.com/gptbot)"
74.7.243.196 - - [17/Jan/2026:23:42:13 +0700] "GET /wp-includes/widgets/class-wp-widget-recent-comments.php HTTP/2" 500 0 "https://www.netfinitynetwork.com/wp-includes/widgets/" "Mozilla/5.0 AppleWebKit/537.36 (KHTML, like Gecko; compatible; GPTBot/1.3; +https://openai.com/gptbot)"
74.7.227.136 - - [17/Jan/2026:23:42:14 +0700] "GET /wp-includes/widgets/class-wp-widget-calendar.php HTTP/2" 500 0 "https://www.netfinitynetwork.idm01.my.id/wp-includes/widgets/" "Mozilla/5.0 AppleWebKit/537.36 (KHTML, like Gecko; compatible; GPTBot/1.3; +https://openai.com/gptbot)"
74.7.243.201 - - [17/Jan/2026:23:42:26 +0700] "GET /wp-includes/rest-api/error_log HTTP/2" 403 1242 "https://netfinitynetwork.idm01.my.id/wp-includes/rest-api/" "Mozilla/5.0 AppleWebKit/537.36 (KHTML, like Gecko; compatible; GPTBot/1.3; +https://openai.com/gptbot)"
74.7.243.232 - - [17/Jan/2026:23:42:55 +0700] "GET /wp-includes/widgets/class-wp-widget-recent-comments.php HTTP/2" 500 0 "https://netfinitynetwork.com/wp-includes/widgets/" "Mozilla/5.0 AppleWebKit/537.36 (KHTML, like Gecko; compatible; GPTBot/1.3; +https://openai.com/gptbot)"
74.7.241.60 - - [17/Jan/2026:23:43:02 +0700] "GET /wp-includes/widgets/class-wp-widget-custom-html.php HTTP/2" 500 0 "https://mail.netfinitynetwork.com/wp-includes/widgets/" "Mozilla/5.0 AppleWebKit/537.36 (KHTML, like Gecko; compatible; GPTBot/1.3; +https://openai.com/gptbot)"
74.7.243.201 - - [17/Jan/2026:23:43:13 +0700] "GET /wp-includes/l10n/ HTTP/2" 200 1138 "https://netfinitynetwork.idm01.my.id/wp-includes/" "Mozilla/5.0 AppleWebKit/537.36 (KHTML, like Gecko; compatible; GPTBot/1.3; +https://openai.com/gptbot)"
74.7.227.136 - - [17/Jan/2026:23:43:15 +0700] "GET /wp-includes/widgets/class-wp-widget-archives.php HTTP/2" 500 0 "https://www.netfinitynetwork.idm01.my.id/wp-includes/widgets/" "Mozilla/5.0 AppleWebKit/537.36 (KHTML, like Gecko; compatible; GPTBot/1.3; +https://openai.com/gptbot)"
74.7.243.196 - - [17/Jan/2026:23:43:15 +0700] "GET /wp-includes/sodium_compat/namespaced/Crypto.php HTTP/2" 500 0 "https://www.netfinitynetwork.com/wp-includes/sodium_compat/namespaced/" "Mozilla/5.0 AppleWebKit/537.36 (KHTML, like Gecko; compatible; GPTBot/1.3; +https://openai.com/gptbot)"
198.98.57.217 - - [17/Jan/2026:23:43:15 +0700] "GET /wp-login.php HTTP/1.1" 200 5477 "-" "Mozilla/5.0 (Windows NT 6.1; Trident/7.0; rv:11.0) like Gecko"
198.98.57.217 - - [17/Jan/2026:23:43:16 +0700] "POST /wp-login.php HTTP/1.1" 200 5733 "-" "Mozilla/5.0 (Windows NT 6.1; Trident/7.0; rv:11.0) like Gecko"
74.7.243.232 - - [17/Jan/2026:23:43:56 +0700] "GET /wp-includes/sodium_compat/namespaced/Crypto.php HTTP/2" 500 0 "https://netfinitynetwork.com/wp-includes/sodium_compat/namespaced/" "Mozilla/5.0 AppleWebKit/537.36 (KHTML, like Gecko; compatible; GPTBot/1.3; +https://openai.com/gptbot)"
74.7.243.201 - - [17/Jan/2026:23:44:00 +0700] "GET /wp-includes/session.php HTTP/2" 500 0 "https://netfinitynetwork.idm01.my.id/wp-includes/" "Mozilla/5.0 AppleWebKit/537.36 (KHTML, like Gecko; compatible; GPTBot/1.3; +https://openai.com/gptbot)"
74.7.241.60 - - [17/Jan/2026:23:44:04 +0700] "GET /wp-includes/widgets/class-wp-nav-menu-widget.php HTTP/2" 500 0 "https://mail.netfinitynetwork.com/wp-includes/widgets/" "Mozilla/5.0 AppleWebKit/537.36 (KHTML, like Gecko; compatible; GPTBot/1.3; +https://openai.com/gptbot)"
74.7.243.196 - - [17/Jan/2026:23:44:16 +0700] "GET /wp-includes/rewrite.php HTTP/2" 200 0 "https://www.netfinitynetwork.com/wp-includes/" "Mozilla/5.0 AppleWebKit/537.36 (KHTML, like Gecko; compatible; GPTBot/1.3; +https://openai.com/gptbot)"
74.7.227.136 - - [17/Jan/2026:23:44:21 +0700] "GET /wp-includes/widgets/class-wp-widget-categories.php HTTP/2" 500 0 "https://www.netfinitynetwork.idm01.my.id/wp-includes/widgets/" "Mozilla/5.0 AppleWebKit/537.36 (KHTML, like Gecko; compatible; GPTBot/1.3; +https://openai.com/gptbot)"
74.7.243.201 - - [17/Jan/2026:23:44:43 +0700] "GET /wp-includes/sitemaps/?ND HTTP/2" 200 1151 "https://netfinitynetwork.idm01.my.id/wp-includes/sitemaps/" "Mozilla/5.0 AppleWebKit/537.36 (KHTML, like Gecko; compatible; GPTBot/1.3; +https://openai.com/gptbot)"
74.7.243.232 - - [17/Jan/2026:23:45:00 +0700] "GET /wp-includes/plugin.php HTTP/2" 200 0 "https://netfinitynetwork.com/wp-includes/" "Mozilla/5.0 AppleWebKit/537.36 (KHTML, like Gecko; compatible; GPTBot/1.3; +https://openai.com/gptbot)"
74.7.241.60 - - [17/Jan/2026:23:45:04 +0700] "GET /wp-includes/theme-compat/embed-404.php HTTP/2" 500 43 "https://mail.netfinitynetwork.com/wp-includes/theme-compat/" "Mozilla/5.0 AppleWebKit/537.36 (KHTML, like Gecko; compatible; GPTBot/1.3; +https://openai.com/gptbot)"
74.7.243.196 - - [17/Jan/2026:23:45:17 +0700] "GET /wp-includes/locale.php HTTP/2" 500 0 "https://www.netfinitynetwork.com/wp-includes/" "Mozilla/5.0 AppleWebKit/537.36 (KHTML, like Gecko; compatible; GPTBot/1.3; +https://openai.com/gptbot)"
74.7.227.136 - - [17/Jan/2026:23:45:24 +0700] "GET /wp-includes/widgets/class-wp-widget-custom-html.php HTTP/2" 500 0 "https://www.netfinitynetwork.idm01.my.id/wp-includes/widgets/" "Mozilla/5.0 AppleWebKit/537.36 (KHTML, like Gecko; compatible; GPTBot/1.3; +https://openai.com/gptbot)"
74.7.243.201 - - [17/Jan/2026:23:45:43 +0700] "GET /wp-includes/sitemaps/?MA HTTP/2" 200 1146 "https://netfinitynetwork.idm01.my.id/wp-includes/sitemaps/" "Mozilla/5.0 AppleWebKit/537.36 (KHTML, like Gecko; compatible; GPTBot/1.3; +https://openai.com/gptbot)"
74.7.243.232 - - [17/Jan/2026:23:46:00 +0700] "GET /wp-includes/version.php HTTP/2" 200 0 "https://netfinitynetwork.com/wp-includes/" "Mozilla/5.0 AppleWebKit/537.36 (KHTML, like Gecko; compatible; GPTBot/1.3; +https://openai.com/gptbot)"
74.7.241.60 - - [17/Jan/2026:23:46:11 +0700] "GET /wp-includes/theme-compat/embed.php HTTP/2" 500 0 "https://mail.netfinitynetwork.com/wp-includes/theme-compat/" "Mozilla/5.0 AppleWebKit/537.36 (KHTML, like Gecko; compatible; GPTBot/1.3; +https://openai.com/gptbot)"
74.7.243.196 - - [17/Jan/2026:23:46:12 +0700] "GET /wp-includes/compat.php HTTP/2" 500 0 "https://www.netfinitynetwork.com/wp-includes/" "Mozilla/5.0 AppleWebKit/537.36 (KHTML, like Gecko; compatible; GPTBot/1.3; +https://openai.com/gptbot)"
74.7.227.136 - - [17/Jan/2026:23:46:24 +0700] "GET /wp-includes/widgets/class-wp-nav-menu-widget.php HTTP/2" 500 0 "https://www.netfinitynetwork.idm01.my.id/wp-includes/widgets/" "Mozilla/5.0 AppleWebKit/537.36 (KHTML, like Gecko; compatible; GPTBot/1.3; +https://openai.com/gptbot)"
74.7.243.201 - - [17/Jan/2026:23:46:40 +0700] "GET /wp-includes/sitemaps/?SA HTTP/2" 200 1155 "https://netfinitynetwork.idm01.my.id/wp-includes/sitemaps/" "Mozilla/5.0 AppleWebKit/537.36 (KHTML, like Gecko; compatible; GPTBot/1.3; +https://openai.com/gptbot)"
74.7.243.232 - - [17/Jan/2026:23:46:56 +0700] "GET /wp-includes/widgets.php HTTP/2" 200 0 "https://netfinitynetwork.com/wp-includes/" "Mozilla/5.0 AppleWebKit/537.36 (KHTML, like Gecko; compatible; GPTBot/1.3; +https://openai.com/gptbot)"
74.7.241.60 - - [17/Jan/2026:23:47:10 +0700] "GET /wp-includes/widgets/?SD HTTP/2" 200 1573 "https://mail.netfinitynetwork.com/wp-includes/widgets/?SA" "Mozilla/5.0 AppleWebKit/537.36 (KHTML, like Gecko; compatible; GPTBot/1.3; +https://openai.com/gptbot)"
74.7.243.196 - - [17/Jan/2026:23:47:16 +0700] "GET /wp-includes/widgets.php HTTP/2" 200 0 "https://www.netfinitynetwork.com/wp-includes/" "Mozilla/5.0 AppleWebKit/537.36 (KHTML, like Gecko; compatible; GPTBot/1.3; +https://openai.com/gptbot)"
74.7.227.136 - - [17/Jan/2026:23:47:28 +0700] "GET /wp-includes/theme-compat/embed-404.php HTTP/2" 500 43 "https://www.netfinitynetwork.idm01.my.id/wp-includes/theme-compat/" "Mozilla/5.0 AppleWebKit/537.36 (KHTML, like Gecko; compatible; GPTBot/1.3; +https://openai.com/gptbot)"
74.7.243.201 - - [17/Jan/2026:23:47:34 +0700] "GET /wp-includes/Requests/ HTTP/2" 200 663 "https://netfinitynetwork.idm01.my.id/wp-includes/" "Mozilla/5.0 AppleWebKit/537.36 (KHTML, like Gecko; compatible; GPTBot/1.3; +https://openai.com/gptbot)"
74.7.243.232 - - [17/Jan/2026:23:47:46 +0700] "GET /wp-includes/locale.php HTTP/2" 500 0 "https://netfinitynetwork.com/wp-includes/" "Mozilla/5.0 AppleWebKit/537.36 (KHTML, like Gecko; compatible; GPTBot/1.3; +https://openai.com/gptbot)"
74.7.241.60 - - [17/Jan/2026:23:48:15 +0700] "GET /wp-includes/widgets/?NA HTTP/2" 200 1567 "https://mail.netfinitynetwork.com/wp-includes/widgets/?SA" "Mozilla/5.0 AppleWebKit/537.36 (KHTML, like Gecko; compatible; GPTBot/1.3; +https://openai.com/gptbot)"
74.7.243.196 - - [17/Jan/2026:23:48:18 +0700] "GET /wp-includes/version.php HTTP/2" 200 0 "https://www.netfinitynetwork.com/wp-includes/" "Mozilla/5.0 AppleWebKit/537.36 (KHTML, like Gecko; compatible; GPTBot/1.3; +https://openai.com/gptbot)"
74.7.243.201 - - [17/Jan/2026:23:48:19 +0700] "GET /wp-includes/customize/ HTTP/2" 200 2252 "https://netfinitynetwork.idm01.my.id/wp-includes/" "Mozilla/5.0 AppleWebKit/537.36 (KHTML, like Gecko; compatible; GPTBot/1.3; +https://openai.com/gptbot)"
74.7.243.232 - - [17/Jan/2026:23:48:31 +0700] "GET /wp-includes/blocks.php HTTP/2" 200 0 "https://netfinitynetwork.com/wp-includes/" "Mozilla/5.0 AppleWebKit/537.36 (KHTML, like Gecko; compatible; GPTBot/1.3; +https://openai.com/gptbot)"
74.7.227.136 - - [17/Jan/2026:23:48:34 +0700] "GET /wp-includes/theme-compat/embed.php HTTP/2" 500 0 "https://www.netfinitynetwork.idm01.my.id/wp-includes/theme-compat/" "Mozilla/5.0 AppleWebKit/537.36 (KHTML, like Gecko; compatible; GPTBot/1.3; +https://openai.com/gptbot)"
74.7.243.201 - - [17/Jan/2026:23:49:00 +0700] "GET /wp-includes/Text/ HTTP/2" 200 737 "https://netfinitynetwork.idm01.my.id/wp-includes/" "Mozilla/5.0 AppleWebKit/537.36 (KHTML, like Gecko; compatible; GPTBot/1.3; +https://openai.com/gptbot)"
74.7.241.60 - - [17/Jan/2026:23:49:10 +0700] "GET /wp-includes/widgets/?MD HTTP/2" 200 1564 "https://mail.netfinitynetwork.com/wp-includes/widgets/?MA" "Mozilla/5.0 AppleWebKit/537.36 (KHTML, like Gecko; compatible; GPTBot/1.3; +https://openai.com/gptbot)"
74.7.243.196 - - [17/Jan/2026:23:49:14 +0700] "GET /wp-includes/plugin.php HTTP/2" 200 0 "https://www.netfinitynetwork.com/wp-includes/" "Mozilla/5.0 AppleWebKit/537.36 (KHTML, like Gecko; compatible; GPTBot/1.3; +https://openai.com/gptbot)"
74.7.243.232 - - [17/Jan/2026:23:49:35 +0700] "GET /wp-includes/rewrite.php HTTP/2" 200 0 "https://netfinitynetwork.com/wp-includes/" "Mozilla/5.0 AppleWebKit/537.36 (KHTML, like Gecko; compatible; GPTBot/1.3; +https://openai.com/gptbot)"
74.7.243.201 - - [17/Jan/2026:23:49:36 +0700] "GET /wp-includes/rest-api/endpoints/class-wp-rest-template-autosaves-controller.php HTTP/2" 500 0 "https://netfinitynetwork.idm01.my.id/wp-includes/rest-api/endpoints/" "Mozilla/5.0 AppleWebKit/537.36 (KHTML, like Gecko; compatible; GPTBot/1.3; +https://openai.com/gptbot)"
74.7.227.136 - - [17/Jan/2026:23:49:39 +0700] "GET /wp-includes/widgets/?MD HTTP/2" 200 1573 "https://www.netfinitynetwork.idm01.my.id/wp-includes/widgets/?MA" "Mozilla/5.0 AppleWebKit/537.36 (KHTML, like Gecko; compatible; GPTBot/1.3; +https://openai.com/gptbot)"
74.7.241.60 - - [17/Jan/2026:23:50:02 +0700] "GET /wp-includes/sitemaps/class-wp-sitemaps-index.php HTTP/2" 200 0 "https://mail.netfinitynetwork.com/wp-includes/sitemaps/" "Mozilla/5.0 AppleWebKit/537.36 (KHTML, like Gecko; compatible; GPTBot/1.3; +https://openai.com/gptbot)"
74.7.243.196 - - [17/Jan/2026:23:50:04 +0700] "GET /wp-includes/blocks.php HTTP/2" 200 0 "https://www.netfinitynetwork.com/wp-includes/" "Mozilla/5.0 AppleWebKit/537.36 (KHTML, like Gecko; compatible; GPTBot/1.3; +https://openai.com/gptbot)"
74.7.243.201 - - [17/Jan/2026:23:50:10 +0700] "GET /wp-includes/sodium_compat/src/SodiumException.php HTTP/2" 200 0 "https://netfinitynetwork.idm01.my.id/wp-includes/sodium_compat/src/" "Mozilla/5.0 AppleWebKit/537.36 (KHTML, like Gecko; compatible; GPTBot/1.3; +https://openai.com/gptbot)"
74.7.243.232 - - [17/Jan/2026:23:50:32 +0700] "GET /wp-includes/compat.php HTTP/2" 500 0 "https://netfinitynetwork.com/wp-includes/" "Mozilla/5.0 AppleWebKit/537.36 (KHTML, like Gecko; compatible; GPTBot/1.3; +https://openai.com/gptbot)"
74.7.227.136 - - [17/Jan/2026:23:50:39 +0700] "GET /wp-includes/widgets/?NA HTTP/2" 200 1575 "https://www.netfinitynetwork.idm01.my.id/wp-includes/widgets/?MA" "Mozilla/5.0 AppleWebKit/537.36 (KHTML, like Gecko; compatible; GPTBot/1.3; +https://openai.com/gptbot)"
74.7.241.60 - - [17/Jan/2026:23:50:48 +0700] "GET /wp-includes/theme-compat/footer.php HTTP/2" 500 0 "https://mail.netfinitynetwork.com/wp-includes/theme-compat/" "Mozilla/5.0 AppleWebKit/537.36 (KHTML, like Gecko; compatible; GPTBot/1.3; +https://openai.com/gptbot)"
74.7.243.196 - - [17/Jan/2026:23:50:51 +0700] "GET /wp-includes/option.php HTTP/2" 200 0 "https://www.netfinitynetwork.com/wp-includes/" "Mozilla/5.0 AppleWebKit/537.36 (KHTML, like Gecko; compatible; GPTBot/1.3; +https://openai.com/gptbot)"
74.7.243.201 - - [17/Jan/2026:23:51:13 +0700] "GET /wp-includes/rest-api/endpoints/class-wp-rest-url-details-controller.php HTTP/2" 500 0 "https://netfinitynetwork.idm01.my.id/wp-includes/rest-api/endpoints/" "Mozilla/5.0 AppleWebKit/537.36 (KHTML, like Gecko; compatible; GPTBot/1.3; +https://openai.com/gptbot)"
74.7.243.232 - - [17/Jan/2026:23:51:24 +0700] "GET /wp-includes/option.php HTTP/2" 200 0 "https://netfinitynetwork.com/wp-includes/" "Mozilla/5.0 AppleWebKit/537.36 (KHTML, like Gecko; compatible; GPTBot/1.3; +https://openai.com/gptbot)"
74.7.241.60 - - [17/Jan/2026:23:51:31 +0700] "GET /wp-includes/theme-compat/header.php HTTP/2" 500 0 "https://mail.netfinitynetwork.com/wp-includes/theme-compat/" "Mozilla/5.0 AppleWebKit/537.36 (KHTML, like Gecko; compatible; GPTBot/1.3; +https://openai.com/gptbot)"
74.7.227.136 - - [17/Jan/2026:23:51:34 +0700] "GET /wp-includes/widgets/?SD HTTP/2" 200 1583 "https://www.netfinitynetwork.idm01.my.id/wp-includes/widgets/?SA" "Mozilla/5.0 AppleWebKit/537.36 (KHTML, like Gecko; compatible; GPTBot/1.3; +https://openai.com/gptbot)"
74.7.243.196 - - [17/Jan/2026:23:51:34 +0700] "GET /wp-includes/rest-api/endpoints/ HTTP/2" 200 2290 "https://www.netfinitynetwork.com/wp-includes/rest-api/" "Mozilla/5.0 AppleWebKit/537.36 (KHTML, like Gecko; compatible; GPTBot/1.3; +https://openai.com/gptbot)"
74.7.243.201 - - [17/Jan/2026:23:52:08 +0700] "GET /wp-includes/rest-api/endpoints/class-wp-rest-post-statuses-controller.php HTTP/2" 500 0 "https://netfinitynetwork.idm01.my.id/wp-includes/rest-api/endpoints/" "Mozilla/5.0 AppleWebKit/537.36 (KHTML, like Gecko; compatible; GPTBot/1.3; +https://openai.com/gptbot)"
74.7.243.196 - - [17/Jan/2026:23:52:11 +0700] "GET /wp-includes/sodium_compat/src/ HTTP/2" 200 1209 "https://www.netfinitynetwork.com/wp-includes/sodium_compat/" "Mozilla/5.0 AppleWebKit/537.36 (KHTML, like Gecko; compatible; GPTBot/1.3; +https://openai.com/gptbot)"
74.7.227.136 - - [17/Jan/2026:23:52:24 +0700] "GET /wp-includes/sitemaps/class-wp-sitemaps-index.php HTTP/2" 200 0 "https://www.netfinitynetwork.idm01.my.id/wp-includes/sitemaps/" "Mozilla/5.0 AppleWebKit/537.36 (KHTML, like Gecko; compatible; GPTBot/1.3; +https://openai.com/gptbot)"
74.7.243.232 - - [17/Jan/2026:23:52:25 +0700] "GET /wp-includes/rest-api/endpoints/ HTTP/2" 200 2283 "https://netfinitynetwork.com/wp-includes/rest-api/" "Mozilla/5.0 AppleWebKit/537.36 (KHTML, like Gecko; compatible; GPTBot/1.3; +https://openai.com/gptbot)"
74.7.241.60 - - [17/Jan/2026:23:52:36 +0700] "GET /wp-includes/theme-compat/sidebar.php HTTP/2" 500 0 "https://mail.netfinitynetwork.com/wp-includes/theme-compat/" "Mozilla/5.0 AppleWebKit/537.36 (KHTML, like Gecko; compatible; GPTBot/1.3; +https://openai.com/gptbot)"
74.7.243.196 - - [17/Jan/2026:23:52:44 +0700] "GET /wp-includes/rest-api/error_log HTTP/2" 403 1242 "https://www.netfinitynetwork.com/wp-includes/rest-api/" "Mozilla/5.0 AppleWebKit/537.36 (KHTML, like Gecko; compatible; GPTBot/1.3; +https://openai.com/gptbot)"
74.7.227.136 - - [17/Jan/2026:23:53:09 +0700] "GET /wp-includes/theme-compat/footer.php HTTP/2" 500 0 "https://www.netfinitynetwork.idm01.my.id/wp-includes/theme-compat/" "Mozilla/5.0 AppleWebKit/537.36 (KHTML, like Gecko; compatible; GPTBot/1.3; +https://openai.com/gptbot)"
74.7.243.201 - - [17/Jan/2026:23:53:09 +0700] "GET /wp-includes/rest-api/endpoints/class-wp-rest-post-types-controller.php HTTP/2" 500 0 "https://netfinitynetwork.idm01.my.id/wp-includes/rest-api/endpoints/" "Mozilla/5.0 AppleWebKit/537.36 (KHTML, like Gecko; compatible; GPTBot/1.3; +https://openai.com/gptbot)"
74.7.243.196 - - [17/Jan/2026:23:53:15 +0700] "GET /wp-includes/l10n/ HTTP/2" 200 1136 "https://www.netfinitynetwork.com/wp-includes/" "Mozilla/5.0 AppleWebKit/537.36 (KHTML, like Gecko; compatible; GPTBot/1.3; +https://openai.com/gptbot)"
74.7.243.232 - - [17/Jan/2026:23:53:21 +0700] "GET /wp-includes/rest-api/error_log HTTP/2" 403 1242 "https://netfinitynetwork.com/wp-includes/rest-api/" "Mozilla/5.0 AppleWebKit/537.36 (KHTML, like Gecko; compatible; GPTBot/1.3; +https://openai.com/gptbot)"
74.7.241.60 - - [17/Jan/2026:23:53:37 +0700] "GET /wp-includes/widgets/class-wp-widget-recent-comments.php HTTP/2" 500 0 "https://mail.netfinitynetwork.com/wp-includes/widgets/" "Mozilla/5.0 AppleWebKit/537.36 (KHTML, like Gecko; compatible; GPTBot/1.3; +https://openai.com/gptbot)"
74.7.243.196 - - [17/Jan/2026:23:53:44 +0700] "GET /wp-includes/session.php HTTP/2" 500 0 "https://www.netfinitynetwork.com/wp-includes/" "Mozilla/5.0 AppleWebKit/537.36 (KHTML, like Gecko; compatible; GPTBot/1.3; +https://openai.com/gptbot)"
74.7.227.136 - - [17/Jan/2026:23:53:50 +0700] "GET /wp-includes/theme-compat/header.php HTTP/2" 500 0 "https://www.netfinitynetwork.idm01.my.id/wp-includes/theme-compat/" "Mozilla/5.0 AppleWebKit/537.36 (KHTML, like Gecko; compatible; GPTBot/1.3; +https://openai.com/gptbot)"
74.7.243.196 - - [17/Jan/2026:23:54:11 +0700] "GET /wp-includes/sitemaps/?ND HTTP/2" 200 1151 "https://www.netfinitynetwork.com/wp-includes/sitemaps/" "Mozilla/5.0 AppleWebKit/537.36 (KHTML, like Gecko; compatible; GPTBot/1.3; +https://openai.com/gptbot)"
74.7.243.232 - - [17/Jan/2026:23:54:11 +0700] "GET /wp-includes/sodium_compat/src/ HTTP/2" 200 1209 "https://netfinitynetwork.com/wp-includes/sodium_compat/" "Mozilla/5.0 AppleWebKit/537.36 (KHTML, like Gecko; compatible; GPTBot/1.3; +https://openai.com/gptbot)"
74.7.243.201 - - [17/Jan/2026:23:54:12 +0700] "GET /wp-includes/l10n/?ND HTTP/2" 200 1146 "https://netfinitynetwork.idm01.my.id/wp-includes/l10n/" "Mozilla/5.0 AppleWebKit/537.36 (KHTML, like Gecko; compatible; GPTBot/1.3; +https://openai.com/gptbot)"
74.7.241.60 - - [17/Jan/2026:23:54:41 +0700] "GET /wp-includes/sodium_compat/namespaced/Crypto.php HTTP/2" 500 0 "https://mail.netfinitynetwork.com/wp-includes/sodium_compat/namespaced/" "Mozilla/5.0 AppleWebKit/537.36 (KHTML, like Gecko; compatible; GPTBot/1.3; +https://openai.com/gptbot)"
74.7.227.136 - - [17/Jan/2026:23:54:53 +0700] "GET /wp-includes/theme-compat/sidebar.php HTTP/2" 500 0 "https://www.netfinitynetwork.idm01.my.id/wp-includes/theme-compat/" "Mozilla/5.0 AppleWebKit/537.36 (KHTML, like Gecko; compatible; GPTBot/1.3; +https://openai.com/gptbot)"
74.7.243.232 - - [17/Jan/2026:23:55:02 +0700] "GET /wp-includes/l10n/ HTTP/2" 200 1134 "https://netfinitynetwork.com/wp-includes/" "Mozilla/5.0 AppleWebKit/537.36 (KHTML, like Gecko; compatible; GPTBot/1.3; +https://openai.com/gptbot)"
74.7.243.196 - - [17/Jan/2026:23:55:16 +0700] "GET /wp-includes/sitemaps/?MA HTTP/2" 200 1144 "https://www.netfinitynetwork.com/wp-includes/sitemaps/" "Mozilla/5.0 AppleWebKit/537.36 (KHTML, like Gecko; compatible; GPTBot/1.3; +https://openai.com/gptbot)"
74.7.243.201 - - [17/Jan/2026:23:55:17 +0700] "GET /wp-includes/l10n/?SA HTTP/2" 200 1144 "https://netfinitynetwork.idm01.my.id/wp-includes/l10n/" "Mozilla/5.0 AppleWebKit/537.36 (KHTML, like Gecko; compatible; GPTBot/1.3; +https://openai.com/gptbot)"
74.7.241.60 - - [17/Jan/2026:23:55:41 +0700] "GET /wp-includes/version.php HTTP/2" 200 0 "https://mail.netfinitynetwork.com/wp-includes/" "Mozilla/5.0 AppleWebKit/537.36 (KHTML, like Gecko; compatible; GPTBot/1.3; +https://openai.com/gptbot)"
74.7.243.232 - - [17/Jan/2026:23:55:50 +0700] "GET /wp-includes/session.php HTTP/2" 500 0 "https://netfinitynetwork.com/wp-includes/" "Mozilla/5.0 AppleWebKit/537.36 (KHTML, like Gecko; compatible; GPTBot/1.3; +https://openai.com/gptbot)"
74.7.227.136 - - [17/Jan/2026:23:55:54 +0700] "GET /wp-includes/widgets/class-wp-widget-recent-comments.php HTTP/2" 500 0 "https://www.netfinitynetwork.idm01.my.id/wp-includes/widgets/" "Mozilla/5.0 AppleWebKit/537.36 (KHTML, like Gecko; compatible; GPTBot/1.3; +https://openai.com/gptbot)"
74.7.243.196 - - [17/Jan/2026:23:56:10 +0700] "GET /wp-includes/sitemaps/?SA HTTP/2" 200 1151 "https://www.netfinitynetwork.com/wp-includes/sitemaps/" "Mozilla/5.0 AppleWebKit/537.36 (KHTML, like Gecko; compatible; GPTBot/1.3; +https://openai.com/gptbot)"
74.7.243.201 - - [17/Jan/2026:23:56:12 +0700] "GET /wp-includes/l10n/?MA HTTP/2" 200 1139 "https://netfinitynetwork.idm01.my.id/wp-includes/l10n/" "Mozilla/5.0 AppleWebKit/537.36 (KHTML, like Gecko; compatible; GPTBot/1.3; +https://openai.com/gptbot)"
74.7.243.232 - - [17/Jan/2026:23:56:30 +0700] "GET /wp-includes/sitemaps/?MA HTTP/2" 200 1142 "https://netfinitynetwork.com/wp-includes/sitemaps/" "Mozilla/5.0 AppleWebKit/537.36 (KHTML, like Gecko; compatible; GPTBot/1.3; +https://openai.com/gptbot)"
74.7.241.60 - - [17/Jan/2026:23:56:44 +0700] "GET /wp-includes/widgets.php HTTP/2" 200 0 "https://mail.netfinitynetwork.com/wp-includes/" "Mozilla/5.0 AppleWebKit/537.36 (KHTML, like Gecko; compatible; GPTBot/1.3; +https://openai.com/gptbot)"
74.7.227.136 - - [17/Jan/2026:23:57:00 +0700] "GET /wp-includes/sodium_compat/namespaced/Crypto.php HTTP/2" 500 0 "https://www.netfinitynetwork.idm01.my.id/wp-includes/sodium_compat/namespaced/" "Mozilla/5.0 AppleWebKit/537.36 (KHTML, like Gecko; compatible; GPTBot/1.3; +https://openai.com/gptbot)"
74.7.243.196 - - [17/Jan/2026:23:57:00 +0700] "GET /wp-includes/Requests/ HTTP/2" 200 662 "https://www.netfinitynetwork.com/wp-includes/" "Mozilla/5.0 AppleWebKit/537.36 (KHTML, like Gecko; compatible; GPTBot/1.3; +https://openai.com/gptbot)"
74.7.243.201 - - [17/Jan/2026:23:57:04 +0700] "GET /wp-includes/rest-api/endpoints/class-wp-rest-comments-controller.php HTTP/2" 500 0 "https://netfinitynetwork.idm01.my.id/wp-includes/rest-api/endpoints/" "Mozilla/5.0 AppleWebKit/537.36 (KHTML, like Gecko; compatible; GPTBot/1.3; +https://openai.com/gptbot)"
103.43.35.159 - - [17/Jan/2026:23:57:14 +0700] "POST /xmlrpc.php HTTP/1.1" 403 1242 "-" "Mozilla/5.0 (X11; Ubuntu; Linux x86_64; arm64) AppleWebKit/537.36 (KHTML, like Gecko) Opera/70.0.0.0 Safari/537.36"
74.7.243.232 - - [17/Jan/2026:23:57:32 +0700] "GET /wp-includes/sitemaps/?SA HTTP/2" 200 1147 "https://netfinitynetwork.com/wp-includes/sitemaps/" "Mozilla/5.0 AppleWebKit/537.36 (KHTML, like Gecko; compatible; GPTBot/1.3; +https://openai.com/gptbot)"
74.7.241.60 - - [17/Jan/2026:23:57:39 +0700] "GET /wp-includes/compat.php HTTP/2" 500 0 "https://mail.netfinitynetwork.com/wp-includes/" "Mozilla/5.0 AppleWebKit/537.36 (KHTML, like Gecko; compatible; GPTBot/1.3; +https://openai.com/gptbot)"
74.7.243.196 - - [17/Jan/2026:23:57:48 +0700] "GET /wp-includes/customize/ HTTP/2" 200 2248 "https://www.netfinitynetwork.com/wp-includes/" "Mozilla/5.0 AppleWebKit/537.36 (KHTML, like Gecko; compatible; GPTBot/1.3; +https://openai.com/gptbot)"
74.7.243.201 - - [17/Jan/2026:23:57:48 +0700] "GET /wp-includes/customize/class-wp-customize-nav-menus-panel.php HTTP/2" 500 0 "https://netfinitynetwork.idm01.my.id/wp-includes/customize/" "Mozilla/5.0 AppleWebKit/537.36 (KHTML, like Gecko; compatible; GPTBot/1.3; +https://openai.com/gptbot)"
74.7.227.136 - - [17/Jan/2026:23:57:59 +0700] "GET /wp-includes/widgets.php HTTP/2" 200 0 "https://www.netfinitynetwork.idm01.my.id/wp-includes/" "Mozilla/5.0 AppleWebKit/537.36 (KHTML, like Gecko; compatible; GPTBot/1.3; +https://openai.com/gptbot)"
74.7.243.196 - - [17/Jan/2026:23:58:30 +0700] "GET /wp-includes/Text/ HTTP/2" 200 735 "https://www.netfinitynetwork.com/wp-includes/" "Mozilla/5.0 AppleWebKit/537.36 (KHTML, like Gecko; compatible; GPTBot/1.3; +https://openai.com/gptbot)"
74.7.243.232 - - [17/Jan/2026:23:58:30 +0700] "GET /wp-includes/sitemaps/?ND HTTP/2" 200 1149 "https://netfinitynetwork.com/wp-includes/sitemaps/" "Mozilla/5.0 AppleWebKit/537.36 (KHTML, like Gecko; compatible; GPTBot/1.3; +https://openai.com/gptbot)"
74.7.241.60 - - [17/Jan/2026:23:58:31 +0700] "GET /wp-includes/locale.php HTTP/2" 500 0 "https://mail.netfinitynetwork.com/wp-includes/" "Mozilla/5.0 AppleWebKit/537.36 (KHTML, like Gecko; compatible; GPTBot/1.3; +https://openai.com/gptbot)"
74.7.243.201 - - [17/Jan/2026:23:58:54 +0700] "GET /wp-includes/customize/class-wp-customize-nav-menu-auto-add-control.php HTTP/2" 500 0 "https://netfinitynetwork.idm01.my.id/wp-includes/customize/" "Mozilla/5.0 AppleWebKit/537.36 (KHTML, like Gecko; compatible; GPTBot/1.3; +https://openai.com/gptbot)"
74.7.227.136 - - [17/Jan/2026:23:59:00 +0700] "GET /wp-includes/option.php HTTP/2" 200 0 "https://www.netfinitynetwork.idm01.my.id/wp-includes/" "Mozilla/5.0 AppleWebKit/537.36 (KHTML, like Gecko; compatible; GPTBot/1.3; +https://openai.com/gptbot)"
74.7.243.196 - - [17/Jan/2026:23:59:07 +0700] "GET /wp-includes/rest-api/endpoints/?MA HTTP/2" 200 2319 "https://www.netfinitynetwork.com/wp-includes/rest-api/endpoints/" "Mozilla/5.0 AppleWebKit/537.36 (KHTML, like Gecko; compatible; GPTBot/1.3; +https://openai.com/gptbot)"
74.7.243.232 - - [17/Jan/2026:23:59:20 +0700] "GET /wp-includes/Requests/ HTTP/2" 200 658 "https://netfinitynetwork.com/wp-includes/" "Mozilla/5.0 AppleWebKit/537.36 (KHTML, like Gecko; compatible; GPTBot/1.3; +https://openai.com/gptbot)"
74.7.241.60 - - [17/Jan/2026:23:59:35 +0700] "GET /wp-includes/blocks.php HTTP/2" 200 0 "https://mail.netfinitynetwork.com/wp-includes/" "Mozilla/5.0 AppleWebKit/537.36 (KHTML, like Gecko; compatible; GPTBot/1.3; +https://openai.com/gptbot)"
74.7.243.196 - - [17/Jan/2026:23:59:41 +0700] "GET /wp-includes/rest-api/endpoints/class-wp-rest-url-details-controller.php HTTP/2" 500 0 "https://www.netfinitynetwork.com/wp-includes/rest-api/endpoints/" "Mozilla/5.0 AppleWebKit/537.36 (KHTML, like Gecko; compatible; GPTBot/1.3; +https://openai.com/gptbot)"
74.7.227.136 - - [17/Jan/2026:23:59:54 +0700] "GET /wp-includes/rewrite.php HTTP/2" 200 0 "https://www.netfinitynetwork.idm01.my.id/wp-includes/" "Mozilla/5.0 AppleWebKit/537.36 (KHTML, like Gecko; compatible; GPTBot/1.3; +https://openai.com/gptbot)"
74.7.243.201 - - [17/Jan/2026:23:59:59 +0700] "GET /wp-includes/customize/class-wp-customize-header-image-control.php HTTP/2" 500 0 "https://netfinitynetwork.idm01.my.id/wp-includes/customize/" "Mozilla/5.0 AppleWebKit/537.36 (KHTML, like Gecko; compatible; GPTBot/1.3; +https://openai.com/gptbot)"
74.7.243.232 - - [18/Jan/2026:00:00:04 +0700] "GET /wp-includes/customize/ HTTP/2" 200 2246 "https://netfinitynetwork.com/wp-includes/" "Mozilla/5.0 AppleWebKit/537.36 (KHTML, like Gecko; compatible; GPTBot/1.3; +https://openai.com/gptbot)"
74.7.243.196 - - [18/Jan/2026:00:00:11 +0700] "GET /wp-includes/rest-api/endpoints/class-wp-rest-post-statuses-controller.php HTTP/2" 500 0 "https://www.netfinitynetwork.com/wp-includes/rest-api/endpoints/" "Mozilla/5.0 AppleWebKit/537.36 (KHTML, like Gecko; compatible; GPTBot/1.3; +https://openai.com/gptbot)"
74.7.241.60 - - [18/Jan/2026:00:00:37 +0700] "GET /wp-includes/plugin.php HTTP/2" 200 0 "https://mail.netfinitynetwork.com/wp-includes/" "Mozilla/5.0 AppleWebKit/537.36 (KHTML, like Gecko; compatible; GPTBot/1.3; +https://openai.com/gptbot)"
74.7.243.232 - - [18/Jan/2026:00:00:44 +0700] "GET /wp-includes/Text/ HTTP/2" 200 731 "https://netfinitynetwork.com/wp-includes/" "Mozilla/5.0 AppleWebKit/537.36 (KHTML, like Gecko; compatible; GPTBot/1.3; +https://openai.com/gptbot)"
74.7.227.136 - - [18/Jan/2026:00:00:45 +0700] "GET /wp-includes/version.php HTTP/2" 200 0 "https://www.netfinitynetwork.idm01.my.id/wp-includes/" "Mozilla/5.0 AppleWebKit/537.36 (KHTML, like Gecko; compatible; GPTBot/1.3; +https://openai.com/gptbot)"
74.7.243.201 - - [18/Jan/2026:00:01:04 +0700] "GET /wp-includes/customize/class-wp-customize-new-menu-control.php HTTP/2" 500 0 "https://netfinitynetwork.idm01.my.id/wp-includes/customize/" "Mozilla/5.0 AppleWebKit/537.36 (KHTML, like Gecko; compatible; GPTBot/1.3; +https://openai.com/gptbot)"
74.7.243.196 - - [18/Jan/2026:00:01:15 +0700] "GET /wp-includes/rest-api/endpoints/class-wp-rest-post-types-controller.php HTTP/2" 500 0 "https://www.netfinitynetwork.com/wp-includes/rest-api/endpoints/" "Mozilla/5.0 AppleWebKit/537.36 (KHTML, like Gecko; compatible; GPTBot/1.3; +https://openai.com/gptbot)"
74.7.243.232 - - [18/Jan/2026:00:01:21 +0700] "GET /wp-includes/rest-api/endpoints/class-wp-rest-url-details-controller.php HTTP/2" 500 0 "https://netfinitynetwork.com/wp-includes/rest-api/endpoints/" "Mozilla/5.0 AppleWebKit/537.36 (KHTML, like Gecko; compatible; GPTBot/1.3; +https://openai.com/gptbot)"
74.7.227.136 - - [18/Jan/2026:00:01:30 +0700] "GET /wp-includes/compat.php HTTP/2" 500 0 "https://www.netfinitynetwork.idm01.my.id/wp-includes/" "Mozilla/5.0 AppleWebKit/537.36 (KHTML, like Gecko; compatible; GPTBot/1.3; +https://openai.com/gptbot)"
74.7.241.60 - - [18/Jan/2026:00:01:35 +0700] "GET /wp-includes/option.php HTTP/2" 200 0 "https://mail.netfinitynetwork.com/wp-includes/" "Mozilla/5.0 AppleWebKit/537.36 (KHTML, like Gecko; compatible; GPTBot/1.3; +https://openai.com/gptbot)"
74.7.243.232 - - [18/Jan/2026:00:01:55 +0700] "GET /wp-includes/rest-api/endpoints/class-wp-rest-post-statuses-controller.php HTTP/2" 500 0 "https://netfinitynetwork.com/wp-includes/rest-api/endpoints/" "Mozilla/5.0 AppleWebKit/537.36 (KHTML, like Gecko; compatible; GPTBot/1.3; +https://openai.com/gptbot)"
74.7.243.201 - - [18/Jan/2026:00:02:05 +0700] "GET /wp-includes/customize/class-wp-customize-nav-menu-setting.php HTTP/2" 500 0 "https://netfinitynetwork.idm01.my.id/wp-includes/customize/" "Mozilla/5.0 AppleWebKit/537.36 (KHTML, like Gecko; compatible; GPTBot/1.3; +https://openai.com/gptbot)"
74.7.227.136 - - [18/Jan/2026:00:02:11 +0700] "GET /wp-includes/blocks.php HTTP/2" 200 0 "https://www.netfinitynetwork.idm01.my.id/wp-includes/" "Mozilla/5.0 AppleWebKit/537.36 (KHTML, like Gecko; compatible; GPTBot/1.3; +https://openai.com/gptbot)"
74.7.243.196 - - [18/Jan/2026:00:02:15 +0700] "GET /wp-includes/l10n/?ND HTTP/2" 200 1144 "https://www.netfinitynetwork.com/wp-includes/l10n/" "Mozilla/5.0 AppleWebKit/537.36 (KHTML, like Gecko; compatible; GPTBot/1.3; +https://openai.com/gptbot)"
74.7.241.60 - - [18/Jan/2026:00:02:26 +0700] "GET /wp-includes/rewrite.php HTTP/2" 200 0 "https://mail.netfinitynetwork.com/wp-includes/" "Mozilla/5.0 AppleWebKit/537.36 (KHTML, like Gecko; compatible; GPTBot/1.3; +https://openai.com/gptbot)"
74.7.243.232 - - [18/Jan/2026:00:02:55 +0700] "GET /wp-includes/rest-api/endpoints/class-wp-rest-post-types-controller.php HTTP/2" 500 0 "https://netfinitynetwork.com/wp-includes/rest-api/endpoints/" "Mozilla/5.0 AppleWebKit/537.36 (KHTML, like Gecko; compatible; GPTBot/1.3; +https://openai.com/gptbot)"
74.7.243.201 - - [18/Jan/2026:00:03:10 +0700] "GET /wp-includes/customize/class-wp-customize-new-menu-section.php HTTP/2" 500 0 "https://netfinitynetwork.idm01.my.id/wp-includes/customize/" "Mozilla/5.0 AppleWebKit/537.36 (KHTML, like Gecko; compatible; GPTBot/1.3; +https://openai.com/gptbot)"
74.7.241.60 - - [18/Jan/2026:00:03:10 +0700] "GET /wp-includes/rest-api/endpoints/ HTTP/2" 200 2319 "https://mail.netfinitynetwork.com/wp-includes/rest-api/" "Mozilla/5.0 AppleWebKit/537.36 (KHTML, like Gecko; compatible; GPTBot/1.3; +https://openai.com/gptbot)"
74.7.227.136 - - [18/Jan/2026:00:03:15 +0700] "GET /wp-includes/locale.php HTTP/2" 500 0 "https://www.netfinitynetwork.idm01.my.id/wp-includes/" "Mozilla/5.0 AppleWebKit/537.36 (KHTML, like Gecko; compatible; GPTBot/1.3; +https://openai.com/gptbot)"
74.7.243.196 - - [18/Jan/2026:00:03:20 +0700] "GET /wp-includes/l10n/?SA HTTP/2" 200 1143 "https://www.netfinitynetwork.com/wp-includes/l10n/" "Mozilla/5.0 AppleWebKit/537.36 (KHTML, like Gecko; compatible; GPTBot/1.3; +https://openai.com/gptbot)"
74.7.241.60 - - [18/Jan/2026:00:03:54 +0700] "GET /wp-includes/sodium_compat/src/ HTTP/2" 200 1210 "https://mail.netfinitynetwork.com/wp-includes/sodium_compat/" "Mozilla/5.0 AppleWebKit/537.36 (KHTML, like Gecko; compatible; GPTBot/1.3; +https://openai.com/gptbot)"
74.7.243.232 - - [18/Jan/2026:00:03:56 +0700] "GET /wp-includes/l10n/?MA HTTP/2" 200 1133 "https://netfinitynetwork.com/wp-includes/l10n/" "Mozilla/5.0 AppleWebKit/537.36 (KHTML, like Gecko; compatible; GPTBot/1.3; +https://openai.com/gptbot)"
74.7.227.136 - - [18/Jan/2026:00:04:12 +0700] "GET /wp-includes/plugin.php HTTP/2" 200 0 "https://www.netfinitynetwork.idm01.my.id/wp-includes/" "Mozilla/5.0 AppleWebKit/537.36 (KHTML, like Gecko; compatible; GPTBot/1.3; +https://openai.com/gptbot)"
74.7.243.201 - - [18/Jan/2026:00:04:13 +0700] "GET /wp-includes/customize/class-wp-customize-date-time-control.php HTTP/2" 500 0 "https://netfinitynetwork.idm01.my.id/wp-includes/customize/" "Mozilla/5.0 AppleWebKit/537.36 (KHTML, like Gecko; compatible; GPTBot/1.3; +https://openai.com/gptbot)"
74.7.243.196 - - [18/Jan/2026:00:04:16 +0700] "GET /wp-includes/l10n/?MA HTTP/2" 200 1137 "https://www.netfinitynetwork.com/wp-includes/l10n/" "Mozilla/5.0 AppleWebKit/537.36 (KHTML, like Gecko; compatible; GPTBot/1.3; +https://openai.com/gptbot)"
74.7.241.60 - - [18/Jan/2026:00:04:30 +0700] "GET /wp-includes/rest-api/error_log HTTP/2" 403 1242 "https://mail.netfinitynetwork.com/wp-includes/rest-api/" "Mozilla/5.0 AppleWebKit/537.36 (KHTML, like Gecko; compatible; GPTBot/1.3; +https://openai.com/gptbot)"
74.7.243.232 - - [18/Jan/2026:00:05:01 +0700] "GET /wp-includes/l10n/?SA HTTP/2" 200 1139 "https://netfinitynetwork.com/wp-includes/l10n/" "Mozilla/5.0 AppleWebKit/537.36 (KHTML, like Gecko; compatible; GPTBot/1.3; +https://openai.com/gptbot)"
74.7.241.60 - - [18/Jan/2026:00:05:03 +0700] "GET /wp-includes/l10n/ HTTP/2" 200 1137 "https://mail.netfinitynetwork.com/wp-includes/" "Mozilla/5.0 AppleWebKit/537.36 (KHTML, like Gecko; compatible; GPTBot/1.3; +https://openai.com/gptbot)"
74.7.243.196 - - [18/Jan/2026:00:05:09 +0700] "GET /wp-includes/rest-api/endpoints/class-wp-rest-comments-controller.php HTTP/2" 500 0 "https://www.netfinitynetwork.com/wp-includes/rest-api/endpoints/" "Mozilla/5.0 AppleWebKit/537.36 (KHTML, like Gecko; compatible; GPTBot/1.3; +https://openai.com/gptbot)"
74.7.243.201 - - [18/Jan/2026:00:05:13 +0700] "GET /wp-includes/l10n/?NA HTTP/2" 200 1138 "https://netfinitynetwork.idm01.my.id/wp-includes/l10n/?ND" "Mozilla/5.0 AppleWebKit/537.36 (KHTML, like Gecko; compatible; GPTBot/1.3; +https://openai.com/gptbot)"
74.7.227.136 - - [18/Jan/2026:00:05:14 +0700] "GET /wp-includes/rest-api/endpoints/ HTTP/2" 200 2327 "https://www.netfinitynetwork.idm01.my.id/wp-includes/rest-api/" "Mozilla/5.0 AppleWebKit/537.36 (KHTML, like Gecko; compatible; GPTBot/1.3; +https://openai.com/gptbot)"
74.7.241.60 - - [18/Jan/2026:00:05:37 +0700] "GET /wp-includes/session.php HTTP/2" 500 0 "https://mail.netfinitynetwork.com/wp-includes/" "Mozilla/5.0 AppleWebKit/537.36 (KHTML, like Gecko; compatible; GPTBot/1.3; +https://openai.com/gptbot)"
74.7.243.196 - - [18/Jan/2026:00:05:55 +0700] "GET /wp-includes/rest-api/endpoints/class-wp-rest-terms-controller.php HTTP/2" 500 0 "https://www.netfinitynetwork.com/wp-includes/rest-api/endpoints/" "Mozilla/5.0 AppleWebKit/537.36 (KHTML, like Gecko; compatible; GPTBot/1.3; +https://openai.com/gptbot)"
74.7.243.232 - - [18/Jan/2026:00:05:55 +0700] "GET /wp-includes/l10n/?ND HTTP/2" 200 1137 "https://netfinitynetwork.com/wp-includes/l10n/" "Mozilla/5.0 AppleWebKit/537.36 (KHTML, like Gecko; compatible; GPTBot/1.3; +https://openai.com/gptbot)"
74.7.241.60 - - [18/Jan/2026:00:06:08 +0700] "GET /wp-includes/sitemaps/?ND HTTP/2" 200 1149 "https://mail.netfinitynetwork.com/wp-includes/sitemaps/" "Mozilla/5.0 AppleWebKit/537.36 (KHTML, like Gecko; compatible; GPTBot/1.3; +https://openai.com/gptbot)"
74.7.227.136 - - [18/Jan/2026:00:06:11 +0700] "GET /wp-includes/rest-api/error_log HTTP/2" 403 1242 "https://www.netfinitynetwork.idm01.my.id/wp-includes/rest-api/" "Mozilla/5.0 AppleWebKit/537.36 (KHTML, like Gecko; compatible; GPTBot/1.3; +https://openai.com/gptbot)"
74.7.243.201 - - [18/Jan/2026:00:06:14 +0700] "GET /wp-includes/l10n/?SD HTTP/2" 200 1148 "https://netfinitynetwork.idm01.my.id/wp-includes/l10n/?SA" "Mozilla/5.0 AppleWebKit/537.36 (KHTML, like Gecko; compatible; GPTBot/1.3; +https://openai.com/gptbot)"
74.7.243.232 - - [18/Jan/2026:00:06:45 +0700] "GET /wp-includes/rest-api/endpoints/class-wp-rest-comments-controller.php HTTP/2" 500 0 "https://netfinitynetwork.com/wp-includes/rest-api/endpoints/" "Mozilla/5.0 AppleWebKit/537.36 (KHTML, like Gecko; compatible; GPTBot/1.3; +https://openai.com/gptbot)"
