74.7.243.201 - - [18/Jan/2026:00:25:42 +0700] "GET /wp-includes/customize/class-wp-customize-themes-panel.php HTTP/2" 500 0 "https://netfinitynetwork.idm01.my.id/wp-includes/customize/" "Mozilla/5.0 AppleWebKit/537.36 (KHTML, like Gecko; compatible; GPTBot/1.3; +https://openai.com/gptbot)"
74.7.243.232 - - [18/Jan/2026:00:25:47 +0700] "GET /wp-includes/customize/class-wp-customize-image-control.php HTTP/2" 500 0 "https://netfinitynetwork.com/wp-includes/customize/" "Mozilla/5.0 AppleWebKit/537.36 (KHTML, like Gecko; compatible; GPTBot/1.3; +https://openai.com/gptbot)"
74.7.243.196 - - [18/Jan/2026:00:26:18 +0700] "GET /wp-includes/customize/class-wp-customize-theme-control.php HTTP/2" 500 0 "https://www.netfinitynetwork.com/wp-includes/customize/" "Mozilla/5.0 AppleWebKit/537.36 (KHTML, like Gecko; compatible; GPTBot/1.3; +https://openai.com/gptbot)"
101.33.55.204 - - [18/Jan/2026:00:26:26 +0700] "GET /wp-login.php HTTP/1.1" 200 1947 "-" "Mozilla/5.0 (iPhone; CPU iPhone OS 13_2_3 like Mac OS X) AppleWebKit/605.1.15 (KHTML, like Gecko) Version/13.0.3 Mobile/15E148 Safari/604.1"
74.7.241.60 - - [18/Jan/2026:00:26:36 +0700] "GET /wp-includes/l10n/?SD HTTP/2" 200 1145 "https://mail.netfinitynetwork.com/wp-includes/l10n/?SA" "Mozilla/5.0 AppleWebKit/537.36 (KHTML, like Gecko; compatible; GPTBot/1.3; +https://openai.com/gptbot)"
74.7.227.136 - - [18/Jan/2026:00:26:43 +0700] "GET /wp-includes/customize/class-wp-customize-new-menu-control.php HTTP/2" 500 0 "https://www.netfinitynetwork.idm01.my.id/wp-includes/customize/" "Mozilla/5.0 AppleWebKit/537.36 (KHTML, like Gecko; compatible; GPTBot/1.3; +https://openai.com/gptbot)"
74.7.243.201 - - [18/Jan/2026:00:26:46 +0700] "GET /wp-includes/customize/class-wp-customize-background-position-control.php HTTP/2" 500 0 "https://netfinitynetwork.idm01.my.id/wp-includes/customize/" "Mozilla/5.0 AppleWebKit/537.36 (KHTML, like Gecko; compatible; GPTBot/1.3; +https://openai.com/gptbot)"
74.7.243.232 - - [18/Jan/2026:00:26:48 +0700] "GET /wp-includes/customize/class-wp-customize-theme-control.php HTTP/2" 500 0 "https://netfinitynetwork.com/wp-includes/customize/" "Mozilla/5.0 AppleWebKit/537.36 (KHTML, like Gecko; compatible; GPTBot/1.3; +https://openai.com/gptbot)"
74.7.243.196 - - [18/Jan/2026:00:27:21 +0700] "GET /wp-includes/customize/class-wp-customize-color-control.php HTTP/2" 500 0 "https://www.netfinitynetwork.com/wp-includes/customize/" "Mozilla/5.0 AppleWebKit/537.36 (KHTML, like Gecko; compatible; GPTBot/1.3; +https://openai.com/gptbot)"
74.7.241.60 - - [18/Jan/2026:00:27:33 +0700] "GET /wp-includes/l10n/?MD HTTP/2" 200 1144 "https://mail.netfinitynetwork.com/wp-includes/l10n/?MA" "Mozilla/5.0 AppleWebKit/537.36 (KHTML, like Gecko; compatible; GPTBot/1.3; +https://openai.com/gptbot)"
74.7.227.136 - - [18/Jan/2026:00:27:48 +0700] "GET /wp-includes/l10n/?SD HTTP/2" 200 1151 "https://www.netfinitynetwork.idm01.my.id/wp-includes/l10n/?SA" "Mozilla/5.0 AppleWebKit/537.36 (KHTML, like Gecko; compatible; GPTBot/1.3; +https://openai.com/gptbot)"
74.7.243.201 - - [18/Jan/2026:00:27:51 +0700] "GET /wp-includes/customize/class-wp-widget-form-customize-control.php HTTP/2" 500 0 "https://netfinitynetwork.idm01.my.id/wp-includes/customize/" "Mozilla/5.0 AppleWebKit/537.36 (KHTML, like Gecko; compatible; GPTBot/1.3; +https://openai.com/gptbot)"
74.7.243.232 - - [18/Jan/2026:00:27:53 +0700] "GET /wp-includes/customize/class-wp-customize-themes-section.php HTTP/2" 500 0 "https://netfinitynetwork.com/wp-includes/customize/" "Mozilla/5.0 AppleWebKit/537.36 (KHTML, like Gecko; compatible; GPTBot/1.3; +https://openai.com/gptbot)"
74.7.243.196 - - [18/Jan/2026:00:28:21 +0700] "GET /wp-includes/customize/class-wp-customize-media-control.php HTTP/2" 500 0 "https://www.netfinitynetwork.com/wp-includes/customize/" "Mozilla/5.0 AppleWebKit/537.36 (KHTML, like Gecko; compatible; GPTBot/1.3; +https://openai.com/gptbot)"
74.7.241.60 - - [18/Jan/2026:00:28:24 +0700] "GET /wp-includes/customize/class-wp-customize-date-time-control.php HTTP/2" 500 0 "https://mail.netfinitynetwork.com/wp-includes/customize/" "Mozilla/5.0 AppleWebKit/537.36 (KHTML, like Gecko; compatible; GPTBot/1.3; +https://openai.com/gptbot)"
74.7.243.201 - - [18/Jan/2026:00:28:51 +0700] "GET /wp-includes/customize/class-wp-customize-partial.php HTTP/2" 200 0 "https://netfinitynetwork.idm01.my.id/wp-includes/customize/" "Mozilla/5.0 AppleWebKit/537.36 (KHTML, like Gecko; compatible; GPTBot/1.3; +https://openai.com/gptbot)"
74.7.227.136 - - [18/Jan/2026:00:28:52 +0700] "GET /wp-includes/l10n/?NA HTTP/2" 200 1143 "https://www.netfinitynetwork.idm01.my.id/wp-includes/l10n/?SA" "Mozilla/5.0 AppleWebKit/537.36 (KHTML, like Gecko; compatible; GPTBot/1.3; +https://openai.com/gptbot)"
74.7.243.232 - - [18/Jan/2026:00:28:56 +0700] "GET /wp-includes/customize/class-wp-customize-media-control.php HTTP/2" 500 0 "https://netfinitynetwork.com/wp-includes/customize/" "Mozilla/5.0 AppleWebKit/537.36 (KHTML, like Gecko; compatible; GPTBot/1.3; +https://openai.com/gptbot)"
74.7.241.60 - - [18/Jan/2026:00:29:08 +0700] "GET /wp-includes/customize/class-wp-customize-new-menu-section.php HTTP/2" 500 0 "https://mail.netfinitynetwork.com/wp-includes/customize/" "Mozilla/5.0 AppleWebKit/537.36 (KHTML, like Gecko; compatible; GPTBot/1.3; +https://openai.com/gptbot)"
74.7.243.196 - - [18/Jan/2026:00:29:25 +0700] "GET /wp-includes/customize/class-wp-customize-nav-menu-item-setting.php HTTP/2" 500 0 "https://www.netfinitynetwork.com/wp-includes/customize/" "Mozilla/5.0 AppleWebKit/537.36 (KHTML, like Gecko; compatible; GPTBot/1.3; +https://openai.com/gptbot)"
74.7.227.136 - - [18/Jan/2026:00:29:50 +0700] "GET /wp-includes/l10n/?MD HTTP/2" 200 1150 "https://www.netfinitynetwork.idm01.my.id/wp-includes/l10n/?MA" "Mozilla/5.0 AppleWebKit/537.36 (KHTML, like Gecko; compatible; GPTBot/1.3; +https://openai.com/gptbot)"
74.7.243.201 - - [18/Jan/2026:00:29:52 +0700] "GET /wp-includes/customize/class-wp-customize-header-image-setting.php HTTP/2" 500 0 "https://netfinitynetwork.idm01.my.id/wp-includes/customize/" "Mozilla/5.0 AppleWebKit/537.36 (KHTML, like Gecko; compatible; GPTBot/1.3; +https://openai.com/gptbot)"
74.7.243.232 - - [18/Jan/2026:00:30:00 +0700] "GET /wp-includes/customize/class-wp-customize-upload-control.php HTTP/2" 500 0 "https://netfinitynetwork.com/wp-includes/customize/" "Mozilla/5.0 AppleWebKit/537.36 (KHTML, like Gecko; compatible; GPTBot/1.3; +https://openai.com/gptbot)"
74.7.241.60 - - [18/Jan/2026:00:30:12 +0700] "GET /wp-includes/customize/class-wp-customize-site-icon-control.php HTTP/2" 500 0 "https://mail.netfinitynetwork.com/wp-includes/customize/" "Mozilla/5.0 AppleWebKit/537.36 (KHTML, like Gecko; compatible; GPTBot/1.3; +https://openai.com/gptbot)"
74.7.243.196 - - [18/Jan/2026:00:30:30 +0700] "GET /wp-includes/customize/class-wp-customize-nav-menu-item-control.php HTTP/2" 500 0 "https://www.netfinitynetwork.com/wp-includes/customize/" "Mozilla/5.0 AppleWebKit/537.36 (KHTML, like Gecko; compatible; GPTBot/1.3; +https://openai.com/gptbot)"
74.7.227.136 - - [18/Jan/2026:00:30:41 +0700] "GET /wp-includes/customize/class-wp-customize-new-menu-section.php HTTP/2" 500 0 "https://www.netfinitynetwork.idm01.my.id/wp-includes/customize/" "Mozilla/5.0 AppleWebKit/537.36 (KHTML, like Gecko; compatible; GPTBot/1.3; +https://openai.com/gptbot)"
74.7.243.201 - - [18/Jan/2026:00:30:49 +0700] "GET /wp-includes/customize/class-wp-customize-cropped-image-control.php HTTP/2" 500 0 "https://netfinitynetwork.idm01.my.id/wp-includes/customize/" "Mozilla/5.0 AppleWebKit/537.36 (KHTML, like Gecko; compatible; GPTBot/1.3; +https://openai.com/gptbot)"
74.7.243.232 - - [18/Jan/2026:00:31:06 +0700] "GET /wp-includes/customize/class-wp-customize-sidebar-section.php HTTP/2" 500 0 "https://netfinitynetwork.com/wp-includes/customize/" "Mozilla/5.0 AppleWebKit/537.36 (KHTML, like Gecko; compatible; GPTBot/1.3; +https://openai.com/gptbot)"
74.7.241.60 - - [18/Jan/2026:00:31:13 +0700] "GET /wp-includes/customize/class-wp-customize-nav-menu-setting.php HTTP/2" 500 0 "https://mail.netfinitynetwork.com/wp-includes/customize/" "Mozilla/5.0 AppleWebKit/537.36 (KHTML, like Gecko; compatible; GPTBot/1.3; +https://openai.com/gptbot)"
74.7.227.136 - - [18/Jan/2026:00:31:29 +0700] "GET /wp-includes/customize/class-wp-customize-nav-menu-control.php HTTP/2" 500 0 "https://www.netfinitynetwork.idm01.my.id/wp-includes/customize/" "Mozilla/5.0 AppleWebKit/537.36 (KHTML, like Gecko; compatible; GPTBot/1.3; +https://openai.com/gptbot)"
74.7.243.196 - - [18/Jan/2026:00:31:33 +0700] "GET /wp-includes/customize/class-wp-customize-nav-menu-locations-control.php HTTP/2" 500 0 "https://www.netfinitynetwork.com/wp-includes/customize/" "Mozilla/5.0 AppleWebKit/537.36 (KHTML, like Gecko; compatible; GPTBot/1.3; +https://openai.com/gptbot)"
74.7.243.201 - - [18/Jan/2026:00:31:53 +0700] "GET /wp-includes/customize/class-wp-customize-selective-refresh.php HTTP/2" 200 0 "https://netfinitynetwork.idm01.my.id/wp-includes/customize/" "Mozilla/5.0 AppleWebKit/537.36 (KHTML, like Gecko; compatible; GPTBot/1.3; +https://openai.com/gptbot)"
74.7.243.232 - - [18/Jan/2026:00:32:11 +0700] "GET /wp-includes/customize/class-wp-customize-color-control.php HTTP/2" 500 0 "https://netfinitynetwork.com/wp-includes/customize/" "Mozilla/5.0 AppleWebKit/537.36 (KHTML, like Gecko; compatible; GPTBot/1.3; +https://openai.com/gptbot)"
74.7.241.60 - - [18/Jan/2026:00:32:19 +0700] "GET /wp-includes/customize/class-wp-customize-nav-menu-control.php HTTP/2" 500 0 "https://mail.netfinitynetwork.com/wp-includes/customize/" "Mozilla/5.0 AppleWebKit/537.36 (KHTML, like Gecko; compatible; GPTBot/1.3; +https://openai.com/gptbot)"
74.7.227.136 - - [18/Jan/2026:00:32:35 +0700] "GET /wp-includes/customize/class-wp-customize-nav-menu-section.php HTTP/2" 500 0 "https://www.netfinitynetwork.idm01.my.id/wp-includes/customize/" "Mozilla/5.0 AppleWebKit/537.36 (KHTML, like Gecko; compatible; GPTBot/1.3; +https://openai.com/gptbot)"
74.7.243.196 - - [18/Jan/2026:00:32:37 +0700] "GET /wp-includes/customize/class-wp-customize-nav-menu-location-control.php HTTP/2" 500 0 "https://www.netfinitynetwork.com/wp-includes/customize/" "Mozilla/5.0 AppleWebKit/537.36 (KHTML, like Gecko; compatible; GPTBot/1.3; +https://openai.com/gptbot)"
74.7.243.201 - - [18/Jan/2026:00:32:52 +0700] "GET /wp-includes/customize/class-wp-customize-code-editor-control.php HTTP/2" 500 0 "https://netfinitynetwork.idm01.my.id/wp-includes/customize/" "Mozilla/5.0 AppleWebKit/537.36 (KHTML, like Gecko; compatible; GPTBot/1.3; +https://openai.com/gptbot)"
216.73.216.222 - - [18/Jan/2026:00:33:13 +0700] "GET /robots.txt HTTP/2" 200 108 "-" "Mozilla/5.0 AppleWebKit/537.36 (KHTML, like Gecko; compatible; ClaudeBot/1.0; +claudebot@anthropic.com)"
216.73.216.222 - - [18/Jan/2026:00:33:13 +0700] "GET /wp-includes/js/dist/dom-ready.min.js HTTP/2" 200 275 "-" "Mozilla/5.0 AppleWebKit/537.36 (KHTML, like Gecko; compatible; ClaudeBot/1.0; +claudebot@anthropic.com)"
74.7.243.232 - - [18/Jan/2026:00:33:15 +0700] "GET /wp-includes/customize/class-wp-customize-nav-menu-item-setting.php HTTP/2" 500 0 "https://netfinitynetwork.com/wp-includes/customize/" "Mozilla/5.0 AppleWebKit/537.36 (KHTML, like Gecko; compatible; GPTBot/1.3; +https://openai.com/gptbot)"
74.7.241.60 - - [18/Jan/2026:00:33:23 +0700] "GET /wp-includes/customize/class-wp-customize-background-image-setting.php HTTP/2" 500 0 "https://mail.netfinitynetwork.com/wp-includes/customize/" "Mozilla/5.0 AppleWebKit/537.36 (KHTML, like Gecko; compatible; GPTBot/1.3; +https://openai.com/gptbot)"
74.7.227.136 - - [18/Jan/2026:00:33:37 +0700] "GET /wp-includes/customize/class-wp-customize-nav-menu-setting.php HTTP/2" 500 0 "https://www.netfinitynetwork.idm01.my.id/wp-includes/customize/" "Mozilla/5.0 AppleWebKit/537.36 (KHTML, like Gecko; compatible; GPTBot/1.3; +https://openai.com/gptbot)"
74.7.243.196 - - [18/Jan/2026:00:33:40 +0700] "GET /wp-includes/customize/class-wp-customize-background-image-control.php HTTP/2" 500 0 "https://www.netfinitynetwork.com/wp-includes/customize/" "Mozilla/5.0 AppleWebKit/537.36 (KHTML, like Gecko; compatible; GPTBot/1.3; +https://openai.com/gptbot)"
216.73.216.222 - - [18/Jan/2026:00:33:49 +0700] "GET /wp-includes/js/zxcvbn-async.min.js HTTP/2" 200 187 "-" "Mozilla/5.0 AppleWebKit/537.36 (KHTML, like Gecko; compatible; ClaudeBot/1.0; +claudebot@anthropic.com)"
216.73.216.222 - - [18/Jan/2026:00:33:49 +0700] "GET /wp-includes/css/dashicons.min.css HTTP/2" 200 35101 "-" "Mozilla/5.0 AppleWebKit/537.36 (KHTML, like Gecko; compatible; ClaudeBot/1.0; +claudebot@anthropic.com)"
74.7.243.201 - - [18/Jan/2026:00:33:52 +0700] "GET /wp-includes/customize/class-wp-widget-area-customize-control.php HTTP/2" 500 0 "https://netfinitynetwork.idm01.my.id/wp-includes/customize/" "Mozilla/5.0 AppleWebKit/537.36 (KHTML, like Gecko; compatible; GPTBot/1.3; +https://openai.com/gptbot)"
74.7.243.232 - - [18/Jan/2026:00:34:20 +0700] "GET /wp-includes/customize/class-wp-customize-nav-menu-item-control.php HTTP/2" 500 0 "https://netfinitynetwork.com/wp-includes/customize/" "Mozilla/5.0 AppleWebKit/537.36 (KHTML, like Gecko; compatible; GPTBot/1.3; +https://openai.com/gptbot)"
74.7.241.60 - - [18/Jan/2026:00:34:26 +0700] "GET /wp-includes/customize/class-wp-customize-nav-menu-name-control.php HTTP/2" 500 0 "https://mail.netfinitynetwork.com/wp-includes/customize/" "Mozilla/5.0 AppleWebKit/537.36 (KHTML, like Gecko; compatible; GPTBot/1.3; +https://openai.com/gptbot)"
216.73.216.222 - - [18/Jan/2026:00:34:40 +0700] "GET /wp-includes/js/dist/i18n.min.js HTTP/2" 200 2119 "-" "Mozilla/5.0 AppleWebKit/537.36 (KHTML, like Gecko; compatible; ClaudeBot/1.0; +claudebot@anthropic.com)"
74.7.227.136 - - [18/Jan/2026:00:34:42 +0700] "GET /wp-includes/customize/class-wp-customize-site-icon-control.php HTTP/2" 500 0 "https://www.netfinitynetwork.idm01.my.id/wp-includes/customize/" "Mozilla/5.0 AppleWebKit/537.36 (KHTML, like Gecko; compatible; GPTBot/1.3; +https://openai.com/gptbot)"
74.7.243.196 - - [18/Jan/2026:00:34:45 +0700] "GET /wp-includes/customize/class-wp-customize-themes-panel.php HTTP/2" 500 0 "https://www.netfinitynetwork.com/wp-includes/customize/" "Mozilla/5.0 AppleWebKit/537.36 (KHTML, like Gecko; compatible; GPTBot/1.3; +https://openai.com/gptbot)"
74.7.243.201 - - [18/Jan/2026:00:34:55 +0700] "GET /wp-includes/customize/?ND HTTP/2" 200 2242 "https://netfinitynetwork.idm01.my.id/wp-includes/customize/" "Mozilla/5.0 AppleWebKit/537.36 (KHTML, like Gecko; compatible; GPTBot/1.3; +https://openai.com/gptbot)"
216.73.216.222 - - [18/Jan/2026:00:35:16 +0700] "GET /wp-includes/js/dist/a11y.min.js HTTP/2" 200 794 "-" "Mozilla/5.0 AppleWebKit/537.36 (KHTML, like Gecko; compatible; ClaudeBot/1.0; +claudebot@anthropic.com)"
74.7.243.232 - - [18/Jan/2026:00:35:24 +0700] "GET /wp-includes/customize/class-wp-customize-nav-menu-locations-control.php HTTP/2" 500 0 "https://netfinitynetwork.com/wp-includes/customize/" "Mozilla/5.0 AppleWebKit/537.36 (KHTML, like Gecko; compatible; GPTBot/1.3; +https://openai.com/gptbot)"
74.7.241.60 - - [18/Jan/2026:00:35:27 +0700] "GET /wp-includes/customize/class-wp-customize-themes-section.php HTTP/2" 500 0 "https://mail.netfinitynetwork.com/wp-includes/customize/" "Mozilla/5.0 AppleWebKit/537.36 (KHTML, like Gecko; compatible; GPTBot/1.3; +https://openai.com/gptbot)"
216.73.216.222 - - [18/Jan/2026:00:35:33 +0700] "GET /wp-admin/js/password-strength-meter.min.js HTTP/2" 200 558 "-" "Mozilla/5.0 AppleWebKit/537.36 (KHTML, like Gecko; compatible; ClaudeBot/1.0; +claudebot@anthropic.com)"
216.73.216.222 - - [18/Jan/2026:00:35:33 +0700] "GET /wp-includes/js/wp-util.min.js HTTP/2" 200 690 "-" "Mozilla/5.0 AppleWebKit/537.36 (KHTML, like Gecko; compatible; ClaudeBot/1.0; +claudebot@anthropic.com)"
74.7.227.136 - - [18/Jan/2026:00:35:46 +0700] "GET /wp-includes/customize/class-wp-customize-background-image-setting.php HTTP/2" 500 0 "https://www.netfinitynetwork.idm01.my.id/wp-includes/customize/" "Mozilla/5.0 AppleWebKit/537.36 (KHTML, like Gecko; compatible; GPTBot/1.3; +https://openai.com/gptbot)"
74.7.243.196 - - [18/Jan/2026:00:35:48 +0700] "GET /wp-includes/customize/class-wp-customize-background-position-control.php HTTP/2" 500 0 "https://www.netfinitynetwork.com/wp-includes/customize/" "Mozilla/5.0 AppleWebKit/537.36 (KHTML, like Gecko; compatible; GPTBot/1.3; +https://openai.com/gptbot)"
74.7.243.201 - - [18/Jan/2026:00:35:55 +0700] "GET /wp-includes/customize/class-wp-sidebar-block-editor-control.php HTTP/2" 500 0 "https://netfinitynetwork.idm01.my.id/wp-includes/customize/" "Mozilla/5.0 AppleWebKit/537.36 (KHTML, like Gecko; compatible; GPTBot/1.3; +https://openai.com/gptbot)"
216.73.216.99 - - [18/Jan/2026:00:35:55 +0700] "GET /robots.txt HTTP/2" 200 108 "-" "Mozilla/5.0 AppleWebKit/537.36 (KHTML, like Gecko; compatible; ClaudeBot/1.0; +claudebot@anthropic.com)"
216.73.216.99 - - [18/Jan/2026:00:35:55 +0700] "GET /wp-includes/version.php HTTP/2" 200 0 "-" "Mozilla/5.0 AppleWebKit/537.36 (KHTML, like Gecko; compatible; ClaudeBot/1.0; +claudebot@anthropic.com)"
216.73.216.99 - - [18/Jan/2026:00:36:00 +0700] "GET /wp-includes/class-wp-block-processor.php HTTP/2" 200 0 "-" "Mozilla/5.0 AppleWebKit/537.36 (KHTML, like Gecko; compatible; ClaudeBot/1.0; +claudebot@anthropic.com)"
216.73.216.99 - - [18/Jan/2026:00:36:05 +0700] "GET /wp-admin/css/install.css HTTP/2" 200 1829 "-" "Mozilla/5.0 AppleWebKit/537.36 (KHTML, like Gecko; compatible; ClaudeBot/1.0; +claudebot@anthropic.com)"
216.73.216.99 - - [18/Jan/2026:00:36:10 +0700] "GET /wp-includes/load.php HTTP/2" 200 0 "-" "Mozilla/5.0 AppleWebKit/537.36 (KHTML, like Gecko; compatible; ClaudeBot/1.0; +claudebot@anthropic.com)"
216.73.216.99 - - [18/Jan/2026:00:36:15 +0700] "GET /wp-includes/date.php HTTP/2" 500 0 "-" "Mozilla/5.0 AppleWebKit/537.36 (KHTML, like Gecko; compatible; ClaudeBot/1.0; +claudebot@anthropic.com)"
74.7.243.232 - - [18/Jan/2026:00:36:29 +0700] "GET /wp-includes/customize/class-wp-customize-nav-menu-location-control.php HTTP/2" 500 0 "https://netfinitynetwork.com/wp-includes/customize/" "Mozilla/5.0 AppleWebKit/537.36 (KHTML, like Gecko; compatible; GPTBot/1.3; +https://openai.com/gptbot)"
74.7.241.60 - - [18/Jan/2026:00:36:32 +0700] "GET /wp-includes/customize/class-wp-customize-image-control.php HTTP/2" 500 0 "https://mail.netfinitynetwork.com/wp-includes/customize/" "Mozilla/5.0 AppleWebKit/537.36 (KHTML, like Gecko; compatible; GPTBot/1.3; +https://openai.com/gptbot)"
216.73.216.99 - - [18/Jan/2026:00:36:41 +0700] "GET /wp-includes/class-wpdb.php HTTP/2" 200 0 "-" "Mozilla/5.0 AppleWebKit/537.36 (KHTML, like Gecko; compatible; ClaudeBot/1.0; +claudebot@anthropic.com)"
216.73.216.99 - - [18/Jan/2026:00:36:46 +0700] "GET /wp-includes/class-wp-oembed-controller.php HTTP/2" 200 0 "-" "Mozilla/5.0 AppleWebKit/537.36 (KHTML, like Gecko; compatible; ClaudeBot/1.0; +claudebot@anthropic.com)"
74.7.227.136 - - [18/Jan/2026:00:36:50 +0700] "GET /wp-includes/customize/class-wp-customize-nav-menu-name-control.php HTTP/2" 500 0 "https://www.netfinitynetwork.idm01.my.id/wp-includes/customize/" "Mozilla/5.0 AppleWebKit/537.36 (KHTML, like Gecko; compatible; GPTBot/1.3; +https://openai.com/gptbot)"
216.73.216.99 - - [18/Jan/2026:00:36:51 +0700] "GET /wp-includes/class-wp-http-cookie.php HTTP/2" 200 0 "-" "Mozilla/5.0 AppleWebKit/537.36 (KHTML, like Gecko; compatible; ClaudeBot/1.0; +claudebot@anthropic.com)"
74.7.243.201 - - [18/Jan/2026:00:36:52 +0700] "GET /wp-includes/Text/?MA HTTP/2" 200 745 "https://netfinitynetwork.idm01.my.id/wp-includes/Text/" "Mozilla/5.0 AppleWebKit/537.36 (KHTML, like Gecko; compatible; GPTBot/1.3; +https://openai.com/gptbot)"
74.7.243.196 - - [18/Jan/2026:00:36:53 +0700] "GET /wp-includes/customize/class-wp-widget-form-customize-control.php HTTP/2" 500 0 "https://www.netfinitynetwork.com/wp-includes/customize/" "Mozilla/5.0 AppleWebKit/537.36 (KHTML, like Gecko; compatible; GPTBot/1.3; +https://openai.com/gptbot)"
216.73.216.99 - - [18/Jan/2026:00:36:56 +0700] "GET /wp-includes/compat.php HTTP/2" 500 0 "-" "Mozilla/5.0 AppleWebKit/537.36 (KHTML, like Gecko; compatible; ClaudeBot/1.0; +claudebot@anthropic.com)"
216.73.216.99 - - [18/Jan/2026:00:37:01 +0700] "GET /wp-includes/class-wp-theme.php HTTP/2" 200 0 "-" "Mozilla/5.0 AppleWebKit/537.36 (KHTML, like Gecko; compatible; ClaudeBot/1.0; +claudebot@anthropic.com)"
216.73.216.222 - - [18/Jan/2026:00:37:02 +0700] "GET /wp-includes/js/clipboard.min.js HTTP/2" 200 2989 "-" "Mozilla/5.0 AppleWebKit/537.36 (KHTML, like Gecko; compatible; ClaudeBot/1.0; +claudebot@anthropic.com)"
216.73.216.99 - - [18/Jan/2026:00:37:06 +0700] "GET /wp-includes/interactivity-api HTTP/2" 301 795 "-" "Mozilla/5.0 AppleWebKit/537.36 (KHTML, like Gecko; compatible; ClaudeBot/1.0; +claudebot@anthropic.com)"
216.73.216.99 - - [18/Jan/2026:00:37:06 +0700] "GET /wp-includes/interactivity-api/ HTTP/2" 200 771 "https://www.netfinitynetwork.idm01.my.id/wp-includes/interactivity-api" "Mozilla/5.0 AppleWebKit/537.36 (KHTML, like Gecko; compatible; ClaudeBot/1.0; +claudebot@anthropic.com)"
216.73.216.222 - - [18/Jan/2026:00:37:07 +0700] "GET /wp-includes/js/dist/hooks.min.js HTTP/2" 200 1852 "-" "Mozilla/5.0 AppleWebKit/537.36 (KHTML, like Gecko; compatible; ClaudeBot/1.0; +claudebot@anthropic.com)"
216.73.216.222 - - [18/Jan/2026:00:37:07 +0700] "GET /wp-admin/js/user-profile.min.js HTTP/2" 200 2889 "-" "Mozilla/5.0 AppleWebKit/537.36 (KHTML, like Gecko; compatible; ClaudeBot/1.0; +claudebot@anthropic.com)"
216.73.216.99 - - [18/Jan/2026:00:37:22 +0700] "GET /wp-includes/ms-network.php HTTP/2" 200 0 "-" "Mozilla/5.0 AppleWebKit/537.36 (KHTML, like Gecko; compatible; ClaudeBot/1.0; +claudebot@anthropic.com)"
216.73.216.99 - - [18/Jan/2026:00:37:26 +0700] "GET /wp-includes/class-wp-network.php HTTP/2" 200 0 "-" "Mozilla/5.0 AppleWebKit/537.36 (KHTML, like Gecko; compatible; ClaudeBot/1.0; +claudebot@anthropic.com)"
216.73.216.222 - - [18/Jan/2026:00:37:29 +0700] "GET /wp-admin/css/l10n.min.css HTTP/2" 200 675 "-" "Mozilla/5.0 AppleWebKit/537.36 (KHTML, like Gecko; compatible; ClaudeBot/1.0; +claudebot@anthropic.com)"
216.73.216.99 - - [18/Jan/2026:00:37:31 +0700] "GET /wp-includes/block-template.php HTTP/2" 200 0 "-" "Mozilla/5.0 AppleWebKit/537.36 (KHTML, like Gecko; compatible; ClaudeBot/1.0; +claudebot@anthropic.com)"
74.7.243.232 - - [18/Jan/2026:00:37:32 +0700] "GET /wp-includes/customize/class-wp-customize-background-image-control.php HTTP/2" 500 0 "https://netfinitynetwork.com/wp-includes/customize/" "Mozilla/5.0 AppleWebKit/537.36 (KHTML, like Gecko; compatible; GPTBot/1.3; +https://openai.com/gptbot)"
74.7.241.60 - - [18/Jan/2026:00:37:35 +0700] "GET /wp-includes/customize/class-wp-customize-media-control.php HTTP/2" 500 0 "https://mail.netfinitynetwork.com/wp-includes/customize/" "Mozilla/5.0 AppleWebKit/537.36 (KHTML, like Gecko; compatible; GPTBot/1.3; +https://openai.com/gptbot)"
216.73.216.99 - - [18/Jan/2026:00:37:36 +0700] "GET /wp-includes/error_log HTTP/2" 403 1242 "-" "Mozilla/5.0 AppleWebKit/537.36 (KHTML, like Gecko; compatible; ClaudeBot/1.0; +claudebot@anthropic.com)"
216.73.216.99 - - [18/Jan/2026:00:37:41 +0700] "GET /wp-includes/class-simplepie.php HTTP/2" 500 0 "-" "Mozilla/5.0 AppleWebKit/537.36 (KHTML, like Gecko; compatible; ClaudeBot/1.0; +claudebot@anthropic.com)"
216.73.216.99 - - [18/Jan/2026:00:37:46 +0700] "GET /wp-includes/rss-functions.php HTTP/2" 200 0 "-" "Mozilla/5.0 AppleWebKit/537.36 (KHTML, like Gecko; compatible; ClaudeBot/1.0; +claudebot@anthropic.com)"
216.73.216.99 - - [18/Jan/2026:00:37:51 +0700] "GET /wp-includes/class-wp-comment.php HTTP/2" 200 0 "-" "Mozilla/5.0 AppleWebKit/537.36 (KHTML, like Gecko; compatible; ClaudeBot/1.0; +claudebot@anthropic.com)"
74.7.243.201 - - [18/Jan/2026:00:37:53 +0700] "GET /wp-includes/Text/?ND HTTP/2" 200 736 "https://netfinitynetwork.idm01.my.id/wp-includes/Text/" "Mozilla/5.0 AppleWebKit/537.36 (KHTML, like Gecko; compatible; GPTBot/1.3; +https://openai.com/gptbot)"
74.7.243.196 - - [18/Jan/2026:00:37:53 +0700] "GET /wp-includes/customize/class-wp-customize-partial.php HTTP/2" 200 0 "https://www.netfinitynetwork.com/wp-includes/customize/" "Mozilla/5.0 AppleWebKit/537.36 (KHTML, like Gecko; compatible; GPTBot/1.3; +https://openai.com/gptbot)"
74.7.227.136 - - [18/Jan/2026:00:37:56 +0700] "GET /wp-includes/customize/class-wp-customize-media-control.php HTTP/2" 500 0 "https://www.netfinitynetwork.idm01.my.id/wp-includes/customize/" "Mozilla/5.0 AppleWebKit/537.36 (KHTML, like Gecko; compatible; GPTBot/1.3; +https://openai.com/gptbot)"
216.73.216.222 - - [18/Jan/2026:00:37:59 +0700] "GET /wp-includes/js/underscore.min.js HTTP/2" 200 7185 "-" "Mozilla/5.0 AppleWebKit/537.36 (KHTML, like Gecko; compatible; ClaudeBot/1.0; +claudebot@anthropic.com)"
216.73.216.99 - - [18/Jan/2026:00:38:08 +0700] "GET /wp-admin/upgrade.php HTTP/2" 200 389 "-" "Mozilla/5.0 AppleWebKit/537.36 (KHTML, like Gecko; compatible; ClaudeBot/1.0; +claudebot@anthropic.com)"
216.73.216.99 - - [18/Jan/2026:00:38:13 +0700] "GET /wp-includes/class-wp-walker.php HTTP/2" 200 0 "-" "Mozilla/5.0 AppleWebKit/537.36 (KHTML, like Gecko; compatible; ClaudeBot/1.0; +claudebot@anthropic.com)"
216.73.216.99 - - [18/Jan/2026:00:38:18 +0700] "GET /wp-includes/abilities-api HTTP/2" 301 795 "-" "Mozilla/5.0 AppleWebKit/537.36 (KHTML, like Gecko; compatible; ClaudeBot/1.0; +claudebot@anthropic.com)"
216.73.216.99 - - [18/Jan/2026:00:38:18 +0700] "GET /wp-includes/abilities-api/ HTTP/2" 200 723 "https://www.netfinitynetwork.idm01.my.id/wp-includes/abilities-api" "Mozilla/5.0 AppleWebKit/537.36 (KHTML, like Gecko; compatible; ClaudeBot/1.0; +claudebot@anthropic.com)"
216.73.216.99 - - [18/Jan/2026:00:38:23 +0700] "GET /wp-includes/class-wp-customize-section.php HTTP/2" 500 0 "-" "Mozilla/5.0 AppleWebKit/537.36 (KHTML, like Gecko; compatible; ClaudeBot/1.0; +claudebot@anthropic.com)"
216.73.216.99 - - [18/Jan/2026:00:38:28 +0700] "GET /wp-includes/class-wp-exception.php HTTP/2" 200 0 "-" "Mozilla/5.0 AppleWebKit/537.36 (KHTML, like Gecko; compatible; ClaudeBot/1.0; +claudebot@anthropic.com)"
74.7.243.232 - - [18/Jan/2026:00:38:33 +0700] "GET /wp-includes/customize/class-wp-customize-themes-panel.php HTTP/2" 500 0 "https://netfinitynetwork.com/wp-includes/customize/" "Mozilla/5.0 AppleWebKit/537.36 (KHTML, like Gecko; compatible; GPTBot/1.3; +https://openai.com/gptbot)"
216.73.216.99 - - [18/Jan/2026:00:38:33 +0700] "GET /wp-includes/block-patterns HTTP/2" 301 795 "-" "Mozilla/5.0 AppleWebKit/537.36 (KHTML, like Gecko; compatible; ClaudeBot/1.0; +claudebot@anthropic.com)"
216.73.216.99 - - [18/Jan/2026:00:38:33 +0700] "GET /wp-includes/block-patterns/ HTTP/2" 200 1161 "https://www.netfinitynetwork.idm01.my.id/wp-includes/block-patterns" "Mozilla/5.0 AppleWebKit/537.36 (KHTML, like Gecko; compatible; ClaudeBot/1.0; +claudebot@anthropic.com)"
74.7.241.60 - - [18/Jan/2026:00:38:35 +0700] "GET /wp-includes/customize/class-wp-customize-upload-control.php HTTP/2" 500 0 "https://mail.netfinitynetwork.com/wp-includes/customize/" "Mozilla/5.0 AppleWebKit/537.36 (KHTML, like Gecko; compatible; GPTBot/1.3; +https://openai.com/gptbot)"
216.73.216.99 - - [18/Jan/2026:00:38:38 +0700] "GET /wp-includes/class-wp-post-type.php HTTP/2" 200 0 "-" "Mozilla/5.0 AppleWebKit/537.36 (KHTML, like Gecko; compatible; ClaudeBot/1.0; +claudebot@anthropic.com)"
216.73.216.99 - - [18/Jan/2026:00:38:45 +0700] "GET /wp-includes/js HTTP/2" 301 795 "-" "Mozilla/5.0 AppleWebKit/537.36 (KHTML, like Gecko; compatible; ClaudeBot/1.0; +claudebot@anthropic.com)"
216.73.216.99 - - [18/Jan/2026:00:38:46 +0700] "GET /wp-includes/js/ HTTP/2" 200 4022 "https://www.netfinitynetwork.idm01.my.id/wp-includes/js" "Mozilla/5.0 AppleWebKit/537.36 (KHTML, like Gecko; compatible; ClaudeBot/1.0; +claudebot@anthropic.com)"
216.73.216.99 - - [18/Jan/2026:00:38:49 +0700] "GET /wp-includes/IXR HTTP/2" 301 795 "-" "Mozilla/5.0 AppleWebKit/537.36 (KHTML, like Gecko; compatible; ClaudeBot/1.0; +claudebot@anthropic.com)"
216.73.216.99 - - [18/Jan/2026:00:38:50 +0700] "GET /wp-includes/IXR/ HTTP/2" 200 1258 "https://www.netfinitynetwork.idm01.my.id/wp-includes/IXR" "Mozilla/5.0 AppleWebKit/537.36 (KHTML, like Gecko; compatible; ClaudeBot/1.0; +claudebot@anthropic.com)"
74.7.243.201 - - [18/Jan/2026:00:38:50 +0700] "GET /wp-includes/Text/?SA HTTP/2" 200 742 "https://netfinitynetwork.idm01.my.id/wp-includes/Text/" "Mozilla/5.0 AppleWebKit/537.36 (KHTML, like Gecko; compatible; GPTBot/1.3; +https://openai.com/gptbot)"
216.73.216.222 - - [18/Jan/2026:00:38:51 +0700] "GET /wp-admin/css/login.min.css HTTP/2" 200 1965 "-" "Mozilla/5.0 AppleWebKit/537.36 (KHTML, like Gecko; compatible; ClaudeBot/1.0; +claudebot@anthropic.com)"
216.73.216.99 - - [18/Jan/2026:00:38:54 +0700] "GET /wp-includes/bookmark-template.php HTTP/2" 200 0 "-" "Mozilla/5.0 AppleWebKit/537.36 (KHTML, like Gecko; compatible; ClaudeBot/1.0; +claudebot@anthropic.com)"
74.7.243.196 - - [18/Jan/2026:00:38:58 +0700] "GET /wp-includes/customize/class-wp-customize-header-image-setting.php HTTP/2" 500 0 "https://www.netfinitynetwork.com/wp-includes/customize/" "Mozilla/5.0 AppleWebKit/537.36 (KHTML, like Gecko; compatible; GPTBot/1.3; +https://openai.com/gptbot)"
216.73.216.99 - - [18/Jan/2026:00:38:59 +0700] "GET /wp-includes/class-wp-customize-widgets.php HTTP/2" 200 0 "-" "Mozilla/5.0 AppleWebKit/537.36 (KHTML, like Gecko; compatible; ClaudeBot/1.0; +claudebot@anthropic.com)"
74.7.227.136 - - [18/Jan/2026:00:39:00 +0700] "GET /wp-includes/customize/class-wp-customize-sidebar-section.php HTTP/2" 500 0 "https://www.netfinitynetwork.idm01.my.id/wp-includes/customize/" "Mozilla/5.0 AppleWebKit/537.36 (KHTML, like Gecko; compatible; GPTBot/1.3; +https://openai.com/gptbot)"
216.73.216.99 - - [18/Jan/2026:00:39:04 +0700] "GET /wp-includes/blocks HTTP/2" 301 795 "-" "Mozilla/5.0 AppleWebKit/537.36 (KHTML, like Gecko; compatible; ClaudeBot/1.0; +claudebot@anthropic.com)"
216.73.216.99 - - [18/Jan/2026:00:39:05 +0700] "GET /wp-includes/blocks/ HTTP/2" 200 6 "https://www.netfinitynetwork.idm01.my.id/wp-includes/blocks" "Mozilla/5.0 AppleWebKit/537.36 (KHTML, like Gecko; compatible; ClaudeBot/1.0; +claudebot@anthropic.com)"
216.73.216.99 - - [18/Jan/2026:00:39:09 +0700] "GET /wp-includes/class-wp-http-requests-response.php HTTP/2" 500 0 "-" "Mozilla/5.0 AppleWebKit/537.36 (KHTML, like Gecko; compatible; ClaudeBot/1.0; +claudebot@anthropic.com)"
216.73.216.99 - - [18/Jan/2026:00:39:16 +0700] "GET /wp-includes/class-wp-block-list.php HTTP/2" 200 0 "-" "Mozilla/5.0 AppleWebKit/537.36 (KHTML, like Gecko; compatible; ClaudeBot/1.0; +claudebot@anthropic.com)"
216.73.216.99 - - [18/Jan/2026:00:39:20 +0700] "GET /wp-includes/class-wp-taxonomy.php HTTP/2" 200 0 "-" "Mozilla/5.0 AppleWebKit/537.36 (KHTML, like Gecko; compatible; ClaudeBot/1.0; +claudebot@anthropic.com)"
216.73.216.222 - - [18/Jan/2026:00:39:21 +0700] "GET /wp-includes/css/buttons.min.css HTTP/2" 200 1275 "-" "Mozilla/5.0 AppleWebKit/537.36 (KHTML, like Gecko; compatible; ClaudeBot/1.0; +claudebot@anthropic.com)"
216.73.216.99 - - [18/Jan/2026:00:39:25 +0700] "GET /wp-includes/post-thumbnail-template.php HTTP/2" 200 0 "-" "Mozilla/5.0 AppleWebKit/537.36 (KHTML, like Gecko; compatible; ClaudeBot/1.0; +claudebot@anthropic.com)"
216.73.216.99 - - [18/Jan/2026:00:39:30 +0700] "GET /wp-includes/class-phpmailer.php HTTP/2" 200 0 "-" "Mozilla/5.0 AppleWebKit/537.36 (KHTML, like Gecko; compatible; ClaudeBot/1.0; +claudebot@anthropic.com)"
216.73.216.99 - - [18/Jan/2026:00:39:35 +0700] "GET /wp-includes/post-formats.php HTTP/2" 200 0 "-" "Mozilla/5.0 AppleWebKit/537.36 (KHTML, like Gecko; compatible; ClaudeBot/1.0; +claudebot@anthropic.com)"
74.7.243.232 - - [18/Jan/2026:00:39:38 +0700] "GET /wp-includes/customize/class-wp-customize-background-position-control.php HTTP/2" 500 0 "https://netfinitynetwork.com/wp-includes/customize/" "Mozilla/5.0 AppleWebKit/537.36 (KHTML, like Gecko; compatible; GPTBot/1.3; +https://openai.com/gptbot)"
74.7.243.201 - - [18/Jan/2026:00:39:39 +0700] "GET /wp-includes/rest-api/endpoints/class-wp-rest-block-directory-controller.php HTTP/2" 500 0 "https://netfinitynetwork.idm01.my.id/wp-includes/rest-api/endpoints/" "Mozilla/5.0 AppleWebKit/537.36 (KHTML, like Gecko; compatible; GPTBot/1.3; +https://openai.com/gptbot)"
74.7.241.60 - - [18/Jan/2026:00:39:40 +0700] "GET /wp-includes/customize/class-wp-customize-color-control.php HTTP/2" 500 0 "https://mail.netfinitynetwork.com/wp-includes/customize/" "Mozilla/5.0 AppleWebKit/537.36 (KHTML, like Gecko; compatible; GPTBot/1.3; +https://openai.com/gptbot)"
216.73.216.99 - - [18/Jan/2026:00:39:40 +0700] "GET /wp-includes/ms-files.php HTTP/2" 200 32 "-" "Mozilla/5.0 AppleWebKit/537.36 (KHTML, like Gecko; compatible; ClaudeBot/1.0; +claudebot@anthropic.com)"
216.73.216.99 - - [18/Jan/2026:00:39:45 +0700] "GET /wp-includes/class-wp-simplepie-file.php HTTP/2" 500 0 "-" "Mozilla/5.0 AppleWebKit/537.36 (KHTML, like Gecko; compatible; ClaudeBot/1.0; +claudebot@anthropic.com)"
216.73.216.222 - - [18/Jan/2026:00:39:47 +0700] "GET /wp-login.php?action=lostpassword HTTP/2" 200 915 "-" "Mozilla/5.0 AppleWebKit/537.36 (KHTML, like Gecko; compatible; ClaudeBot/1.0; +claudebot@anthropic.com)"
216.73.216.99 - - [18/Jan/2026:00:39:50 +0700] "GET /wp-includes/class-walker-nav-menu.php HTTP/2" 500 0 "-" "Mozilla/5.0 AppleWebKit/537.36 (KHTML, like Gecko; compatible; ClaudeBot/1.0; +claudebot@anthropic.com)"
74.7.243.196 - - [18/Jan/2026:00:39:51 +0700] "GET /wp-includes/customize/class-wp-customize-cropped-image-control.php HTTP/2" 500 0 "https://www.netfinitynetwork.com/wp-includes/customize/" "Mozilla/5.0 AppleWebKit/537.36 (KHTML, like Gecko; compatible; GPTBot/1.3; +https://openai.com/gptbot)"
216.73.216.99 - - [18/Jan/2026:00:39:55 +0700] "GET /wp-includes/template-canvas.php HTTP/2" 500 0 "-" "Mozilla/5.0 AppleWebKit/537.36 (KHTML, like Gecko; compatible; ClaudeBot/1.0; +claudebot@anthropic.com)"
216.73.216.99 - - [18/Jan/2026:00:40:00 +0700] "GET /wp-includes/style-engine HTTP/2" 301 795 "-" "Mozilla/5.0 AppleWebKit/537.36 (KHTML, like Gecko; compatible; ClaudeBot/1.0; +claudebot@anthropic.com)"
216.73.216.99 - - [18/Jan/2026:00:40:00 +0700] "GET /wp-includes/style-engine/ HTTP/2" 200 786 "https://www.netfinitynetwork.idm01.my.id/wp-includes/style-engine" "Mozilla/5.0 AppleWebKit/537.36 (KHTML, like Gecko; compatible; ClaudeBot/1.0; +claudebot@anthropic.com)"
74.7.227.136 - - [18/Jan/2026:00:40:02 +0700] "GET /wp-includes/customize/class-wp-customize-color-control.php HTTP/2" 500 0 "https://www.netfinitynetwork.idm01.my.id/wp-includes/customize/" "Mozilla/5.0 AppleWebKit/537.36 (KHTML, like Gecko; compatible; GPTBot/1.3; +https://openai.com/gptbot)"
216.73.216.99 - - [18/Jan/2026:00:40:05 +0700] "GET /wp-includes/class-walker-category.php HTTP/2" 500 0 "-" "Mozilla/5.0 AppleWebKit/537.36 (KHTML, like Gecko; compatible; ClaudeBot/1.0; +claudebot@anthropic.com)"
216.73.216.99 - - [18/Jan/2026:00:40:10 +0700] "GET /wp-includes/theme-compat HTTP/2" 301 795 "-" "Mozilla/5.0 AppleWebKit/537.36 (KHTML, like Gecko; compatible; ClaudeBot/1.0; +claudebot@anthropic.com)"
216.73.216.99 - - [18/Jan/2026:00:40:10 +0700] "GET /wp-includes/theme-compat/ HTTP/2" 200 1283 "https://www.netfinitynetwork.idm01.my.id/wp-includes/theme-compat" "Mozilla/5.0 AppleWebKit/537.36 (KHTML, like Gecko; compatible; ClaudeBot/1.0; +claudebot@anthropic.com)"
216.73.216.99 - - [18/Jan/2026:00:40:15 +0700] "GET /wp-includes/class-walker-page.php HTTP/2" 500 0 "-" "Mozilla/5.0 AppleWebKit/537.36 (KHTML, like Gecko; compatible; ClaudeBot/1.0; +claudebot@anthropic.com)"
216.73.216.99 - - [18/Jan/2026:00:40:21 +0700] "GET /wp-includes/class-wp-recovery-mode.php HTTP/2" 200 0 "-" "Mozilla/5.0 AppleWebKit/537.36 (KHTML, like Gecko; compatible; ClaudeBot/1.0; +claudebot@anthropic.com)"
216.73.216.99 - - [18/Jan/2026:00:40:25 +0700] "GET /wp-includes/block-i18n.json HTTP/2" 200 116 "-" "Mozilla/5.0 AppleWebKit/537.36 (KHTML, like Gecko; compatible; ClaudeBot/1.0; +claudebot@anthropic.com)"
74.7.243.201 - - [18/Jan/2026:00:40:25 +0700] "GET /wp-includes/rest-api/endpoints/class-wp-rest-block-patterns-controller.php HTTP/2" 500 0 "https://netfinitynetwork.idm01.my.id/wp-includes/rest-api/endpoints/" "Mozilla/5.0 AppleWebKit/537.36 (KHTML, like Gecko; compatible; GPTBot/1.3; +https://openai.com/gptbot)"
216.73.216.99 - - [18/Jan/2026:00:40:30 +0700] "GET /wp-includes/PHPMailer HTTP/2" 301 795 "-" "Mozilla/5.0 AppleWebKit/537.36 (KHTML, like Gecko; compatible; ClaudeBot/1.0; +claudebot@anthropic.com)"
216.73.216.99 - - [18/Jan/2026:00:40:30 +0700] "GET /wp-includes/PHPMailer/ HTTP/2" 200 1176 "https://www.netfinitynetwork.idm01.my.id/wp-includes/PHPMailer" "Mozilla/5.0 AppleWebKit/537.36 (KHTML, like Gecko; compatible; ClaudeBot/1.0; +claudebot@anthropic.com)"
216.73.216.99 - - [18/Jan/2026:00:40:35 +0700] "GET /wp-includes/block-supports HTTP/2" 301 795 "-" "Mozilla/5.0 AppleWebKit/537.36 (KHTML, like Gecko; compatible; ClaudeBot/1.0; +claudebot@anthropic.com)"
216.73.216.99 - - [18/Jan/2026:00:40:36 +0700] "GET /wp-includes/block-supports/ HTTP/2" 200 1549 "https://www.netfinitynetwork.idm01.my.id/wp-includes/block-supports" "Mozilla/5.0 AppleWebKit/537.36 (KHTML, like Gecko; compatible; ClaudeBot/1.0; +claudebot@anthropic.com)"
216.73.216.99 - - [18/Jan/2026:00:40:40 +0700] "GET /wp-includes/sodium_compat HTTP/2" 301 795 "-" "Mozilla/5.0 AppleWebKit/537.36 (KHTML, like Gecko; compatible; ClaudeBot/1.0; +claudebot@anthropic.com)"
216.73.216.99 - - [18/Jan/2026:00:40:41 +0700] "GET /wp-includes/sodium_compat/ HTTP/2" 200 1162 "https://www.netfinitynetwork.idm01.my.id/wp-includes/sodium_compat" "Mozilla/5.0 AppleWebKit/537.36 (KHTML, like Gecko; compatible; ClaudeBot/1.0; +claudebot@anthropic.com)"
216.73.216.99 - - [18/Jan/2026:00:40:45 +0700] "GET /wp-includes/l10n HTTP/2" 301 795 "-" "Mozilla/5.0 AppleWebKit/537.36 (KHTML, like Gecko; compatible; ClaudeBot/1.0; +claudebot@anthropic.com)"
74.7.243.232 - - [18/Jan/2026:00:40:45 +0700] "GET /wp-includes/customize/class-wp-widget-form-customize-control.php HTTP/2" 500 0 "https://netfinitynetwork.com/wp-includes/customize/" "Mozilla/5.0 AppleWebKit/537.36 (KHTML, like Gecko; compatible; GPTBot/1.3; +https://openai.com/gptbot)"
74.7.241.60 - - [18/Jan/2026:00:40:45 +0700] "GET /wp-includes/customize/class-wp-customize-sidebar-section.php HTTP/2" 500 0 "https://mail.netfinitynetwork.com/wp-includes/customize/" "Mozilla/5.0 AppleWebKit/537.36 (KHTML, like Gecko; compatible; GPTBot/1.3; +https://openai.com/gptbot)"
216.73.216.99 - - [18/Jan/2026:00:40:46 +0700] "GET /wp-includes/l10n/ HTTP/2" 200 1143 "https://www.netfinitynetwork.idm01.my.id/wp-includes/l10n" "Mozilla/5.0 AppleWebKit/537.36 (KHTML, like Gecko; compatible; ClaudeBot/1.0; +claudebot@anthropic.com)"
74.7.243.196 - - [18/Jan/2026:00:40:53 +0700] "GET /wp-includes/customize/class-wp-customize-selective-refresh.php HTTP/2" 200 0 "https://www.netfinitynetwork.com/wp-includes/customize/" "Mozilla/5.0 AppleWebKit/537.36 (KHTML, like Gecko; compatible; GPTBot/1.3; +https://openai.com/gptbot)"
216.73.216.99 - - [18/Jan/2026:00:40:57 +0700] "GET /wp-includes/class-wp-textdomain-registry.php HTTP/2" 200 0 "-" "Mozilla/5.0 AppleWebKit/537.36 (KHTML, like Gecko; compatible; ClaudeBot/1.0; +claudebot@anthropic.com)"
216.73.216.222 - - [18/Jan/2026:00:40:59 +0700] "GET /wp-admin/css/forms.min.css HTTP/2" 200 6310 "-" "Mozilla/5.0 AppleWebKit/537.36 (KHTML, like Gecko; compatible; ClaudeBot/1.0; +claudebot@anthropic.com)"
216.73.216.99 - - [18/Jan/2026:00:41:01 +0700] "GET /wp-includes/nav-menu.php HTTP/2" 200 0 "-" "Mozilla/5.0 AppleWebKit/537.36 (KHTML, like Gecko; compatible; ClaudeBot/1.0; +claudebot@anthropic.com)"
216.73.216.99 - - [18/Jan/2026:00:41:06 +0700] "GET /wp-includes/theme-i18n.json HTTP/2" 200 359 "-" "Mozilla/5.0 AppleWebKit/537.36 (KHTML, like Gecko; compatible; ClaudeBot/1.0; +claudebot@anthropic.com)"
74.7.227.136 - - [18/Jan/2026:00:41:07 +0700] "GET /wp-includes/customize/class-wp-customize-image-control.php HTTP/2" 500 0 "https://www.netfinitynetwork.idm01.my.id/wp-includes/customize/" "Mozilla/5.0 AppleWebKit/537.36 (KHTML, like Gecko; compatible; GPTBot/1.3; +https://openai.com/gptbot)"
216.73.216.99 - - [18/Jan/2026:00:41:11 +0700] "GET /wp-includes/class-wp-block-styles-registry.php HTTP/2" 200 0 "-" "Mozilla/5.0 AppleWebKit/537.36 (KHTML, like Gecko; compatible; ClaudeBot/1.0; +claudebot@anthropic.com)"
216.73.216.99 - - [18/Jan/2026:00:41:16 +0700] "GET /wp-includes/class-wp-block-bindings-registry.php HTTP/2" 200 0 "-" "Mozilla/5.0 AppleWebKit/537.36 (KHTML, like Gecko; compatible; ClaudeBot/1.0; +claudebot@anthropic.com)"
74.7.243.201 - - [18/Jan/2026:00:41:28 +0700] "GET /wp-includes/rest-api/endpoints/class-wp-rest-terms-controller.php HTTP/2" 500 0 "https://netfinitynetwork.idm01.my.id/wp-includes/rest-api/endpoints/" "Mozilla/5.0 AppleWebKit/537.36 (KHTML, like Gecko; compatible; GPTBot/1.3; +https://openai.com/gptbot)"
74.7.243.232 - - [18/Jan/2026:00:41:44 +0700] "GET /wp-includes/customize/class-wp-customize-partial.php HTTP/2" 200 0 "https://netfinitynetwork.com/wp-includes/customize/" "Mozilla/5.0 AppleWebKit/537.36 (KHTML, like Gecko; compatible; GPTBot/1.3; +https://openai.com/gptbot)"
74.7.241.60 - - [18/Jan/2026:00:41:49 +0700] "GET /wp-includes/customize/class-wp-customize-nav-menu-item-setting.php HTTP/2" 500 0 "https://mail.netfinitynetwork.com/wp-includes/customize/" "Mozilla/5.0 AppleWebKit/537.36 (KHTML, like Gecko; compatible; GPTBot/1.3; +https://openai.com/gptbot)"
74.7.243.196 - - [18/Jan/2026:00:41:55 +0700] "GET /wp-includes/customize/class-wp-widget-area-customize-control.php HTTP/2" 500 0 "https://www.netfinitynetwork.com/wp-includes/customize/" "Mozilla/5.0 AppleWebKit/537.36 (KHTML, like Gecko; compatible; GPTBot/1.3; +https://openai.com/gptbot)"
74.7.227.136 - - [18/Jan/2026:00:42:13 +0700] "GET /wp-includes/customize/class-wp-customize-themes-section.php HTTP/2" 500 0 "https://www.netfinitynetwork.idm01.my.id/wp-includes/customize/" "Mozilla/5.0 AppleWebKit/537.36 (KHTML, like Gecko; compatible; GPTBot/1.3; +https://openai.com/gptbot)"
74.7.243.201 - - [18/Jan/2026:00:42:28 +0700] "GET /wp-includes/l10n/class-wp-translation-controller.php HTTP/2" 200 0 "https://netfinitynetwork.idm01.my.id/wp-includes/l10n/" "Mozilla/5.0 AppleWebKit/537.36 (KHTML, like Gecko; compatible; GPTBot/1.3; +https://openai.com/gptbot)"
74.7.243.232 - - [18/Jan/2026:00:42:50 +0700] "GET /wp-includes/customize/class-wp-customize-header-image-setting.php HTTP/2" 500 0 "https://netfinitynetwork.com/wp-includes/customize/" "Mozilla/5.0 AppleWebKit/537.36 (KHTML, like Gecko; compatible; GPTBot/1.3; +https://openai.com/gptbot)"
74.7.243.196 - - [18/Jan/2026:00:42:52 +0700] "GET /wp-includes/customize/class-wp-customize-code-editor-control.php HTTP/2" 500 0 "https://www.netfinitynetwork.com/wp-includes/customize/" "Mozilla/5.0 AppleWebKit/537.36 (KHTML, like Gecko; compatible; GPTBot/1.3; +https://openai.com/gptbot)"
74.7.241.60 - - [18/Jan/2026:00:42:53 +0700] "GET /wp-includes/customize/class-wp-customize-nav-menu-item-control.php HTTP/2" 500 0 "https://mail.netfinitynetwork.com/wp-includes/customize/" "Mozilla/5.0 AppleWebKit/537.36 (KHTML, like Gecko; compatible; GPTBot/1.3; +https://openai.com/gptbot)"
74.7.227.136 - - [18/Jan/2026:00:43:17 +0700] "GET /wp-includes/customize/class-wp-customize-upload-control.php HTTP/2" 500 0 "https://www.netfinitynetwork.idm01.my.id/wp-includes/customize/" "Mozilla/5.0 AppleWebKit/537.36 (KHTML, like Gecko; compatible; GPTBot/1.3; +https://openai.com/gptbot)"
74.7.243.201 - - [18/Jan/2026:00:43:35 +0700] "GET /wp-includes/rest-api/endpoints/class-wp-rest-application-passwords-controller.php HTTP/2" 500 0 "https://netfinitynetwork.idm01.my.id/wp-includes/rest-api/endpoints/" "Mozilla/5.0 AppleWebKit/537.36 (KHTML, like Gecko; compatible; GPTBot/1.3; +https://openai.com/gptbot)"
74.7.243.232 - - [18/Jan/2026:00:43:45 +0700] "GET /wp-includes/customize/class-wp-customize-cropped-image-control.php HTTP/2" 500 0 "https://netfinitynetwork.com/wp-includes/customize/" "Mozilla/5.0 AppleWebKit/537.36 (KHTML, like Gecko; compatible; GPTBot/1.3; +https://openai.com/gptbot)"
74.7.241.60 - - [18/Jan/2026:00:43:53 +0700] "GET /wp-includes/customize/class-wp-customize-nav-menu-locations-control.php HTTP/2" 500 0 "https://mail.netfinitynetwork.com/wp-includes/customize/" "Mozilla/5.0 AppleWebKit/537.36 (KHTML, like Gecko; compatible; GPTBot/1.3; +https://openai.com/gptbot)"
74.7.243.196 - - [18/Jan/2026:00:43:55 +0700] "GET /wp-includes/customize/class-wp-sidebar-block-editor-control.php HTTP/2" 500 0 "https://www.netfinitynetwork.com/wp-includes/customize/" "Mozilla/5.0 AppleWebKit/537.36 (KHTML, like Gecko; compatible; GPTBot/1.3; +https://openai.com/gptbot)"
74.7.227.136 - - [18/Jan/2026:00:44:20 +0700] "GET /wp-includes/customize/class-wp-customize-theme-control.php HTTP/2" 500 0 "https://www.netfinitynetwork.idm01.my.id/wp-includes/customize/" "Mozilla/5.0 AppleWebKit/537.36 (KHTML, like Gecko; compatible; GPTBot/1.3; +https://openai.com/gptbot)"
74.7.243.201 - - [18/Jan/2026:00:44:32 +0700] "GET /wp-includes/sodium_compat/src/Compat.php HTTP/2" 200 0 "https://netfinitynetwork.idm01.my.id/wp-includes/sodium_compat/src/" "Mozilla/5.0 AppleWebKit/537.36 (KHTML, like Gecko; compatible; GPTBot/1.3; +https://openai.com/gptbot)"
74.7.243.232 - - [18/Jan/2026:00:44:49 +0700] "GET /wp-includes/customize/class-wp-customize-selective-refresh.php HTTP/2" 200 0 "https://netfinitynetwork.com/wp-includes/customize/" "Mozilla/5.0 AppleWebKit/537.36 (KHTML, like Gecko; compatible; GPTBot/1.3; +https://openai.com/gptbot)"
74.7.241.60 - - [18/Jan/2026:00:44:54 +0700] "GET /wp-includes/customize/class-wp-customize-nav-menu-location-control.php HTTP/2" 500 0 "https://mail.netfinitynetwork.com/wp-includes/customize/" "Mozilla/5.0 AppleWebKit/537.36 (KHTML, like Gecko; compatible; GPTBot/1.3; +https://openai.com/gptbot)"
74.7.243.196 - - [18/Jan/2026:00:45:00 +0700] "GET /wp-includes/Text/?SA HTTP/2" 200 740 "https://www.netfinitynetwork.com/wp-includes/Text/" "Mozilla/5.0 AppleWebKit/537.36 (KHTML, like Gecko; compatible; GPTBot/1.3; +https://openai.com/gptbot)"
74.7.227.136 - - [18/Jan/2026:00:45:20 +0700] "GET /wp-includes/customize/class-wp-customize-nav-menu-item-control.php HTTP/2" 500 0 "https://www.netfinitynetwork.idm01.my.id/wp-includes/customize/" "Mozilla/5.0 AppleWebKit/537.36 (KHTML, like Gecko; compatible; GPTBot/1.3; +https://openai.com/gptbot)"
74.7.243.201 - - [18/Jan/2026:00:45:33 +0700] "GET /wp-includes/customize/class-wp-customize-filter-setting.php HTTP/2" 500 0 "https://netfinitynetwork.idm01.my.id/wp-includes/customize/" "Mozilla/5.0 AppleWebKit/537.36 (KHTML, like Gecko; compatible; GPTBot/1.3; +https://openai.com/gptbot)"
74.7.243.232 - - [18/Jan/2026:00:45:52 +0700] "GET /wp-includes/customize/class-wp-widget-area-customize-control.php HTTP/2" 500 0 "https://netfinitynetwork.com/wp-includes/customize/" "Mozilla/5.0 AppleWebKit/537.36 (KHTML, like Gecko; compatible; GPTBot/1.3; +https://openai.com/gptbot)"
74.7.241.60 - - [18/Jan/2026:00:46:00 +0700] "GET /wp-includes/customize/class-wp-customize-background-image-control.php HTTP/2" 500 0 "https://mail.netfinitynetwork.com/wp-includes/customize/" "Mozilla/5.0 AppleWebKit/537.36 (KHTML, like Gecko; compatible; GPTBot/1.3; +https://openai.com/gptbot)"
74.7.243.196 - - [18/Jan/2026:00:46:05 +0700] "GET /wp-includes/Text/?ND HTTP/2" 200 734 "https://www.netfinitynetwork.com/wp-includes/Text/" "Mozilla/5.0 AppleWebKit/537.36 (KHTML, like Gecko; compatible; GPTBot/1.3; +https://openai.com/gptbot)"
74.7.227.136 - - [18/Jan/2026:00:46:26 +0700] "GET /wp-includes/customize/class-wp-customize-nav-menu-item-setting.php HTTP/2" 500 0 "https://www.netfinitynetwork.idm01.my.id/wp-includes/customize/" "Mozilla/5.0 AppleWebKit/537.36 (KHTML, like Gecko; compatible; GPTBot/1.3; +https://openai.com/gptbot)"
74.7.243.201 - - [18/Jan/2026:00:46:32 +0700] "GET /wp-includes/rest-api/endpoints/class-wp-rest-search-controller.php HTTP/2" 500 0 "https://netfinitynetwork.idm01.my.id/wp-includes/rest-api/endpoints/" "Mozilla/5.0 AppleWebKit/537.36 (KHTML, like Gecko; compatible; GPTBot/1.3; +https://openai.com/gptbot)"
74.7.243.232 - - [18/Jan/2026:00:46:48 +0700] "GET /wp-includes/customize/class-wp-customize-code-editor-control.php HTTP/2" 500 0 "https://netfinitynetwork.com/wp-includes/customize/" "Mozilla/5.0 AppleWebKit/537.36 (KHTML, like Gecko; compatible; GPTBot/1.3; +https://openai.com/gptbot)"
74.7.241.60 - - [18/Jan/2026:00:47:00 +0700] "GET /wp-includes/customize/class-wp-customize-themes-panel.php HTTP/2" 500 0 "https://mail.netfinitynetwork.com/wp-includes/customize/" "Mozilla/5.0 AppleWebKit/537.36 (KHTML, like Gecko; compatible; GPTBot/1.3; +https://openai.com/gptbot)"
74.7.243.196 - - [18/Jan/2026:00:47:01 +0700] "GET /wp-includes/Text/?MA HTTP/2" 200 743 "https://www.netfinitynetwork.com/wp-includes/Text/" "Mozilla/5.0 AppleWebKit/537.36 (KHTML, like Gecko; compatible; GPTBot/1.3; +https://openai.com/gptbot)"
74.7.227.136 - - [18/Jan/2026:00:47:27 +0700] "GET /wp-includes/customize/class-wp-customize-nav-menu-locations-control.php HTTP/2" 500 0 "https://www.netfinitynetwork.idm01.my.id/wp-includes/customize/" "Mozilla/5.0 AppleWebKit/537.36 (KHTML, like Gecko; compatible; GPTBot/1.3; +https://openai.com/gptbot)"
74.7.243.201 - - [18/Jan/2026:00:47:33 +0700] "GET /wp-includes/Text/?MD HTTP/2" 200 742 "https://netfinitynetwork.idm01.my.id/wp-includes/Text/?MA" "Mozilla/5.0 AppleWebKit/537.36 (KHTML, like Gecko; compatible; GPTBot/1.3; +https://openai.com/gptbot)"
74.7.243.232 - - [18/Jan/2026:00:47:48 +0700] "GET /wp-includes/customize/class-wp-sidebar-block-editor-control.php HTTP/2" 500 0 "https://netfinitynetwork.com/wp-includes/customize/" "Mozilla/5.0 AppleWebKit/537.36 (KHTML, like Gecko; compatible; GPTBot/1.3; +https://openai.com/gptbot)"
