74.7.243.196 - - [18/Jan/2026:00:07:00 +0700] "GET /wp-includes/customize/class-wp-customize-nav-menus-panel.php HTTP/2" 500 0 "https://www.netfinitynetwork.com/wp-includes/customize/" "Mozilla/5.0 AppleWebKit/537.36 (KHTML, like Gecko; compatible; GPTBot/1.3; +https://openai.com/gptbot)"
74.7.227.136 - - [18/Jan/2026:00:07:03 +0700] "GET /wp-includes/sodium_compat/src/ HTTP/2" 200 1214 "https://www.netfinitynetwork.idm01.my.id/wp-includes/sodium_compat/" "Mozilla/5.0 AppleWebKit/537.36 (KHTML, like Gecko; compatible; GPTBot/1.3; +https://openai.com/gptbot)"
74.7.243.201 - - [18/Jan/2026:00:07:10 +0700] "GET /wp-includes/l10n/?MD HTTP/2" 200 1146 "https://netfinitynetwork.idm01.my.id/wp-includes/l10n/?MA" "Mozilla/5.0 AppleWebKit/537.36 (KHTML, like Gecko; compatible; GPTBot/1.3; +https://openai.com/gptbot)"
74.7.241.60 - - [18/Jan/2026:00:07:11 +0700] "GET /wp-includes/sitemaps/?SA HTTP/2" 200 1151 "https://mail.netfinitynetwork.com/wp-includes/sitemaps/" "Mozilla/5.0 AppleWebKit/537.36 (KHTML, like Gecko; compatible; GPTBot/1.3; +https://openai.com/gptbot)"
74.7.243.232 - - [18/Jan/2026:00:07:33 +0700] "GET /wp-includes/rest-api/endpoints/class-wp-rest-terms-controller.php HTTP/2" 500 0 "https://netfinitynetwork.com/wp-includes/rest-api/endpoints/" "Mozilla/5.0 AppleWebKit/537.36 (KHTML, like Gecko; compatible; GPTBot/1.3; +https://openai.com/gptbot)"
74.7.227.136 - - [18/Jan/2026:00:07:53 +0700] "GET /wp-includes/l10n/ HTTP/2" 200 1143 "https://www.netfinitynetwork.idm01.my.id/wp-includes/" "Mozilla/5.0 AppleWebKit/537.36 (KHTML, like Gecko; compatible; GPTBot/1.3; +https://openai.com/gptbot)"
74.7.243.196 - - [18/Jan/2026:00:08:00 +0700] "GET /wp-includes/customize/class-wp-customize-nav-menu-auto-add-control.php HTTP/2" 500 0 "https://www.netfinitynetwork.com/wp-includes/customize/" "Mozilla/5.0 AppleWebKit/537.36 (KHTML, like Gecko; compatible; GPTBot/1.3; +https://openai.com/gptbot)"
74.7.243.201 - - [18/Jan/2026:00:08:01 +0700] "GET /wp-includes/customize/class-wp-customize-nav-menu-section.php HTTP/2" 500 0 "https://netfinitynetwork.idm01.my.id/wp-includes/customize/" "Mozilla/5.0 AppleWebKit/537.36 (KHTML, like Gecko; compatible; GPTBot/1.3; +https://openai.com/gptbot)"
74.7.241.60 - - [18/Jan/2026:00:08:06 +0700] "GET /wp-includes/sitemaps/?MA HTTP/2" 200 1144 "https://mail.netfinitynetwork.com/wp-includes/sitemaps/" "Mozilla/5.0 AppleWebKit/537.36 (KHTML, like Gecko; compatible; GPTBot/1.3; +https://openai.com/gptbot)"
74.7.227.136 - - [18/Jan/2026:00:08:36 +0700] "GET /wp-includes/session.php HTTP/2" 500 0 "https://www.netfinitynetwork.idm01.my.id/wp-includes/" "Mozilla/5.0 AppleWebKit/537.36 (KHTML, like Gecko; compatible; GPTBot/1.3; +https://openai.com/gptbot)"
74.7.243.232 - - [18/Jan/2026:00:08:37 +0700] "GET /wp-includes/l10n/class-wp-translation-controller.php HTTP/2" 200 0 "https://netfinitynetwork.com/wp-includes/l10n/" "Mozilla/5.0 AppleWebKit/537.36 (KHTML, like Gecko; compatible; GPTBot/1.3; +https://openai.com/gptbot)"
74.7.243.201 - - [18/Jan/2026:00:08:48 +0700] "GET /wp-includes/customize/class-wp-customize-site-icon-control.php HTTP/2" 500 0 "https://netfinitynetwork.idm01.my.id/wp-includes/customize/" "Mozilla/5.0 AppleWebKit/537.36 (KHTML, like Gecko; compatible; GPTBot/1.3; +https://openai.com/gptbot)"
74.7.241.60 - - [18/Jan/2026:00:08:55 +0700] "GET /wp-includes/Requests/ HTTP/2" 200 661 "https://mail.netfinitynetwork.com/wp-includes/" "Mozilla/5.0 AppleWebKit/537.36 (KHTML, like Gecko; compatible; GPTBot/1.3; +https://openai.com/gptbot)"
74.7.243.196 - - [18/Jan/2026:00:09:04 +0700] "GET /wp-includes/customize/class-wp-customize-header-image-control.php HTTP/2" 500 0 "https://www.netfinitynetwork.com/wp-includes/customize/" "Mozilla/5.0 AppleWebKit/537.36 (KHTML, like Gecko; compatible; GPTBot/1.3; +https://openai.com/gptbot)"
74.7.227.136 - - [18/Jan/2026:00:09:16 +0700] "GET /wp-includes/sitemaps/?MA HTTP/2" 200 1150 "https://www.netfinitynetwork.idm01.my.id/wp-includes/sitemaps/" "Mozilla/5.0 AppleWebKit/537.36 (KHTML, like Gecko; compatible; GPTBot/1.3; +https://openai.com/gptbot)"
74.7.243.232 - - [18/Jan/2026:00:09:37 +0700] "GET /wp-includes/customize/class-wp-customize-nav-menu-name-control.php HTTP/2" 500 0 "https://netfinitynetwork.com/wp-includes/customize/" "Mozilla/5.0 AppleWebKit/537.36 (KHTML, like Gecko; compatible; GPTBot/1.3; +https://openai.com/gptbot)"
74.7.241.60 - - [18/Jan/2026:00:09:42 +0700] "GET /wp-includes/customize/ HTTP/2" 200 2247 "https://mail.netfinitynetwork.com/wp-includes/" "Mozilla/5.0 AppleWebKit/537.36 (KHTML, like Gecko; compatible; GPTBot/1.3; +https://openai.com/gptbot)"
74.7.243.201 - - [18/Jan/2026:00:09:53 +0700] "GET /wp-includes/customize/class-wp-customize-nav-menu-control.php HTTP/2" 500 0 "https://netfinitynetwork.idm01.my.id/wp-includes/customize/" "Mozilla/5.0 AppleWebKit/537.36 (KHTML, like Gecko; compatible; GPTBot/1.3; +https://openai.com/gptbot)"
74.7.243.196 - - [18/Jan/2026:00:10:08 +0700] "GET /wp-includes/customize/class-wp-customize-new-menu-control.php HTTP/2" 500 0 "https://www.netfinitynetwork.com/wp-includes/customize/" "Mozilla/5.0 AppleWebKit/537.36 (KHTML, like Gecko; compatible; GPTBot/1.3; +https://openai.com/gptbot)"
74.7.227.136 - - [18/Jan/2026:00:10:16 +0700] "GET /wp-includes/sitemaps/?SA HTTP/2" 200 1159 "https://www.netfinitynetwork.idm01.my.id/wp-includes/sitemaps/" "Mozilla/5.0 AppleWebKit/537.36 (KHTML, like Gecko; compatible; GPTBot/1.3; +https://openai.com/gptbot)"
74.7.241.60 - - [18/Jan/2026:00:10:25 +0700] "GET /wp-includes/Text/ HTTP/2" 200 735 "https://mail.netfinitynetwork.com/wp-includes/" "Mozilla/5.0 AppleWebKit/537.36 (KHTML, like Gecko; compatible; GPTBot/1.3; +https://openai.com/gptbot)"
74.7.243.232 - - [18/Jan/2026:00:10:36 +0700] "GET /wp-includes/Text/Diff/ HTTP/2" 200 702 "https://netfinitynetwork.com/wp-includes/Text/" "Mozilla/5.0 AppleWebKit/537.36 (KHTML, like Gecko; compatible; GPTBot/1.3; +https://openai.com/gptbot)"
74.7.243.201 - - [18/Jan/2026:00:10:54 +0700] "GET /wp-includes/customize/class-wp-customize-background-image-setting.php HTTP/2" 500 0 "https://netfinitynetwork.idm01.my.id/wp-includes/customize/" "Mozilla/5.0 AppleWebKit/537.36 (KHTML, like Gecko; compatible; GPTBot/1.3; +https://openai.com/gptbot)"
74.7.241.60 - - [18/Jan/2026:00:11:00 +0700] "GET /wp-includes/rest-api/endpoints/class-wp-rest-url-details-controller.php HTTP/2" 500 0 "https://mail.netfinitynetwork.com/wp-includes/rest-api/endpoints/" "Mozilla/5.0 AppleWebKit/537.36 (KHTML, like Gecko; compatible; GPTBot/1.3; +https://openai.com/gptbot)"
74.7.227.136 - - [18/Jan/2026:00:11:14 +0700] "GET /wp-includes/sitemaps/?ND HTTP/2" 200 1153 "https://www.netfinitynetwork.idm01.my.id/wp-includes/sitemaps/" "Mozilla/5.0 AppleWebKit/537.36 (KHTML, like Gecko; compatible; GPTBot/1.3; +https://openai.com/gptbot)"
74.7.243.196 - - [18/Jan/2026:00:11:15 +0700] "GET /wp-includes/customize/class-wp-customize-nav-menu-control.php HTTP/2" 500 0 "https://www.netfinitynetwork.com/wp-includes/customize/" "Mozilla/5.0 AppleWebKit/537.36 (KHTML, like Gecko; compatible; GPTBot/1.3; +https://openai.com/gptbot)"
74.7.241.60 - - [18/Jan/2026:00:11:33 +0700] "GET /wp-includes/sodium_compat/src/?MA HTTP/2" 200 1227 "https://mail.netfinitynetwork.com/wp-includes/sodium_compat/src/" "Mozilla/5.0 AppleWebKit/537.36 (KHTML, like Gecko; compatible; GPTBot/1.3; +https://openai.com/gptbot)"
74.7.243.232 - - [18/Jan/2026:00:11:41 +0700] "GET /wp-includes/customize/class-wp-customize-nav-menus-panel.php HTTP/2" 500 0 "https://netfinitynetwork.com/wp-includes/customize/" "Mozilla/5.0 AppleWebKit/537.36 (KHTML, like Gecko; compatible; GPTBot/1.3; +https://openai.com/gptbot)"
74.7.243.201 - - [18/Jan/2026:00:11:58 +0700] "GET /wp-includes/customize/class-wp-customize-nav-menu-name-control.php HTTP/2" 500 0 "https://netfinitynetwork.idm01.my.id/wp-includes/customize/" "Mozilla/5.0 AppleWebKit/537.36 (KHTML, like Gecko; compatible; GPTBot/1.3; +https://openai.com/gptbot)"
74.7.227.136 - - [18/Jan/2026:00:12:06 +0700] "GET /wp-includes/Requests/ HTTP/2" 200 666 "https://www.netfinitynetwork.idm01.my.id/wp-includes/" "Mozilla/5.0 AppleWebKit/537.36 (KHTML, like Gecko; compatible; GPTBot/1.3; +https://openai.com/gptbot)"
74.7.243.196 - - [18/Jan/2026:00:12:17 +0700] "GET /wp-includes/customize/class-wp-customize-site-icon-control.php HTTP/2" 500 0 "https://www.netfinitynetwork.com/wp-includes/customize/" "Mozilla/5.0 AppleWebKit/537.36 (KHTML, like Gecko; compatible; GPTBot/1.3; +https://openai.com/gptbot)"
74.7.243.232 - - [18/Jan/2026:00:12:38 +0700] "GET /wp-includes/customize/class-wp-customize-nav-menu-auto-add-control.php HTTP/2" 500 0 "https://netfinitynetwork.com/wp-includes/customize/" "Mozilla/5.0 AppleWebKit/537.36 (KHTML, like Gecko; compatible; GPTBot/1.3; +https://openai.com/gptbot)"
74.7.241.60 - - [18/Jan/2026:00:12:39 +0700] "GET /wp-includes/rest-api/endpoints/class-wp-rest-post-statuses-controller.php HTTP/2" 500 0 "https://mail.netfinitynetwork.com/wp-includes/rest-api/endpoints/" "Mozilla/5.0 AppleWebKit/537.36 (KHTML, like Gecko; compatible; GPTBot/1.3; +https://openai.com/gptbot)"
74.7.227.136 - - [18/Jan/2026:00:12:52 +0700] "GET /wp-includes/customize/ HTTP/2" 200 2254 "https://www.netfinitynetwork.idm01.my.id/wp-includes/" "Mozilla/5.0 AppleWebKit/537.36 (KHTML, like Gecko; compatible; GPTBot/1.3; +https://openai.com/gptbot)"
74.7.243.201 - - [18/Jan/2026:00:12:59 +0700] "GET /wp-includes/customize/class-wp-customize-sidebar-section.php HTTP/2" 500 0 "https://netfinitynetwork.idm01.my.id/wp-includes/customize/" "Mozilla/5.0 AppleWebKit/537.36 (KHTML, like Gecko; compatible; GPTBot/1.3; +https://openai.com/gptbot)"
74.7.243.196 - - [18/Jan/2026:00:13:17 +0700] "GET /wp-includes/l10n/?NA HTTP/2" 200 1136 "https://www.netfinitynetwork.com/wp-includes/l10n/?ND" "Mozilla/5.0 AppleWebKit/537.36 (KHTML, like Gecko; compatible; GPTBot/1.3; +https://openai.com/gptbot)"
74.7.227.136 - - [18/Jan/2026:00:13:32 +0700] "GET /wp-includes/Text/ HTTP/2" 200 742 "https://www.netfinitynetwork.idm01.my.id/wp-includes/" "Mozilla/5.0 AppleWebKit/537.36 (KHTML, like Gecko; compatible; GPTBot/1.3; +https://openai.com/gptbot)"
74.7.241.60 - - [18/Jan/2026:00:13:36 +0700] "GET /wp-includes/rest-api/endpoints/class-wp-rest-post-types-controller.php HTTP/2" 500 0 "https://mail.netfinitynetwork.com/wp-includes/rest-api/endpoints/" "Mozilla/5.0 AppleWebKit/537.36 (KHTML, like Gecko; compatible; GPTBot/1.3; +https://openai.com/gptbot)"
74.7.243.232 - - [18/Jan/2026:00:13:44 +0700] "GET /wp-includes/customize/class-wp-customize-header-image-control.php HTTP/2" 500 0 "https://netfinitynetwork.com/wp-includes/customize/" "Mozilla/5.0 AppleWebKit/537.36 (KHTML, like Gecko; compatible; GPTBot/1.3; +https://openai.com/gptbot)"
74.7.243.201 - - [18/Jan/2026:00:14:03 +0700] "GET /wp-includes/customize/class-wp-customize-upload-control.php HTTP/2" 500 0 "https://netfinitynetwork.idm01.my.id/wp-includes/customize/" "Mozilla/5.0 AppleWebKit/537.36 (KHTML, like Gecko; compatible; GPTBot/1.3; +https://openai.com/gptbot)"
74.7.227.136 - - [18/Jan/2026:00:14:10 +0700] "GET /wp-includes/rest-api/endpoints/class-wp-rest-url-details-controller.php HTTP/2" 500 0 "https://www.netfinitynetwork.idm01.my.id/wp-includes/rest-api/endpoints/" "Mozilla/5.0 AppleWebKit/537.36 (KHTML, like Gecko; compatible; GPTBot/1.3; +https://openai.com/gptbot)"
74.7.243.196 - - [18/Jan/2026:00:14:21 +0700] "GET /wp-includes/l10n/?SD HTTP/2" 200 1146 "https://www.netfinitynetwork.com/wp-includes/l10n/?SA" "Mozilla/5.0 AppleWebKit/537.36 (KHTML, like Gecko; compatible; GPTBot/1.3; +https://openai.com/gptbot)"
74.7.241.60 - - [18/Jan/2026:00:14:38 +0700] "GET /wp-includes/l10n/?ND HTTP/2" 200 1144 "https://mail.netfinitynetwork.com/wp-includes/l10n/" "Mozilla/5.0 AppleWebKit/537.36 (KHTML, like Gecko; compatible; GPTBot/1.3; +https://openai.com/gptbot)"
74.7.227.136 - - [18/Jan/2026:00:14:41 +0700] "GET /wp-includes/rest-api/endpoints/class-wp-rest-post-statuses-controller.php HTTP/2" 500 0 "https://www.netfinitynetwork.idm01.my.id/wp-includes/rest-api/endpoints/" "Mozilla/5.0 AppleWebKit/537.36 (KHTML, like Gecko; compatible; GPTBot/1.3; +https://openai.com/gptbot)"
74.7.243.232 - - [18/Jan/2026:00:14:48 +0700] "GET /wp-includes/l10n/?MD HTTP/2" 200 1142 "https://netfinitynetwork.com/wp-includes/l10n/?MA" "Mozilla/5.0 AppleWebKit/537.36 (KHTML, like Gecko; compatible; GPTBot/1.3; +https://openai.com/gptbot)"
74.7.243.201 - - [18/Jan/2026:00:15:08 +0700] "GET /wp-includes/customize/class-wp-customize-color-control.php HTTP/2" 500 0 "https://netfinitynetwork.idm01.my.id/wp-includes/customize/" "Mozilla/5.0 AppleWebKit/537.36 (KHTML, like Gecko; compatible; GPTBot/1.3; +https://openai.com/gptbot)"
74.7.243.196 - - [18/Jan/2026:00:15:16 +0700] "GET /wp-includes/l10n/?MD HTTP/2" 200 1144 "https://www.netfinitynetwork.com/wp-includes/l10n/?MA" "Mozilla/5.0 AppleWebKit/537.36 (KHTML, like Gecko; compatible; GPTBot/1.3; +https://openai.com/gptbot)"
216.73.216.99 - - [18/Jan/2026:00:15:39 +0700] "GET /robots.txt HTTP/2" 200 108 "-" "Mozilla/5.0 AppleWebKit/537.36 (KHTML, like Gecko; compatible; ClaudeBot/1.0; +claudebot@anthropic.com)"
216.73.216.99 - - [18/Jan/2026:00:15:40 +0700] "GET /wp-includes/template.php HTTP/2" 200 0 "-" "Mozilla/5.0 AppleWebKit/537.36 (KHTML, like Gecko; compatible; ClaudeBot/1.0; +claudebot@anthropic.com)"
216.73.216.99 - - [18/Jan/2026:00:15:40 +0700] "GET /wp-includes/shortcodes.php HTTP/2" 200 0 "-" "Mozilla/5.0 AppleWebKit/537.36 (KHTML, like Gecko; compatible; ClaudeBot/1.0; +claudebot@anthropic.com)"
216.73.216.99 - - [18/Jan/2026:00:15:39 +0700] "GET /wp-admin/import.php HTTP/2" 302 0 "-" "Mozilla/5.0 AppleWebKit/537.36 (KHTML, like Gecko; compatible; ClaudeBot/1.0; +claudebot@anthropic.com)"
103.247.11.196 - - [18/Jan/2026:00:15:40 +0700] "POST /wp-cron.php?doing_wp_cron=1768670140.9162089824676513671875 HTTP/1.1" 200 0 "-" "WordPress/6.9; https://netfinitynetwork.com"
74.7.241.60 - - [18/Jan/2026:00:15:41 +0700] "GET /wp-includes/l10n/?SA HTTP/2" 200 1144 "https://mail.netfinitynetwork.com/wp-includes/l10n/" "Mozilla/5.0 AppleWebKit/537.36 (KHTML, like Gecko; compatible; GPTBot/1.3; +https://openai.com/gptbot)"
216.73.216.99 - - [18/Jan/2026:00:15:41 +0700] "GET /wp-includes/block-patterns.php HTTP/2" 500 0 "-" "Mozilla/5.0 AppleWebKit/537.36 (KHTML, like Gecko; compatible; ClaudeBot/1.0; +claudebot@anthropic.com)"
216.73.216.99 - - [18/Jan/2026:00:15:41 +0700] "GET /wp-includes/update.php HTTP/2" 200 6 "-" "Mozilla/5.0 AppleWebKit/537.36 (KHTML, like Gecko; compatible; ClaudeBot/1.0; +claudebot@anthropic.com)"
216.73.216.99 - - [18/Jan/2026:00:15:42 +0700] "GET /wp-includes/version.php HTTP/2" 200 0 "-" "Mozilla/5.0 AppleWebKit/537.36 (KHTML, like Gecko; compatible; ClaudeBot/1.0; +claudebot@anthropic.com)"
216.73.216.99 - - [18/Jan/2026:00:15:42 +0700] "GET /wp-includes/block-editor.php HTTP/2" 200 0 "-" "Mozilla/5.0 AppleWebKit/537.36 (KHTML, like Gecko; compatible; ClaudeBot/1.0; +claudebot@anthropic.com)"
216.73.216.99 - - [18/Jan/2026:00:15:43 +0700] "GET /wp-includes/css HTTP/2" 301 795 "-" "Mozilla/5.0 AppleWebKit/537.36 (KHTML, like Gecko; compatible; ClaudeBot/1.0; +claudebot@anthropic.com)"
216.73.216.99 - - [18/Jan/2026:00:15:43 +0700] "GET /wp-includes/css/ HTTP/2" 200 1860 "https://netfinitynetwork.idm01.my.id/wp-includes/css" "Mozilla/5.0 AppleWebKit/537.36 (KHTML, like Gecko; compatible; ClaudeBot/1.0; +claudebot@anthropic.com)"
216.73.216.99 - - [18/Jan/2026:00:15:44 +0700] "GET /wp-includes/user.php HTTP/2" 200 0 "-" "Mozilla/5.0 AppleWebKit/537.36 (KHTML, like Gecko; compatible; ClaudeBot/1.0; +claudebot@anthropic.com)"
216.73.216.99 - - [18/Jan/2026:00:15:44 +0700] "GET /wp-includes/class-wp-http-encoding.php HTTP/2" 200 0 "-" "Mozilla/5.0 AppleWebKit/537.36 (KHTML, like Gecko; compatible; ClaudeBot/1.0; +claudebot@anthropic.com)"
216.73.216.99 - - [18/Jan/2026:00:15:44 +0700] "GET /wp-includes/load.php HTTP/2" 200 0 "-" "Mozilla/5.0 AppleWebKit/537.36 (KHTML, like Gecko; compatible; ClaudeBot/1.0; +claudebot@anthropic.com)"
216.73.216.99 - - [18/Jan/2026:00:15:45 +0700] "GET /wp-includes/date.php HTTP/2" 500 0 "-" "Mozilla/5.0 AppleWebKit/537.36 (KHTML, like Gecko; compatible; ClaudeBot/1.0; +claudebot@anthropic.com)"
216.73.216.99 - - [18/Jan/2026:00:15:45 +0700] "GET /wp-admin/install.php HTTP/2" 200 423 "-" "Mozilla/5.0 AppleWebKit/537.36 (KHTML, like Gecko; compatible; ClaudeBot/1.0; +claudebot@anthropic.com)"
216.73.216.99 - - [18/Jan/2026:00:15:46 +0700] "GET /wp-includes/functions.wp-scripts.php HTTP/2" 200 0 "-" "Mozilla/5.0 AppleWebKit/537.36 (KHTML, like Gecko; compatible; ClaudeBot/1.0; +claudebot@anthropic.com)"
216.73.216.99 - - [18/Jan/2026:00:15:46 +0700] "GET /wp-includes/rss.php HTTP/2" 500 0 "-" "Mozilla/5.0 AppleWebKit/537.36 (KHTML, like Gecko; compatible; ClaudeBot/1.0; +claudebot@anthropic.com)"
74.7.227.136 - - [18/Jan/2026:00:15:47 +0700] "GET /wp-includes/rest-api/endpoints/class-wp-rest-post-types-controller.php HTTP/2" 500 0 "https://www.netfinitynetwork.idm01.my.id/wp-includes/rest-api/endpoints/" "Mozilla/5.0 AppleWebKit/537.36 (KHTML, like Gecko; compatible; GPTBot/1.3; +https://openai.com/gptbot)"
216.73.216.99 - - [18/Jan/2026:00:15:47 +0700] "GET /wp-includes/session.php HTTP/2" 500 0 "-" "Mozilla/5.0 AppleWebKit/537.36 (KHTML, like Gecko; compatible; ClaudeBot/1.0; +claudebot@anthropic.com)"
216.73.216.99 - - [18/Jan/2026:00:15:47 +0700] "GET /wp-includes/comment.php HTTP/2" 200 0 "-" "Mozilla/5.0 AppleWebKit/537.36 (KHTML, like Gecko; compatible; ClaudeBot/1.0; +claudebot@anthropic.com)"
216.73.216.99 - - [18/Jan/2026:00:15:48 +0700] "GET /wp-includes/query.php HTTP/2" 200 0 "-" "Mozilla/5.0 AppleWebKit/537.36 (KHTML, like Gecko; compatible; ClaudeBot/1.0; +claudebot@anthropic.com)"
216.73.216.99 - - [18/Jan/2026:00:15:48 +0700] "GET /wp-includes/class-wp-scripts.php HTTP/2" 500 0 "-" "Mozilla/5.0 AppleWebKit/537.36 (KHTML, like Gecko; compatible; ClaudeBot/1.0; +claudebot@anthropic.com)"
216.73.216.99 - - [18/Jan/2026:00:15:49 +0700] "GET /wp-includes/embed.php HTTP/2" 200 0 "-" "Mozilla/5.0 AppleWebKit/537.36 (KHTML, like Gecko; compatible; ClaudeBot/1.0; +claudebot@anthropic.com)"
216.73.216.99 - - [18/Jan/2026:00:15:49 +0700] "GET /wp-includes/theme.php HTTP/2" 200 0 "-" "Mozilla/5.0 AppleWebKit/537.36 (KHTML, like Gecko; compatible; ClaudeBot/1.0; +claudebot@anthropic.com)"
216.73.216.99 - - [18/Jan/2026:00:15:50 +0700] "GET /wp-includes/atomlib.php HTTP/2" 200 0 "-" "Mozilla/5.0 AppleWebKit/537.36 (KHTML, like Gecko; compatible; ClaudeBot/1.0; +claudebot@anthropic.com)"
216.73.216.99 - - [18/Jan/2026:00:15:50 +0700] "GET /wp-includes/class-http.php HTTP/2" 500 0 "-" "Mozilla/5.0 AppleWebKit/537.36 (KHTML, like Gecko; compatible; ClaudeBot/1.0; +claudebot@anthropic.com)"
216.73.216.99 - - [18/Jan/2026:00:15:51 +0700] "GET /wp-includes/class.wp-scripts.php HTTP/2" 500 0 "-" "Mozilla/5.0 AppleWebKit/537.36 (KHTML, like Gecko; compatible; ClaudeBot/1.0; +claudebot@anthropic.com)"
216.73.216.99 - - [18/Jan/2026:00:15:51 +0700] "GET /wp-includes/wp-diff.php HTTP/2" 200 6 "-" "Mozilla/5.0 AppleWebKit/537.36 (KHTML, like Gecko; compatible; ClaudeBot/1.0; +claudebot@anthropic.com)"
216.73.216.99 - - [18/Jan/2026:00:15:52 +0700] "GET /wp-includes/cache.php HTTP/2" 500 0 "-" "Mozilla/5.0 AppleWebKit/537.36 (KHTML, like Gecko; compatible; ClaudeBot/1.0; +claudebot@anthropic.com)"
216.73.216.99 - - [18/Jan/2026:00:15:52 +0700] "GET /wp-includes/script-modules.php HTTP/2" 200 0 "-" "Mozilla/5.0 AppleWebKit/537.36 (KHTML, like Gecko; compatible; ClaudeBot/1.0; +claudebot@anthropic.com)"
74.7.243.232 - - [18/Jan/2026:00:15:53 +0700] "GET /wp-includes/l10n/?SD HTTP/2" 200 1141 "https://netfinitynetwork.com/wp-includes/l10n/?SA" "Mozilla/5.0 AppleWebKit/537.36 (KHTML, like Gecko; compatible; GPTBot/1.3; +https://openai.com/gptbot)"
216.73.216.99 - - [18/Jan/2026:00:15:53 +0700] "GET /wp-includes/http.php HTTP/2" 200 0 "-" "Mozilla/5.0 AppleWebKit/537.36 (KHTML, like Gecko; compatible; ClaudeBot/1.0; +claudebot@anthropic.com)"
216.73.216.99 - - [18/Jan/2026:00:15:54 +0700] "GET /wp-includes/script-loader.php HTTP/2" 500 0 "-" "Mozilla/5.0 AppleWebKit/537.36 (KHTML, like Gecko; compatible; ClaudeBot/1.0; +claudebot@anthropic.com)"
216.73.216.99 - - [18/Jan/2026:00:15:54 +0700] "GET /wp-includes/plugin.php HTTP/2" 200 0 "-" "Mozilla/5.0 AppleWebKit/537.36 (KHTML, like Gecko; compatible; ClaudeBot/1.0; +claudebot@anthropic.com)"
216.73.216.99 - - [18/Jan/2026:00:15:54 +0700] "GET /wp-includes/https-migration.php HTTP/2" 200 0 "-" "Mozilla/5.0 AppleWebKit/537.36 (KHTML, like Gecko; compatible; ClaudeBot/1.0; +claudebot@anthropic.com)"
216.73.216.99 - - [18/Jan/2026:00:15:55 +0700] "GET /wp-includes/https-detection.php HTTP/2" 200 0 "-" "Mozilla/5.0 AppleWebKit/537.36 (KHTML, like Gecko; compatible; ClaudeBot/1.0; +claudebot@anthropic.com)"
74.7.243.196 - - [18/Jan/2026:00:16:07 +0700] "GET /wp-includes/customize/class-wp-customize-nav-menu-section.php HTTP/2" 500 0 "https://www.netfinitynetwork.com/wp-includes/customize/" "Mozilla/5.0 AppleWebKit/537.36 (KHTML, like Gecko; compatible; GPTBot/1.3; +https://openai.com/gptbot)"
74.7.243.201 - - [18/Jan/2026:00:16:15 +0700] "GET /wp-includes/customize/class-wp-customize-themes-section.php HTTP/2" 500 0 "https://netfinitynetwork.idm01.my.id/wp-includes/customize/" "Mozilla/5.0 AppleWebKit/537.36 (KHTML, like Gecko; compatible; GPTBot/1.3; +https://openai.com/gptbot)"
74.7.241.60 - - [18/Jan/2026:00:16:35 +0700] "GET /wp-includes/l10n/?MA HTTP/2" 200 1138 "https://mail.netfinitynetwork.com/wp-includes/l10n/" "Mozilla/5.0 AppleWebKit/537.36 (KHTML, like Gecko; compatible; GPTBot/1.3; +https://openai.com/gptbot)"
216.73.216.99 - - [18/Jan/2026:00:16:50 +0700] "GET /wp-includes/capabilities.php HTTP/2" 200 0 "-" "Mozilla/5.0 AppleWebKit/537.36 (KHTML, like Gecko; compatible; ClaudeBot/1.0; +claudebot@anthropic.com)"
216.73.216.99 - - [18/Jan/2026:00:16:50 +0700] "GET /wp-includes/class-wp-object-cache.php HTTP/2" 200 0 "-" "Mozilla/5.0 AppleWebKit/537.36 (KHTML, like Gecko; compatible; ClaudeBot/1.0; +claudebot@anthropic.com)"
216.73.216.99 - - [18/Jan/2026:00:16:50 +0700] "GET /wp-includes/meta.php HTTP/2" 500 0 "-" "Mozilla/5.0 AppleWebKit/537.36 (KHTML, like Gecko; compatible; ClaudeBot/1.0; +claudebot@anthropic.com)"
216.73.216.99 - - [18/Jan/2026:00:16:51 +0700] "GET /wp-includes/formatting.php HTTP/2" 200 0 "-" "Mozilla/5.0 AppleWebKit/537.36 (KHTML, like Gecko; compatible; ClaudeBot/1.0; +claudebot@anthropic.com)"
74.7.243.232 - - [18/Jan/2026:00:16:51 +0700] "GET /wp-includes/l10n/?NA HTTP/2" 200 1134 "https://netfinitynetwork.com/wp-includes/l10n/?MA" "Mozilla/5.0 AppleWebKit/537.36 (KHTML, like Gecko; compatible; GPTBot/1.3; +https://openai.com/gptbot)"
216.73.216.99 - - [18/Jan/2026:00:16:51 +0700] "GET /wp-includes/option.php HTTP/2" 200 0 "-" "Mozilla/5.0 AppleWebKit/537.36 (KHTML, like Gecko; compatible; ClaudeBot/1.0; +claudebot@anthropic.com)"
216.73.216.99 - - [18/Jan/2026:00:16:52 +0700] "GET /wp-includes/rewrite.php HTTP/2" 200 0 "-" "Mozilla/5.0 AppleWebKit/537.36 (KHTML, like Gecko; compatible; ClaudeBot/1.0; +claudebot@anthropic.com)"
216.73.216.99 - - [18/Jan/2026:00:16:52 +0700] "GET /wp-includes/embed-template.php HTTP/2" 500 0 "-" "Mozilla/5.0 AppleWebKit/537.36 (KHTML, like Gecko; compatible; ClaudeBot/1.0; +claudebot@anthropic.com)"
216.73.216.99 - - [18/Jan/2026:00:16:53 +0700] "GET /wp-includes/abilities.php HTTP/2" 200 0 "-" "Mozilla/5.0 AppleWebKit/537.36 (KHTML, like Gecko; compatible; ClaudeBot/1.0; +claudebot@anthropic.com)"
74.7.227.136 - - [18/Jan/2026:00:16:53 +0700] "GET /wp-includes/l10n/?SA HTTP/2" 200 1148 "https://www.netfinitynetwork.idm01.my.id/wp-includes/l10n/" "Mozilla/5.0 AppleWebKit/537.36 (KHTML, like Gecko; compatible; GPTBot/1.3; +https://openai.com/gptbot)"
74.7.243.196 - - [18/Jan/2026:00:16:55 +0700] "GET /wp-includes/customize/class-wp-customize-new-menu-section.php HTTP/2" 500 0 "https://www.netfinitynetwork.com/wp-includes/customize/" "Mozilla/5.0 AppleWebKit/537.36 (KHTML, like Gecko; compatible; GPTBot/1.3; +https://openai.com/gptbot)"
216.73.216.99 - - [18/Jan/2026:00:16:58 +0700] "GET /wp-includes/compat.php HTTP/2" 500 0 "-" "Mozilla/5.0 AppleWebKit/537.36 (KHTML, like Gecko; compatible; ClaudeBot/1.0; +claudebot@anthropic.com)"
216.73.216.99 - - [18/Jan/2026:00:17:03 +0700] "GET /wp-includes/class-wp.php HTTP/2" 200 0 "-" "Mozilla/5.0 AppleWebKit/537.36 (KHTML, like Gecko; compatible; ClaudeBot/1.0; +claudebot@anthropic.com)"
216.73.216.99 - - [18/Jan/2026:00:17:08 +0700] "GET /wp-includes/cache-compat.php HTTP/2" 200 0 "-" "Mozilla/5.0 AppleWebKit/537.36 (KHTML, like Gecko; compatible; ClaudeBot/1.0; +claudebot@anthropic.com)"
216.73.216.99 - - [18/Jan/2026:00:17:13 +0700] "GET /wp-includes/interactivity-api HTTP/2" 301 795 "-" "Mozilla/5.0 AppleWebKit/537.36 (KHTML, like Gecko; compatible; ClaudeBot/1.0; +claudebot@anthropic.com)"
216.73.216.99 - - [18/Jan/2026:00:17:13 +0700] "GET /wp-includes/interactivity-api/ HTTP/2" 200 767 "https://netfinitynetwork.idm01.my.id/wp-includes/interactivity-api" "Mozilla/5.0 AppleWebKit/537.36 (KHTML, like Gecko; compatible; ClaudeBot/1.0; +claudebot@anthropic.com)"
74.7.243.201 - - [18/Jan/2026:00:17:14 +0700] "GET /wp-includes/customize/class-wp-customize-theme-control.php HTTP/2" 500 0 "https://netfinitynetwork.idm01.my.id/wp-includes/customize/" "Mozilla/5.0 AppleWebKit/537.36 (KHTML, like Gecko; compatible; GPTBot/1.3; +https://openai.com/gptbot)"
216.73.216.99 - - [18/Jan/2026:00:17:20 +0700] "GET /wp-includes/class-walker-comment.php HTTP/2" 500 0 "-" "Mozilla/5.0 AppleWebKit/537.36 (KHTML, like Gecko; compatible; ClaudeBot/1.0; +claudebot@anthropic.com)"
216.73.216.99 - - [18/Jan/2026:00:17:24 +0700] "GET /wp-includes/feed-rss.php HTTP/2" 500 0 "-" "Mozilla/5.0 AppleWebKit/537.36 (KHTML, like Gecko; compatible; ClaudeBot/1.0; +claudebot@anthropic.com)"
74.7.241.60 - - [18/Jan/2026:00:17:24 +0700] "GET /wp-includes/rest-api/endpoints/class-wp-rest-comments-controller.php HTTP/2" 500 0 "https://mail.netfinitynetwork.com/wp-includes/rest-api/endpoints/" "Mozilla/5.0 AppleWebKit/537.36 (KHTML, like Gecko; compatible; GPTBot/1.3; +https://openai.com/gptbot)"
216.73.216.99 - - [18/Jan/2026:00:17:29 +0700] "GET /wp-includes/ms-load.php HTTP/2" 200 0 "-" "Mozilla/5.0 AppleWebKit/537.36 (KHTML, like Gecko; compatible; ClaudeBot/1.0; +claudebot@anthropic.com)"
216.73.216.99 - - [18/Jan/2026:00:17:34 +0700] "GET /wp-includes/class-wp-http-cookie.php HTTP/2" 200 0 "-" "Mozilla/5.0 AppleWebKit/537.36 (KHTML, like Gecko; compatible; ClaudeBot/1.0; +claudebot@anthropic.com)"
216.73.216.99 - - [18/Jan/2026:00:17:39 +0700] "GET /wp-includes/class-simplepie.php HTTP/2" 500 0 "-" "Mozilla/5.0 AppleWebKit/537.36 (KHTML, like Gecko; compatible; ClaudeBot/1.0; +claudebot@anthropic.com)"
74.7.243.232 - - [18/Jan/2026:00:17:40 +0700] "GET /wp-includes/customize/class-wp-customize-nav-menu-section.php HTTP/2" 500 0 "https://netfinitynetwork.com/wp-includes/customize/" "Mozilla/5.0 AppleWebKit/537.36 (KHTML, like Gecko; compatible; GPTBot/1.3; +https://openai.com/gptbot)"
216.73.216.99 - - [18/Jan/2026:00:17:44 +0700] "GET /wp-includes/rss-functions.php HTTP/2" 200 0 "-" "Mozilla/5.0 AppleWebKit/537.36 (KHTML, like Gecko; compatible; ClaudeBot/1.0; +claudebot@anthropic.com)"
216.73.216.99 - - [18/Jan/2026:00:17:49 +0700] "GET /wp-includes/speculative-loading.php HTTP/2" 200 0 "-" "Mozilla/5.0 AppleWebKit/537.36 (KHTML, like Gecko; compatible; ClaudeBot/1.0; +claudebot@anthropic.com)"
74.7.227.136 - - [18/Jan/2026:00:17:57 +0700] "GET /wp-includes/l10n/?ND HTTP/2" 200 1148 "https://www.netfinitynetwork.idm01.my.id/wp-includes/l10n/" "Mozilla/5.0 AppleWebKit/537.36 (KHTML, like Gecko; compatible; GPTBot/1.3; +https://openai.com/gptbot)"
216.73.216.99 - - [18/Jan/2026:00:17:58 +0700] "GET /wp-includes/robots-template.php HTTP/2" 200 0 "-" "Mozilla/5.0 AppleWebKit/537.36 (KHTML, like Gecko; compatible; ClaudeBot/1.0; +claudebot@anthropic.com)"
74.7.243.196 - - [18/Jan/2026:00:17:59 +0700] "GET /wp-includes/customize/class-wp-customize-nav-menu-setting.php HTTP/2" 500 0 "https://www.netfinitynetwork.com/wp-includes/customize/" "Mozilla/5.0 AppleWebKit/537.36 (KHTML, like Gecko; compatible; GPTBot/1.3; +https://openai.com/gptbot)"
216.73.216.99 - - [18/Jan/2026:00:18:02 +0700] "GET /wp-includes/class-wp-theme-json.php HTTP/2" 200 0 "-" "Mozilla/5.0 AppleWebKit/537.36 (KHTML, like Gecko; compatible; ClaudeBot/1.0; +claudebot@anthropic.com)"
216.73.216.99 - - [18/Jan/2026:00:18:07 +0700] "GET /wp-includes/class-wp-user.php HTTP/2" 200 0 "-" "Mozilla/5.0 AppleWebKit/537.36 (KHTML, like Gecko; compatible; ClaudeBot/1.0; +claudebot@anthropic.com)"
216.73.216.99 - - [18/Jan/2026:00:18:12 +0700] "GET /wp-includes/rest-api HTTP/2" 301 795 "-" "Mozilla/5.0 AppleWebKit/537.36 (KHTML, like Gecko; compatible; ClaudeBot/1.0; +claudebot@anthropic.com)"
216.73.216.99 - - [18/Jan/2026:00:18:12 +0700] "GET /wp-includes/rest-api/ HTTP/2" 200 1119 "https://netfinitynetwork.idm01.my.id/wp-includes/rest-api" "Mozilla/5.0 AppleWebKit/537.36 (KHTML, like Gecko; compatible; ClaudeBot/1.0; +claudebot@anthropic.com)"
74.7.241.60 - - [18/Jan/2026:00:18:12 +0700] "GET /wp-includes/rest-api/endpoints/class-wp-rest-terms-controller.php HTTP/2" 500 0 "https://mail.netfinitynetwork.com/wp-includes/rest-api/endpoints/" "Mozilla/5.0 AppleWebKit/537.36 (KHTML, like Gecko; compatible; GPTBot/1.3; +https://openai.com/gptbot)"
74.7.243.201 - - [18/Jan/2026:00:18:17 +0700] "GET /wp-includes/customize/class-wp-customize-image-control.php HTTP/2" 500 0 "https://netfinitynetwork.idm01.my.id/wp-includes/customize/" "Mozilla/5.0 AppleWebKit/537.36 (KHTML, like Gecko; compatible; GPTBot/1.3; +https://openai.com/gptbot)"
216.73.216.99 - - [18/Jan/2026:00:18:17 +0700] "GET /wp-includes/customize HTTP/2" 301 795 "-" "Mozilla/5.0 AppleWebKit/537.36 (KHTML, like Gecko; compatible; ClaudeBot/1.0; +claudebot@anthropic.com)"
216.73.216.99 - - [18/Jan/2026:00:18:17 +0700] "GET /wp-includes/customize/ HTTP/2" 200 2252 "https://netfinitynetwork.idm01.my.id/wp-includes/customize" "Mozilla/5.0 AppleWebKit/537.36 (KHTML, like Gecko; compatible; ClaudeBot/1.0; +claudebot@anthropic.com)"
216.73.216.99 - - [18/Jan/2026:00:18:22 +0700] "GET /wp-includes/class-wp-walker.php HTTP/2" 200 0 "-" "Mozilla/5.0 AppleWebKit/537.36 (KHTML, like Gecko; compatible; ClaudeBot/1.0; +claudebot@anthropic.com)"
74.7.243.232 - - [18/Jan/2026:00:18:26 +0700] "GET /wp-includes/customize/class-wp-customize-new-menu-control.php HTTP/2" 500 0 "https://netfinitynetwork.com/wp-includes/customize/" "Mozilla/5.0 AppleWebKit/537.36 (KHTML, like Gecko; compatible; GPTBot/1.3; +https://openai.com/gptbot)"
216.73.216.99 - - [18/Jan/2026:00:18:27 +0700] "GET /wp-includes/taxonomy.php HTTP/2" 200 0 "-" "Mozilla/5.0 AppleWebKit/537.36 (KHTML, like Gecko; compatible; ClaudeBot/1.0; +claudebot@anthropic.com)"
216.73.216.99 - - [18/Jan/2026:00:18:32 +0700] "GET /wp-includes/feed-rss2.php HTTP/2" 500 0 "-" "Mozilla/5.0 AppleWebKit/537.36 (KHTML, like Gecko; compatible; ClaudeBot/1.0; +claudebot@anthropic.com)"
216.73.216.99 - - [18/Jan/2026:00:18:37 +0700] "GET /wp-includes/class-wp-dependency.php HTTP/2" 200 0 "-" "Mozilla/5.0 AppleWebKit/537.36 (KHTML, like Gecko; compatible; ClaudeBot/1.0; +claudebot@anthropic.com)"
216.73.216.99 - - [18/Jan/2026:00:18:43 +0700] "GET /wp-includes/compat-utf8.php HTTP/2" 200 0 "-" "Mozilla/5.0 AppleWebKit/537.36 (KHTML, like Gecko; compatible; ClaudeBot/1.0; +claudebot@anthropic.com)"
216.73.216.99 - - [18/Jan/2026:00:18:48 +0700] "GET /wp-includes/class-smtp.php HTTP/2" 500 0 "-" "Mozilla/5.0 AppleWebKit/537.36 (KHTML, like Gecko; compatible; ClaudeBot/1.0; +claudebot@anthropic.com)"
216.73.216.99 - - [18/Jan/2026:00:18:53 +0700] "GET /wp-includes/vars.php HTTP/2" 200 6 "-" "Mozilla/5.0 AppleWebKit/537.36 (KHTML, like Gecko; compatible; ClaudeBot/1.0; +claudebot@anthropic.com)"
74.7.227.136 - - [18/Jan/2026:00:18:54 +0700] "GET /wp-includes/l10n/?MA HTTP/2" 200 1142 "https://www.netfinitynetwork.idm01.my.id/wp-includes/l10n/" "Mozilla/5.0 AppleWebKit/537.36 (KHTML, like Gecko; compatible; GPTBot/1.3; +https://openai.com/gptbot)"
216.73.216.99 - - [18/Jan/2026:00:18:58 +0700] "GET /wp-includes/class-wp-text-diff-renderer-table.php HTTP/2" 200 6 "-" "Mozilla/5.0 AppleWebKit/537.36 (KHTML, like Gecko; compatible; ClaudeBot/1.0; +claudebot@anthropic.com)"
74.7.243.196 - - [18/Jan/2026:00:19:00 +0700] "GET /wp-includes/customize/class-wp-customize-date-time-control.php HTTP/2" 500 0 "https://www.netfinitynetwork.com/wp-includes/customize/" "Mozilla/5.0 AppleWebKit/537.36 (KHTML, like Gecko; compatible; GPTBot/1.3; +https://openai.com/gptbot)"
216.73.216.99 - - [18/Jan/2026:00:19:03 +0700] "GET /wp-includes/general-template.php HTTP/2" 200 0 "-" "Mozilla/5.0 AppleWebKit/537.36 (KHTML, like Gecko; compatible; ClaudeBot/1.0; +claudebot@anthropic.com)"
216.73.216.99 - - [18/Jan/2026:00:19:08 +0700] "GET /wp-includes/class-wp-speculation-rules.php HTTP/2" 200 0 "-" "Mozilla/5.0 AppleWebKit/537.36 (KHTML, like Gecko; compatible; ClaudeBot/1.0; +claudebot@anthropic.com)"
216.73.216.99 - - [18/Jan/2026:00:19:13 +0700] "GET /wp-includes/theme-templates.php HTTP/2" 200 0 "-" "Mozilla/5.0 AppleWebKit/537.36 (KHTML, like Gecko; compatible; ClaudeBot/1.0; +claudebot@anthropic.com)"
74.7.241.60 - - [18/Jan/2026:00:19:15 +0700] "GET /wp-includes/customize/class-wp-customize-theme-control.php HTTP/2" 500 0 "https://mail.netfinitynetwork.com/wp-includes/customize/" "Mozilla/5.0 AppleWebKit/537.36 (KHTML, like Gecko; compatible; GPTBot/1.3; +https://openai.com/gptbot)"
216.73.216.99 - - [18/Jan/2026:00:19:18 +0700] "GET /wp-includes/fonts.php HTTP/2" 200 0 "-" "Mozilla/5.0 AppleWebKit/537.36 (KHTML, like Gecko; compatible; ClaudeBot/1.0; +claudebot@anthropic.com)"
74.7.243.201 - - [18/Jan/2026:00:19:21 +0700] "GET /wp-includes/customize/class-wp-customize-media-control.php HTTP/2" 500 0 "https://netfinitynetwork.idm01.my.id/wp-includes/customize/" "Mozilla/5.0 AppleWebKit/537.36 (KHTML, like Gecko; compatible; GPTBot/1.3; +https://openai.com/gptbot)"
216.73.216.99 - - [18/Jan/2026:00:19:23 +0700] "GET /wp-includes/class-wp-oembed.php HTTP/2" 200 0 "-" "Mozilla/5.0 AppleWebKit/537.36 (KHTML, like Gecko; compatible; ClaudeBot/1.0; +claudebot@anthropic.com)"
216.73.216.99 - - [18/Jan/2026:00:19:28 +0700] "GET /wp-includes/feed-rss2-comments.php HTTP/2" 500 0 "-" "Mozilla/5.0 AppleWebKit/537.36 (KHTML, like Gecko; compatible; ClaudeBot/1.0; +claudebot@anthropic.com)"
74.7.243.232 - - [18/Jan/2026:00:19:32 +0700] "GET /wp-includes/customize/class-wp-customize-nav-menu-setting.php HTTP/2" 500 0 "https://netfinitynetwork.com/wp-includes/customize/" "Mozilla/5.0 AppleWebKit/537.36 (KHTML, like Gecko; compatible; GPTBot/1.3; +https://openai.com/gptbot)"
216.73.216.99 - - [18/Jan/2026:00:19:33 +0700] "GET /wp-includes/author-template.php HTTP/2" 200 0 "-" "Mozilla/5.0 AppleWebKit/537.36 (KHTML, like Gecko; compatible; ClaudeBot/1.0; +claudebot@anthropic.com)"
216.73.216.99 - - [18/Jan/2026:00:19:38 +0700] "GET /wp-includes/pluggable-deprecated.php HTTP/2" 200 0 "-" "Mozilla/5.0 AppleWebKit/537.36 (KHTML, like Gecko; compatible; ClaudeBot/1.0; +claudebot@anthropic.com)"
216.73.216.99 - - [18/Jan/2026:00:19:43 +0700] "GET /wp-includes/IXR HTTP/2" 301 795 "-" "Mozilla/5.0 AppleWebKit/537.36 (KHTML, like Gecko; compatible; ClaudeBot/1.0; +claudebot@anthropic.com)"
216.73.216.99 - - [18/Jan/2026:00:19:43 +0700] "GET /wp-includes/IXR/ HTTP/2" 200 1253 "https://netfinitynetwork.idm01.my.id/wp-includes/IXR" "Mozilla/5.0 AppleWebKit/537.36 (KHTML, like Gecko; compatible; ClaudeBot/1.0; +claudebot@anthropic.com)"
74.7.227.136 - - [18/Jan/2026:00:19:46 +0700] "GET /wp-includes/rest-api/endpoints/class-wp-rest-comments-controller.php HTTP/2" 500 0 "https://www.netfinitynetwork.idm01.my.id/wp-includes/rest-api/endpoints/" "Mozilla/5.0 AppleWebKit/537.36 (KHTML, like Gecko; compatible; GPTBot/1.3; +https://openai.com/gptbot)"
216.73.216.99 - - [18/Jan/2026:00:19:48 +0700] "GET /wp-includes/class-wp-customize-section.php HTTP/2" 500 0 "-" "Mozilla/5.0 AppleWebKit/537.36 (KHTML, like Gecko; compatible; ClaudeBot/1.0; +claudebot@anthropic.com)"
216.73.216.99 - - [18/Jan/2026:00:19:53 +0700] "GET /wp-includes/class-wp-token-map.php HTTP/2" 200 0 "-" "Mozilla/5.0 AppleWebKit/537.36 (KHTML, like Gecko; compatible; ClaudeBot/1.0; +claudebot@anthropic.com)"
216.73.216.99 - - [18/Jan/2026:00:19:58 +0700] "GET /wp-includes/class-wp-feed-cache.php HTTP/2" 500 0 "-" "Mozilla/5.0 AppleWebKit/537.36 (KHTML, like Gecko; compatible; ClaudeBot/1.0; +claudebot@anthropic.com)"
74.7.243.196 - - [18/Jan/2026:00:20:00 +0700] "GET /wp-includes/customize/class-wp-customize-background-image-setting.php HTTP/2" 500 0 "https://www.netfinitynetwork.com/wp-includes/customize/" "Mozilla/5.0 AppleWebKit/537.36 (KHTML, like Gecko; compatible; GPTBot/1.3; +https://openai.com/gptbot)"
216.73.216.99 - - [18/Jan/2026:00:20:03 +0700] "GET /wp-includes/ms-settings.php HTTP/2" 200 6 "-" "Mozilla/5.0 AppleWebKit/537.36 (KHTML, like Gecko; compatible; ClaudeBot/1.0; +claudebot@anthropic.com)"
216.73.216.99 - - [18/Jan/2026:00:20:08 +0700] "GET /wp-includes/class-wp-http-streams.php HTTP/2" 200 0 "-" "Mozilla/5.0 AppleWebKit/537.36 (KHTML, like Gecko; compatible; ClaudeBot/1.0; +claudebot@anthropic.com)"
216.73.216.99 - - [18/Jan/2026:00:20:16 +0700] "GET /wp-includes/class-wp-block-list.php HTTP/2" 200 0 "-" "Mozilla/5.0 AppleWebKit/537.36 (KHTML, like Gecko; compatible; ClaudeBot/1.0; +claudebot@anthropic.com)"
74.7.241.60 - - [18/Jan/2026:00:20:19 +0700] "GET /wp-includes/customize/class-wp-customize-nav-menus-panel.php HTTP/2" 500 0 "https://mail.netfinitynetwork.com/wp-includes/customize/" "Mozilla/5.0 AppleWebKit/537.36 (KHTML, like Gecko; compatible; GPTBot/1.3; +https://openai.com/gptbot)"
216.73.216.99 - - [18/Jan/2026:00:20:20 +0700] "GET /wp-includes/ID3 HTTP/2" 301 795 "-" "Mozilla/5.0 AppleWebKit/537.36 (KHTML, like Gecko; compatible; ClaudeBot/1.0; +claudebot@anthropic.com)"
216.73.216.99 - - [18/Jan/2026:00:20:21 +0700] "GET /wp-includes/ID3/ HTTP/2" 200 1397 "https://netfinitynetwork.idm01.my.id/wp-includes/ID3" "Mozilla/5.0 AppleWebKit/537.36 (KHTML, like Gecko; compatible; ClaudeBot/1.0; +claudebot@anthropic.com)"
74.7.243.201 - - [18/Jan/2026:00:20:25 +0700] "GET /wp-includes/customize/class-wp-customize-nav-menu-item-setting.php HTTP/2" 500 0 "https://netfinitynetwork.idm01.my.id/wp-includes/customize/" "Mozilla/5.0 AppleWebKit/537.36 (KHTML, like Gecko; compatible; GPTBot/1.3; +https://openai.com/gptbot)"
216.73.216.99 - - [18/Jan/2026:00:20:25 +0700] "GET /wp-includes/class-wp-block-type-registry.php HTTP/2" 200 0 "-" "Mozilla/5.0 AppleWebKit/537.36 (KHTML, like Gecko; compatible; ClaudeBot/1.0; +claudebot@anthropic.com)"
216.73.216.99 - - [18/Jan/2026:00:20:25 +0700] "GET /wp-includes/class-wp-roles.php HTTP/2" 200 0 "-" "Mozilla/5.0 AppleWebKit/537.36 (KHTML, like Gecko; compatible; ClaudeBot/1.0; +claudebot@anthropic.com)"
216.73.216.99 - - [18/Jan/2026:00:20:28 +0700] "GET /wp-includes/class-wp-image-editor-imagick.php HTTP/2" 500 0 "-" "Mozilla/5.0 AppleWebKit/537.36 (KHTML, like Gecko; compatible; ClaudeBot/1.0; +claudebot@anthropic.com)"
216.73.216.99 - - [18/Jan/2026:00:20:30 +0700] "GET /wp-includes/class-wp-simplepie-file.php HTTP/2" 500 0 "-" "Mozilla/5.0 AppleWebKit/537.36 (KHTML, like Gecko; compatible; ClaudeBot/1.0; +claudebot@anthropic.com)"
74.7.227.136 - - [18/Jan/2026:00:20:31 +0700] "GET /wp-includes/rest-api/endpoints/class-wp-rest-terms-controller.php HTTP/2" 500 0 "https://www.netfinitynetwork.idm01.my.id/wp-includes/rest-api/endpoints/" "Mozilla/5.0 AppleWebKit/537.36 (KHTML, like Gecko; compatible; GPTBot/1.3; +https://openai.com/gptbot)"
74.7.243.232 - - [18/Jan/2026:00:20:33 +0700] "GET /wp-includes/customize/class-wp-customize-nav-menu-control.php HTTP/2" 500 0 "https://netfinitynetwork.com/wp-includes/customize/" "Mozilla/5.0 AppleWebKit/537.36 (KHTML, like Gecko; compatible; GPTBot/1.3; +https://openai.com/gptbot)"
216.73.216.99 - - [18/Jan/2026:00:20:33 +0700] "GET /wp-includes/class-wp-duotone.php HTTP/2" 200 0 "-" "Mozilla/5.0 AppleWebKit/537.36 (KHTML, like Gecko; compatible; ClaudeBot/1.0; +claudebot@anthropic.com)"
216.73.216.99 - - [18/Jan/2026:00:20:35 +0700] "GET /wp-includes/class-wp-taxonomy.php HTTP/2" 200 0 "-" "Mozilla/5.0 AppleWebKit/537.36 (KHTML, like Gecko; compatible; ClaudeBot/1.0; +claudebot@anthropic.com)"
216.73.216.99 - - [18/Jan/2026:00:20:38 +0700] "GET /wp-includes/class-wp-block-supports.php HTTP/2" 200 0 "-" "Mozilla/5.0 AppleWebKit/537.36 (KHTML, like Gecko; compatible; ClaudeBot/1.0; +claudebot@anthropic.com)"
216.73.216.99 - - [18/Jan/2026:00:20:40 +0700] "GET /wp-includes/post-thumbnail-template.php HTTP/2" 200 0 "-" "Mozilla/5.0 AppleWebKit/537.36 (KHTML, like Gecko; compatible; ClaudeBot/1.0; +claudebot@anthropic.com)"
216.73.216.99 - - [18/Jan/2026:00:20:43 +0700] "GET /wp-includes/class-wp-tax-query.php HTTP/2" 200 0 "-" "Mozilla/5.0 AppleWebKit/537.36 (KHTML, like Gecko; compatible; ClaudeBot/1.0; +claudebot@anthropic.com)"
216.73.216.99 - - [18/Jan/2026:00:20:48 +0700] "GET /wp-includes/class-wp-widget-factory.php HTTP/2" 200 0 "-" "Mozilla/5.0 AppleWebKit/537.36 (KHTML, like Gecko; compatible; ClaudeBot/1.0; +claudebot@anthropic.com)"
216.73.216.99 - - [18/Jan/2026:00:20:53 +0700] "GET /wp-includes/class-wp-image-editor-gd.php HTTP/2" 500 0 "-" "Mozilla/5.0 AppleWebKit/537.36 (KHTML, like Gecko; compatible; ClaudeBot/1.0; +claudebot@anthropic.com)"
216.73.216.99 - - [18/Jan/2026:00:20:58 +0700] "GET /wp-includes/class-walker-page-dropdown.php HTTP/2" 500 0 "-" "Mozilla/5.0 AppleWebKit/537.36 (KHTML, like Gecko; compatible; ClaudeBot/1.0; +claudebot@anthropic.com)"
216.73.216.99 - - [18/Jan/2026:00:21:03 +0700] "GET /wp-includes/ms-default-filters.php HTTP/2" 500 0 "-" "Mozilla/5.0 AppleWebKit/537.36 (KHTML, like Gecko; compatible; ClaudeBot/1.0; +claudebot@anthropic.com)"
74.7.243.196 - - [18/Jan/2026:00:21:06 +0700] "GET /wp-includes/customize/class-wp-customize-nav-menu-name-control.php HTTP/2" 500 0 "https://www.netfinitynetwork.com/wp-includes/customize/" "Mozilla/5.0 AppleWebKit/537.36 (KHTML, like Gecko; compatible; GPTBot/1.3; +https://openai.com/gptbot)"
216.73.216.99 - - [18/Jan/2026:00:21:08 +0700] "GET /wp-includes/class-walker-category-dropdown.php HTTP/2" 500 0 "-" "Mozilla/5.0 AppleWebKit/537.36 (KHTML, like Gecko; compatible; ClaudeBot/1.0; +claudebot@anthropic.com)"
216.73.216.99 - - [18/Jan/2026:00:21:13 +0700] "GET /wp-includes/class-wp-metadata-lazyloader.php HTTP/2" 200 0 "-" "Mozilla/5.0 AppleWebKit/537.36 (KHTML, like Gecko; compatible; ClaudeBot/1.0; +claudebot@anthropic.com)"
216.73.216.99 - - [18/Jan/2026:00:21:18 +0700] "GET /wp-includes/pomo HTTP/2" 301 795 "-" "Mozilla/5.0 AppleWebKit/537.36 (KHTML, like Gecko; compatible; ClaudeBot/1.0; +claudebot@anthropic.com)"
216.73.216.99 - - [18/Jan/2026:00:21:18 +0700] "GET /wp-includes/pomo/ HTTP/2" 200 1112 "https://netfinitynetwork.idm01.my.id/wp-includes/pomo" "Mozilla/5.0 AppleWebKit/537.36 (KHTML, like Gecko; compatible; ClaudeBot/1.0; +claudebot@anthropic.com)"
74.7.241.60 - - [18/Jan/2026:00:21:23 +0700] "GET /wp-includes/customize/class-wp-customize-nav-menu-auto-add-control.php HTTP/2" 500 0 "https://mail.netfinitynetwork.com/wp-includes/customize/" "Mozilla/5.0 AppleWebKit/537.36 (KHTML, like Gecko; compatible; GPTBot/1.3; +https://openai.com/gptbot)"
74.7.243.201 - - [18/Jan/2026:00:21:27 +0700] "GET /wp-includes/customize/class-wp-customize-nav-menu-item-control.php HTTP/2" 500 0 "https://netfinitynetwork.idm01.my.id/wp-includes/customize/" "Mozilla/5.0 AppleWebKit/537.36 (KHTML, like Gecko; compatible; GPTBot/1.3; +https://openai.com/gptbot)"
74.7.243.232 - - [18/Jan/2026:00:21:36 +0700] "GET /wp-includes/customize/class-wp-customize-site-icon-control.php HTTP/2" 500 0 "https://netfinitynetwork.com/wp-includes/customize/" "Mozilla/5.0 AppleWebKit/537.36 (KHTML, like Gecko; compatible; GPTBot/1.3; +https://openai.com/gptbot)"
74.7.227.136 - - [18/Jan/2026:00:21:37 +0700] "GET /wp-includes/l10n/class-wp-translation-controller.php HTTP/2" 200 0 "https://www.netfinitynetwork.idm01.my.id/wp-includes/l10n/" "Mozilla/5.0 AppleWebKit/537.36 (KHTML, like Gecko; compatible; GPTBot/1.3; +https://openai.com/gptbot)"
74.7.243.196 - - [18/Jan/2026:00:22:11 +0700] "GET /wp-includes/customize/class-wp-customize-themes-section.php HTTP/2" 500 0 "https://www.netfinitynetwork.com/wp-includes/customize/" "Mozilla/5.0 AppleWebKit/537.36 (KHTML, like Gecko; compatible; GPTBot/1.3; +https://openai.com/gptbot)"
74.7.241.60 - - [18/Jan/2026:00:22:26 +0700] "GET /wp-includes/customize/class-wp-customize-header-image-control.php HTTP/2" 500 0 "https://mail.netfinitynetwork.com/wp-includes/customize/" "Mozilla/5.0 AppleWebKit/537.36 (KHTML, like Gecko; compatible; GPTBot/1.3; +https://openai.com/gptbot)"
74.7.243.201 - - [18/Jan/2026:00:22:29 +0700] "GET /wp-includes/customize/class-wp-customize-nav-menu-location-control.php HTTP/2" 500 0 "https://netfinitynetwork.idm01.my.id/wp-includes/customize/" "Mozilla/5.0 AppleWebKit/537.36 (KHTML, like Gecko; compatible; GPTBot/1.3; +https://openai.com/gptbot)"
74.7.243.232 - - [18/Jan/2026:00:22:36 +0700] "GET /wp-includes/customize/class-wp-customize-date-time-control.php HTTP/2" 500 0 "https://netfinitynetwork.com/wp-includes/customize/" "Mozilla/5.0 AppleWebKit/537.36 (KHTML, like Gecko; compatible; GPTBot/1.3; +https://openai.com/gptbot)"
74.7.227.136 - - [18/Jan/2026:00:22:37 +0700] "GET /wp-includes/customize/class-wp-customize-nav-menu-auto-add-control.php HTTP/2" 500 0 "https://www.netfinitynetwork.idm01.my.id/wp-includes/customize/" "Mozilla/5.0 AppleWebKit/537.36 (KHTML, like Gecko; compatible; GPTBot/1.3; +https://openai.com/gptbot)"
216.73.216.99 - - [18/Jan/2026:00:23:04 +0700] "GET /_autoindex/assets/icons/corner-left-up.svg HTTP/2" 200 328 "-" "Mozilla/5.0 AppleWebKit/537.36 (KHTML, like Gecko; compatible; ClaudeBot/1.0; +claudebot@anthropic.com)"
74.7.243.196 - - [18/Jan/2026:00:23:15 +0700] "GET /wp-includes/customize/class-wp-customize-upload-control.php HTTP/2" 500 0 "https://www.netfinitynetwork.com/wp-includes/customize/" "Mozilla/5.0 AppleWebKit/537.36 (KHTML, like Gecko; compatible; GPTBot/1.3; +https://openai.com/gptbot)"
74.7.243.201 - - [18/Jan/2026:00:23:30 +0700] "GET /wp-includes/customize/class-wp-customize-nav-menu-locations-control.php HTTP/2" 500 0 "https://netfinitynetwork.idm01.my.id/wp-includes/customize/" "Mozilla/5.0 AppleWebKit/537.36 (KHTML, like Gecko; compatible; GPTBot/1.3; +https://openai.com/gptbot)"
74.7.241.60 - - [18/Jan/2026:00:23:31 +0700] "GET /wp-includes/customize/class-wp-customize-new-menu-control.php HTTP/2" 500 0 "https://mail.netfinitynetwork.com/wp-includes/customize/" "Mozilla/5.0 AppleWebKit/537.36 (KHTML, like Gecko; compatible; GPTBot/1.3; +https://openai.com/gptbot)"
74.7.227.136 - - [18/Jan/2026:00:23:34 +0700] "GET /wp-includes/customize/class-wp-customize-nav-menus-panel.php HTTP/2" 500 0 "https://www.netfinitynetwork.idm01.my.id/wp-includes/customize/" "Mozilla/5.0 AppleWebKit/537.36 (KHTML, like Gecko; compatible; GPTBot/1.3; +https://openai.com/gptbot)"
74.7.243.232 - - [18/Jan/2026:00:23:38 +0700] "GET /wp-includes/customize/class-wp-customize-new-menu-section.php HTTP/2" 500 0 "https://netfinitynetwork.com/wp-includes/customize/" "Mozilla/5.0 AppleWebKit/537.36 (KHTML, like Gecko; compatible; GPTBot/1.3; +https://openai.com/gptbot)"
74.7.243.196 - - [18/Jan/2026:00:24:16 +0700] "GET /wp-includes/customize/class-wp-customize-image-control.php HTTP/2" 500 0 "https://www.netfinitynetwork.com/wp-includes/customize/" "Mozilla/5.0 AppleWebKit/537.36 (KHTML, like Gecko; compatible; GPTBot/1.3; +https://openai.com/gptbot)"
74.7.241.60 - - [18/Jan/2026:00:24:32 +0700] "GET /wp-includes/customize/class-wp-customize-nav-menu-section.php HTTP/2" 500 0 "https://mail.netfinitynetwork.com/wp-includes/customize/" "Mozilla/5.0 AppleWebKit/537.36 (KHTML, like Gecko; compatible; GPTBot/1.3; +https://openai.com/gptbot)"
74.7.243.201 - - [18/Jan/2026:00:24:36 +0700] "GET /wp-includes/customize/class-wp-customize-background-image-control.php HTTP/2" 500 0 "https://netfinitynetwork.idm01.my.id/wp-includes/customize/" "Mozilla/5.0 AppleWebKit/537.36 (KHTML, like Gecko; compatible; GPTBot/1.3; +https://openai.com/gptbot)"
74.7.227.136 - - [18/Jan/2026:00:24:40 +0700] "GET /wp-includes/customize/class-wp-customize-header-image-control.php HTTP/2" 500 0 "https://www.netfinitynetwork.idm01.my.id/wp-includes/customize/" "Mozilla/5.0 AppleWebKit/537.36 (KHTML, like Gecko; compatible; GPTBot/1.3; +https://openai.com/gptbot)"
74.7.243.232 - - [18/Jan/2026:00:24:42 +0700] "GET /wp-includes/customize/class-wp-customize-background-image-setting.php HTTP/2" 500 0 "https://netfinitynetwork.com/wp-includes/customize/" "Mozilla/5.0 AppleWebKit/537.36 (KHTML, like Gecko; compatible; GPTBot/1.3; +https://openai.com/gptbot)"
74.7.243.196 - - [18/Jan/2026:00:25:17 +0700] "GET /wp-includes/customize/class-wp-customize-sidebar-section.php HTTP/2" 500 0 "https://www.netfinitynetwork.com/wp-includes/customize/" "Mozilla/5.0 AppleWebKit/537.36 (KHTML, like Gecko; compatible; GPTBot/1.3; +https://openai.com/gptbot)"
74.7.241.60 - - [18/Jan/2026:00:25:33 +0700] "GET /wp-includes/l10n/?NA HTTP/2" 200 1137 "https://mail.netfinitynetwork.com/wp-includes/l10n/?ND" "Mozilla/5.0 AppleWebKit/537.36 (KHTML, like Gecko; compatible; GPTBot/1.3; +https://openai.com/gptbot)"
74.7.227.136 - - [18/Jan/2026:00:25:40 +0700] "GET /wp-includes/customize/class-wp-customize-date-time-control.php HTTP/2" 500 0 "https://www.netfinitynetwork.idm01.my.id/wp-includes/customize/" "Mozilla/5.0 AppleWebKit/537.36 (KHTML, like Gecko; compatible; GPTBot/1.3; +https://openai.com/gptbot)"
