103.37.61.52 - - [18/Jan/2026:00:58:47 +0700] "POST /xmlrpc.php HTTP/1.1" 403 1242 "-" "Mozilla/5.0 (Windows NT 5.1; rv:7.0.1) Gecko/20100101 Firefox/7.0.1"
74.7.227.136 - - [18/Jan/2026:00:58:48 +0700] "GET /wp-includes/customize/class-wp-customize-code-editor-control.php HTTP/2" 500 0 "https://www.netfinitynetwork.idm01.my.id/wp-includes/customize/" "Mozilla/5.0 AppleWebKit/537.36 (KHTML, like Gecko; compatible; GPTBot/1.3; +https://openai.com/gptbot)"
116.205.132.51 - - [18/Jan/2026:00:58:48 +0700] "POST /xmlrpc.php HTTP/1.1" 403 1242 "-" "Mozilla/5.0 (iPhone; CPU iPhone OS 14_6 like Mac OS X) AppleWebKit/605.1.15 (KHTML, like Gecko) CriOS/91.0.4472.80 Mobile/15E148 Safari/604.1"
103.37.61.52 - - [18/Jan/2026:00:58:49 +0700] "POST /xmlrpc.php HTTP/1.1" 403 1242 "-" "Mozilla/5.0 (Windows NT 5.1; rv:7.0.1) Gecko/20100101 Firefox/7.0.1"
74.7.243.196 - - [18/Jan/2026:00:58:50 +0700] "GET /wp-includes/rest-api/endpoints/class-wp-rest-controller.php HTTP/2" 200 0 "https://www.netfinitynetwork.com/wp-includes/rest-api/endpoints/" "Mozilla/5.0 AppleWebKit/537.36 (KHTML, like Gecko; compatible; GPTBot/1.3; +https://openai.com/gptbot)"
74.7.243.201 - - [18/Jan/2026:00:58:56 +0700] "GET /wp-includes/Requests/?MA HTTP/2" 200 672 "https://netfinitynetwork.idm01.my.id/wp-includes/Requests/" "Mozilla/5.0 AppleWebKit/537.36 (KHTML, like Gecko; compatible; GPTBot/1.3; +https://openai.com/gptbot)"
117.4.254.166 - - [18/Jan/2026:00:59:10 +0700] "POST /xmlrpc.php HTTP/1.1" 403 1242 "-" "Mozilla/5.0 (Windows NT 10.0; Win64; x64) AppleWebKit/537.36 (KHTML, like Gecko) Chrome/70.0.3538.102 Safari/537.36"
117.4.254.166 - - [18/Jan/2026:00:59:11 +0700] "POST /xmlrpc.php HTTP/1.1" 403 1242 "-" "Mozilla/5.0 (Windows NT 10.0; Win64; x64) AppleWebKit/537.36 (KHTML, like Gecko) Chrome/70.0.3538.102 Safari/537.36"
117.4.254.166 - - [18/Jan/2026:00:59:12 +0700] "POST /xmlrpc.php HTTP/1.1" 403 1242 "-" "Mozilla/5.0 (Windows NT 10.0; Win64; x64) AppleWebKit/537.36 (KHTML, like Gecko) Chrome/70.0.3538.102 Safari/537.36"
47.88.48.42 - - [18/Jan/2026:00:59:13 +0700] "POST /xmlrpc.php HTTP/1.1" 403 1242 "-" "Mozilla/5.0 (Windows NT 10.0; Win64; x64) AppleWebKit/537.36 (KHTML, like Gecko) Chrome/61.0.3163.100 Safari/537.36"
47.88.48.42 - - [18/Jan/2026:00:59:16 +0700] "POST /xmlrpc.php HTTP/1.1" 403 1242 "-" "Mozilla/5.0 (Windows NT 10.0; Win64; x64) AppleWebKit/537.36 (KHTML, like Gecko) Chrome/61.0.3163.100 Safari/537.36"
47.88.48.42 - - [18/Jan/2026:00:59:19 +0700] "POST /xmlrpc.php HTTP/1.1" 403 1242 "-" "Mozilla/5.0 (Windows NT 10.0; Win64; x64) AppleWebKit/537.36 (KHTML, like Gecko) Chrome/61.0.3163.100 Safari/537.36"
74.7.241.60 - - [18/Jan/2026:00:59:23 +0700] "GET /wp-includes/Text/?MA HTTP/2" 200 743 "https://mail.netfinitynetwork.com/wp-includes/Text/" "Mozilla/5.0 AppleWebKit/537.36 (KHTML, like Gecko; compatible; GPTBot/1.3; +https://openai.com/gptbot)"
74.7.243.232 - - [18/Jan/2026:00:59:30 +0700] "GET /wp-includes/Text/?MD HTTP/2" 200 736 "https://netfinitynetwork.com/wp-includes/Text/?MA" "Mozilla/5.0 AppleWebKit/537.36 (KHTML, like Gecko; compatible; GPTBot/1.3; +https://openai.com/gptbot)"
101.201.252.8 - - [18/Jan/2026:00:59:30 +0700] "POST /xmlrpc.php HTTP/1.1" 403 1242 "-" "Mozilla/5.0 (Windows NT 10.0; Win64; x64; rv:67.0) Gecko/20100101 Firefox/67.0"
101.201.252.8 - - [18/Jan/2026:00:59:34 +0700] "POST /xmlrpc.php HTTP/1.1" 403 1242 "-" "Mozilla/5.0 (Windows NT 10.0; Win64; x64; rv:67.0) Gecko/20100101 Firefox/67.0"
101.201.252.8 - - [18/Jan/2026:00:59:37 +0700] "POST /xmlrpc.php HTTP/1.1" 403 1242 "-" "Mozilla/5.0 (Windows NT 10.0; Win64; x64; rv:67.0) Gecko/20100101 Firefox/67.0"
74.7.243.196 - - [18/Jan/2026:00:59:46 +0700] "GET /wp-includes/rest-api/endpoints/error_log HTTP/2" 403 1242 "https://www.netfinitynetwork.com/wp-includes/rest-api/endpoints/" "Mozilla/5.0 AppleWebKit/537.36 (KHTML, like Gecko; compatible; GPTBot/1.3; +https://openai.com/gptbot)"
74.7.227.136 - - [18/Jan/2026:00:59:51 +0700] "GET /wp-includes/customize/class-wp-sidebar-block-editor-control.php HTTP/2" 500 0 "https://www.netfinitynetwork.idm01.my.id/wp-includes/customize/" "Mozilla/5.0 AppleWebKit/537.36 (KHTML, like Gecko; compatible; GPTBot/1.3; +https://openai.com/gptbot)"
43.159.139.59 - - [18/Jan/2026:00:59:57 +0700] "POST /xmlrpc.php HTTP/1.1" 403 1242 "-" "Mozilla/5.0 (Linux; Android 10; SM-A102U) AppleWebKit/537.36 (KHTML, like Gecko) Chrome/91.0.4472.114 Mobile Safari/537.36"
43.159.139.59 - - [18/Jan/2026:00:59:58 +0700] "POST /xmlrpc.php HTTP/1.1" 403 1242 "-" "Mozilla/5.0 (Linux; Android 10; SM-A102U) AppleWebKit/537.36 (KHTML, like Gecko) Chrome/91.0.4472.114 Mobile Safari/537.36"
43.159.139.59 - - [18/Jan/2026:00:59:59 +0700] "POST /xmlrpc.php HTTP/1.1" 403 1242 "-" "Mozilla/5.0 (Linux; Android 10; SM-A102U) AppleWebKit/537.36 (KHTML, like Gecko) Chrome/91.0.4472.114 Mobile Safari/537.36"
74.7.243.201 - - [18/Jan/2026:01:00:01 +0700] "GET /wp-includes/sitemaps/?MD HTTP/2" 200 1156 "https://netfinitynetwork.idm01.my.id/wp-includes/sitemaps/?MA" "Mozilla/5.0 AppleWebKit/537.36 (KHTML, like Gecko; compatible; GPTBot/1.3; +https://openai.com/gptbot)"
110.164.163.21 - - [18/Jan/2026:01:00:09 +0700] "POST /xmlrpc.php HTTP/1.1" 403 1242 "-" "Mozilla/5.0 (Windows NT 6.1; WOW64; rv:45.0) Gecko/20100101 Firefox/45.0"
110.164.163.21 - - [18/Jan/2026:01:00:09 +0700] "POST /xmlrpc.php HTTP/1.1" 403 1242 "-" "Mozilla/5.0 (Windows NT 6.1; WOW64; rv:45.0) Gecko/20100101 Firefox/45.0"
110.164.163.21 - - [18/Jan/2026:01:00:10 +0700] "POST /xmlrpc.php HTTP/1.1" 403 1242 "-" "Mozilla/5.0 (Windows NT 6.1; WOW64; rv:45.0) Gecko/20100101 Firefox/45.0"
47.88.48.42 - - [18/Jan/2026:01:00:19 +0700] "POST /xmlrpc.php HTTP/1.1" 403 1242 "-" "Mozilla/5.0 (Windows NT 5.1) AppleWebKit/537.36 (KHTML, like Gecko) Chrome/46.0.2490.71 Safari/537.36"
47.88.48.42 - - [18/Jan/2026:01:00:20 +0700] "POST /xmlrpc.php HTTP/1.1" 403 1242 "-" "Mozilla/5.0 (Windows NT 5.1) AppleWebKit/537.36 (KHTML, like Gecko) Chrome/46.0.2490.71 Safari/537.36"
47.88.48.42 - - [18/Jan/2026:01:00:20 +0700] "POST /xmlrpc.php HTTP/1.1" 403 1242 "-" "Mozilla/5.0 (Windows NT 5.1) AppleWebKit/537.36 (KHTML, like Gecko) Chrome/46.0.2490.71 Safari/537.36"
74.7.241.60 - - [18/Jan/2026:01:00:22 +0700] "GET /wp-includes/l10n/class-wp-translation-controller.php HTTP/2" 200 0 "https://mail.netfinitynetwork.com/wp-includes/l10n/" "Mozilla/5.0 AppleWebKit/537.36 (KHTML, like Gecko; compatible; GPTBot/1.3; +https://openai.com/gptbot)"
74.7.243.232 - - [18/Jan/2026:01:00:31 +0700] "GET /wp-includes/Text/?NA HTTP/2" 200 731 "https://netfinitynetwork.com/wp-includes/Text/?MA" "Mozilla/5.0 AppleWebKit/537.36 (KHTML, like Gecko; compatible; GPTBot/1.3; +https://openai.com/gptbot)"
103.95.196.203 - - [18/Jan/2026:01:00:33 +0700] "POST /xmlrpc.php HTTP/1.1" 403 1242 "-" "Mozilla/5.0 (Windows NT 10.0; Win64; x64) AppleWebKit/537.36 (KHTML, like Gecko) Chrome/74.0.3729.157 Safari/537.36"
103.95.196.203 - - [18/Jan/2026:01:00:33 +0700] "POST /xmlrpc.php HTTP/1.1" 403 1242 "-" "Mozilla/5.0 (Windows NT 10.0; Win64; x64) AppleWebKit/537.36 (KHTML, like Gecko) Chrome/74.0.3729.157 Safari/537.36"
103.95.196.203 - - [18/Jan/2026:01:00:34 +0700] "POST /xmlrpc.php HTTP/1.1" 403 1242 "-" "Mozilla/5.0 (Windows NT 10.0; Win64; x64) AppleWebKit/537.36 (KHTML, like Gecko) Chrome/74.0.3729.157 Safari/537.36"
74.7.243.196 - - [18/Jan/2026:01:00:45 +0700] "GET /wp-includes/rest-api/endpoints/class-wp-rest-posts-controller.php HTTP/2" 500 0 "https://www.netfinitynetwork.com/wp-includes/rest-api/endpoints/" "Mozilla/5.0 AppleWebKit/537.36 (KHTML, like Gecko; compatible; GPTBot/1.3; +https://openai.com/gptbot)"
74.7.227.136 - - [18/Jan/2026:01:00:51 +0700] "GET /wp-includes/Text/?SA HTTP/2" 200 747 "https://www.netfinitynetwork.idm01.my.id/wp-includes/Text/" "Mozilla/5.0 AppleWebKit/537.36 (KHTML, like Gecko; compatible; GPTBot/1.3; +https://openai.com/gptbot)"
110.164.163.21 - - [18/Jan/2026:01:00:57 +0700] "POST /xmlrpc.php HTTP/1.1" 403 1242 "-" "Mozilla/5.0 (X11; Linux x86_64) AppleWebKit/537.36 (KHTML, like Gecko) Chrome/44.0.2403.157 Safari/537.36"
110.164.163.21 - - [18/Jan/2026:01:00:57 +0700] "POST /xmlrpc.php HTTP/1.1" 403 1242 "-" "Mozilla/5.0 (X11; Linux x86_64) AppleWebKit/537.36 (KHTML, like Gecko) Chrome/44.0.2403.157 Safari/537.36"
110.164.163.21 - - [18/Jan/2026:01:00:58 +0700] "POST /xmlrpc.php HTTP/1.1" 403 1242 "-" "Mozilla/5.0 (X11; Linux x86_64) AppleWebKit/537.36 (KHTML, like Gecko) Chrome/44.0.2403.157 Safari/537.36"
74.7.243.201 - - [18/Jan/2026:01:00:59 +0700] "GET /wp-includes/Requests/?SA HTTP/2" 200 665 "https://netfinitynetwork.idm01.my.id/wp-includes/Requests/" "Mozilla/5.0 AppleWebKit/537.36 (KHTML, like Gecko; compatible; GPTBot/1.3; +https://openai.com/gptbot)"
74.7.241.60 - - [18/Jan/2026:01:01:13 +0700] "GET /wp-includes/rest-api/endpoints/class-wp-rest-application-passwords-controller.php HTTP/2" 500 0 "https://mail.netfinitynetwork.com/wp-includes/rest-api/endpoints/" "Mozilla/5.0 AppleWebKit/537.36 (KHTML, like Gecko; compatible; GPTBot/1.3; +https://openai.com/gptbot)"
74.7.243.232 - - [18/Jan/2026:01:01:29 +0700] "GET /wp-includes/Text/?SD HTTP/2" 200 734 "https://netfinitynetwork.com/wp-includes/Text/?SA" "Mozilla/5.0 AppleWebKit/537.36 (KHTML, like Gecko; compatible; GPTBot/1.3; +https://openai.com/gptbot)"
74.7.243.196 - - [18/Jan/2026:01:01:42 +0700] "GET /wp-includes/rest-api/endpoints/class-wp-rest-users-controller.php HTTP/2" 500 0 "https://www.netfinitynetwork.com/wp-includes/rest-api/endpoints/" "Mozilla/5.0 AppleWebKit/537.36 (KHTML, like Gecko; compatible; GPTBot/1.3; +https://openai.com/gptbot)"
74.7.243.201 - - [18/Jan/2026:01:01:49 +0700] "GET /wp-includes/sitemaps/?NA HTTP/2" 200 1143 "https://netfinitynetwork.idm01.my.id/wp-includes/sitemaps/?ND" "Mozilla/5.0 AppleWebKit/537.36 (KHTML, like Gecko; compatible; GPTBot/1.3; +https://openai.com/gptbot)"
74.7.227.136 - - [18/Jan/2026:01:01:56 +0700] "GET /wp-includes/Text/?MA HTTP/2" 200 747 "https://www.netfinitynetwork.idm01.my.id/wp-includes/Text/" "Mozilla/5.0 AppleWebKit/537.36 (KHTML, like Gecko; compatible; GPTBot/1.3; +https://openai.com/gptbot)"
74.7.241.60 - - [18/Jan/2026:01:01:57 +0700] "GET /wp-includes/sodium_compat/src/Compat.php HTTP/2" 200 0 "https://mail.netfinitynetwork.com/wp-includes/sodium_compat/src/" "Mozilla/5.0 AppleWebKit/537.36 (KHTML, like Gecko; compatible; GPTBot/1.3; +https://openai.com/gptbot)"
74.7.243.232 - - [18/Jan/2026:01:02:22 +0700] "GET /wp-includes/rest-api/endpoints/error_log HTTP/2" 403 1242 "https://netfinitynetwork.com/wp-includes/rest-api/endpoints/" "Mozilla/5.0 AppleWebKit/537.36 (KHTML, like Gecko; compatible; GPTBot/1.3; +https://openai.com/gptbot)"
74.7.243.201 - - [18/Jan/2026:01:02:34 +0700] "GET /wp-includes/Requests/?ND HTTP/2" 200 664 "https://netfinitynetwork.idm01.my.id/wp-includes/Requests/" "Mozilla/5.0 AppleWebKit/537.36 (KHTML, like Gecko; compatible; GPTBot/1.3; +https://openai.com/gptbot)"
74.7.243.196 - - [18/Jan/2026:01:02:46 +0700] "GET /wp-includes/sodium_compat/src/SodiumException.php HTTP/2" 200 0 "https://www.netfinitynetwork.com/wp-includes/sodium_compat/src/" "Mozilla/5.0 AppleWebKit/537.36 (KHTML, like Gecko; compatible; GPTBot/1.3; +https://openai.com/gptbot)"
74.7.227.136 - - [18/Jan/2026:01:02:49 +0700] "GET /wp-includes/Text/?ND HTTP/2" 200 740 "https://www.netfinitynetwork.idm01.my.id/wp-includes/Text/" "Mozilla/5.0 AppleWebKit/537.36 (KHTML, like Gecko; compatible; GPTBot/1.3; +https://openai.com/gptbot)"
74.7.241.60 - - [18/Jan/2026:01:02:58 +0700] "GET /wp-includes/customize/class-wp-customize-filter-setting.php HTTP/2" 500 0 "https://mail.netfinitynetwork.com/wp-includes/customize/" "Mozilla/5.0 AppleWebKit/537.36 (KHTML, like Gecko; compatible; GPTBot/1.3; +https://openai.com/gptbot)"
74.7.243.232 - - [18/Jan/2026:01:03:08 +0700] "GET /wp-includes/rest-api/endpoints/class-wp-rest-users-controller.php HTTP/2" 500 0 "https://netfinitynetwork.com/wp-includes/rest-api/endpoints/" "Mozilla/5.0 AppleWebKit/537.36 (KHTML, like Gecko; compatible; GPTBot/1.3; +https://openai.com/gptbot)"
74.7.243.201 - - [18/Jan/2026:01:03:14 +0700] "GET /wp-includes/sitemaps/?SD HTTP/2" 200 1154 "https://netfinitynetwork.idm01.my.id/wp-includes/sitemaps/?SA" "Mozilla/5.0 AppleWebKit/537.36 (KHTML, like Gecko; compatible; GPTBot/1.3; +https://openai.com/gptbot)"
74.7.227.136 - - [18/Jan/2026:01:03:41 +0700] "GET /wp-includes/rest-api/endpoints/class-wp-rest-application-passwords-controller.php HTTP/2" 500 0 "https://www.netfinitynetwork.idm01.my.id/wp-includes/rest-api/endpoints/" "Mozilla/5.0 AppleWebKit/537.36 (KHTML, like Gecko; compatible; GPTBot/1.3; +https://openai.com/gptbot)"
74.7.243.201 - - [18/Jan/2026:01:03:50 +0700] "GET /wp-includes/customize/error_log HTTP/2" 403 1242 "https://netfinitynetwork.idm01.my.id/wp-includes/customize/" "Mozilla/5.0 AppleWebKit/537.36 (KHTML, like Gecko; compatible; GPTBot/1.3; +https://openai.com/gptbot)"
74.7.243.196 - - [18/Jan/2026:01:03:50 +0700] "GET /wp-includes/sodium_compat/src/Crypto.php HTTP/2" 200 0 "https://www.netfinitynetwork.com/wp-includes/sodium_compat/src/" "Mozilla/5.0 AppleWebKit/537.36 (KHTML, like Gecko; compatible; GPTBot/1.3; +https://openai.com/gptbot)"
74.7.243.232 - - [18/Jan/2026:01:03:55 +0700] "GET /wp-includes/rest-api/endpoints/class-wp-rest-posts-controller.php HTTP/2" 500 0 "https://netfinitynetwork.com/wp-includes/rest-api/endpoints/" "Mozilla/5.0 AppleWebKit/537.36 (KHTML, like Gecko; compatible; GPTBot/1.3; +https://openai.com/gptbot)"
74.7.241.60 - - [18/Jan/2026:01:03:56 +0700] "GET /wp-includes/rest-api/endpoints/class-wp-rest-search-controller.php HTTP/2" 500 0 "https://mail.netfinitynetwork.com/wp-includes/rest-api/endpoints/" "Mozilla/5.0 AppleWebKit/537.36 (KHTML, like Gecko; compatible; GPTBot/1.3; +https://openai.com/gptbot)"
74.7.243.201 - - [18/Jan/2026:01:04:23 +0700] "GET /wp-includes/fonts/dashicons.svg HTTP/2" 200 38972 "https://netfinitynetwork.idm01.my.id/wp-includes/fonts/" "Mozilla/5.0 AppleWebKit/537.36 (KHTML, like Gecko; compatible; GPTBot/1.3; +https://openai.com/gptbot)"
74.7.227.136 - - [18/Jan/2026:01:04:29 +0700] "GET /wp-includes/sodium_compat/src/Compat.php HTTP/2" 200 0 "https://www.netfinitynetwork.idm01.my.id/wp-includes/sodium_compat/src/" "Mozilla/5.0 AppleWebKit/537.36 (KHTML, like Gecko; compatible; GPTBot/1.3; +https://openai.com/gptbot)"
74.7.243.196 - - [18/Jan/2026:01:04:49 +0700] "GET /wp-includes/sodium_compat/src/Crypto32.php HTTP/2" 200 0 "https://www.netfinitynetwork.com/wp-includes/sodium_compat/src/" "Mozilla/5.0 AppleWebKit/537.36 (KHTML, like Gecko; compatible; GPTBot/1.3; +https://openai.com/gptbot)"
74.7.243.201 - - [18/Jan/2026:01:04:56 +0700] "GET /wp-includes/update.php HTTP/2" 200 6 "https://netfinitynetwork.idm01.my.id/wp-includes/" "Mozilla/5.0 AppleWebKit/537.36 (KHTML, like Gecko; compatible; GPTBot/1.3; +https://openai.com/gptbot)"
74.7.243.232 - - [18/Jan/2026:01:04:58 +0700] "GET /wp-includes/sodium_compat/src/SodiumException.php HTTP/2" 200 0 "https://netfinitynetwork.com/wp-includes/sodium_compat/src/" "Mozilla/5.0 AppleWebKit/537.36 (KHTML, like Gecko; compatible; GPTBot/1.3; +https://openai.com/gptbot)"
74.7.241.60 - - [18/Jan/2026:01:04:59 +0700] "GET /wp-includes/sodium_compat/src/error_log HTTP/2" 403 1242 "https://mail.netfinitynetwork.com/wp-includes/sodium_compat/src/" "Mozilla/5.0 AppleWebKit/537.36 (KHTML, like Gecko; compatible; GPTBot/1.3; +https://openai.com/gptbot)"
74.7.243.201 - - [18/Jan/2026:01:05:25 +0700] "GET /wp-includes/fonts.php HTTP/2" 200 0 "https://netfinitynetwork.idm01.my.id/wp-includes/" "Mozilla/5.0 AppleWebKit/537.36 (KHTML, like Gecko; compatible; GPTBot/1.3; +https://openai.com/gptbot)"
74.7.227.136 - - [18/Jan/2026:01:05:32 +0700] "GET /wp-includes/customize/class-wp-customize-filter-setting.php HTTP/2" 500 0 "https://www.netfinitynetwork.idm01.my.id/wp-includes/customize/" "Mozilla/5.0 AppleWebKit/537.36 (KHTML, like Gecko; compatible; GPTBot/1.3; +https://openai.com/gptbot)"
74.7.243.196 - - [18/Jan/2026:01:05:38 +0700] "GET /wp-includes/Requests/?SA HTTP/2" 200 663 "https://www.netfinitynetwork.com/wp-includes/Requests/" "Mozilla/5.0 AppleWebKit/537.36 (KHTML, like Gecko; compatible; GPTBot/1.3; +https://openai.com/gptbot)"
74.7.243.201 - - [18/Jan/2026:01:05:53 +0700] "GET /wp-includes/vars.php HTTP/2" 200 6 "https://netfinitynetwork.idm01.my.id/wp-includes/" "Mozilla/5.0 AppleWebKit/537.36 (KHTML, like Gecko; compatible; GPTBot/1.3; +https://openai.com/gptbot)"
74.7.243.232 - - [18/Jan/2026:01:06:01 +0700] "GET /wp-includes/sodium_compat/src/Crypto.php HTTP/2" 200 0 "https://netfinitynetwork.com/wp-includes/sodium_compat/src/" "Mozilla/5.0 AppleWebKit/537.36 (KHTML, like Gecko; compatible; GPTBot/1.3; +https://openai.com/gptbot)"
74.7.241.60 - - [18/Jan/2026:01:06:03 +0700] "GET /wp-includes/rest-api/endpoints/class-wp-rest-site-health-controller.php HTTP/2" 500 0 "https://mail.netfinitynetwork.com/wp-includes/rest-api/endpoints/" "Mozilla/5.0 AppleWebKit/537.36 (KHTML, like Gecko; compatible; GPTBot/1.3; +https://openai.com/gptbot)"
74.7.243.201 - - [18/Jan/2026:01:06:18 +0700] "GET /wp-includes/Requests/?MD HTTP/2" 200 665 "https://netfinitynetwork.idm01.my.id/wp-includes/Requests/?MA" "Mozilla/5.0 AppleWebKit/537.36 (KHTML, like Gecko; compatible; GPTBot/1.3; +https://openai.com/gptbot)"
74.7.243.196 - - [18/Jan/2026:01:06:26 +0700] "GET /wp-includes/Requests/?ND HTTP/2" 200 664 "https://www.netfinitynetwork.com/wp-includes/Requests/" "Mozilla/5.0 AppleWebKit/537.36 (KHTML, like Gecko; compatible; GPTBot/1.3; +https://openai.com/gptbot)"
74.7.227.136 - - [18/Jan/2026:01:06:30 +0700] "GET /wp-includes/rest-api/endpoints/class-wp-rest-search-controller.php HTTP/2" 500 0 "https://www.netfinitynetwork.idm01.my.id/wp-includes/rest-api/endpoints/" "Mozilla/5.0 AppleWebKit/537.36 (KHTML, like Gecko; compatible; GPTBot/1.3; +https://openai.com/gptbot)"
74.7.243.201 - - [18/Jan/2026:01:06:40 +0700] "GET /wp-includes/Requests/?NA HTTP/2" 200 663 "https://netfinitynetwork.idm01.my.id/wp-includes/Requests/?MA" "Mozilla/5.0 AppleWebKit/537.36 (KHTML, like Gecko; compatible; GPTBot/1.3; +https://openai.com/gptbot)"
74.7.243.232 - - [18/Jan/2026:01:06:56 +0700] "GET /wp-includes/sodium_compat/src/Crypto32.php HTTP/2" 200 0 "https://netfinitynetwork.com/wp-includes/sodium_compat/src/" "Mozilla/5.0 AppleWebKit/537.36 (KHTML, like Gecko; compatible; GPTBot/1.3; +https://openai.com/gptbot)"
74.7.243.201 - - [18/Jan/2026:01:07:00 +0700] "GET /wp-includes/Requests/?SD HTTP/2" 200 670 "https://netfinitynetwork.idm01.my.id/wp-includes/Requests/?SA" "Mozilla/5.0 AppleWebKit/537.36 (KHTML, like Gecko; compatible; GPTBot/1.3; +https://openai.com/gptbot)"
74.7.241.60 - - [18/Jan/2026:01:07:05 +0700] "GET /wp-includes/rest-api/endpoints/class-wp-rest-edit-site-export-controller.php HTTP/2" 500 0 "https://mail.netfinitynetwork.com/wp-includes/rest-api/endpoints/" "Mozilla/5.0 AppleWebKit/537.36 (KHTML, like Gecko; compatible; GPTBot/1.3; +https://openai.com/gptbot)"
74.7.243.196 - - [18/Jan/2026:01:07:07 +0700] "GET /wp-includes/sitemaps/?NA HTTP/2" 200 1143 "https://www.netfinitynetwork.com/wp-includes/sitemaps/?ND" "Mozilla/5.0 AppleWebKit/537.36 (KHTML, like Gecko; compatible; GPTBot/1.3; +https://openai.com/gptbot)"
74.7.243.201 - - [18/Jan/2026:01:07:18 +0700] "GET /wp-includes/cron.php HTTP/2" 200 0 "https://netfinitynetwork.idm01.my.id/wp-includes/" "Mozilla/5.0 AppleWebKit/537.36 (KHTML, like Gecko; compatible; GPTBot/1.3; +https://openai.com/gptbot)"
74.7.227.136 - - [18/Jan/2026:01:07:30 +0700] "GET /wp-includes/sodium_compat/src/error_log HTTP/2" 403 1242 "https://www.netfinitynetwork.idm01.my.id/wp-includes/sodium_compat/src/" "Mozilla/5.0 AppleWebKit/537.36 (KHTML, like Gecko; compatible; GPTBot/1.3; +https://openai.com/gptbot)"
74.7.243.201 - - [18/Jan/2026:01:07:33 +0700] "GET /wp-includes/date.php HTTP/2" 500 0 "https://netfinitynetwork.idm01.my.id/wp-includes/" "Mozilla/5.0 AppleWebKit/537.36 (KHTML, like Gecko; compatible; GPTBot/1.3; +https://openai.com/gptbot)"
74.7.243.196 - - [18/Jan/2026:01:07:45 +0700] "GET /wp-includes/Requests/?MA HTTP/2" 200 670 "https://www.netfinitynetwork.com/wp-includes/Requests/" "Mozilla/5.0 AppleWebKit/537.36 (KHTML, like Gecko; compatible; GPTBot/1.3; +https://openai.com/gptbot)"
74.7.243.232 - - [18/Jan/2026:01:07:47 +0700] "GET /wp-includes/sitemaps/?NA HTTP/2" 200 1138 "https://netfinitynetwork.com/wp-includes/sitemaps/?MA" "Mozilla/5.0 AppleWebKit/537.36 (KHTML, like Gecko; compatible; GPTBot/1.3; +https://openai.com/gptbot)"
74.7.243.201 - - [18/Jan/2026:01:07:48 +0700] "GET /wp-includes/media.php HTTP/2" 200 6 "https://netfinitynetwork.idm01.my.id/wp-includes/" "Mozilla/5.0 AppleWebKit/537.36 (KHTML, like Gecko; compatible; GPTBot/1.3; +https://openai.com/gptbot)"
74.7.241.60 - - [18/Jan/2026:01:08:05 +0700] "GET /wp-includes/rest-api/endpoints/class-wp-rest-controller.php HTTP/2" 200 0 "https://mail.netfinitynetwork.com/wp-includes/rest-api/endpoints/" "Mozilla/5.0 AppleWebKit/537.36 (KHTML, like Gecko; compatible; GPTBot/1.3; +https://openai.com/gptbot)"
74.7.243.196 - - [18/Jan/2026:01:08:20 +0700] "GET /wp-includes/sitemaps/?MD HTTP/2" 200 1154 "https://www.netfinitynetwork.com/wp-includes/sitemaps/?MA" "Mozilla/5.0 AppleWebKit/537.36 (KHTML, like Gecko; compatible; GPTBot/1.3; +https://openai.com/gptbot)"
74.7.243.232 - - [18/Jan/2026:01:08:32 +0700] "GET /wp-includes/sitemaps/?SD HTTP/2" 200 1149 "https://netfinitynetwork.com/wp-includes/sitemaps/?SA" "Mozilla/5.0 AppleWebKit/537.36 (KHTML, like Gecko; compatible; GPTBot/1.3; +https://openai.com/gptbot)"
74.7.243.201 - - [18/Jan/2026:01:08:33 +0700] "GET /wp-includes/load.php HTTP/2" 200 0 "https://netfinitynetwork.idm01.my.id/wp-includes/" "Mozilla/5.0 AppleWebKit/537.36 (KHTML, like Gecko; compatible; GPTBot/1.3; +https://openai.com/gptbot)"
74.7.227.136 - - [18/Jan/2026:01:08:33 +0700] "GET /wp-includes/rest-api/endpoints/class-wp-rest-site-health-controller.php HTTP/2" 500 0 "https://www.netfinitynetwork.idm01.my.id/wp-includes/rest-api/endpoints/" "Mozilla/5.0 AppleWebKit/537.36 (KHTML, like Gecko; compatible; GPTBot/1.3; +https://openai.com/gptbot)"
74.7.243.196 - - [18/Jan/2026:01:08:50 +0700] "GET /wp-includes/sitemaps/?SD HTTP/2" 200 1152 "https://www.netfinitynetwork.com/wp-includes/sitemaps/?SA" "Mozilla/5.0 AppleWebKit/537.36 (KHTML, like Gecko; compatible; GPTBot/1.3; +https://openai.com/gptbot)"
74.7.241.60 - - [18/Jan/2026:01:09:05 +0700] "GET /wp-includes/Text/?NA HTTP/2" 200 735 "https://mail.netfinitynetwork.com/wp-includes/Text/?ND" "Mozilla/5.0 AppleWebKit/537.36 (KHTML, like Gecko; compatible; GPTBot/1.3; +https://openai.com/gptbot)"
74.7.243.201 - - [18/Jan/2026:01:09:12 +0700] "GET /wp-includes/meta.php HTTP/2" 500 0 "https://netfinitynetwork.idm01.my.id/wp-includes/" "Mozilla/5.0 AppleWebKit/537.36 (KHTML, like Gecko; compatible; GPTBot/1.3; +https://openai.com/gptbot)"
74.7.243.232 - - [18/Jan/2026:01:09:12 +0700] "GET /wp-includes/Requests/?ND HTTP/2" 200 660 "https://netfinitynetwork.com/wp-includes/Requests/" "Mozilla/5.0 AppleWebKit/537.36 (KHTML, like Gecko; compatible; GPTBot/1.3; +https://openai.com/gptbot)"
74.7.243.196 - - [18/Jan/2026:01:09:16 +0700] "GET /wp-includes/fonts/dashicons.svg HTTP/2" 200 38972 "https://www.netfinitynetwork.com/wp-includes/fonts/" "Mozilla/5.0 AppleWebKit/537.36 (KHTML, like Gecko; compatible; GPTBot/1.3; +https://openai.com/gptbot)"
74.7.227.136 - - [18/Jan/2026:01:09:37 +0700] "GET /wp-includes/rest-api/endpoints/class-wp-rest-edit-site-export-controller.php HTTP/2" 500 0 "https://www.netfinitynetwork.idm01.my.id/wp-includes/rest-api/endpoints/" "Mozilla/5.0 AppleWebKit/537.36 (KHTML, like Gecko; compatible; GPTBot/1.3; +https://openai.com/gptbot)"
74.7.243.196 - - [18/Jan/2026:01:09:40 +0700] "GET /wp-includes/customize/error_log HTTP/2" 403 1242 "https://www.netfinitynetwork.com/wp-includes/customize/" "Mozilla/5.0 AppleWebKit/537.36 (KHTML, like Gecko; compatible; GPTBot/1.3; +https://openai.com/gptbot)"
74.7.243.201 - - [18/Jan/2026:01:09:48 +0700] "GET /wp-includes/query.php HTTP/2" 200 0 "https://netfinitynetwork.idm01.my.id/wp-includes/" "Mozilla/5.0 AppleWebKit/537.36 (KHTML, like Gecko; compatible; GPTBot/1.3; +https://openai.com/gptbot)"
74.7.243.232 - - [18/Jan/2026:01:09:49 +0700] "GET /wp-includes/Requests/?MA HTTP/2" 200 666 "https://netfinitynetwork.com/wp-includes/Requests/" "Mozilla/5.0 AppleWebKit/537.36 (KHTML, like Gecko; compatible; GPTBot/1.3; +https://openai.com/gptbot)"
74.7.241.60 - - [18/Jan/2026:01:10:02 +0700] "GET /wp-includes/Text/?MD HTTP/2" 200 741 "https://mail.netfinitynetwork.com/wp-includes/Text/?MA" "Mozilla/5.0 AppleWebKit/537.36 (KHTML, like Gecko; compatible; GPTBot/1.3; +https://openai.com/gptbot)"
74.7.243.196 - - [18/Jan/2026:01:10:02 +0700] "GET /wp-includes/update.php HTTP/2" 200 6 "https://www.netfinitynetwork.com/wp-includes/" "Mozilla/5.0 AppleWebKit/537.36 (KHTML, like Gecko; compatible; GPTBot/1.3; +https://openai.com/gptbot)"
74.7.243.232 - - [18/Jan/2026:01:10:24 +0700] "GET /wp-includes/sitemaps/?MD HTTP/2" 200 1153 "https://netfinitynetwork.com/wp-includes/sitemaps/?MA" "Mozilla/5.0 AppleWebKit/537.36 (KHTML, like Gecko; compatible; GPTBot/1.3; +https://openai.com/gptbot)"
74.7.243.196 - - [18/Jan/2026:01:10:24 +0700] "GET /wp-includes/query.php HTTP/2" 200 0 "https://www.netfinitynetwork.com/wp-includes/" "Mozilla/5.0 AppleWebKit/537.36 (KHTML, like Gecko; compatible; GPTBot/1.3; +https://openai.com/gptbot)"
74.7.227.136 - - [18/Jan/2026:01:10:37 +0700] "GET /wp-includes/rest-api/endpoints/class-wp-rest-controller.php HTTP/2" 200 0 "https://www.netfinitynetwork.idm01.my.id/wp-includes/rest-api/endpoints/" "Mozilla/5.0 AppleWebKit/537.36 (KHTML, like Gecko; compatible; GPTBot/1.3; +https://openai.com/gptbot)"
74.7.243.196 - - [18/Jan/2026:01:10:44 +0700] "GET /wp-includes/meta.php HTTP/2" 500 0 "https://www.netfinitynetwork.com/wp-includes/" "Mozilla/5.0 AppleWebKit/537.36 (KHTML, like Gecko; compatible; GPTBot/1.3; +https://openai.com/gptbot)"
74.7.243.201 - - [18/Jan/2026:01:10:49 +0700] "GET /wp-includes/author-template.php HTTP/2" 200 0 "https://netfinitynetwork.idm01.my.id/wp-includes/" "Mozilla/5.0 AppleWebKit/537.36 (KHTML, like Gecko; compatible; GPTBot/1.3; +https://openai.com/gptbot)"
74.7.241.60 - - [18/Jan/2026:01:10:51 +0700] "GET /wp-includes/rest-api/endpoints/error_log HTTP/2" 403 1242 "https://mail.netfinitynetwork.com/wp-includes/rest-api/endpoints/" "Mozilla/5.0 AppleWebKit/537.36 (KHTML, like Gecko; compatible; GPTBot/1.3; +https://openai.com/gptbot)"
74.7.243.232 - - [18/Jan/2026:01:10:54 +0700] "GET /wp-includes/Requests/?SA HTTP/2" 200 659 "https://netfinitynetwork.com/wp-includes/Requests/" "Mozilla/5.0 AppleWebKit/537.36 (KHTML, like Gecko; compatible; GPTBot/1.3; +https://openai.com/gptbot)"
74.7.243.196 - - [18/Jan/2026:01:11:02 +0700] "GET /wp-includes/Requests/?NA HTTP/2" 200 662 "https://www.netfinitynetwork.com/wp-includes/Requests/?SA" "Mozilla/5.0 AppleWebKit/537.36 (KHTML, like Gecko; compatible; GPTBot/1.3; +https://openai.com/gptbot)"
74.7.243.232 - - [18/Jan/2026:01:11:21 +0700] "GET /wp-includes/customize/error_log HTTP/2" 403 1242 "https://netfinitynetwork.com/wp-includes/customize/" "Mozilla/5.0 AppleWebKit/537.36 (KHTML, like Gecko; compatible; GPTBot/1.3; +https://openai.com/gptbot)"
74.7.241.60 - - [18/Jan/2026:01:11:35 +0700] "GET /wp-includes/rest-api/endpoints/class-wp-rest-posts-controller.php HTTP/2" 500 0 "https://mail.netfinitynetwork.com/wp-includes/rest-api/endpoints/" "Mozilla/5.0 AppleWebKit/537.36 (KHTML, like Gecko; compatible; GPTBot/1.3; +https://openai.com/gptbot)"
74.7.227.136 - - [18/Jan/2026:01:11:42 +0700] "GET /wp-includes/Text/?SD HTTP/2" 200 744 "https://www.netfinitynetwork.idm01.my.id/wp-includes/Text/?SA" "Mozilla/5.0 AppleWebKit/537.36 (KHTML, like Gecko; compatible; GPTBot/1.3; +https://openai.com/gptbot)"
74.7.243.232 - - [18/Jan/2026:01:11:46 +0700] "GET /wp-includes/fonts/dashicons.svg HTTP/2" 200 38972 "https://netfinitynetwork.com/wp-includes/fonts/" "Mozilla/5.0 AppleWebKit/537.36 (KHTML, like Gecko; compatible; GPTBot/1.3; +https://openai.com/gptbot)"
74.7.243.201 - - [18/Jan/2026:01:11:49 +0700] "GET /wp-includes/widgets/class-wp-widget-media-video.php HTTP/2" 500 0 "https://netfinitynetwork.idm01.my.id/wp-includes/widgets/" "Mozilla/5.0 AppleWebKit/537.36 (KHTML, like Gecko; compatible; GPTBot/1.3; +https://openai.com/gptbot)"
74.7.243.196 - - [18/Jan/2026:01:11:57 +0700] "GET /wp-includes/Requests/?SD HTTP/2" 200 669 "https://www.netfinitynetwork.com/wp-includes/Requests/?SA" "Mozilla/5.0 AppleWebKit/537.36 (KHTML, like Gecko; compatible; GPTBot/1.3; +https://openai.com/gptbot)"
74.7.243.232 - - [18/Jan/2026:01:12:11 +0700] "GET /wp-includes/update.php HTTP/2" 200 6 "https://netfinitynetwork.com/wp-includes/" "Mozilla/5.0 AppleWebKit/537.36 (KHTML, like Gecko; compatible; GPTBot/1.3; +https://openai.com/gptbot)"
74.7.241.60 - - [18/Jan/2026:01:12:22 +0700] "GET /wp-includes/rest-api/endpoints/class-wp-rest-users-controller.php HTTP/2" 500 0 "https://mail.netfinitynetwork.com/wp-includes/rest-api/endpoints/" "Mozilla/5.0 AppleWebKit/537.36 (KHTML, like Gecko; compatible; GPTBot/1.3; +https://openai.com/gptbot)"
74.7.243.232 - - [18/Jan/2026:01:12:35 +0700] "GET /wp-includes/date.php HTTP/2" 500 0 "https://netfinitynetwork.com/wp-includes/" "Mozilla/5.0 AppleWebKit/537.36 (KHTML, like Gecko; compatible; GPTBot/1.3; +https://openai.com/gptbot)"
74.7.227.136 - - [18/Jan/2026:01:12:38 +0700] "GET /wp-includes/Text/?MD HTTP/2" 200 744 "https://www.netfinitynetwork.idm01.my.id/wp-includes/Text/?MA" "Mozilla/5.0 AppleWebKit/537.36 (KHTML, like Gecko; compatible; GPTBot/1.3; +https://openai.com/gptbot)"
74.7.243.201 - - [18/Jan/2026:01:12:42 +0700] "GET /wp-includes/pomo/ HTTP/2" 200 1112 "https://netfinitynetwork.idm01.my.id/wp-includes/" "Mozilla/5.0 AppleWebKit/537.36 (KHTML, like Gecko; compatible; GPTBot/1.3; +https://openai.com/gptbot)"
74.7.243.196 - - [18/Jan/2026:01:12:43 +0700] "GET /wp-includes/load.php HTTP/2" 200 0 "https://www.netfinitynetwork.com/wp-includes/" "Mozilla/5.0 AppleWebKit/537.36 (KHTML, like Gecko; compatible; GPTBot/1.3; +https://openai.com/gptbot)"
74.7.243.232 - - [18/Jan/2026:01:12:54 +0700] "GET /wp-includes/query.php HTTP/2" 200 0 "https://netfinitynetwork.com/wp-includes/" "Mozilla/5.0 AppleWebKit/537.36 (KHTML, like Gecko; compatible; GPTBot/1.3; +https://openai.com/gptbot)"
74.7.243.196 - - [18/Jan/2026:01:13:26 +0700] "GET /wp-includes/Requests/?MD HTTP/2" 200 664 "https://www.netfinitynetwork.com/wp-includes/Requests/?MA" "Mozilla/5.0 AppleWebKit/537.36 (KHTML, like Gecko; compatible; GPTBot/1.3; +https://openai.com/gptbot)"
74.7.241.60 - - [18/Jan/2026:01:13:27 +0700] "GET /wp-includes/sodium_compat/src/SodiumException.php HTTP/2" 200 0 "https://mail.netfinitynetwork.com/wp-includes/sodium_compat/src/" "Mozilla/5.0 AppleWebKit/537.36 (KHTML, like Gecko; compatible; GPTBot/1.3; +https://openai.com/gptbot)"
74.7.227.136 - - [18/Jan/2026:01:13:27 +0700] "GET /wp-includes/Text/?NA HTTP/2" 200 742 "https://www.netfinitynetwork.idm01.my.id/wp-includes/Text/?SA" "Mozilla/5.0 AppleWebKit/537.36 (KHTML, like Gecko; compatible; GPTBot/1.3; +https://openai.com/gptbot)"
74.7.243.201 - - [18/Jan/2026:01:13:43 +0700] "GET /wp-includes/rest-api/endpoints/class-wp-rest-font-families-controller.php HTTP/2" 500 0 "https://netfinitynetwork.idm01.my.id/wp-includes/rest-api/endpoints/" "Mozilla/5.0 AppleWebKit/537.36 (KHTML, like Gecko; compatible; GPTBot/1.3; +https://openai.com/gptbot)"
74.7.243.232 - - [18/Jan/2026:01:13:51 +0700] "GET /wp-includes/meta.php HTTP/2" 500 0 "https://netfinitynetwork.com/wp-includes/" "Mozilla/5.0 AppleWebKit/537.36 (KHTML, like Gecko; compatible; GPTBot/1.3; +https://openai.com/gptbot)"
74.7.243.196 - - [18/Jan/2026:01:14:06 +0700] "GET /wp-includes/date.php HTTP/2" 500 0 "https://www.netfinitynetwork.com/wp-includes/" "Mozilla/5.0 AppleWebKit/537.36 (KHTML, like Gecko; compatible; GPTBot/1.3; +https://openai.com/gptbot)"
74.7.227.136 - - [18/Jan/2026:01:14:15 +0700] "GET /wp-includes/rest-api/endpoints/error_log HTTP/2" 403 1242 "https://www.netfinitynetwork.idm01.my.id/wp-includes/rest-api/endpoints/" "Mozilla/5.0 AppleWebKit/537.36 (KHTML, like Gecko; compatible; GPTBot/1.3; +https://openai.com/gptbot)"
74.7.241.60 - - [18/Jan/2026:01:14:33 +0700] "GET /wp-includes/sodium_compat/src/Crypto.php HTTP/2" 200 0 "https://mail.netfinitynetwork.com/wp-includes/sodium_compat/src/" "Mozilla/5.0 AppleWebKit/537.36 (KHTML, like Gecko; compatible; GPTBot/1.3; +https://openai.com/gptbot)"
74.7.243.196 - - [18/Jan/2026:01:14:40 +0700] "GET /wp-includes/cron.php HTTP/2" 200 0 "https://www.netfinitynetwork.com/wp-includes/" "Mozilla/5.0 AppleWebKit/537.36 (KHTML, like Gecko; compatible; GPTBot/1.3; +https://openai.com/gptbot)"
74.7.243.201 - - [18/Jan/2026:01:14:41 +0700] "GET /wp-includes/sodium_compat/LICENSE HTTP/2" 200 860 "https://netfinitynetwork.idm01.my.id/wp-includes/sodium_compat/" "Mozilla/5.0 AppleWebKit/537.36 (KHTML, like Gecko; compatible; GPTBot/1.3; +https://openai.com/gptbot)"
74.7.243.232 - - [18/Jan/2026:01:14:45 +0700] "GET /wp-includes/cron.php HTTP/2" 200 0 "https://netfinitynetwork.com/wp-includes/" "Mozilla/5.0 AppleWebKit/537.36 (KHTML, like Gecko; compatible; GPTBot/1.3; +https://openai.com/gptbot)"
74.7.227.136 - - [18/Jan/2026:01:14:57 +0700] "GET /wp-includes/rest-api/endpoints/class-wp-rest-posts-controller.php HTTP/2" 500 0 "https://www.netfinitynetwork.idm01.my.id/wp-includes/rest-api/endpoints/" "Mozilla/5.0 AppleWebKit/537.36 (KHTML, like Gecko; compatible; GPTBot/1.3; +https://openai.com/gptbot)"
74.7.241.60 - - [18/Jan/2026:01:15:30 +0700] "GET /wp-includes/sodium_compat/src/Crypto32.php HTTP/2" 200 0 "https://mail.netfinitynetwork.com/wp-includes/sodium_compat/src/" "Mozilla/5.0 AppleWebKit/537.36 (KHTML, like Gecko; compatible; GPTBot/1.3; +https://openai.com/gptbot)"
74.7.227.136 - - [18/Jan/2026:01:15:39 +0700] "GET /wp-includes/rest-api/endpoints/class-wp-rest-users-controller.php HTTP/2" 500 0 "https://www.netfinitynetwork.idm01.my.id/wp-includes/rest-api/endpoints/" "Mozilla/5.0 AppleWebKit/537.36 (KHTML, like Gecko; compatible; GPTBot/1.3; +https://openai.com/gptbot)"
74.7.243.196 - - [18/Jan/2026:01:15:41 +0700] "GET /wp-includes/media.php HTTP/2" 200 6 "https://www.netfinitynetwork.com/wp-includes/" "Mozilla/5.0 AppleWebKit/537.36 (KHTML, like Gecko; compatible; GPTBot/1.3; +https://openai.com/gptbot)"
74.7.243.201 - - [18/Jan/2026:01:15:46 +0700] "GET /wp-includes/class-wp-duotone.php HTTP/2" 200 0 "https://netfinitynetwork.idm01.my.id/wp-includes/" "Mozilla/5.0 AppleWebKit/537.36 (KHTML, like Gecko; compatible; GPTBot/1.3; +https://openai.com/gptbot)"
74.7.243.232 - - [18/Jan/2026:01:15:48 +0700] "GET /wp-includes/Requests/?NA HTTP/2" 200 658 "https://netfinitynetwork.com/wp-includes/Requests/?ND" "Mozilla/5.0 AppleWebKit/537.36 (KHTML, like Gecko; compatible; GPTBot/1.3; +https://openai.com/gptbot)"
74.7.241.60 - - [18/Jan/2026:01:16:20 +0700] "GET /wp-includes/Requests/?MA HTTP/2" 200 669 "https://mail.netfinitynetwork.com/wp-includes/Requests/" "Mozilla/5.0 AppleWebKit/537.36 (KHTML, like Gecko; compatible; GPTBot/1.3; +https://openai.com/gptbot)"
74.7.243.196 - - [18/Jan/2026:01:16:40 +0700] "GET /wp-includes/fonts.php HTTP/2" 200 0 "https://www.netfinitynetwork.com/wp-includes/" "Mozilla/5.0 AppleWebKit/537.36 (KHTML, like Gecko; compatible; GPTBot/1.3; +https://openai.com/gptbot)"
74.7.243.201 - - [18/Jan/2026:01:16:42 +0700] "GET /wp-includes/class-wp-rewrite.php HTTP/2" 200 0 "https://netfinitynetwork.idm01.my.id/wp-includes/" "Mozilla/5.0 AppleWebKit/537.36 (KHTML, like Gecko; compatible; GPTBot/1.3; +https://openai.com/gptbot)"
74.7.227.136 - - [18/Jan/2026:01:16:43 +0700] "GET /wp-includes/sodium_compat/src/SodiumException.php HTTP/2" 200 0 "https://www.netfinitynetwork.idm01.my.id/wp-includes/sodium_compat/src/" "Mozilla/5.0 AppleWebKit/537.36 (KHTML, like Gecko; compatible; GPTBot/1.3; +https://openai.com/gptbot)"
74.7.243.232 - - [18/Jan/2026:01:16:44 +0700] "GET /wp-includes/Requests/?MD HTTP/2" 200 660 "https://netfinitynetwork.com/wp-includes/Requests/?MA" "Mozilla/5.0 AppleWebKit/537.36 (KHTML, like Gecko; compatible; GPTBot/1.3; +https://openai.com/gptbot)"
74.7.241.60 - - [18/Jan/2026:01:17:06 +0700] "GET /wp-includes/sitemaps/?SD HTTP/2" 200 1151 "https://mail.netfinitynetwork.com/wp-includes/sitemaps/?SA" "Mozilla/5.0 AppleWebKit/537.36 (KHTML, like Gecko; compatible; GPTBot/1.3; +https://openai.com/gptbot)"
74.7.243.196 - - [18/Jan/2026:01:17:32 +0700] "GET /wp-includes/vars.php HTTP/2" 200 6 "https://www.netfinitynetwork.com/wp-includes/" "Mozilla/5.0 AppleWebKit/537.36 (KHTML, like Gecko; compatible; GPTBot/1.3; +https://openai.com/gptbot)"
74.7.243.201 - - [18/Jan/2026:01:17:33 +0700] "GET /wp-includes/rest-api/endpoints/class-wp-rest-font-faces-controller.php HTTP/2" 500 0 "https://netfinitynetwork.idm01.my.id/wp-includes/rest-api/endpoints/" "Mozilla/5.0 AppleWebKit/537.36 (KHTML, like Gecko; compatible; GPTBot/1.3; +https://openai.com/gptbot)"
74.7.243.232 - - [18/Jan/2026:01:17:36 +0700] "GET /wp-includes/vars.php HTTP/2" 200 6 "https://netfinitynetwork.com/wp-includes/" "Mozilla/5.0 AppleWebKit/537.36 (KHTML, like Gecko; compatible; GPTBot/1.3; +https://openai.com/gptbot)"
74.7.227.136 - - [18/Jan/2026:01:17:45 +0700] "GET /wp-includes/sodium_compat/src/Crypto.php HTTP/2" 200 0 "https://www.netfinitynetwork.idm01.my.id/wp-includes/sodium_compat/src/" "Mozilla/5.0 AppleWebKit/537.36 (KHTML, like Gecko; compatible; GPTBot/1.3; +https://openai.com/gptbot)"
74.7.241.60 - - [18/Jan/2026:01:17:48 +0700] "GET /wp-includes/sitemaps/?MD HTTP/2" 200 1153 "https://mail.netfinitynetwork.com/wp-includes/sitemaps/?MA" "Mozilla/5.0 AppleWebKit/537.36 (KHTML, like Gecko; compatible; GPTBot/1.3; +https://openai.com/gptbot)"
205.210.31.51 - - [18/Jan/2026:01:18:10 +0700] "GET / HTTP/1.1" 200 7839 "-" "-"
74.7.243.196 - - [18/Jan/2026:01:18:17 +0700] "GET /wp-includes/author-template.php HTTP/2" 200 0 "https://www.netfinitynetwork.com/wp-includes/" "Mozilla/5.0 AppleWebKit/537.36 (KHTML, like Gecko; compatible; GPTBot/1.3; +https://openai.com/gptbot)"
74.7.243.232 - - [18/Jan/2026:01:18:18 +0700] "GET /wp-includes/Requests/?SD HTTP/2" 200 666 "https://netfinitynetwork.com/wp-includes/Requests/?SA" "Mozilla/5.0 AppleWebKit/537.36 (KHTML, like Gecko; compatible; GPTBot/1.3; +https://openai.com/gptbot)"
74.7.243.201 - - [18/Jan/2026:01:18:18 +0700] "GET /wp-includes/rest-api/endpoints/class-wp-rest-themes-controller.php HTTP/2" 500 0 "https://netfinitynetwork.idm01.my.id/wp-includes/rest-api/endpoints/" "Mozilla/5.0 AppleWebKit/537.36 (KHTML, like Gecko; compatible; GPTBot/1.3; +https://openai.com/gptbot)"
74.7.241.60 - - [18/Jan/2026:01:18:25 +0700] "GET /wp-includes/sitemaps/?NA HTTP/2" 200 1142 "https://mail.netfinitynetwork.com/wp-includes/sitemaps/?ND" "Mozilla/5.0 AppleWebKit/537.36 (KHTML, like Gecko; compatible; GPTBot/1.3; +https://openai.com/gptbot)"
74.7.227.136 - - [18/Jan/2026:01:18:42 +0700] "GET /wp-includes/sodium_compat/src/Crypto32.php HTTP/2" 200 0 "https://www.netfinitynetwork.idm01.my.id/wp-includes/sodium_compat/src/" "Mozilla/5.0 AppleWebKit/537.36 (KHTML, like Gecko; compatible; GPTBot/1.3; +https://openai.com/gptbot)"
74.7.241.60 - - [18/Jan/2026:01:18:59 +0700] "GET /wp-includes/Requests/?SA HTTP/2" 200 663 "https://mail.netfinitynetwork.com/wp-includes/Requests/" "Mozilla/5.0 AppleWebKit/537.36 (KHTML, like Gecko; compatible; GPTBot/1.3; +https://openai.com/gptbot)"
74.7.243.196 - - [18/Jan/2026:01:18:59 +0700] "GET /wp-includes/widgets/class-wp-widget-media-video.php HTTP/2" 500 0 "https://www.netfinitynetwork.com/wp-includes/widgets/" "Mozilla/5.0 AppleWebKit/537.36 (KHTML, like Gecko; compatible; GPTBot/1.3; +https://openai.com/gptbot)"
74.7.243.232 - - [18/Jan/2026:01:19:00 +0700] "GET /wp-includes/media.php HTTP/2" 200 6 "https://netfinitynetwork.com/wp-includes/" "Mozilla/5.0 AppleWebKit/537.36 (KHTML, like Gecko; compatible; GPTBot/1.3; +https://openai.com/gptbot)"
74.7.243.201 - - [18/Jan/2026:01:19:19 +0700] "GET /wp-includes/rest-api/endpoints/class-wp-rest-block-types-controller.php HTTP/2" 500 0 "https://netfinitynetwork.idm01.my.id/wp-includes/rest-api/endpoints/" "Mozilla/5.0 AppleWebKit/537.36 (KHTML, like Gecko; compatible; GPTBot/1.3; +https://openai.com/gptbot)"
74.7.241.60 - - [18/Jan/2026:01:19:28 +0700] "GET /wp-includes/Requests/?ND HTTP/2" 200 664 "https://mail.netfinitynetwork.com/wp-includes/Requests/" "Mozilla/5.0 AppleWebKit/537.36 (KHTML, like Gecko; compatible; GPTBot/1.3; +https://openai.com/gptbot)"
74.7.227.136 - - [18/Jan/2026:01:19:33 +0700] "GET /wp-includes/Requests/?MA HTTP/2" 200 675 "https://www.netfinitynetwork.idm01.my.id/wp-includes/Requests/" "Mozilla/5.0 AppleWebKit/537.36 (KHTML, like Gecko; compatible; GPTBot/1.3; +https://openai.com/gptbot)"
74.7.243.232 - - [18/Jan/2026:01:19:36 +0700] "GET /wp-includes/load.php HTTP/2" 200 0 "https://netfinitynetwork.com/wp-includes/" "Mozilla/5.0 AppleWebKit/537.36 (KHTML, like Gecko; compatible; GPTBot/1.3; +https://openai.com/gptbot)"
74.7.243.196 - - [18/Jan/2026:01:19:36 +0700] "GET /wp-includes/pomo/ HTTP/2" 200 1109 "https://www.netfinitynetwork.com/wp-includes/" "Mozilla/5.0 AppleWebKit/537.36 (KHTML, like Gecko; compatible; GPTBot/1.3; +https://openai.com/gptbot)"
74.7.241.60 - - [18/Jan/2026:01:19:55 +0700] "GET /wp-includes/customize/error_log HTTP/2" 403 1242 "https://mail.netfinitynetwork.com/wp-includes/customize/" "Mozilla/5.0 AppleWebKit/537.36 (KHTML, like Gecko; compatible; GPTBot/1.3; +https://openai.com/gptbot)"
74.7.243.232 - - [18/Jan/2026:01:20:09 +0700] "GET /wp-includes/fonts.php HTTP/2" 200 0 "https://netfinitynetwork.com/wp-includes/" "Mozilla/5.0 AppleWebKit/537.36 (KHTML, like Gecko; compatible; GPTBot/1.3; +https://openai.com/gptbot)"
74.7.241.60 - - [18/Jan/2026:01:20:19 +0700] "GET /wp-includes/fonts/dashicons.svg HTTP/2" 200 38972 "https://mail.netfinitynetwork.com/wp-includes/fonts/" "Mozilla/5.0 AppleWebKit/537.36 (KHTML, like Gecko; compatible; GPTBot/1.3; +https://openai.com/gptbot)"
74.7.227.136 - - [18/Jan/2026:01:20:19 +0700] "GET /wp-includes/Requests/?ND HTTP/2" 200 668 "https://www.netfinitynetwork.idm01.my.id/wp-includes/Requests/" "Mozilla/5.0 AppleWebKit/537.36 (KHTML, like Gecko; compatible; GPTBot/1.3; +https://openai.com/gptbot)"
74.7.243.201 - - [18/Jan/2026:01:20:20 +0700] "GET /wp-includes/rest-api/endpoints/class-wp-rest-menu-items-controller.php HTTP/2" 500 0 "https://netfinitynetwork.idm01.my.id/wp-includes/rest-api/endpoints/" "Mozilla/5.0 AppleWebKit/537.36 (KHTML, like Gecko; compatible; GPTBot/1.3; +https://openai.com/gptbot)"
74.7.243.196 - - [18/Jan/2026:01:20:37 +0700] "GET /wp-includes/rest-api/endpoints/class-wp-rest-font-families-controller.php HTTP/2" 500 0 "https://www.netfinitynetwork.com/wp-includes/rest-api/endpoints/" "Mozilla/5.0 AppleWebKit/537.36 (KHTML, like Gecko; compatible; GPTBot/1.3; +https://openai.com/gptbot)"
74.7.243.232 - - [18/Jan/2026:01:20:41 +0700] "GET /wp-includes/author-template.php HTTP/2" 200 0 "https://netfinitynetwork.com/wp-includes/" "Mozilla/5.0 AppleWebKit/537.36 (KHTML, like Gecko; compatible; GPTBot/1.3; +https://openai.com/gptbot)"
74.7.241.60 - - [18/Jan/2026:01:20:44 +0700] "GET /wp-includes/update.php HTTP/2" 200 6 "https://mail.netfinitynetwork.com/wp-includes/" "Mozilla/5.0 AppleWebKit/537.36 (KHTML, like Gecko; compatible; GPTBot/1.3; +https://openai.com/gptbot)"
74.7.227.136 - - [18/Jan/2026:01:20:59 +0700] "GET /wp-includes/sitemaps/?SD HTTP/2" 200 1158 "https://www.netfinitynetwork.idm01.my.id/wp-includes/sitemaps/?SA" "Mozilla/5.0 AppleWebKit/537.36 (KHTML, like Gecko; compatible; GPTBot/1.3; +https://openai.com/gptbot)"
74.7.241.60 - - [18/Jan/2026:01:21:06 +0700] "GET /wp-includes/date.php HTTP/2" 500 0 "https://mail.netfinitynetwork.com/wp-includes/" "Mozilla/5.0 AppleWebKit/537.36 (KHTML, like Gecko; compatible; GPTBot/1.3; +https://openai.com/gptbot)"
74.7.243.232 - - [18/Jan/2026:01:21:09 +0700] "GET /wp-includes/widgets/class-wp-widget-media-video.php HTTP/2" 500 0 "https://netfinitynetwork.com/wp-includes/widgets/" "Mozilla/5.0 AppleWebKit/537.36 (KHTML, like Gecko; compatible; GPTBot/1.3; +https://openai.com/gptbot)"
74.7.243.201 - - [18/Jan/2026:01:21:24 +0700] "GET /wp-includes/rest-api/endpoints/class-wp-rest-widget-types-controller.php HTTP/2" 500 0 "https://netfinitynetwork.idm01.my.id/wp-includes/rest-api/endpoints/" "Mozilla/5.0 AppleWebKit/537.36 (KHTML, like Gecko; compatible; GPTBot/1.3; +https://openai.com/gptbot)"
74.7.241.60 - - [18/Jan/2026:01:21:26 +0700] "GET /wp-includes/media.php HTTP/2" 200 6 "https://mail.netfinitynetwork.com/wp-includes/" "Mozilla/5.0 AppleWebKit/537.36 (KHTML, like Gecko; compatible; GPTBot/1.3; +https://openai.com/gptbot)"
74.7.243.196 - - [18/Jan/2026:01:21:33 +0700] "GET /wp-includes/sodium_compat/LICENSE HTTP/2" 200 860 "https://www.netfinitynetwork.com/wp-includes/sodium_compat/" "Mozilla/5.0 AppleWebKit/537.36 (KHTML, like Gecko; compatible; GPTBot/1.3; +https://openai.com/gptbot)"
74.7.243.232 - - [18/Jan/2026:01:21:33 +0700] "GET /wp-includes/pomo/ HTTP/2" 200 1105 "https://netfinitynetwork.com/wp-includes/" "Mozilla/5.0 AppleWebKit/537.36 (KHTML, like Gecko; compatible; GPTBot/1.3; +https://openai.com/gptbot)"
74.7.227.136 - - [18/Jan/2026:01:21:35 +0700] "GET /wp-includes/Requests/?SA HTTP/2" 200 669 "https://www.netfinitynetwork.idm01.my.id/wp-includes/Requests/" "Mozilla/5.0 AppleWebKit/537.36 (KHTML, like Gecko; compatible; GPTBot/1.3; +https://openai.com/gptbot)"
74.7.227.136 - - [18/Jan/2026:01:22:09 +0700] "GET /wp-includes/sitemaps/?NA HTTP/2" 200 1148 "https://www.netfinitynetwork.idm01.my.id/wp-includes/sitemaps/?MA" "Mozilla/5.0 AppleWebKit/537.36 (KHTML, like Gecko; compatible; GPTBot/1.3; +https://openai.com/gptbot)"
74.7.243.201 - - [18/Jan/2026:01:22:28 +0700] "GET /wp-includes/PHPMailer/ HTTP/2" 200 1173 "https://netfinitynetwork.idm01.my.id/wp-includes/" "Mozilla/5.0 AppleWebKit/537.36 (KHTML, like Gecko; compatible; GPTBot/1.3; +https://openai.com/gptbot)"
74.7.241.60 - - [18/Jan/2026:01:22:28 +0700] "GET /wp-includes/Requests/?MD HTTP/2" 200 664 "https://mail.netfinitynetwork.com/wp-includes/Requests/?MA" "Mozilla/5.0 AppleWebKit/537.36 (KHTML, like Gecko; compatible; GPTBot/1.3; +https://openai.com/gptbot)"
74.7.227.136 - - [18/Jan/2026:01:22:38 +0700] "GET /wp-includes/sitemaps/?MD HTTP/2" 200 1158 "https://www.netfinitynetwork.idm01.my.id/wp-includes/sitemaps/?MA" "Mozilla/5.0 AppleWebKit/537.36 (KHTML, like Gecko; compatible; GPTBot/1.3; +https://openai.com/gptbot)"
74.7.243.196 - - [18/Jan/2026:01:22:38 +0700] "GET /wp-includes/class-wp-duotone.php HTTP/2" 200 0 "https://www.netfinitynetwork.com/wp-includes/" "Mozilla/5.0 AppleWebKit/537.36 (KHTML, like Gecko; compatible; GPTBot/1.3; +https://openai.com/gptbot)"
74.7.243.232 - - [18/Jan/2026:01:22:39 +0700] "GET /wp-includes/rest-api/endpoints/class-wp-rest-font-families-controller.php HTTP/2" 500 0 "https://netfinitynetwork.com/wp-includes/rest-api/endpoints/" "Mozilla/5.0 AppleWebKit/537.36 (KHTML, like Gecko; compatible; GPTBot/1.3; +https://openai.com/gptbot)"
74.7.227.136 - - [18/Jan/2026:01:23:05 +0700] "GET /wp-includes/fonts/dashicons.svg HTTP/2" 200 38972 "https://www.netfinitynetwork.idm01.my.id/wp-includes/fonts/" "Mozilla/5.0 AppleWebKit/537.36 (KHTML, like Gecko; compatible; GPTBot/1.3; +https://openai.com/gptbot)"
74.7.241.60 - - [18/Jan/2026:01:23:20 +0700] "GET /wp-includes/Requests/?NA HTTP/2" 200 661 "https://mail.netfinitynetwork.com/wp-includes/Requests/?MA" "Mozilla/5.0 AppleWebKit/537.36 (KHTML, like Gecko; compatible; GPTBot/1.3; +https://openai.com/gptbot)"
74.7.227.136 - - [18/Jan/2026:01:23:28 +0700] "GET /wp-includes/customize/error_log HTTP/2" 403 1242 "https://www.netfinitynetwork.idm01.my.id/wp-includes/customize/" "Mozilla/5.0 AppleWebKit/537.36 (KHTML, like Gecko; compatible; GPTBot/1.3; +https://openai.com/gptbot)"
74.7.243.201 - - [18/Jan/2026:01:23:30 +0700] "GET /wp-includes/pomo/?SA HTTP/2" 200 1114 "https://netfinitynetwork.idm01.my.id/wp-includes/pomo/" "Mozilla/5.0 AppleWebKit/537.36 (KHTML, like Gecko; compatible; GPTBot/1.3; +https://openai.com/gptbot)"
74.7.243.196 - - [18/Jan/2026:01:23:33 +0700] "GET /wp-includes/class-wp-rewrite.php HTTP/2" 200 0 "https://www.netfinitynetwork.com/wp-includes/" "Mozilla/5.0 AppleWebKit/537.36 (KHTML, like Gecko; compatible; GPTBot/1.3; +https://openai.com/gptbot)"
74.7.243.232 - - [18/Jan/2026:01:23:36 +0700] "GET /wp-includes/sodium_compat/LICENSE HTTP/2" 200 860 "https://netfinitynetwork.com/wp-includes/sodium_compat/" "Mozilla/5.0 AppleWebKit/537.36 (KHTML, like Gecko; compatible; GPTBot/1.3; +https://openai.com/gptbot)"
74.7.227.136 - - [18/Jan/2026:01:23:51 +0700] "GET /wp-includes/update.php HTTP/2" 200 6 "https://www.netfinitynetwork.idm01.my.id/wp-includes/" "Mozilla/5.0 AppleWebKit/537.36 (KHTML, like Gecko; compatible; GPTBot/1.3; +https://openai.com/gptbot)"
74.7.241.60 - - [18/Jan/2026:01:24:09 +0700] "GET /wp-includes/fonts.php HTTP/2" 200 0 "https://mail.netfinitynetwork.com/wp-includes/" "Mozilla/5.0 AppleWebKit/537.36 (KHTML, like Gecko; compatible; GPTBot/1.3; +https://openai.com/gptbot)"
74.7.227.136 - - [18/Jan/2026:01:24:14 +0700] "GET /wp-includes/media.php HTTP/2" 200 6 "https://www.netfinitynetwork.idm01.my.id/wp-includes/" "Mozilla/5.0 AppleWebKit/537.36 (KHTML, like Gecko; compatible; GPTBot/1.3; +https://openai.com/gptbot)"
74.7.243.196 - - [18/Jan/2026:01:24:23 +0700] "GET /wp-includes/rest-api/endpoints/class-wp-rest-widget-types-controller.php HTTP/2" 500 0 "https://www.netfinitynetwork.com/wp-includes/rest-api/endpoints/" "Mozilla/5.0 AppleWebKit/537.36 (KHTML, like Gecko; compatible; GPTBot/1.3; +https://openai.com/gptbot)"
