74.7.241.60 - - [17/Jan/2026:21:30:17 +0700] "GET /wp-includes/class-wp-http-cookie.php HTTP/2" 200 0 "https://mail.netfinitynetwork.com/wp-includes/" "Mozilla/5.0 AppleWebKit/537.36 (KHTML, like Gecko; compatible; GPTBot/1.3; +https://openai.com/gptbot)"
74.7.243.232 - - [17/Jan/2026:21:30:17 +0700] "GET /gfherhfghre/commentsos/vendoyters/ HTTP/2" 200 680 "https://netfinitynetwork.com/gfherhfghre/commentsos/" "Mozilla/5.0 AppleWebKit/537.36 (KHTML, like Gecko; compatible; GPTBot/1.3; +https://openai.com/gptbot)"
74.7.243.201 - - [17/Jan/2026:21:30:22 +0700] "GET /wp-includes/class-wp-theme.php HTTP/2" 200 0 "https://netfinitynetwork.idm01.my.id/wp-includes/" "Mozilla/5.0 AppleWebKit/537.36 (KHTML, like Gecko; compatible; GPTBot/1.3; +https://openai.com/gptbot)"
74.7.241.60 - - [17/Jan/2026:21:30:31 +0700] "GET /wp-includes/functions.wp-scripts.php HTTP/2" 200 0 "https://mail.netfinitynetwork.com/wp-includes/" "Mozilla/5.0 AppleWebKit/537.36 (KHTML, like Gecko; compatible; GPTBot/1.3; +https://openai.com/gptbot)"
74.7.243.232 - - [17/Jan/2026:21:30:33 +0700] "GET /gfherhfghre/?ND HTTP/2" 200 617 "https://netfinitynetwork.com/gfherhfghre/" "Mozilla/5.0 AppleWebKit/537.36 (KHTML, like Gecko; compatible; GPTBot/1.3; +https://openai.com/gptbot)"
74.7.227.136 - - [17/Jan/2026:21:30:38 +0700] "GET /wp-includes/class-wp-dependency.php HTTP/2" 200 0 "https://www.netfinitynetwork.idm01.my.id/wp-includes/" "Mozilla/5.0 AppleWebKit/537.36 (KHTML, like Gecko; compatible; GPTBot/1.3; +https://openai.com/gptbot)"
74.7.243.196 - - [17/Jan/2026:21:30:40 +0700] "GET /wp-includes/class-wp-block.php HTTP/2" 200 0 "https://www.netfinitynetwork.com/wp-includes/" "Mozilla/5.0 AppleWebKit/537.36 (KHTML, like Gecko; compatible; GPTBot/1.3; +https://openai.com/gptbot)"
74.7.241.60 - - [17/Jan/2026:21:30:43 +0700] "GET /wp-includes/default-widgets.php HTTP/2" 200 6 "https://mail.netfinitynetwork.com/wp-includes/" "Mozilla/5.0 AppleWebKit/537.36 (KHTML, like Gecko; compatible; GPTBot/1.3; +https://openai.com/gptbot)"
74.7.243.201 - - [17/Jan/2026:21:30:44 +0700] "GET /wp-includes/class-wp-block.php HTTP/2" 200 0 "https://netfinitynetwork.idm01.my.id/wp-includes/" "Mozilla/5.0 AppleWebKit/537.36 (KHTML, like Gecko; compatible; GPTBot/1.3; +https://openai.com/gptbot)"
74.7.243.232 - - [17/Jan/2026:21:30:46 +0700] "GET /gfherhfghre/?MA HTTP/2" 200 619 "https://netfinitynetwork.com/gfherhfghre/" "Mozilla/5.0 AppleWebKit/537.36 (KHTML, like Gecko; compatible; GPTBot/1.3; +https://openai.com/gptbot)"
74.7.241.60 - - [17/Jan/2026:21:30:53 +0700] "GET /wp-includes/default-filters.php HTTP/2" 200 6 "https://mail.netfinitynetwork.com/wp-includes/" "Mozilla/5.0 AppleWebKit/537.36 (KHTML, like Gecko; compatible; GPTBot/1.3; +https://openai.com/gptbot)"
74.7.243.232 - - [17/Jan/2026:21:30:59 +0700] "GET /wp-includes/class-wp-http-curl.php HTTP/2" 200 0 "https://netfinitynetwork.com/wp-includes/" "Mozilla/5.0 AppleWebKit/537.36 (KHTML, like Gecko; compatible; GPTBot/1.3; +https://openai.com/gptbot)"
74.7.241.60 - - [17/Jan/2026:21:31:02 +0700] "GET /wp-includes/class-wp-styles.php HTTP/2" 500 0 "https://mail.netfinitynetwork.com/wp-includes/" "Mozilla/5.0 AppleWebKit/537.36 (KHTML, like Gecko; compatible; GPTBot/1.3; +https://openai.com/gptbot)"
74.7.243.196 - - [17/Jan/2026:21:31:02 +0700] "GET /wp-includes/class-wp-query.php HTTP/2" 200 0 "https://www.netfinitynetwork.com/wp-includes/" "Mozilla/5.0 AppleWebKit/537.36 (KHTML, like Gecko; compatible; GPTBot/1.3; +https://openai.com/gptbot)"
74.7.243.201 - - [17/Jan/2026:21:31:04 +0700] "GET /wp-includes/class-wp-query.php HTTP/2" 200 0 "https://netfinitynetwork.idm01.my.id/wp-includes/" "Mozilla/5.0 AppleWebKit/537.36 (KHTML, like Gecko; compatible; GPTBot/1.3; +https://openai.com/gptbot)"
74.7.227.136 - - [17/Jan/2026:21:31:07 +0700] "GET /wp-includes/class-wp-http-streams.php HTTP/2" 200 0 "https://www.netfinitynetwork.idm01.my.id/wp-includes/" "Mozilla/5.0 AppleWebKit/537.36 (KHTML, like Gecko; compatible; GPTBot/1.3; +https://openai.com/gptbot)"
74.7.243.232 - - [17/Jan/2026:21:31:10 +0700] "GET /wp-includes/html-api/class-wp-html-span.php HTTP/2" 200 0 "https://netfinitynetwork.com/wp-includes/html-api/" "Mozilla/5.0 AppleWebKit/537.36 (KHTML, like Gecko; compatible; GPTBot/1.3; +https://openai.com/gptbot)"
74.7.241.60 - - [17/Jan/2026:21:31:10 +0700] "GET /wp-includes/class-wp-theme-json-resolver.php HTTP/2" 200 0 "https://mail.netfinitynetwork.com/wp-includes/" "Mozilla/5.0 AppleWebKit/537.36 (KHTML, like Gecko; compatible; GPTBot/1.3; +https://openai.com/gptbot)"
74.7.243.232 - - [17/Jan/2026:21:31:20 +0700] "GET /wp-includes/class-walker-comment.php HTTP/2" 500 0 "https://netfinitynetwork.com/wp-includes/" "Mozilla/5.0 AppleWebKit/537.36 (KHTML, like Gecko; compatible; GPTBot/1.3; +https://openai.com/gptbot)"
74.7.243.201 - - [17/Jan/2026:21:31:22 +0700] "GET /wp-includes/class-wp-roles.php HTTP/2" 200 0 "https://netfinitynetwork.idm01.my.id/wp-includes/" "Mozilla/5.0 AppleWebKit/537.36 (KHTML, like Gecko; compatible; GPTBot/1.3; +https://openai.com/gptbot)"
74.7.243.196 - - [17/Jan/2026:21:31:22 +0700] "GET /wp-includes/class-wp-roles.php HTTP/2" 200 0 "https://www.netfinitynetwork.com/wp-includes/" "Mozilla/5.0 AppleWebKit/537.36 (KHTML, like Gecko; compatible; GPTBot/1.3; +https://openai.com/gptbot)"
74.7.243.232 - - [17/Jan/2026:21:31:29 +0700] "GET /wp-includes/class-wp-walker.php HTTP/2" 200 0 "https://netfinitynetwork.com/wp-includes/" "Mozilla/5.0 AppleWebKit/537.36 (KHTML, like Gecko; compatible; GPTBot/1.3; +https://openai.com/gptbot)"
74.7.241.60 - - [17/Jan/2026:21:31:35 +0700] "GET /gfherhfghre/?ND HTTP/2" 200 621 "https://mail.netfinitynetwork.com/gfherhfghre/" "Mozilla/5.0 AppleWebKit/537.36 (KHTML, like Gecko; compatible; GPTBot/1.3; +https://openai.com/gptbot)"
74.7.227.136 - - [17/Jan/2026:21:31:36 +0700] "GET /wp-includes/class-wp-query.php HTTP/2" 200 0 "https://www.netfinitynetwork.idm01.my.id/wp-includes/" "Mozilla/5.0 AppleWebKit/537.36 (KHTML, like Gecko; compatible; GPTBot/1.3; +https://openai.com/gptbot)"
74.7.243.201 - - [17/Jan/2026:21:31:38 +0700] "GET /gfherhfghre/commentsos/ HTTP/2" 200 628 "https://netfinitynetwork.idm01.my.id/gfherhfghre/" "Mozilla/5.0 AppleWebKit/537.36 (KHTML, like Gecko; compatible; GPTBot/1.3; +https://openai.com/gptbot)"
74.7.243.196 - - [17/Jan/2026:21:31:41 +0700] "GET /wp-includes/class-wp-theme.php HTTP/2" 200 0 "https://www.netfinitynetwork.com/wp-includes/" "Mozilla/5.0 AppleWebKit/537.36 (KHTML, like Gecko; compatible; GPTBot/1.3; +https://openai.com/gptbot)"
74.7.243.201 - - [17/Jan/2026:21:31:53 +0700] "GET /commentsos/hfgwdtfdhty/ HTTP/2" 200 627 "https://netfinitynetwork.idm01.my.id/commentsos/" "Mozilla/5.0 AppleWebKit/537.36 (KHTML, like Gecko; compatible; GPTBot/1.3; +https://openai.com/gptbot)"
74.7.243.196 - - [17/Jan/2026:21:31:56 +0700] "GET /commentsos/hfgwdtfdhty/ HTTP/2" 200 625 "https://www.netfinitynetwork.com/commentsos/" "Mozilla/5.0 AppleWebKit/537.36 (KHTML, like Gecko; compatible; GPTBot/1.3; +https://openai.com/gptbot)"
74.7.243.232 - - [17/Jan/2026:21:31:57 +0700] "GET /wp-includes/class-wp-oembed.php HTTP/2" 200 0 "https://netfinitynetwork.com/wp-includes/" "Mozilla/5.0 AppleWebKit/537.36 (KHTML, like Gecko; compatible; GPTBot/1.3; +https://openai.com/gptbot)"
74.7.241.60 - - [17/Jan/2026:21:31:59 +0700] "GET /gfherhfghre/?MA HTTP/2" 200 624 "https://mail.netfinitynetwork.com/gfherhfghre/" "Mozilla/5.0 AppleWebKit/537.36 (KHTML, like Gecko; compatible; GPTBot/1.3; +https://openai.com/gptbot)"
74.7.227.136 - - [17/Jan/2026:21:32:01 +0700] "GET /wp-includes/class-wp-theme.php HTTP/2" 200 0 "https://www.netfinitynetwork.idm01.my.id/wp-includes/" "Mozilla/5.0 AppleWebKit/537.36 (KHTML, like Gecko; compatible; GPTBot/1.3; +https://openai.com/gptbot)"
74.7.243.201 - - [17/Jan/2026:21:32:07 +0700] "GET /wp-includes/class-wp-block-metadata-registry.php HTTP/2" 200 0 "https://netfinitynetwork.idm01.my.id/wp-includes/" "Mozilla/5.0 AppleWebKit/537.36 (KHTML, like Gecko; compatible; GPTBot/1.3; +https://openai.com/gptbot)"
74.7.243.196 - - [17/Jan/2026:21:32:10 +0700] "GET /gfherhfghre/commentsos/ HTTP/2" 200 626 "https://www.netfinitynetwork.com/gfherhfghre/" "Mozilla/5.0 AppleWebKit/537.36 (KHTML, like Gecko; compatible; GPTBot/1.3; +https://openai.com/gptbot)"
74.7.243.201 - - [17/Jan/2026:21:32:18 +0700] "GET /wp-includes/class-wp-http-cookie.php HTTP/2" 200 0 "https://netfinitynetwork.idm01.my.id/wp-includes/" "Mozilla/5.0 AppleWebKit/537.36 (KHTML, like Gecko; compatible; GPTBot/1.3; +https://openai.com/gptbot)"
74.7.241.60 - - [17/Jan/2026:21:32:19 +0700] "GET /gfherhfghre/?SA HTTP/2" 200 624 "https://mail.netfinitynetwork.com/gfherhfghre/" "Mozilla/5.0 AppleWebKit/537.36 (KHTML, like Gecko; compatible; GPTBot/1.3; +https://openai.com/gptbot)"
74.7.243.232 - - [17/Jan/2026:21:32:21 +0700] "GET /wp-includes/class.wp-styles.php HTTP/2" 500 0 "https://netfinitynetwork.com/wp-includes/" "Mozilla/5.0 AppleWebKit/537.36 (KHTML, like Gecko; compatible; GPTBot/1.3; +https://openai.com/gptbot)"
74.7.227.136 - - [17/Jan/2026:21:32:22 +0700] "GET /wp-includes/class-wp-roles.php HTTP/2" 200 0 "https://www.netfinitynetwork.idm01.my.id/wp-includes/" "Mozilla/5.0 AppleWebKit/537.36 (KHTML, like Gecko; compatible; GPTBot/1.3; +https://openai.com/gptbot)"
74.7.243.196 - - [17/Jan/2026:21:32:23 +0700] "GET /wp-includes/class-wp-block-metadata-registry.php HTTP/2" 200 0 "https://www.netfinitynetwork.com/wp-includes/" "Mozilla/5.0 AppleWebKit/537.36 (KHTML, like Gecko; compatible; GPTBot/1.3; +https://openai.com/gptbot)"
74.7.243.201 - - [17/Jan/2026:21:32:29 +0700] "GET /wp-includes/functions.wp-scripts.php HTTP/2" 200 0 "https://netfinitynetwork.idm01.my.id/wp-includes/" "Mozilla/5.0 AppleWebKit/537.36 (KHTML, like Gecko; compatible; GPTBot/1.3; +https://openai.com/gptbot)"
74.7.243.196 - - [17/Jan/2026:21:32:35 +0700] "GET /wp-includes/class-wp-http-cookie.php HTTP/2" 200 0 "https://www.netfinitynetwork.com/wp-includes/" "Mozilla/5.0 AppleWebKit/537.36 (KHTML, like Gecko; compatible; GPTBot/1.3; +https://openai.com/gptbot)"
74.7.241.60 - - [17/Jan/2026:21:32:38 +0700] "GET /gfherhfghre/commentsos/vendoyters/ HTTP/2" 200 684 "https://mail.netfinitynetwork.com/gfherhfghre/commentsos/" "Mozilla/5.0 AppleWebKit/537.36 (KHTML, like Gecko; compatible; GPTBot/1.3; +https://openai.com/gptbot)"
74.7.243.201 - - [17/Jan/2026:21:32:38 +0700] "GET /wp-includes/default-filters.php HTTP/2" 200 6 "https://netfinitynetwork.idm01.my.id/wp-includes/" "Mozilla/5.0 AppleWebKit/537.36 (KHTML, like Gecko; compatible; GPTBot/1.3; +https://openai.com/gptbot)"
74.7.227.136 - - [17/Jan/2026:21:32:42 +0700] "GET /wp-includes/class-wp-block.php HTTP/2" 200 0 "https://www.netfinitynetwork.idm01.my.id/wp-includes/" "Mozilla/5.0 AppleWebKit/537.36 (KHTML, like Gecko; compatible; GPTBot/1.3; +https://openai.com/gptbot)"
74.7.243.232 - - [17/Jan/2026:21:32:44 +0700] "GET /wp-includes/class-wp-widget.php HTTP/2" 200 0 "https://netfinitynetwork.com/wp-includes/" "Mozilla/5.0 AppleWebKit/537.36 (KHTML, like Gecko; compatible; GPTBot/1.3; +https://openai.com/gptbot)"
74.7.243.201 - - [17/Jan/2026:21:32:46 +0700] "GET /wp-includes/default-widgets.php HTTP/2" 200 6 "https://netfinitynetwork.idm01.my.id/wp-includes/" "Mozilla/5.0 AppleWebKit/537.36 (KHTML, like Gecko; compatible; GPTBot/1.3; +https://openai.com/gptbot)"
74.7.243.196 - - [17/Jan/2026:21:32:46 +0700] "GET /wp-includes/functions.wp-scripts.php HTTP/2" 200 0 "https://www.netfinitynetwork.com/wp-includes/" "Mozilla/5.0 AppleWebKit/537.36 (KHTML, like Gecko; compatible; GPTBot/1.3; +https://openai.com/gptbot)"
74.7.243.201 - - [17/Jan/2026:21:32:54 +0700] "GET /wp-includes/class-wp-styles.php HTTP/2" 500 0 "https://netfinitynetwork.idm01.my.id/wp-includes/" "Mozilla/5.0 AppleWebKit/537.36 (KHTML, like Gecko; compatible; GPTBot/1.3; +https://openai.com/gptbot)"
74.7.241.60 - - [17/Jan/2026:21:32:55 +0700] "GET /wp-includes/class-wp-http-curl.php HTTP/2" 200 0 "https://mail.netfinitynetwork.com/wp-includes/" "Mozilla/5.0 AppleWebKit/537.36 (KHTML, like Gecko; compatible; GPTBot/1.3; +https://openai.com/gptbot)"
74.7.243.196 - - [17/Jan/2026:21:32:56 +0700] "GET /wp-includes/default-widgets.php HTTP/2" 200 6 "https://www.netfinitynetwork.com/wp-includes/" "Mozilla/5.0 AppleWebKit/537.36 (KHTML, like Gecko; compatible; GPTBot/1.3; +https://openai.com/gptbot)"
74.7.227.136 - - [17/Jan/2026:21:33:00 +0700] "GET /gfherhfghre/commentsos/ HTTP/2" 200 631 "https://www.netfinitynetwork.idm01.my.id/gfherhfghre/" "Mozilla/5.0 AppleWebKit/537.36 (KHTML, like Gecko; compatible; GPTBot/1.3; +https://openai.com/gptbot)"
74.7.243.201 - - [17/Jan/2026:21:33:01 +0700] "GET /wp-includes/class-wp-locale.php HTTP/2" 200 0 "https://netfinitynetwork.idm01.my.id/wp-includes/" "Mozilla/5.0 AppleWebKit/537.36 (KHTML, like Gecko; compatible; GPTBot/1.3; +https://openai.com/gptbot)"
74.7.243.196 - - [17/Jan/2026:21:33:04 +0700] "GET /wp-includes/default-filters.php HTTP/2" 200 6 "https://www.netfinitynetwork.com/wp-includes/" "Mozilla/5.0 AppleWebKit/537.36 (KHTML, like Gecko; compatible; GPTBot/1.3; +https://openai.com/gptbot)"
74.7.241.60 - - [17/Jan/2026:21:33:09 +0700] "GET /wp-includes/html-api/class-wp-html-span.php HTTP/2" 200 0 "https://mail.netfinitynetwork.com/wp-includes/html-api/" "Mozilla/5.0 AppleWebKit/537.36 (KHTML, like Gecko; compatible; GPTBot/1.3; +https://openai.com/gptbot)"
74.7.243.196 - - [17/Jan/2026:21:33:12 +0700] "GET /wp-includes/class-wp-locale.php HTTP/2" 200 0 "https://www.netfinitynetwork.com/wp-includes/" "Mozilla/5.0 AppleWebKit/537.36 (KHTML, like Gecko; compatible; GPTBot/1.3; +https://openai.com/gptbot)"
74.7.227.136 - - [17/Jan/2026:21:33:16 +0700] "GET /commentsos/hfgwdtfdhty/ HTTP/2" 200 630 "https://www.netfinitynetwork.idm01.my.id/commentsos/" "Mozilla/5.0 AppleWebKit/537.36 (KHTML, like Gecko; compatible; GPTBot/1.3; +https://openai.com/gptbot)"
74.7.243.196 - - [17/Jan/2026:21:33:19 +0700] "GET /wp-includes/class-wp-styles.php HTTP/2" 500 0 "https://www.netfinitynetwork.com/wp-includes/" "Mozilla/5.0 AppleWebKit/537.36 (KHTML, like Gecko; compatible; GPTBot/1.3; +https://openai.com/gptbot)"
74.7.243.201 - - [17/Jan/2026:21:33:22 +0700] "GET /wp-includes/class-wp-theme-json-resolver.php HTTP/2" 200 0 "https://netfinitynetwork.idm01.my.id/wp-includes/" "Mozilla/5.0 AppleWebKit/537.36 (KHTML, like Gecko; compatible; GPTBot/1.3; +https://openai.com/gptbot)"
74.7.241.60 - - [17/Jan/2026:21:33:23 +0700] "GET /wp-includes/class-walker-comment.php HTTP/2" 500 0 "https://mail.netfinitynetwork.com/wp-includes/" "Mozilla/5.0 AppleWebKit/537.36 (KHTML, like Gecko; compatible; GPTBot/1.3; +https://openai.com/gptbot)"
74.7.243.196 - - [17/Jan/2026:21:33:25 +0700] "GET /wp-includes/class-wp-theme-json-resolver.php HTTP/2" 200 0 "https://www.netfinitynetwork.com/wp-includes/" "Mozilla/5.0 AppleWebKit/537.36 (KHTML, like Gecko; compatible; GPTBot/1.3; +https://openai.com/gptbot)"
74.7.227.136 - - [17/Jan/2026:21:33:31 +0700] "GET /wp-includes/class-wp-block-metadata-registry.php HTTP/2" 200 0 "https://www.netfinitynetwork.idm01.my.id/wp-includes/" "Mozilla/5.0 AppleWebKit/537.36 (KHTML, like Gecko; compatible; GPTBot/1.3; +https://openai.com/gptbot)"
74.7.241.60 - - [17/Jan/2026:21:33:36 +0700] "GET /wp-includes/class-wp-walker.php HTTP/2" 200 0 "https://mail.netfinitynetwork.com/wp-includes/" "Mozilla/5.0 AppleWebKit/537.36 (KHTML, like Gecko; compatible; GPTBot/1.3; +https://openai.com/gptbot)"
74.7.243.201 - - [17/Jan/2026:21:33:41 +0700] "GET /gfherhfghre/?MA HTTP/2" 200 626 "https://netfinitynetwork.idm01.my.id/gfherhfghre/" "Mozilla/5.0 AppleWebKit/537.36 (KHTML, like Gecko; compatible; GPTBot/1.3; +https://openai.com/gptbot)"
74.7.227.136 - - [17/Jan/2026:21:33:43 +0700] "GET /wp-includes/class-wp-http-cookie.php HTTP/2" 200 0 "https://www.netfinitynetwork.idm01.my.id/wp-includes/" "Mozilla/5.0 AppleWebKit/537.36 (KHTML, like Gecko; compatible; GPTBot/1.3; +https://openai.com/gptbot)"
74.7.243.196 - - [17/Jan/2026:21:33:44 +0700] "GET /gfherhfghre/?MA HTTP/2" 200 624 "https://www.netfinitynetwork.com/gfherhfghre/" "Mozilla/5.0 AppleWebKit/537.36 (KHTML, like Gecko; compatible; GPTBot/1.3; +https://openai.com/gptbot)"
74.7.243.232 - - [17/Jan/2026:21:33:46 +0700] "GET /gfherhfghre/?NA HTTP/2" 200 618 "https://netfinitynetwork.com/gfherhfghre/?SA" "Mozilla/5.0 AppleWebKit/537.36 (KHTML, like Gecko; compatible; GPTBot/1.3; +https://openai.com/gptbot)"
74.7.227.136 - - [17/Jan/2026:21:33:55 +0700] "GET /wp-includes/functions.wp-scripts.php HTTP/2" 200 0 "https://www.netfinitynetwork.idm01.my.id/wp-includes/" "Mozilla/5.0 AppleWebKit/537.36 (KHTML, like Gecko; compatible; GPTBot/1.3; +https://openai.com/gptbot)"
74.7.243.201 - - [17/Jan/2026:21:33:58 +0700] "GET /gfherhfghre/commentsos/vendoyters/ HTTP/2" 200 686 "https://netfinitynetwork.idm01.my.id/gfherhfghre/commentsos/" "Mozilla/5.0 AppleWebKit/537.36 (KHTML, like Gecko; compatible; GPTBot/1.3; +https://openai.com/gptbot)"
74.7.243.196 - - [17/Jan/2026:21:34:00 +0700] "GET /gfherhfghre/?ND HTTP/2" 200 621 "https://www.netfinitynetwork.com/gfherhfghre/" "Mozilla/5.0 AppleWebKit/537.36 (KHTML, like Gecko; compatible; GPTBot/1.3; +https://openai.com/gptbot)"
74.7.227.136 - - [17/Jan/2026:21:34:05 +0700] "GET /wp-includes/default-widgets.php HTTP/2" 200 6 "https://www.netfinitynetwork.idm01.my.id/wp-includes/" "Mozilla/5.0 AppleWebKit/537.36 (KHTML, like Gecko; compatible; GPTBot/1.3; +https://openai.com/gptbot)"
74.7.243.201 - - [17/Jan/2026:21:34:13 +0700] "GET /gfherhfghre/?ND HTTP/2" 200 624 "https://netfinitynetwork.idm01.my.id/gfherhfghre/" "Mozilla/5.0 AppleWebKit/537.36 (KHTML, like Gecko; compatible; GPTBot/1.3; +https://openai.com/gptbot)"
74.7.241.60 - - [17/Jan/2026:21:34:14 +0700] "GET /wp-includes/class.wp-styles.php HTTP/2" 500 0 "https://mail.netfinitynetwork.com/wp-includes/" "Mozilla/5.0 AppleWebKit/537.36 (KHTML, like Gecko; compatible; GPTBot/1.3; +https://openai.com/gptbot)"
74.7.243.196 - - [17/Jan/2026:21:34:15 +0700] "GET /gfherhfghre/commentsos/vendoyters/ HTTP/2" 200 684 "https://www.netfinitynetwork.com/gfherhfghre/commentsos/" "Mozilla/5.0 AppleWebKit/537.36 (KHTML, like Gecko; compatible; GPTBot/1.3; +https://openai.com/gptbot)"
74.7.227.136 - - [17/Jan/2026:21:34:15 +0700] "GET /wp-includes/default-filters.php HTTP/2" 200 6 "https://www.netfinitynetwork.idm01.my.id/wp-includes/" "Mozilla/5.0 AppleWebKit/537.36 (KHTML, like Gecko; compatible; GPTBot/1.3; +https://openai.com/gptbot)"
74.7.227.136 - - [17/Jan/2026:21:34:23 +0700] "GET /wp-includes/class-wp-styles.php HTTP/2" 500 0 "https://www.netfinitynetwork.idm01.my.id/wp-includes/" "Mozilla/5.0 AppleWebKit/537.36 (KHTML, like Gecko; compatible; GPTBot/1.3; +https://openai.com/gptbot)"
74.7.243.201 - - [17/Jan/2026:21:34:26 +0700] "GET /gfherhfghre/?SA HTTP/2" 200 625 "https://netfinitynetwork.idm01.my.id/gfherhfghre/" "Mozilla/5.0 AppleWebKit/537.36 (KHTML, like Gecko; compatible; GPTBot/1.3; +https://openai.com/gptbot)"
74.7.243.196 - - [17/Jan/2026:21:34:28 +0700] "GET /gfherhfghre/?SA HTTP/2" 200 624 "https://www.netfinitynetwork.com/gfherhfghre/" "Mozilla/5.0 AppleWebKit/537.36 (KHTML, like Gecko; compatible; GPTBot/1.3; +https://openai.com/gptbot)"
74.7.227.136 - - [17/Jan/2026:21:34:30 +0700] "GET /wp-includes/class-wp-locale.php HTTP/2" 200 0 "https://www.netfinitynetwork.idm01.my.id/wp-includes/" "Mozilla/5.0 AppleWebKit/537.36 (KHTML, like Gecko; compatible; GPTBot/1.3; +https://openai.com/gptbot)"
74.7.243.201 - - [17/Jan/2026:21:34:38 +0700] "GET /wp-includes/class-wp-http-curl.php HTTP/2" 200 0 "https://netfinitynetwork.idm01.my.id/wp-includes/" "Mozilla/5.0 AppleWebKit/537.36 (KHTML, like Gecko; compatible; GPTBot/1.3; +https://openai.com/gptbot)"
74.7.243.196 - - [17/Jan/2026:21:34:40 +0700] "GET /wp-includes/class-wp-http-curl.php HTTP/2" 200 0 "https://www.netfinitynetwork.com/wp-includes/" "Mozilla/5.0 AppleWebKit/537.36 (KHTML, like Gecko; compatible; GPTBot/1.3; +https://openai.com/gptbot)"
74.7.243.232 - - [17/Jan/2026:21:34:40 +0700] "GET /gfherhfghre/commentsos/vendoyters/error_log HTTP/2" 403 1242 "https://netfinitynetwork.com/gfherhfghre/commentsos/vendoyters/" "Mozilla/5.0 AppleWebKit/537.36 (KHTML, like Gecko; compatible; GPTBot/1.3; +https://openai.com/gptbot)"
74.7.241.60 - - [17/Jan/2026:21:34:46 +0700] "GET /wp-includes/class-wp-widget.php HTTP/2" 200 0 "https://mail.netfinitynetwork.com/wp-includes/" "Mozilla/5.0 AppleWebKit/537.36 (KHTML, like Gecko; compatible; GPTBot/1.3; +https://openai.com/gptbot)"
74.7.243.201 - - [17/Jan/2026:21:34:49 +0700] "GET /wp-includes/html-api/class-wp-html-span.php HTTP/2" 200 0 "https://netfinitynetwork.idm01.my.id/wp-includes/html-api/" "Mozilla/5.0 AppleWebKit/537.36 (KHTML, like Gecko; compatible; GPTBot/1.3; +https://openai.com/gptbot)"
74.7.243.196 - - [17/Jan/2026:21:34:51 +0700] "GET /wp-includes/html-api/class-wp-html-span.php HTTP/2" 200 0 "https://www.netfinitynetwork.com/wp-includes/html-api/" "Mozilla/5.0 AppleWebKit/537.36 (KHTML, like Gecko; compatible; GPTBot/1.3; +https://openai.com/gptbot)"
74.7.227.136 - - [17/Jan/2026:21:34:53 +0700] "GET /wp-includes/class-wp-theme-json-resolver.php HTTP/2" 200 0 "https://www.netfinitynetwork.idm01.my.id/wp-includes/" "Mozilla/5.0 AppleWebKit/537.36 (KHTML, like Gecko; compatible; GPTBot/1.3; +https://openai.com/gptbot)"
74.7.243.201 - - [17/Jan/2026:21:34:59 +0700] "GET /wp-includes/class-walker-comment.php HTTP/2" 500 0 "https://netfinitynetwork.idm01.my.id/wp-includes/" "Mozilla/5.0 AppleWebKit/537.36 (KHTML, like Gecko; compatible; GPTBot/1.3; +https://openai.com/gptbot)"
74.7.243.196 - - [17/Jan/2026:21:35:00 +0700] "GET /wp-includes/class-walker-comment.php HTTP/2" 500 0 "https://www.netfinitynetwork.com/wp-includes/" "Mozilla/5.0 AppleWebKit/537.36 (KHTML, like Gecko; compatible; GPTBot/1.3; +https://openai.com/gptbot)"
74.7.243.201 - - [17/Jan/2026:21:35:08 +0700] "GET /wp-includes/class-wp-widget.php HTTP/2" 200 0 "https://netfinitynetwork.idm01.my.id/wp-includes/" "Mozilla/5.0 AppleWebKit/537.36 (KHTML, like Gecko; compatible; GPTBot/1.3; +https://openai.com/gptbot)"
74.7.243.196 - - [17/Jan/2026:21:35:09 +0700] "GET /wp-includes/class-wp-oembed.php HTTP/2" 200 0 "https://www.netfinitynetwork.com/wp-includes/" "Mozilla/5.0 AppleWebKit/537.36 (KHTML, like Gecko; compatible; GPTBot/1.3; +https://openai.com/gptbot)"
74.7.227.136 - - [17/Jan/2026:21:35:14 +0700] "GET /gfherhfghre/?ND HTTP/2" 200 626 "https://www.netfinitynetwork.idm01.my.id/gfherhfghre/" "Mozilla/5.0 AppleWebKit/537.36 (KHTML, like Gecko; compatible; GPTBot/1.3; +https://openai.com/gptbot)"
74.7.243.232 - - [17/Jan/2026:21:35:31 +0700] "GET /gfherhfghre/?SD HTTP/2" 200 619 "https://netfinitynetwork.com/gfherhfghre/?SA" "Mozilla/5.0 AppleWebKit/537.36 (KHTML, like Gecko; compatible; GPTBot/1.3; +https://openai.com/gptbot)"
74.7.227.136 - - [17/Jan/2026:21:35:32 +0700] "GET /gfherhfghre/commentsos/vendoyters/ HTTP/2" 200 690 "https://www.netfinitynetwork.idm01.my.id/gfherhfghre/commentsos/" "Mozilla/5.0 AppleWebKit/537.36 (KHTML, like Gecko; compatible; GPTBot/1.3; +https://openai.com/gptbot)"
74.7.243.196 - - [17/Jan/2026:21:35:35 +0700] "GET /wp-includes/class-wp-widget.php HTTP/2" 200 0 "https://www.netfinitynetwork.com/wp-includes/" "Mozilla/5.0 AppleWebKit/537.36 (KHTML, like Gecko; compatible; GPTBot/1.3; +https://openai.com/gptbot)"
74.7.243.201 - - [17/Jan/2026:21:35:35 +0700] "GET /wp-includes/class-wp-walker.php HTTP/2" 200 0 "https://netfinitynetwork.idm01.my.id/wp-includes/" "Mozilla/5.0 AppleWebKit/537.36 (KHTML, like Gecko; compatible; GPTBot/1.3; +https://openai.com/gptbot)"
74.7.227.136 - - [17/Jan/2026:21:35:50 +0700] "GET /gfherhfghre/?SA HTTP/2" 200 630 "https://www.netfinitynetwork.idm01.my.id/gfherhfghre/" "Mozilla/5.0 AppleWebKit/537.36 (KHTML, like Gecko; compatible; GPTBot/1.3; +https://openai.com/gptbot)"
74.7.241.60 - - [17/Jan/2026:21:35:52 +0700] "GET /wp-includes/class-wp-oembed.php HTTP/2" 200 0 "https://mail.netfinitynetwork.com/wp-includes/" "Mozilla/5.0 AppleWebKit/537.36 (KHTML, like Gecko; compatible; GPTBot/1.3; +https://openai.com/gptbot)"
74.7.243.196 - - [17/Jan/2026:21:35:58 +0700] "GET /wp-includes/class.wp-styles.php HTTP/2" 500 0 "https://www.netfinitynetwork.com/wp-includes/" "Mozilla/5.0 AppleWebKit/537.36 (KHTML, like Gecko; compatible; GPTBot/1.3; +https://openai.com/gptbot)"
74.7.243.201 - - [17/Jan/2026:21:36:01 +0700] "GET /wp-includes/class-wp-oembed.php HTTP/2" 200 0 "https://netfinitynetwork.idm01.my.id/wp-includes/" "Mozilla/5.0 AppleWebKit/537.36 (KHTML, like Gecko; compatible; GPTBot/1.3; +https://openai.com/gptbot)"
74.7.227.136 - - [17/Jan/2026:21:36:05 +0700] "GET /gfherhfghre/?MA HTTP/2" 200 630 "https://www.netfinitynetwork.idm01.my.id/gfherhfghre/" "Mozilla/5.0 AppleWebKit/537.36 (KHTML, like Gecko; compatible; GPTBot/1.3; +https://openai.com/gptbot)"
74.7.227.136 - - [17/Jan/2026:21:36:19 +0700] "GET /wp-includes/class-wp-http-curl.php HTTP/2" 200 0 "https://www.netfinitynetwork.idm01.my.id/wp-includes/" "Mozilla/5.0 AppleWebKit/537.36 (KHTML, like Gecko; compatible; GPTBot/1.3; +https://openai.com/gptbot)"
74.7.243.196 - - [17/Jan/2026:21:36:19 +0700] "GET /wp-includes/class-wp-walker.php HTTP/2" 200 0 "https://www.netfinitynetwork.com/wp-includes/" "Mozilla/5.0 AppleWebKit/537.36 (KHTML, like Gecko; compatible; GPTBot/1.3; +https://openai.com/gptbot)"
74.7.243.201 - - [17/Jan/2026:21:36:22 +0700] "GET /commentsos/hfgwdtfdhty/thnmjgdfe/ HTTP/2" 200 688 "https://netfinitynetwork.idm01.my.id/commentsos/hfgwdtfdhty/" "Mozilla/5.0 AppleWebKit/537.36 (KHTML, like Gecko; compatible; GPTBot/1.3; +https://openai.com/gptbot)"
74.7.243.232 - - [17/Jan/2026:21:36:24 +0700] "GET /gfherhfghre/?MD HTTP/2" 200 620 "https://netfinitynetwork.com/gfherhfghre/?MA" "Mozilla/5.0 AppleWebKit/537.36 (KHTML, like Gecko; compatible; GPTBot/1.3; +https://openai.com/gptbot)"
74.7.227.136 - - [17/Jan/2026:21:36:31 +0700] "GET /wp-includes/html-api/class-wp-html-span.php HTTP/2" 200 0 "https://www.netfinitynetwork.idm01.my.id/wp-includes/html-api/" "Mozilla/5.0 AppleWebKit/537.36 (KHTML, like Gecko; compatible; GPTBot/1.3; +https://openai.com/gptbot)"
74.7.243.201 - - [17/Jan/2026:21:36:42 +0700] "GET /gfherhfghre/?NA HTTP/2" 200 623 "https://netfinitynetwork.idm01.my.id/gfherhfghre/?MA" "Mozilla/5.0 AppleWebKit/537.36 (KHTML, like Gecko; compatible; GPTBot/1.3; +https://openai.com/gptbot)"
74.7.227.136 - - [17/Jan/2026:21:36:42 +0700] "GET /wp-includes/class-walker-comment.php HTTP/2" 500 0 "https://www.netfinitynetwork.idm01.my.id/wp-includes/" "Mozilla/5.0 AppleWebKit/537.36 (KHTML, like Gecko; compatible; GPTBot/1.3; +https://openai.com/gptbot)"
74.7.241.60 - - [17/Jan/2026:21:36:47 +0700] "GET /gfherhfghre/?NA HTTP/2" 200 622 "https://mail.netfinitynetwork.com/gfherhfghre/?ND" "Mozilla/5.0 AppleWebKit/537.36 (KHTML, like Gecko; compatible; GPTBot/1.3; +https://openai.com/gptbot)"
74.7.227.136 - - [17/Jan/2026:21:36:52 +0700] "GET /wp-includes/class-wp-walker.php HTTP/2" 200 0 "https://www.netfinitynetwork.idm01.my.id/wp-includes/" "Mozilla/5.0 AppleWebKit/537.36 (KHTML, like Gecko; compatible; GPTBot/1.3; +https://openai.com/gptbot)"
74.7.243.201 - - [17/Jan/2026:21:36:59 +0700] "GET /gfherhfghre/commentsos/vendoyters/error_log HTTP/2" 403 1242 "https://netfinitynetwork.idm01.my.id/gfherhfghre/commentsos/vendoyters/" "Mozilla/5.0 AppleWebKit/537.36 (KHTML, like Gecko; compatible; GPTBot/1.3; +https://openai.com/gptbot)"
74.7.243.232 - - [17/Jan/2026:21:37:08 +0700] "GET /commentsos/hfgwdtfdhty/thnmjgdfe/ HTTP/2" 200 682 "https://netfinitynetwork.com/commentsos/hfgwdtfdhty/" "Mozilla/5.0 AppleWebKit/537.36 (KHTML, like Gecko; compatible; GPTBot/1.3; +https://openai.com/gptbot)"
74.7.243.201 - - [17/Jan/2026:21:37:15 +0700] "GET /gfherhfghre/?MD HTTP/2" 200 626 "https://netfinitynetwork.idm01.my.id/gfherhfghre/?MA" "Mozilla/5.0 AppleWebKit/537.36 (KHTML, like Gecko; compatible; GPTBot/1.3; +https://openai.com/gptbot)"
74.7.243.196 - - [17/Jan/2026:21:37:20 +0700] "GET /gfherhfghre/?NA HTTP/2" 200 622 "https://www.netfinitynetwork.com/gfherhfghre/?MA" "Mozilla/5.0 AppleWebKit/537.36 (KHTML, like Gecko; compatible; GPTBot/1.3; +https://openai.com/gptbot)"
74.7.227.136 - - [17/Jan/2026:21:37:22 +0700] "GET /wp-includes/class-wp-widget.php HTTP/2" 200 0 "https://www.netfinitynetwork.idm01.my.id/wp-includes/" "Mozilla/5.0 AppleWebKit/537.36 (KHTML, like Gecko; compatible; GPTBot/1.3; +https://openai.com/gptbot)"
74.7.243.201 - - [17/Jan/2026:21:37:30 +0700] "GET /gfherhfghre/?SD HTTP/2" 200 624 "https://netfinitynetwork.idm01.my.id/gfherhfghre/?SA" "Mozilla/5.0 AppleWebKit/537.36 (KHTML, like Gecko; compatible; GPTBot/1.3; +https://openai.com/gptbot)"
74.7.241.60 - - [17/Jan/2026:21:37:40 +0700] "GET /gfherhfghre/?MD HTTP/2" 200 625 "https://mail.netfinitynetwork.com/gfherhfghre/?MA" "Mozilla/5.0 AppleWebKit/537.36 (KHTML, like Gecko; compatible; GPTBot/1.3; +https://openai.com/gptbot)"
74.7.243.201 - - [17/Jan/2026:21:37:45 +0700] "GET /wp-includes/functions.wp-styles.php HTTP/2" 200 0 "https://netfinitynetwork.idm01.my.id/wp-includes/" "Mozilla/5.0 AppleWebKit/537.36 (KHTML, like Gecko; compatible; GPTBot/1.3; +https://openai.com/gptbot)"
74.7.227.136 - - [17/Jan/2026:21:37:49 +0700] "GET /wp-includes/class.wp-styles.php HTTP/2" 500 0 "https://www.netfinitynetwork.idm01.my.id/wp-includes/" "Mozilla/5.0 AppleWebKit/537.36 (KHTML, like Gecko; compatible; GPTBot/1.3; +https://openai.com/gptbot)"
74.7.243.232 - - [17/Jan/2026:21:37:50 +0700] "GET /wp-includes/functions.wp-styles.php HTTP/2" 200 0 "https://netfinitynetwork.com/wp-includes/" "Mozilla/5.0 AppleWebKit/537.36 (KHTML, like Gecko; compatible; GPTBot/1.3; +https://openai.com/gptbot)"
74.7.243.201 - - [17/Jan/2026:21:37:58 +0700] "GET /wp-includes/class-wp-image-editor.php HTTP/2" 200 0 "https://netfinitynetwork.idm01.my.id/wp-includes/" "Mozilla/5.0 AppleWebKit/537.36 (KHTML, like Gecko; compatible; GPTBot/1.3; +https://openai.com/gptbot)"
74.7.243.201 - - [17/Jan/2026:21:38:10 +0700] "GET /wp-includes/class-walker-category-dropdown.php HTTP/2" 500 0 "https://netfinitynetwork.idm01.my.id/wp-includes/" "Mozilla/5.0 AppleWebKit/537.36 (KHTML, like Gecko; compatible; GPTBot/1.3; +https://openai.com/gptbot)"
74.7.227.136 - - [17/Jan/2026:21:38:13 +0700] "GET /wp-includes/class-wp-oembed.php HTTP/2" 200 0 "https://www.netfinitynetwork.idm01.my.id/wp-includes/" "Mozilla/5.0 AppleWebKit/537.36 (KHTML, like Gecko; compatible; GPTBot/1.3; +https://openai.com/gptbot)"
74.7.243.196 - - [17/Jan/2026:21:38:18 +0700] "GET /gfherhfghre/?MD HTTP/2" 200 625 "https://www.netfinitynetwork.com/gfherhfghre/?MA" "Mozilla/5.0 AppleWebKit/537.36 (KHTML, like Gecko; compatible; GPTBot/1.3; +https://openai.com/gptbot)"
74.7.243.201 - - [17/Jan/2026:21:38:21 +0700] "GET /wp-includes/images/ HTTP/2" 200 1670 "https://netfinitynetwork.idm01.my.id/wp-includes/" "Mozilla/5.0 AppleWebKit/537.36 (KHTML, like Gecko; compatible; GPTBot/1.3; +https://openai.com/gptbot)"
74.7.241.60 - - [17/Jan/2026:21:38:27 +0700] "GET /gfherhfghre/?SD HTTP/2" 200 624 "https://mail.netfinitynetwork.com/gfherhfghre/?SA" "Mozilla/5.0 AppleWebKit/537.36 (KHTML, like Gecko; compatible; GPTBot/1.3; +https://openai.com/gptbot)"
74.7.243.232 - - [17/Jan/2026:21:38:28 +0700] "GET /wp-includes/class-wp-image-editor.php HTTP/2" 200 0 "https://netfinitynetwork.com/wp-includes/" "Mozilla/5.0 AppleWebKit/537.36 (KHTML, like Gecko; compatible; GPTBot/1.3; +https://openai.com/gptbot)"
74.7.243.201 - - [17/Jan/2026:21:38:52 +0700] "GET /wp-includes/class-wp-block-parser.php HTTP/2" 200 0 "https://netfinitynetwork.idm01.my.id/wp-includes/" "Mozilla/5.0 AppleWebKit/537.36 (KHTML, like Gecko; compatible; GPTBot/1.3; +https://openai.com/gptbot)"
74.7.243.232 - - [17/Jan/2026:21:39:02 +0700] "GET /wp-includes/class-walker-category-dropdown.php HTTP/2" 500 0 "https://netfinitynetwork.com/wp-includes/" "Mozilla/5.0 AppleWebKit/537.36 (KHTML, like Gecko; compatible; GPTBot/1.3; +https://openai.com/gptbot)"
74.7.243.196 - - [17/Jan/2026:21:39:07 +0700] "GET /gfherhfghre/commentsos/vendoyters/error_log HTTP/2" 403 1242 "https://www.netfinitynetwork.com/gfherhfghre/commentsos/vendoyters/" "Mozilla/5.0 AppleWebKit/537.36 (KHTML, like Gecko; compatible; GPTBot/1.3; +https://openai.com/gptbot)"
74.7.241.60 - - [17/Jan/2026:21:39:08 +0700] "GET /gfherhfghre/commentsos/vendoyters/error_log HTTP/2" 403 1242 "https://mail.netfinitynetwork.com/gfherhfghre/commentsos/vendoyters/" "Mozilla/5.0 AppleWebKit/537.36 (KHTML, like Gecko; compatible; GPTBot/1.3; +https://openai.com/gptbot)"
74.7.227.136 - - [17/Jan/2026:21:39:16 +0700] "GET /gfherhfghre/?NA HTTP/2" 200 627 "https://www.netfinitynetwork.idm01.my.id/gfherhfghre/?ND" "Mozilla/5.0 AppleWebKit/537.36 (KHTML, like Gecko; compatible; GPTBot/1.3; +https://openai.com/gptbot)"
74.7.243.201 - - [17/Jan/2026:21:39:20 +0700] "GET /wp-includes/class-wp-object-cache.php HTTP/2" 200 0 "https://netfinitynetwork.idm01.my.id/wp-includes/" "Mozilla/5.0 AppleWebKit/537.36 (KHTML, like Gecko; compatible; GPTBot/1.3; +https://openai.com/gptbot)"
74.7.243.232 - - [17/Jan/2026:21:39:32 +0700] "GET /wp-includes/images/ HTTP/2" 200 1663 "https://netfinitynetwork.com/wp-includes/" "Mozilla/5.0 AppleWebKit/537.36 (KHTML, like Gecko; compatible; GPTBot/1.3; +https://openai.com/gptbot)"
209.141.47.166 - - [17/Jan/2026:21:39:44 +0700] "GET /wp-login.php HTTP/1.1" 200 5477 "-" "Mozilla/5.0 (Macintosh; Intel Mac OS X 10_7_5) AppleWebKit/537.77.4 (KHTML, like Gecko) Version/6.1.5 Safari/537.77.4"
74.7.243.201 - - [17/Jan/2026:21:39:45 +0700] "GET /commentsos/hfgwdtfdhty/thnmjgdfe/error_log HTTP/2" 403 1242 "https://netfinitynetwork.idm01.my.id/commentsos/hfgwdtfdhty/thnmjgdfe/" "Mozilla/5.0 AppleWebKit/537.36 (KHTML, like Gecko; compatible; GPTBot/1.3; +https://openai.com/gptbot)"
74.7.241.60 - - [17/Jan/2026:21:39:46 +0700] "GET /commentsos/hfgwdtfdhty/thnmjgdfe/ HTTP/2" 200 685 "https://mail.netfinitynetwork.com/commentsos/hfgwdtfdhty/" "Mozilla/5.0 AppleWebKit/537.36 (KHTML, like Gecko; compatible; GPTBot/1.3; +https://openai.com/gptbot)"
209.141.47.166 - - [17/Jan/2026:21:39:46 +0700] "POST /wp-login.php HTTP/1.1" 200 5715 "-" "Mozilla/5.0 (Macintosh; Intel Mac OS X 10_7_5) AppleWebKit/537.77.4 (KHTML, like Gecko) Version/6.1.5 Safari/537.77.4"
74.7.243.196 - - [17/Jan/2026:21:39:52 +0700] "GET /gfherhfghre/?SD HTTP/2" 200 624 "https://www.netfinitynetwork.com/gfherhfghre/?SA" "Mozilla/5.0 AppleWebKit/537.36 (KHTML, like Gecko; compatible; GPTBot/1.3; +https://openai.com/gptbot)"
74.7.243.201 - - [17/Jan/2026:21:40:09 +0700] "GET /commentsos/hfgwdtfdhty/thnmjgdfe/lqvb7.php HTTP/2" 200 9590 "https://netfinitynetwork.idm01.my.id/commentsos/hfgwdtfdhty/thnmjgdfe/" "Mozilla/5.0 AppleWebKit/537.36 (KHTML, like Gecko; compatible; GPTBot/1.3; +https://openai.com/gptbot)"
74.7.227.136 - - [17/Jan/2026:21:40:12 +0700] "GET /gfherhfghre/commentsos/vendoyters/error_log HTTP/2" 403 1242 "https://www.netfinitynetwork.idm01.my.id/gfherhfghre/commentsos/vendoyters/" "Mozilla/5.0 AppleWebKit/537.36 (KHTML, like Gecko; compatible; GPTBot/1.3; +https://openai.com/gptbot)"
74.7.241.60 - - [17/Jan/2026:21:40:23 +0700] "GET /wp-includes/functions.wp-styles.php HTTP/2" 200 0 "https://mail.netfinitynetwork.com/wp-includes/" "Mozilla/5.0 AppleWebKit/537.36 (KHTML, like Gecko; compatible; GPTBot/1.3; +https://openai.com/gptbot)"
74.7.243.201 - - [17/Jan/2026:21:40:32 +0700] "GET /wp-includes/class-wp-block-type-registry.php HTTP/2" 200 0 "https://netfinitynetwork.idm01.my.id/wp-includes/" "Mozilla/5.0 AppleWebKit/537.36 (KHTML, like Gecko; compatible; GPTBot/1.3; +https://openai.com/gptbot)"
74.7.243.232 - - [17/Jan/2026:21:40:34 +0700] "GET /wp-includes/class-wp-block-parser.php HTTP/2" 200 0 "https://netfinitynetwork.com/wp-includes/" "Mozilla/5.0 AppleWebKit/537.36 (KHTML, like Gecko; compatible; GPTBot/1.3; +https://openai.com/gptbot)"
74.7.243.196 - - [17/Jan/2026:21:40:40 +0700] "GET /commentsos/hfgwdtfdhty/thnmjgdfe/ HTTP/2" 200 689 "https://www.netfinitynetwork.com/commentsos/hfgwdtfdhty/" "Mozilla/5.0 AppleWebKit/537.36 (KHTML, like Gecko; compatible; GPTBot/1.3; +https://openai.com/gptbot)"
74.7.243.201 - - [17/Jan/2026:21:40:52 +0700] "GET /_autoindex/assets/icons/file-text.svg HTTP/2" 200 394 "https://netfinitynetwork.idm01.my.id/" "Mozilla/5.0 AppleWebKit/537.36 (KHTML, like Gecko; compatible; GPTBot/1.3; +https://openai.com/gptbot)"
74.7.241.60 - - [17/Jan/2026:21:40:56 +0700] "GET /wp-includes/class-wp-image-editor.php HTTP/2" 200 0 "https://mail.netfinitynetwork.com/wp-includes/" "Mozilla/5.0 AppleWebKit/537.36 (KHTML, like Gecko; compatible; GPTBot/1.3; +https://openai.com/gptbot)"
74.7.227.136 - - [17/Jan/2026:21:41:01 +0700] "GET /gfherhfghre/?SD HTTP/2" 200 630 "https://www.netfinitynetwork.idm01.my.id/gfherhfghre/?SA" "Mozilla/5.0 AppleWebKit/537.36 (KHTML, like Gecko; compatible; GPTBot/1.3; +https://openai.com/gptbot)"
74.7.243.201 - - [17/Jan/2026:21:41:10 +0700] "GET /wp-includes/class-wp-http-proxy.php HTTP/2" 200 0 "https://netfinitynetwork.idm01.my.id/wp-includes/" "Mozilla/5.0 AppleWebKit/537.36 (KHTML, like Gecko; compatible; GPTBot/1.3; +https://openai.com/gptbot)"
74.7.243.196 - - [17/Jan/2026:21:41:19 +0700] "GET /wp-includes/functions.wp-styles.php HTTP/2" 200 0 "https://www.netfinitynetwork.com/wp-includes/" "Mozilla/5.0 AppleWebKit/537.36 (KHTML, like Gecko; compatible; GPTBot/1.3; +https://openai.com/gptbot)"
74.7.243.201 - - [17/Jan/2026:21:41:27 +0700] "GET /wp-includes/class-wp-term-query.php HTTP/2" 200 0 "https://netfinitynetwork.idm01.my.id/wp-includes/" "Mozilla/5.0 AppleWebKit/537.36 (KHTML, like Gecko; compatible; GPTBot/1.3; +https://openai.com/gptbot)"
74.7.241.60 - - [17/Jan/2026:21:41:28 +0700] "GET /wp-includes/class-walker-category-dropdown.php HTTP/2" 500 0 "https://mail.netfinitynetwork.com/wp-includes/" "Mozilla/5.0 AppleWebKit/537.36 (KHTML, like Gecko; compatible; GPTBot/1.3; +https://openai.com/gptbot)"
74.7.243.232 - - [17/Jan/2026:21:41:33 +0700] "GET /wp-includes/class-wp-object-cache.php HTTP/2" 200 0 "https://netfinitynetwork.com/wp-includes/" "Mozilla/5.0 AppleWebKit/537.36 (KHTML, like Gecko; compatible; GPTBot/1.3; +https://openai.com/gptbot)"
74.7.243.201 - - [17/Jan/2026:21:41:41 +0700] "GET /wp-includes/class-wp-site-query.php HTTP/2" 200 0 "https://netfinitynetwork.idm01.my.id/wp-includes/" "Mozilla/5.0 AppleWebKit/537.36 (KHTML, like Gecko; compatible; GPTBot/1.3; +https://openai.com/gptbot)"
74.7.227.136 - - [17/Jan/2026:21:41:50 +0700] "GET /gfherhfghre/?MD HTTP/2" 200 630 "https://www.netfinitynetwork.idm01.my.id/gfherhfghre/?MA" "Mozilla/5.0 AppleWebKit/537.36 (KHTML, like Gecko; compatible; GPTBot/1.3; +https://openai.com/gptbot)"
74.7.241.60 - - [17/Jan/2026:21:41:53 +0700] "GET /wp-includes/images/ HTTP/2" 200 1670 "https://mail.netfinitynetwork.com/wp-includes/" "Mozilla/5.0 AppleWebKit/537.36 (KHTML, like Gecko; compatible; GPTBot/1.3; +https://openai.com/gptbot)"
74.7.243.201 - - [17/Jan/2026:21:41:54 +0700] "GET /wp-includes/class-wp-date-query.php HTTP/2" 200 0 "https://netfinitynetwork.idm01.my.id/wp-includes/" "Mozilla/5.0 AppleWebKit/537.36 (KHTML, like Gecko; compatible; GPTBot/1.3; +https://openai.com/gptbot)"
74.7.243.196 - - [17/Jan/2026:21:41:56 +0700] "GET /wp-includes/class-wp-image-editor.php HTTP/2" 200 0 "https://www.netfinitynetwork.com/wp-includes/" "Mozilla/5.0 AppleWebKit/537.36 (KHTML, like Gecko; compatible; GPTBot/1.3; +https://openai.com/gptbot)"
74.7.243.201 - - [17/Jan/2026:21:42:06 +0700] "GET /wp-includes/images/icon-pointer-flag.png HTTP/2" 200 783 "https://netfinitynetwork.idm01.my.id/wp-includes/images/" "Mozilla/5.0 AppleWebKit/537.36 (KHTML, like Gecko; compatible; GPTBot/1.3; +https://openai.com/gptbot)"
74.7.243.201 - - [17/Jan/2026:21:42:16 +0700] "GET /wp-includes/images/admin-bar-sprite.png HTTP/2" 200 2467 "https://netfinitynetwork.idm01.my.id/wp-includes/images/" "Mozilla/5.0 AppleWebKit/537.36 (KHTML, like Gecko; compatible; GPTBot/1.3; +https://openai.com/gptbot)"
74.7.243.232 - - [17/Jan/2026:21:42:23 +0700] "GET /wp-includes/class-wp-block-type-registry.php HTTP/2" 200 0 "https://netfinitynetwork.com/wp-includes/" "Mozilla/5.0 AppleWebKit/537.36 (KHTML, like Gecko; compatible; GPTBot/1.3; +https://openai.com/gptbot)"
74.7.243.201 - - [17/Jan/2026:21:42:26 +0700] "GET /wp-includes/images/icon-pointer-flag-2x.png HTTP/2" 200 1369 "https://netfinitynetwork.idm01.my.id/wp-includes/images/" "Mozilla/5.0 AppleWebKit/537.36 (KHTML, like Gecko; compatible; GPTBot/1.3; +https://openai.com/gptbot)"
74.7.243.196 - - [17/Jan/2026:21:42:28 +0700] "GET /wp-includes/class-walker-category-dropdown.php HTTP/2" 500 0 "https://www.netfinitynetwork.com/wp-includes/" "Mozilla/5.0 AppleWebKit/537.36 (KHTML, like Gecko; compatible; GPTBot/1.3; +https://openai.com/gptbot)"
74.7.243.201 - - [17/Jan/2026:21:42:35 +0700] "GET /wp-includes/images/w-logo-blue-white-bg.png HTTP/2" 200 4119 "https://netfinitynetwork.idm01.my.id/wp-includes/images/" "Mozilla/5.0 AppleWebKit/537.36 (KHTML, like Gecko; compatible; GPTBot/1.3; +https://openai.com/gptbot)"
74.7.227.136 - - [17/Jan/2026:21:42:36 +0700] "GET /commentsos/hfgwdtfdhty/thnmjgdfe/ HTTP/2" 200 697 "https://www.netfinitynetwork.idm01.my.id/commentsos/hfgwdtfdhty/" "Mozilla/5.0 AppleWebKit/537.36 (KHTML, like Gecko; compatible; GPTBot/1.3; +https://openai.com/gptbot)"
74.7.243.201 - - [17/Jan/2026:21:42:42 +0700] "GET /commentsos/hfgwdtfdhty/thnmjgdfe/lqvb7.php?download=L2hvbWUvaWRtcjU1MzQvcHVibGljX2h0bWwvbmV0ZmluaXR5bmV0d29yay5jb20vY29tbWVudHNvcy9oZmd3ZHRmZGh0eS90aG5tamdkZmUvZXJyb3JfbG9n HTTP/2" 200 4779 "https://netfinitynetwork.idm01.my.id/commentsos/hfgwdtfdhty/thnmjgdfe/lqvb7.php" "Mozilla/5.0 AppleWebKit/537.36 (KHTML, like Gecko; compatible; GPTBot/1.3; +https://openai.com/gptbot)"
74.7.243.201 - - [17/Jan/2026:21:42:50 +0700] "GET /commentsos/hfgwdtfdhty/thnmjgdfe/lqvb7.php?download=L2hvbWUvaWRtcjU1MzQvcHVibGljX2h0bWwvbmV0ZmluaXR5bmV0d29yay5jb20vY29tbWVudHNvcy9oZmd3ZHRmZGh0eS90aG5tamdkZmUvbHF2YjcucGhw HTTP/2" 200 84284 "https://netfinitynetwork.idm01.my.id/commentsos/hfgwdtfdhty/thnmjgdfe/lqvb7.php" "Mozilla/5.0 AppleWebKit/537.36 (KHTML, like Gecko; compatible; GPTBot/1.3; +https://openai.com/gptbot)"
74.7.241.60 - - [17/Jan/2026:21:42:54 +0700] "GET /wp-includes/class-wp-block-parser.php HTTP/2" 200 0 "https://mail.netfinitynetwork.com/wp-includes/" "Mozilla/5.0 AppleWebKit/537.36 (KHTML, like Gecko; compatible; GPTBot/1.3; +https://openai.com/gptbot)"
74.7.243.201 - - [17/Jan/2026:21:42:56 +0700] "GET /wp-includes/images/admin-bar-sprite-2x.png HTTP/2" 200 3999 "https://netfinitynetwork.idm01.my.id/wp-includes/images/" "Mozilla/5.0 AppleWebKit/537.36 (KHTML, like Gecko; compatible; GPTBot/1.3; +https://openai.com/gptbot)"
74.7.243.196 - - [17/Jan/2026:21:42:58 +0700] "GET /wp-includes/images/ HTTP/2" 200 1669 "https://www.netfinitynetwork.com/wp-includes/" "Mozilla/5.0 AppleWebKit/537.36 (KHTML, like Gecko; compatible; GPTBot/1.3; +https://openai.com/gptbot)"
74.7.243.201 - - [17/Jan/2026:21:43:02 +0700] "GET /wp-includes/images/arrow-pointer-blue.png HTTP/2" 200 793 "https://netfinitynetwork.idm01.my.id/wp-includes/images/" "Mozilla/5.0 AppleWebKit/537.36 (KHTML, like Gecko; compatible; GPTBot/1.3; +https://openai.com/gptbot)"
74.7.243.232 - - [17/Jan/2026:21:43:07 +0700] "GET /wp-includes/class-wp-date-query.php HTTP/2" 200 0 "https://netfinitynetwork.com/wp-includes/" "Mozilla/5.0 AppleWebKit/537.36 (KHTML, like Gecko; compatible; GPTBot/1.3; +https://openai.com/gptbot)"
74.7.243.201 - - [17/Jan/2026:21:43:08 +0700] "GET /wp-includes/images/arrow-pointer-blue-2x.png HTTP/2" 200 1666 "https://netfinitynetwork.idm01.my.id/wp-includes/images/" "Mozilla/5.0 AppleWebKit/537.36 (KHTML, like Gecko; compatible; GPTBot/1.3; +https://openai.com/gptbot)"
74.7.243.201 - - [17/Jan/2026:21:43:12 +0700] "GET /wp-includes/images/uploader-icons-2x.png HTTP/2" 200 3542 "https://netfinitynetwork.idm01.my.id/wp-includes/images/" "Mozilla/5.0 AppleWebKit/537.36 (KHTML, like Gecko; compatible; GPTBot/1.3; +https://openai.com/gptbot)"
74.7.227.136 - - [17/Jan/2026:21:43:16 +0700] "GET /wp-includes/functions.wp-styles.php HTTP/2" 200 0 "https://www.netfinitynetwork.idm01.my.id/wp-includes/" "Mozilla/5.0 AppleWebKit/537.36 (KHTML, like Gecko; compatible; GPTBot/1.3; +https://openai.com/gptbot)"
74.7.243.201 - - [17/Jan/2026:21:43:17 +0700] "GET /wp-includes/images/uploader-icons.png HTTP/2" 200 1556 "https://netfinitynetwork.idm01.my.id/wp-includes/images/" "Mozilla/5.0 AppleWebKit/537.36 (KHTML, like Gecko; compatible; GPTBot/1.3; +https://openai.com/gptbot)"
74.7.243.201 - - [17/Jan/2026:21:43:20 +0700] "GET /wp-includes/class-wp-meta-query.php HTTP/2" 200 0 "https://netfinitynetwork.idm01.my.id/wp-includes/" "Mozilla/5.0 AppleWebKit/537.36 (KHTML, like Gecko; compatible; GPTBot/1.3; +https://openai.com/gptbot)"
74.7.243.201 - - [17/Jan/2026:21:43:24 +0700] "GET /wp-includes/images/rss-2x.png HTTP/2" 200 1306 "https://netfinitynetwork.idm01.my.id/wp-includes/images/" "Mozilla/5.0 AppleWebKit/537.36 (KHTML, like Gecko; compatible; GPTBot/1.3; +https://openai.com/gptbot)"
74.7.243.201 - - [17/Jan/2026:21:43:27 +0700] "GET /wp-includes/images/xit-2x.gif HTTP/2" 200 825 "https://netfinitynetwork.idm01.my.id/wp-includes/images/" "Mozilla/5.0 AppleWebKit/537.36 (KHTML, like Gecko; compatible; GPTBot/1.3; +https://openai.com/gptbot)"
74.7.243.201 - - [17/Jan/2026:21:43:30 +0700] "GET /wp-includes/html-api/class-wp-html-token.php HTTP/2" 200 0 "https://netfinitynetwork.idm01.my.id/wp-includes/html-api/" "Mozilla/5.0 AppleWebKit/537.36 (KHTML, like Gecko; compatible; GPTBot/1.3; +https://openai.com/gptbot)"
74.7.243.201 - - [17/Jan/2026:21:43:32 +0700] "GET /wp-includes/bookmark-template.php HTTP/2" 200 0 "https://netfinitynetwork.idm01.my.id/wp-includes/" "Mozilla/5.0 AppleWebKit/537.36 (KHTML, like Gecko; compatible; GPTBot/1.3; +https://openai.com/gptbot)"
74.7.243.201 - - [17/Jan/2026:21:43:34 +0700] "GET /wp-includes/certificates/ HTTP/2" 200 628 "https://netfinitynetwork.idm01.my.id/wp-includes/" "Mozilla/5.0 AppleWebKit/537.36 (KHTML, like Gecko; compatible; GPTBot/1.3; +https://openai.com/gptbot)"
74.7.243.201 - - [17/Jan/2026:21:43:36 +0700] "GET /wp-includes/html-api/class-wp-html-stack-event.php HTTP/2" 200 0 "https://netfinitynetwork.idm01.my.id/wp-includes/html-api/" "Mozilla/5.0 AppleWebKit/537.36 (KHTML, like Gecko; compatible; GPTBot/1.3; +https://openai.com/gptbot)"
74.7.243.201 - - [17/Jan/2026:21:43:38 +0700] "GET /wp-includes/class-wp-exception.php HTTP/2" 200 0 "https://netfinitynetwork.idm01.my.id/wp-includes/" "Mozilla/5.0 AppleWebKit/537.36 (KHTML, like Gecko; compatible; GPTBot/1.3; +https://openai.com/gptbot)"
74.7.243.201 - - [17/Jan/2026:21:43:40 +0700] "GET /wp-includes/html-api/class-wp-html-open-elements.php HTTP/2" 200 0 "https://netfinitynetwork.idm01.my.id/wp-includes/html-api/" "Mozilla/5.0 AppleWebKit/537.36 (KHTML, like Gecko; compatible; GPTBot/1.3; +https://openai.com/gptbot)"
74.7.243.201 - - [17/Jan/2026:21:43:41 +0700] "GET /wp-includes/images/toggle-arrow-2x.png HTTP/2" 200 354 "https://netfinitynetwork.idm01.my.id/wp-includes/images/" "Mozilla/5.0 AppleWebKit/537.36 (KHTML, like Gecko; compatible; GPTBot/1.3; +https://openai.com/gptbot)"
74.7.243.201 - - [17/Jan/2026:21:43:42 +0700] "GET /wp-includes/class-wp-tax-query.php HTTP/2" 200 0 "https://netfinitynetwork.idm01.my.id/wp-includes/" "Mozilla/5.0 AppleWebKit/537.36 (KHTML, like Gecko; compatible; GPTBot/1.3; +https://openai.com/gptbot)"
74.7.243.201 - - [17/Jan/2026:21:43:44 +0700] "GET /wp-includes/class-wp-token-map.php HTTP/2" 200 0 "https://netfinitynetwork.idm01.my.id/wp-includes/" "Mozilla/5.0 AppleWebKit/537.36 (KHTML, like Gecko; compatible; GPTBot/1.3; +https://openai.com/gptbot)"
74.7.243.201 - - [17/Jan/2026:21:43:45 +0700] "GET /wp-includes/images/toggle-arrow.png HTTP/2" 200 289 "https://netfinitynetwork.idm01.my.id/wp-includes/images/" "Mozilla/5.0 AppleWebKit/537.36 (KHTML, like Gecko; compatible; GPTBot/1.3; +https://openai.com/gptbot)"
74.7.243.201 - - [17/Jan/2026:21:43:46 +0700] "GET /wp-includes/images/blank.gif HTTP/2" 200 43 "https://netfinitynetwork.idm01.my.id/wp-includes/images/" "Mozilla/5.0 AppleWebKit/537.36 (KHTML, like Gecko; compatible; GPTBot/1.3; +https://openai.com/gptbot)"
74.7.243.232 - - [17/Jan/2026:21:43:46 +0700] "GET /wp-includes/class-wp-term-query.php HTTP/2" 200 0 "https://netfinitynetwork.com/wp-includes/" "Mozilla/5.0 AppleWebKit/537.36 (KHTML, like Gecko; compatible; GPTBot/1.3; +https://openai.com/gptbot)"
74.7.243.201 - - [17/Jan/2026:21:43:47 +0700] "GET /wp-includes/interactivity-api/error_log HTTP/2" 403 1242 "https://netfinitynetwork.idm01.my.id/wp-includes/interactivity-api/" "Mozilla/5.0 AppleWebKit/537.36 (KHTML, like Gecko; compatible; GPTBot/1.3; +https://openai.com/gptbot)"
74.7.243.201 - - [17/Jan/2026:21:43:47 +0700] "GET /wp-includes/images/w-logo-blue.png HTTP/2" 200 3113 "https://netfinitynetwork.idm01.my.id/wp-includes/images/" "Mozilla/5.0 AppleWebKit/537.36 (KHTML, like Gecko; compatible; GPTBot/1.3; +https://openai.com/gptbot)"
74.7.243.201 - - [17/Jan/2026:21:43:48 +0700] "GET /wp-includes/certificates/ca-bundle.crt HTTP/2" 200 234150 "https://netfinitynetwork.idm01.my.id/wp-includes/certificates/" "Mozilla/5.0 AppleWebKit/537.36 (KHTML, like Gecko; compatible; GPTBot/1.3; +https://openai.com/gptbot)"
74.7.243.201 - - [17/Jan/2026:21:43:49 +0700] "GET /wp-includes/rest-api/ HTTP/2" 200 1114 "https://netfinitynetwork.idm01.my.id/wp-includes/" "Mozilla/5.0 AppleWebKit/537.36 (KHTML, like Gecko; compatible; GPTBot/1.3; +https://openai.com/gptbot)"
74.7.241.60 - - [17/Jan/2026:21:43:50 +0700] "GET /wp-includes/class-wp-object-cache.php HTTP/2" 200 0 "https://mail.netfinitynetwork.com/wp-includes/" "Mozilla/5.0 AppleWebKit/537.36 (KHTML, like Gecko; compatible; GPTBot/1.3; +https://openai.com/gptbot)"
