74.7.243.201 - - [17/Jan/2026:20:06:14 +0700] "GET /wp-load.php HTTP/2" 200 0 "https://netfinitynetwork.idm01.my.id/" "Mozilla/5.0 AppleWebKit/537.36 (KHTML, like Gecko; compatible; GPTBot/1.3; +https://openai.com/gptbot)"
74.7.243.201 - - [17/Jan/2026:20:06:17 +0700] "GET /wp-cron.php HTTP/2" 200 0 "https://netfinitynetwork.idm01.my.id/" "Mozilla/5.0 AppleWebKit/537.36 (KHTML, like Gecko; compatible; GPTBot/1.3; +https://openai.com/gptbot)"
74.7.243.232 - - [17/Jan/2026:20:06:17 +0700] "GET /wp-includes/?SA HTTP/2" 200 8375 "https://netfinitynetwork.com/wp-includes/" "Mozilla/5.0 AppleWebKit/537.36 (KHTML, like Gecko; compatible; GPTBot/1.3; +https://openai.com/gptbot)"
74.7.241.60 - - [17/Jan/2026:20:06:17 +0700] "GET /wp-includes/class-wp-block-processor.php HTTP/2" 200 0 "https://mail.netfinitynetwork.com/wp-includes/" "Mozilla/5.0 AppleWebKit/537.36 (KHTML, like Gecko; compatible; GPTBot/1.3; +https://openai.com/gptbot)"
74.7.243.201 - - [17/Jan/2026:20:06:19 +0700] "GET /wp-includes/class-wp-post.php HTTP/2" 200 0 "https://netfinitynetwork.idm01.my.id/wp-includes/" "Mozilla/5.0 AppleWebKit/537.36 (KHTML, like Gecko; compatible; GPTBot/1.3; +https://openai.com/gptbot)"
74.7.243.201 - - [17/Jan/2026:20:06:21 +0700] "GET /wp-includes/post-thumbnail-template.php HTTP/2" 200 0 "https://netfinitynetwork.idm01.my.id/wp-includes/" "Mozilla/5.0 AppleWebKit/537.36 (KHTML, like Gecko; compatible; GPTBot/1.3; +https://openai.com/gptbot)"
74.7.243.232 - - [17/Jan/2026:20:06:21 +0700] "GET /wp-includes/?MA HTTP/2" 200 8351 "https://netfinitynetwork.com/wp-includes/" "Mozilla/5.0 AppleWebKit/537.36 (KHTML, like Gecko; compatible; GPTBot/1.3; +https://openai.com/gptbot)"
74.7.241.60 - - [17/Jan/2026:20:06:22 +0700] "GET /wp-includes/class-wp-locale-switcher.php HTTP/2" 200 0 "https://mail.netfinitynetwork.com/wp-includes/" "Mozilla/5.0 AppleWebKit/537.36 (KHTML, like Gecko; compatible; GPTBot/1.3; +https://openai.com/gptbot)"
74.7.243.201 - - [17/Jan/2026:20:06:23 +0700] "GET /xmlrpc.php HTTP/2" 403 1242 "https://netfinitynetwork.idm01.my.id/" "Mozilla/5.0 AppleWebKit/537.36 (KHTML, like Gecko; compatible; GPTBot/1.3; +https://openai.com/gptbot)"
74.7.243.201 - - [17/Jan/2026:20:06:24 +0700] "GET /?NA HTTP/2" 200 1619 "https://netfinitynetwork.idm01.my.id/?ND" "Mozilla/5.0 AppleWebKit/537.36 (KHTML, like Gecko; compatible; GPTBot/1.3; +https://openai.com/gptbot)"
74.7.243.232 - - [17/Jan/2026:20:06:25 +0700] "GET /wp-includes/class-wp-error.php HTTP/2" 200 0 "https://netfinitynetwork.com/wp-includes/" "Mozilla/5.0 AppleWebKit/537.36 (KHTML, like Gecko; compatible; GPTBot/1.3; +https://openai.com/gptbot)"
74.7.243.201 - - [17/Jan/2026:20:06:26 +0700] "GET /?SD HTTP/2" 200 1636 "https://netfinitynetwork.idm01.my.id/?SA" "Mozilla/5.0 AppleWebKit/537.36 (KHTML, like Gecko; compatible; GPTBot/1.3; +https://openai.com/gptbot)"
74.7.241.60 - - [17/Jan/2026:20:06:27 +0700] "GET /wp-includes/class-wp-http-requests-response.php HTTP/2" 500 0 "https://mail.netfinitynetwork.com/wp-includes/" "Mozilla/5.0 AppleWebKit/537.36 (KHTML, like Gecko; compatible; GPTBot/1.3; +https://openai.com/gptbot)"
74.7.243.201 - - [17/Jan/2026:20:06:27 +0700] "GET /?MD HTTP/2" 200 1616 "https://netfinitynetwork.idm01.my.id/?MA" "Mozilla/5.0 AppleWebKit/537.36 (KHTML, like Gecko; compatible; GPTBot/1.3; +https://openai.com/gptbot)"
74.7.243.201 - - [17/Jan/2026:20:06:28 +0700] "GET /error_log HTTP/2" 403 1242 "https://netfinitynetwork.idm01.my.id/" "Mozilla/5.0 AppleWebKit/537.36 (KHTML, like Gecko; compatible; GPTBot/1.3; +https://openai.com/gptbot)"
74.7.243.232 - - [17/Jan/2026:20:06:28 +0700] "GET /wp-includes/class-wp-http-ixr-client.php HTTP/2" 500 0 "https://netfinitynetwork.com/wp-includes/" "Mozilla/5.0 AppleWebKit/537.36 (KHTML, like Gecko; compatible; GPTBot/1.3; +https://openai.com/gptbot)"
74.7.243.201 - - [17/Jan/2026:20:06:29 +0700] "GET /license.txt HTTP/2" 200 6865 "https://netfinitynetwork.idm01.my.id/" "Mozilla/5.0 AppleWebKit/537.36 (KHTML, like Gecko; compatible; GPTBot/1.3; +https://openai.com/gptbot)"
74.7.241.60 - - [17/Jan/2026:20:06:31 +0700] "GET /wp-includes/registration-functions.php HTTP/2" 500 0 "https://mail.netfinitynetwork.com/wp-includes/" "Mozilla/5.0 AppleWebKit/537.36 (KHTML, like Gecko; compatible; GPTBot/1.3; +https://openai.com/gptbot)"
74.7.243.201 - - [17/Jan/2026:20:06:31 +0700] "GET /cgi-bin/ HTTP/2" 403 1242 "https://netfinitynetwork.idm01.my.id/" "Mozilla/5.0 AppleWebKit/537.36 (KHTML, like Gecko; compatible; GPTBot/1.3; +https://openai.com/gptbot)"
74.7.243.201 - - [17/Jan/2026:20:06:32 +0700] "GET /commentsos/ HTTP/2" 200 622 "https://netfinitynetwork.idm01.my.id/" "Mozilla/5.0 AppleWebKit/537.36 (KHTML, like Gecko; compatible; GPTBot/1.3; +https://openai.com/gptbot)"
74.7.243.232 - - [17/Jan/2026:20:06:32 +0700] "GET /wp-includes/class-wp-block-parser-block.php HTTP/2" 200 0 "https://netfinitynetwork.com/wp-includes/" "Mozilla/5.0 AppleWebKit/537.36 (KHTML, like Gecko; compatible; GPTBot/1.3; +https://openai.com/gptbot)"
74.7.243.201 - - [17/Jan/2026:20:06:33 +0700] "GET /wp-includes/class-wp-url-pattern-prefixer.php HTTP/2" 200 0 "https://netfinitynetwork.idm01.my.id/wp-includes/" "Mozilla/5.0 AppleWebKit/537.36 (KHTML, like Gecko; compatible; GPTBot/1.3; +https://openai.com/gptbot)"
74.7.243.201 - - [17/Jan/2026:20:06:34 +0700] "GET /readme.html HTTP/2" 200 2667 "https://netfinitynetwork.idm01.my.id/" "Mozilla/5.0 AppleWebKit/537.36 (KHTML, like Gecko; compatible; GPTBot/1.3; +https://openai.com/gptbot)"
74.7.243.201 - - [17/Jan/2026:20:06:34 +0700] "GET /wp-includes/class-wp-block-pattern-categories-registry.php HTTP/2" 200 0 "https://netfinitynetwork.idm01.my.id/wp-includes/" "Mozilla/5.0 AppleWebKit/537.36 (KHTML, like Gecko; compatible; GPTBot/1.3; +https://openai.com/gptbot)"
74.7.243.201 - - [17/Jan/2026:20:06:35 +0700] "GET /gfherhfghre/ HTTP/2" 200 623 "https://netfinitynetwork.idm01.my.id/" "Mozilla/5.0 AppleWebKit/537.36 (KHTML, like Gecko; compatible; GPTBot/1.3; +https://openai.com/gptbot)"
74.7.243.201 - - [17/Jan/2026:20:06:36 +0700] "GET /wp-links-opml.php HTTP/2" 200 151 "https://netfinitynetwork.idm01.my.id/" "Mozilla/5.0 AppleWebKit/537.36 (KHTML, like Gecko; compatible; GPTBot/1.3; +https://openai.com/gptbot)"
74.7.243.201 - - [17/Jan/2026:20:06:36 +0700] "GET /wp-includes/post-template.php HTTP/2" 200 0 "https://netfinitynetwork.idm01.my.id/wp-includes/" "Mozilla/5.0 AppleWebKit/537.36 (KHTML, like Gecko; compatible; GPTBot/1.3; +https://openai.com/gptbot)"
74.7.243.201 - - [17/Jan/2026:20:06:37 +0700] "GET /wp-includes/post-formats.php HTTP/2" 200 0 "https://netfinitynetwork.idm01.my.id/wp-includes/" "Mozilla/5.0 AppleWebKit/537.36 (KHTML, like Gecko; compatible; GPTBot/1.3; +https://openai.com/gptbot)"
74.7.243.201 - - [17/Jan/2026:20:06:38 +0700] "GET /wp-includes/class-wp-fatal-error-handler.php HTTP/2" 200 0 "https://netfinitynetwork.idm01.my.id/wp-includes/" "Mozilla/5.0 AppleWebKit/537.36 (KHTML, like Gecko; compatible; GPTBot/1.3; +https://openai.com/gptbot)"
74.7.243.201 - - [17/Jan/2026:20:06:38 +0700] "GET /wp-includes/global-styles-and-settings.php HTTP/2" 200 0 "https://netfinitynetwork.idm01.my.id/wp-includes/" "Mozilla/5.0 AppleWebKit/537.36 (KHTML, like Gecko; compatible; GPTBot/1.3; +https://openai.com/gptbot)"
74.7.243.201 - - [17/Jan/2026:20:06:38 +0700] "GET /wp-includes/post.php HTTP/2" 200 0 "https://netfinitynetwork.idm01.my.id/wp-includes/" "Mozilla/5.0 AppleWebKit/537.36 (KHTML, like Gecko; compatible; GPTBot/1.3; +https://openai.com/gptbot)"
74.7.243.201 - - [17/Jan/2026:20:06:39 +0700] "GET /wp-settings.php HTTP/2" 500 0 "https://netfinitynetwork.idm01.my.id/" "Mozilla/5.0 AppleWebKit/537.36 (KHTML, like Gecko; compatible; GPTBot/1.3; +https://openai.com/gptbot)"
74.7.243.201 - - [17/Jan/2026:20:06:40 +0700] "GET /wp-includes/class-wp-image-editor-imagick.php HTTP/2" 500 0 "https://netfinitynetwork.idm01.my.id/wp-includes/" "Mozilla/5.0 AppleWebKit/537.36 (KHTML, like Gecko; compatible; GPTBot/1.3; +https://openai.com/gptbot)"
74.7.243.232 - - [17/Jan/2026:20:06:41 +0700] "GET /wp-includes/class-wp-block-processor.php HTTP/2" 200 0 "https://netfinitynetwork.com/wp-includes/" "Mozilla/5.0 AppleWebKit/537.36 (KHTML, like Gecko; compatible; GPTBot/1.3; +https://openai.com/gptbot)"
74.7.243.201 - - [17/Jan/2026:20:06:41 +0700] "GET /wp-includes/?ND HTTP/2" 200 8461 "https://netfinitynetwork.idm01.my.id/wp-includes/" "Mozilla/5.0 AppleWebKit/537.36 (KHTML, like Gecko; compatible; GPTBot/1.3; +https://openai.com/gptbot)"
74.7.241.60 - - [17/Jan/2026:20:06:43 +0700] "GET /wp-includes/class-wp-image-editor-imagick.php HTTP/2" 500 0 "https://mail.netfinitynetwork.com/wp-includes/?MA" "Mozilla/5.0 AppleWebKit/537.36 (KHTML, like Gecko; compatible; GPTBot/1.3; +https://openai.com/gptbot)"
74.7.243.201 - - [17/Jan/2026:20:06:46 +0700] "GET /wp-includes/?SA HTTP/2" 200 8371 "https://netfinitynetwork.idm01.my.id/wp-includes/" "Mozilla/5.0 AppleWebKit/537.36 (KHTML, like Gecko; compatible; GPTBot/1.3; +https://openai.com/gptbot)"
91.196.152.167 - - [17/Jan/2026:20:06:48 +0700] "GET /favicon.ico HTTP/1.1" 200 37649 "-" "Mozilla/5.0 (X11; Ubuntu; Linux x86_64; rv:134.0) Gecko/20100101 Firefox/134.0"
74.7.243.232 - - [17/Jan/2026:20:06:50 +0700] "GET /wp-login.php?reauth=1&redirect_to=https%3A%2F%2Fnetfinitynetwork.idm01.my.id%2Fwp-admin%2F HTTP/2" 200 1735 "https://netfinitynetwork.idm01.my.id" "Mozilla/5.0 AppleWebKit/537.36 (KHTML, like Gecko; compatible; GPTBot/1.3; +https://openai.com/gptbot)"
74.7.243.201 - - [17/Jan/2026:20:06:50 +0700] "GET /wp-includes/?MA HTTP/2" 200 8415 "https://netfinitynetwork.idm01.my.id/wp-includes/" "Mozilla/5.0 AppleWebKit/537.36 (KHTML, like Gecko; compatible; GPTBot/1.3; +https://openai.com/gptbot)"
74.7.243.201 - - [17/Jan/2026:20:06:54 +0700] "GET /wp-comments-post.php HTTP/2" 405 0 "https://netfinitynetwork.idm01.my.id/" "Mozilla/5.0 AppleWebKit/537.36 (KHTML, like Gecko; compatible; GPTBot/1.3; +https://openai.com/gptbot)"
74.7.243.201 - - [17/Jan/2026:20:06:57 +0700] "GET /wp-includes/class-wp-error.php HTTP/2" 200 0 "https://netfinitynetwork.idm01.my.id/wp-includes/" "Mozilla/5.0 AppleWebKit/537.36 (KHTML, like Gecko; compatible; GPTBot/1.3; +https://openai.com/gptbot)"
74.7.243.232 - - [17/Jan/2026:20:06:57 +0700] "GET /wp-includes/class-wp-locale-switcher.php HTTP/2" 200 0 "https://netfinitynetwork.com/wp-includes/" "Mozilla/5.0 AppleWebKit/537.36 (KHTML, like Gecko; compatible; GPTBot/1.3; +https://openai.com/gptbot)"
74.7.243.201 - - [17/Jan/2026:20:07:01 +0700] "GET /wp-includes/class-wp-http-ixr-client.php HTTP/2" 500 0 "https://netfinitynetwork.idm01.my.id/wp-includes/" "Mozilla/5.0 AppleWebKit/537.36 (KHTML, like Gecko; compatible; GPTBot/1.3; +https://openai.com/gptbot)"
74.7.243.201 - - [17/Jan/2026:20:07:04 +0700] "GET /wp-includes/class-wp-block-parser-block.php HTTP/2" 200 0 "https://netfinitynetwork.idm01.my.id/wp-includes/" "Mozilla/5.0 AppleWebKit/537.36 (KHTML, like Gecko; compatible; GPTBot/1.3; +https://openai.com/gptbot)"
74.7.243.232 - - [17/Jan/2026:20:07:04 +0700] "GET /wp-includes/class-wp-http-requests-response.php HTTP/2" 500 0 "https://netfinitynetwork.com/wp-includes/" "Mozilla/5.0 AppleWebKit/537.36 (KHTML, like Gecko; compatible; GPTBot/1.3; +https://openai.com/gptbot)"
74.7.243.232 - - [17/Jan/2026:20:07:10 +0700] "GET /wp-includes/registration-functions.php HTTP/2" 500 0 "https://netfinitynetwork.com/wp-includes/" "Mozilla/5.0 AppleWebKit/537.36 (KHTML, like Gecko; compatible; GPTBot/1.3; +https://openai.com/gptbot)"
74.7.243.201 - - [17/Jan/2026:20:07:13 +0700] "GET /wp-includes/class-wp-locale-switcher.php HTTP/2" 200 0 "https://netfinitynetwork.idm01.my.id/wp-includes/" "Mozilla/5.0 AppleWebKit/537.36 (KHTML, like Gecko; compatible; GPTBot/1.3; +https://openai.com/gptbot)"
74.7.243.201 - - [17/Jan/2026:20:07:21 +0700] "GET /wp-includes/class-wp-block-processor.php HTTP/2" 200 0 "https://netfinitynetwork.idm01.my.id/wp-includes/" "Mozilla/5.0 AppleWebKit/537.36 (KHTML, like Gecko; compatible; GPTBot/1.3; +https://openai.com/gptbot)"
74.7.241.60 - - [17/Jan/2026:20:07:22 +0700] "GET /wp-includes/?SD HTTP/2" 200 8473 "https://mail.netfinitynetwork.com/wp-includes/?SA" "Mozilla/5.0 AppleWebKit/537.36 (KHTML, like Gecko; compatible; GPTBot/1.3; +https://openai.com/gptbot)"
74.7.243.232 - - [17/Jan/2026:20:07:29 +0700] "GET /wp-includes/class-wp-image-editor-imagick.php HTTP/2" 500 0 "https://netfinitynetwork.com/wp-includes/?ND" "Mozilla/5.0 AppleWebKit/537.36 (KHTML, like Gecko; compatible; GPTBot/1.3; +https://openai.com/gptbot)"
74.7.243.201 - - [17/Jan/2026:20:07:29 +0700] "GET /wp-includes/class-wp-http-requests-response.php HTTP/2" 500 0 "https://netfinitynetwork.idm01.my.id/wp-includes/" "Mozilla/5.0 AppleWebKit/537.36 (KHTML, like Gecko; compatible; GPTBot/1.3; +https://openai.com/gptbot)"
74.7.243.201 - - [17/Jan/2026:20:07:36 +0700] "GET /wp-includes/registration-functions.php HTTP/2" 500 0 "https://netfinitynetwork.idm01.my.id/wp-includes/" "Mozilla/5.0 AppleWebKit/537.36 (KHTML, like Gecko; compatible; GPTBot/1.3; +https://openai.com/gptbot)"
91.196.152.153 - - [17/Jan/2026:20:07:37 +0700] "GET /favicon.ico HTTP/1.1" 401 36 "-" "Mozilla/5.0 (X11; Ubuntu; Linux x86_64; rv:134.0) Gecko/20100101 Firefox/134.0"
74.7.241.167 - - [17/Jan/2026:20:07:47 +0700] "GET /robots.txt HTTP/2" 401 53 "-" "Mozilla/5.0 (Macintosh; Intel Mac OS X 10_15_7) AppleWebKit/537.36 (KHTML, like Gecko) Chrome/131.0.0.0 Safari/537.36; compatible; OAI-SearchBot/1.3; robots.txt; +https://openai.com/searchbot"
74.7.241.152 - - [17/Jan/2026:20:07:47 +0700] "GET /robots.txt HTTP/2" 200 26 "-" "Mozilla/5.0 (Macintosh; Intel Mac OS X 10_15_7) AppleWebKit/537.36 (KHTML, like Gecko) Chrome/131.0.0.0 Safari/537.36; compatible; OAI-SearchBot/1.3; robots.txt; +https://openai.com/searchbot"
74.7.227.61 - - [17/Jan/2026:20:07:48 +0700] "GET / HTTP/2" 401 53 "-" "Mozilla/5.0 AppleWebKit/537.36 (KHTML, like Gecko; compatible; GPTBot/1.3; +https://openai.com/gptbot)"
74.7.243.201 - - [17/Jan/2026:20:07:56 +0700] "GET /wp-includes/class-wp-image-editor-imagick.php HTTP/2" 500 0 "https://netfinitynetwork.idm01.my.id/wp-includes/?ND" "Mozilla/5.0 AppleWebKit/537.36 (KHTML, like Gecko; compatible; GPTBot/1.3; +https://openai.com/gptbot)"
74.7.241.60 - - [17/Jan/2026:20:08:22 +0700] "GET /wp-includes/?NA HTTP/2" 200 8366 "https://mail.netfinitynetwork.com/wp-includes/?MA" "Mozilla/5.0 AppleWebKit/537.36 (KHTML, like Gecko; compatible; GPTBot/1.3; +https://openai.com/gptbot)"
74.7.244.43 - - [17/Jan/2026:20:08:24 +0700] "GET /robots.txt HTTP/2" 200 108 "-" "Mozilla/5.0 (Macintosh; Intel Mac OS X 10_15_7) AppleWebKit/537.36 (KHTML, like Gecko) Chrome/131.0.0.0 Safari/537.36; compatible; OAI-SearchBot/1.3; robots.txt; +https://openai.com/searchbot"
74.7.175.157 - - [17/Jan/2026:20:08:24 +0700] "GET /robots.txt HTTP/2" 200 108 "-" "Mozilla/5.0 (Macintosh; Intel Mac OS X 10_15_7) AppleWebKit/537.36 (KHTML, like Gecko) Chrome/131.0.0.0 Safari/537.36; compatible; OAI-SearchBot/1.3; robots.txt; +https://openai.com/searchbot"
74.7.243.196 - - [17/Jan/2026:20:08:24 +0700] "GET / HTTP/2" 200 1619 "-" "Mozilla/5.0 AppleWebKit/537.36 (KHTML, like Gecko; compatible; GPTBot/1.3; +https://openai.com/gptbot)"
74.7.227.136 - - [17/Jan/2026:20:08:24 +0700] "GET / HTTP/2" 200 1623 "-" "Mozilla/5.0 AppleWebKit/537.36 (KHTML, like Gecko; compatible; GPTBot/1.3; +https://openai.com/gptbot)"
74.7.243.232 - - [17/Jan/2026:20:08:26 +0700] "GET /wp-includes/?NA HTTP/2" 200 8354 "https://netfinitynetwork.com/wp-includes/?ND" "Mozilla/5.0 AppleWebKit/537.36 (KHTML, like Gecko; compatible; GPTBot/1.3; +https://openai.com/gptbot)"
74.7.227.136 - - [17/Jan/2026:20:08:26 +0700] "GET /xmlrpc.php HTTP/2" 403 1242 "https://www.netfinitynetwork.idm01.my.id/" "Mozilla/5.0 AppleWebKit/537.36 (KHTML, like Gecko; compatible; GPTBot/1.3; +https://openai.com/gptbot)"
74.7.243.196 - - [17/Jan/2026:20:08:27 +0700] "GET /cgi-bin/ HTTP/2" 403 1242 "https://www.netfinitynetwork.com/" "Mozilla/5.0 AppleWebKit/537.36 (KHTML, like Gecko; compatible; GPTBot/1.3; +https://openai.com/gptbot)"
74.7.227.136 - - [17/Jan/2026:20:08:29 +0700] "GET /wp-cron.php HTTP/2" 200 0 "https://www.netfinitynetwork.idm01.my.id/" "Mozilla/5.0 AppleWebKit/537.36 (KHTML, like Gecko; compatible; GPTBot/1.3; +https://openai.com/gptbot)"
74.7.243.196 - - [17/Jan/2026:20:08:30 +0700] "GET /gfherhfghre/ HTTP/2" 200 622 "https://www.netfinitynetwork.com/" "Mozilla/5.0 AppleWebKit/537.36 (KHTML, like Gecko; compatible; GPTBot/1.3; +https://openai.com/gptbot)"
74.7.227.136 - - [17/Jan/2026:20:08:32 +0700] "GET /gg2.php HTTP/2" 200 539 "https://www.netfinitynetwork.idm01.my.id/" "Mozilla/5.0 AppleWebKit/537.36 (KHTML, like Gecko; compatible; GPTBot/1.3; +https://openai.com/gptbot)"
74.7.243.196 - - [17/Jan/2026:20:08:32 +0700] "GET /_autoindex/assets/icons/file-text.svg HTTP/2" 200 394 "https://www.netfinitynetwork.com/" "Mozilla/5.0 AppleWebKit/537.36 (KHTML, like Gecko; compatible; GPTBot/1.3; +https://openai.com/gptbot)"
74.7.227.136 - - [17/Jan/2026:20:08:35 +0700] "GET /_autoindex/assets/js/tablesort.js HTTP/2" 200 2137 "https://www.netfinitynetwork.idm01.my.id/" "Mozilla/5.0 AppleWebKit/537.36 (KHTML, like Gecko; compatible; GPTBot/1.3; +https://openai.com/gptbot)"
74.7.243.196 - - [17/Jan/2026:20:08:35 +0700] "GET /wp-load.php HTTP/2" 200 0 "https://www.netfinitynetwork.com/" "Mozilla/5.0 AppleWebKit/537.36 (KHTML, like Gecko; compatible; GPTBot/1.3; +https://openai.com/gptbot)"
74.7.227.136 - - [17/Jan/2026:20:08:37 +0700] "GET /_autoindex/assets/css/autoindex.css HTTP/2" 200 1170 "https://www.netfinitynetwork.idm01.my.id/" "Mozilla/5.0 AppleWebKit/537.36 (KHTML, like Gecko; compatible; GPTBot/1.3; +https://openai.com/gptbot)"
74.7.243.196 - - [17/Jan/2026:20:08:37 +0700] "GET /gg2.php HTTP/2" 200 539 "https://www.netfinitynetwork.com/" "Mozilla/5.0 AppleWebKit/537.36 (KHTML, like Gecko; compatible; GPTBot/1.3; +https://openai.com/gptbot)"
74.7.227.136 - - [17/Jan/2026:20:08:39 +0700] "GET /license.txt HTTP/2" 200 6865 "https://www.netfinitynetwork.idm01.my.id/" "Mozilla/5.0 AppleWebKit/537.36 (KHTML, like Gecko; compatible; GPTBot/1.3; +https://openai.com/gptbot)"
74.7.243.196 - - [17/Jan/2026:20:08:39 +0700] "GET /error_log HTTP/2" 403 1242 "https://www.netfinitynetwork.com/" "Mozilla/5.0 AppleWebKit/537.36 (KHTML, like Gecko; compatible; GPTBot/1.3; +https://openai.com/gptbot)"
74.7.227.136 - - [17/Jan/2026:20:08:41 +0700] "GET /_autoindex/assets/icons/file.svg HTTP/2" 200 354 "https://www.netfinitynetwork.idm01.my.id/" "Mozilla/5.0 AppleWebKit/537.36 (KHTML, like Gecko; compatible; GPTBot/1.3; +https://openai.com/gptbot)"
74.7.243.196 - - [17/Jan/2026:20:08:41 +0700] "GET /wp-signup.php HTTP/2" 302 0 "https://www.netfinitynetwork.com/" "Mozilla/5.0 AppleWebKit/537.36 (KHTML, like Gecko; compatible; GPTBot/1.3; +https://openai.com/gptbot)"
74.7.227.136 - - [17/Jan/2026:20:08:42 +0700] "GET /?ND HTTP/2" 200 1629 "https://www.netfinitynetwork.idm01.my.id/" "Mozilla/5.0 AppleWebKit/537.36 (KHTML, like Gecko; compatible; GPTBot/1.3; +https://openai.com/gptbot)"
91.196.152.152 - - [17/Jan/2026:20:08:42 +0700] "GET /favicon.ico HTTP/1.1" 200 37649 "-" "Mozilla/5.0 (X11; Ubuntu; Linux x86_64; rv:134.0) Gecko/20100101 Firefox/134.0"
74.7.243.196 - - [17/Jan/2026:20:08:43 +0700] "GET /wp-content/ HTTP/2" 200 0 "https://www.netfinitynetwork.com/" "Mozilla/5.0 AppleWebKit/537.36 (KHTML, like Gecko; compatible; GPTBot/1.3; +https://openai.com/gptbot)"
74.7.227.136 - - [17/Jan/2026:20:08:44 +0700] "GET /wp-includes/ HTTP/2" 200 8370 "https://www.netfinitynetwork.idm01.my.id/" "Mozilla/5.0 AppleWebKit/537.36 (KHTML, like Gecko; compatible; GPTBot/1.3; +https://openai.com/gptbot)"
91.196.152.164 - - [17/Jan/2026:20:08:44 +0700] "GET / HTTP/1.1" 200 37661 "-" "Mozilla/5.0 (X11; Ubuntu; Linux x86_64; rv:134.0) Gecko/20100101 Firefox/134.0"
74.7.243.196 - - [17/Jan/2026:20:08:45 +0700] "GET /wp-config.php HTTP/2" 403 1543 "https://www.netfinitynetwork.com/" "Mozilla/5.0 AppleWebKit/537.36 (KHTML, like Gecko; compatible; GPTBot/1.3; +https://openai.com/gptbot)"
74.7.227.136 - - [17/Jan/2026:20:08:45 +0700] "GET /wp-comments-post.php HTTP/2" 405 0 "https://www.netfinitynetwork.idm01.my.id/" "Mozilla/5.0 AppleWebKit/537.36 (KHTML, like Gecko; compatible; GPTBot/1.3; +https://openai.com/gptbot)"
74.7.243.196 - - [17/Jan/2026:20:08:46 +0700] "GET /wp-mail.php HTTP/2" 403 912 "https://www.netfinitynetwork.com/" "Mozilla/5.0 AppleWebKit/537.36 (KHTML, like Gecko; compatible; GPTBot/1.3; +https://openai.com/gptbot)"
74.7.227.136 - - [17/Jan/2026:20:08:47 +0700] "GET /wp-blog-header.php HTTP/2" 404 0 "https://www.netfinitynetwork.idm01.my.id/" "Mozilla/5.0 AppleWebKit/537.36 (KHTML, like Gecko; compatible; GPTBot/1.3; +https://openai.com/gptbot)"
74.7.227.136 - - [17/Jan/2026:20:08:48 +0700] "GET /?SA HTTP/2" 200 1625 "https://www.netfinitynetwork.idm01.my.id/" "Mozilla/5.0 AppleWebKit/537.36 (KHTML, like Gecko; compatible; GPTBot/1.3; +https://openai.com/gptbot)"
74.7.243.196 - - [17/Jan/2026:20:08:48 +0700] "GET /wp-blog-header.php HTTP/2" 404 0 "https://www.netfinitynetwork.com/" "Mozilla/5.0 AppleWebKit/537.36 (KHTML, like Gecko; compatible; GPTBot/1.3; +https://openai.com/gptbot)"
74.7.227.136 - - [17/Jan/2026:20:08:49 +0700] "GET /?MA HTTP/2" 200 1618 "https://www.netfinitynetwork.idm01.my.id/" "Mozilla/5.0 AppleWebKit/537.36 (KHTML, like Gecko; compatible; GPTBot/1.3; +https://openai.com/gptbot)"
74.7.243.196 - - [17/Jan/2026:20:08:49 +0700] "GET /?MA HTTP/2" 200 1611 "https://www.netfinitynetwork.com/" "Mozilla/5.0 AppleWebKit/537.36 (KHTML, like Gecko; compatible; GPTBot/1.3; +https://openai.com/gptbot)"
74.7.227.136 - - [17/Jan/2026:20:08:50 +0700] "GET /wp-content/ HTTP/2" 200 0 "https://www.netfinitynetwork.idm01.my.id/" "Mozilla/5.0 AppleWebKit/537.36 (KHTML, like Gecko; compatible; GPTBot/1.3; +https://openai.com/gptbot)"
74.7.243.196 - - [17/Jan/2026:20:08:51 +0700] "GET /?SA HTTP/2" 200 1619 "https://www.netfinitynetwork.com/" "Mozilla/5.0 AppleWebKit/537.36 (KHTML, like Gecko; compatible; GPTBot/1.3; +https://openai.com/gptbot)"
74.7.227.136 - - [17/Jan/2026:20:08:51 +0700] "GET /wp-config.php HTTP/2" 403 1543 "https://www.netfinitynetwork.idm01.my.id/" "Mozilla/5.0 AppleWebKit/537.36 (KHTML, like Gecko; compatible; GPTBot/1.3; +https://openai.com/gptbot)"
74.7.243.196 - - [17/Jan/2026:20:08:52 +0700] "GET /?ND HTTP/2" 200 1622 "https://www.netfinitynetwork.com/" "Mozilla/5.0 AppleWebKit/537.36 (KHTML, like Gecko; compatible; GPTBot/1.3; +https://openai.com/gptbot)"
74.7.227.136 - - [17/Jan/2026:20:08:52 +0700] "GET /wp-load.php HTTP/2" 200 0 "https://www.netfinitynetwork.idm01.my.id/" "Mozilla/5.0 AppleWebKit/537.36 (KHTML, like Gecko; compatible; GPTBot/1.3; +https://openai.com/gptbot)"
74.7.227.136 - - [17/Jan/2026:20:08:53 +0700] "GET /wp-mail.php HTTP/2" 403 912 "https://www.netfinitynetwork.idm01.my.id/" "Mozilla/5.0 AppleWebKit/537.36 (KHTML, like Gecko; compatible; GPTBot/1.3; +https://openai.com/gptbot)"
74.7.243.196 - - [17/Jan/2026:20:08:53 +0700] "GET /wp-includes/ HTTP/2" 200 8367 "https://www.netfinitynetwork.com/" "Mozilla/5.0 AppleWebKit/537.36 (KHTML, like Gecko; compatible; GPTBot/1.3; +https://openai.com/gptbot)"
74.7.227.136 - - [17/Jan/2026:20:08:54 +0700] "GET /error_log HTTP/2" 403 1242 "https://www.netfinitynetwork.idm01.my.id/" "Mozilla/5.0 AppleWebKit/537.36 (KHTML, like Gecko; compatible; GPTBot/1.3; +https://openai.com/gptbot)"
74.7.227.136 - - [17/Jan/2026:20:08:54 +0700] "GET /?NA HTTP/2" 200 1623 "https://www.netfinitynetwork.idm01.my.id/?ND" "Mozilla/5.0 AppleWebKit/537.36 (KHTML, like Gecko; compatible; GPTBot/1.3; +https://openai.com/gptbot)"
74.7.243.196 - - [17/Jan/2026:20:08:54 +0700] "GET /wp-cron.php HTTP/2" 200 0 "https://www.netfinitynetwork.com/" "Mozilla/5.0 AppleWebKit/537.36 (KHTML, like Gecko; compatible; GPTBot/1.3; +https://openai.com/gptbot)"
74.7.227.136 - - [17/Jan/2026:20:08:55 +0700] "GET /wp-includes/template.php HTTP/2" 200 0 "https://www.netfinitynetwork.idm01.my.id/wp-includes/" "Mozilla/5.0 AppleWebKit/537.36 (KHTML, like Gecko; compatible; GPTBot/1.3; +https://openai.com/gptbot)"
74.7.243.196 - - [17/Jan/2026:20:08:55 +0700] "GET /xmlrpc.php HTTP/2" 403 1242 "https://www.netfinitynetwork.com/" "Mozilla/5.0 AppleWebKit/537.36 (KHTML, like Gecko; compatible; GPTBot/1.3; +https://openai.com/gptbot)"
74.7.227.136 - - [17/Jan/2026:20:08:56 +0700] "GET /wp-includes/class-wp-post.php HTTP/2" 200 0 "https://www.netfinitynetwork.idm01.my.id/wp-includes/" "Mozilla/5.0 AppleWebKit/537.36 (KHTML, like Gecko; compatible; GPTBot/1.3; +https://openai.com/gptbot)"
74.7.243.196 - - [17/Jan/2026:20:08:56 +0700] "GET /license.txt HTTP/2" 200 6865 "https://www.netfinitynetwork.com/" "Mozilla/5.0 AppleWebKit/537.36 (KHTML, like Gecko; compatible; GPTBot/1.3; +https://openai.com/gptbot)"
74.7.243.201 - - [17/Jan/2026:20:08:57 +0700] "GET /wp-includes/?SD HTTP/2" 200 8439 "https://netfinitynetwork.idm01.my.id/wp-includes/?SA" "Mozilla/5.0 AppleWebKit/537.36 (KHTML, like Gecko; compatible; GPTBot/1.3; +https://openai.com/gptbot)"
74.7.227.136 - - [17/Jan/2026:20:08:57 +0700] "GET /wp-includes/post-thumbnail-template.php HTTP/2" 200 0 "https://www.netfinitynetwork.idm01.my.id/wp-includes/" "Mozilla/5.0 AppleWebKit/537.36 (KHTML, like Gecko; compatible; GPTBot/1.3; +https://openai.com/gptbot)"
74.7.227.136 - - [17/Jan/2026:20:08:57 +0700] "GET /?SD HTTP/2" 200 1637 "https://www.netfinitynetwork.idm01.my.id/?SA" "Mozilla/5.0 AppleWebKit/537.36 (KHTML, like Gecko; compatible; GPTBot/1.3; +https://openai.com/gptbot)"
74.7.243.196 - - [17/Jan/2026:20:08:57 +0700] "GET /commentsos/ HTTP/2" 200 621 "https://www.netfinitynetwork.com/" "Mozilla/5.0 AppleWebKit/537.36 (KHTML, like Gecko; compatible; GPTBot/1.3; +https://openai.com/gptbot)"
74.7.227.136 - - [17/Jan/2026:20:08:58 +0700] "GET /?MD HTTP/2" 200 1617 "https://www.netfinitynetwork.idm01.my.id/?MA" "Mozilla/5.0 AppleWebKit/537.36 (KHTML, like Gecko; compatible; GPTBot/1.3; +https://openai.com/gptbot)"
74.7.227.136 - - [17/Jan/2026:20:08:58 +0700] "GET /cgi-bin/ HTTP/2" 403 1242 "https://www.netfinitynetwork.idm01.my.id/" "Mozilla/5.0 AppleWebKit/537.36 (KHTML, like Gecko; compatible; GPTBot/1.3; +https://openai.com/gptbot)"
74.7.243.196 - - [17/Jan/2026:20:08:58 +0700] "GET /readme.html HTTP/2" 200 2667 "https://www.netfinitynetwork.com/" "Mozilla/5.0 AppleWebKit/537.36 (KHTML, like Gecko; compatible; GPTBot/1.3; +https://openai.com/gptbot)"
74.7.227.136 - - [17/Jan/2026:20:08:59 +0700] "GET /commentsos/ HTTP/2" 200 626 "https://www.netfinitynetwork.idm01.my.id/" "Mozilla/5.0 AppleWebKit/537.36 (KHTML, like Gecko; compatible; GPTBot/1.3; +https://openai.com/gptbot)"
74.7.243.196 - - [17/Jan/2026:20:08:59 +0700] "GET /wp-config-sample.php HTTP/2" 500 905 "https://www.netfinitynetwork.com/" "Mozilla/5.0 AppleWebKit/537.36 (KHTML, like Gecko; compatible; GPTBot/1.3; +https://openai.com/gptbot)"
74.7.227.136 - - [17/Jan/2026:20:08:59 +0700] "GET /wp-includes/class-wp-url-pattern-prefixer.php HTTP/2" 200 0 "https://www.netfinitynetwork.idm01.my.id/wp-includes/" "Mozilla/5.0 AppleWebKit/537.36 (KHTML, like Gecko; compatible; GPTBot/1.3; +https://openai.com/gptbot)"
74.7.227.136 - - [17/Jan/2026:20:09:00 +0700] "GET /readme.html HTTP/2" 200 2667 "https://www.netfinitynetwork.idm01.my.id/" "Mozilla/5.0 AppleWebKit/537.36 (KHTML, like Gecko; compatible; GPTBot/1.3; +https://openai.com/gptbot)"
74.7.243.196 - - [17/Jan/2026:20:08:59 +0700] "GET /wp-trackback.php HTTP/2" 404 91 "https://www.netfinitynetwork.com/" "Mozilla/5.0 AppleWebKit/537.36 (KHTML, like Gecko; compatible; GPTBot/1.3; +https://openai.com/gptbot)"
74.7.227.136 - - [17/Jan/2026:20:09:00 +0700] "GET /gfherhfghre/ HTTP/2" 200 627 "https://www.netfinitynetwork.idm01.my.id/" "Mozilla/5.0 AppleWebKit/537.36 (KHTML, like Gecko; compatible; GPTBot/1.3; +https://openai.com/gptbot)"
74.7.227.136 - - [17/Jan/2026:20:09:01 +0700] "GET /wp-config-sample.php HTTP/2" 500 905 "https://www.netfinitynetwork.idm01.my.id/" "Mozilla/5.0 AppleWebKit/537.36 (KHTML, like Gecko; compatible; GPTBot/1.3; +https://openai.com/gptbot)"
74.7.243.196 - - [17/Jan/2026:20:09:01 +0700] "GET /?MD HTTP/2" 200 1614 "https://www.netfinitynetwork.com/?MA" "Mozilla/5.0 AppleWebKit/537.36 (KHTML, like Gecko; compatible; GPTBot/1.3; +https://openai.com/gptbot)"
74.7.227.136 - - [17/Jan/2026:20:09:01 +0700] "GET /wp-trackback.php HTTP/2" 404 91 "https://www.netfinitynetwork.idm01.my.id/" "Mozilla/5.0 AppleWebKit/537.36 (KHTML, like Gecko; compatible; GPTBot/1.3; +https://openai.com/gptbot)"
74.7.227.136 - - [17/Jan/2026:20:09:03 +0700] "GET /wp-links-opml.php HTTP/2" 200 151 "https://www.netfinitynetwork.idm01.my.id/" "Mozilla/5.0 AppleWebKit/537.36 (KHTML, like Gecko; compatible; GPTBot/1.3; +https://openai.com/gptbot)"
74.7.243.196 - - [17/Jan/2026:20:09:03 +0700] "GET /?NA HTTP/2" 200 1619 "https://www.netfinitynetwork.com/?MA" "Mozilla/5.0 AppleWebKit/537.36 (KHTML, like Gecko; compatible; GPTBot/1.3; +https://openai.com/gptbot)"
74.7.227.136 - - [17/Jan/2026:20:09:04 +0700] "GET /wp-includes/post-formats.php HTTP/2" 200 0 "https://www.netfinitynetwork.idm01.my.id/wp-includes/" "Mozilla/5.0 AppleWebKit/537.36 (KHTML, like Gecko; compatible; GPTBot/1.3; +https://openai.com/gptbot)"
74.7.243.196 - - [17/Jan/2026:20:09:05 +0700] "GET /?SD HTTP/2" 200 1631 "https://www.netfinitynetwork.com/?SA" "Mozilla/5.0 AppleWebKit/537.36 (KHTML, like Gecko; compatible; GPTBot/1.3; +https://openai.com/gptbot)"
74.7.227.136 - - [17/Jan/2026:20:09:06 +0700] "GET /wp-includes/post-template.php HTTP/2" 200 0 "https://www.netfinitynetwork.idm01.my.id/wp-includes/" "Mozilla/5.0 AppleWebKit/537.36 (KHTML, like Gecko; compatible; GPTBot/1.3; +https://openai.com/gptbot)"
74.7.243.196 - - [17/Jan/2026:20:09:07 +0700] "GET /wp-includes/category-template.php HTTP/2" 200 0 "https://www.netfinitynetwork.com/wp-includes/" "Mozilla/5.0 AppleWebKit/537.36 (KHTML, like Gecko; compatible; GPTBot/1.3; +https://openai.com/gptbot)"
74.7.227.136 - - [17/Jan/2026:20:09:07 +0700] "GET /wp-includes/class-wp-fatal-error-handler.php HTTP/2" 200 0 "https://www.netfinitynetwork.idm01.my.id/wp-includes/" "Mozilla/5.0 AppleWebKit/537.36 (KHTML, like Gecko; compatible; GPTBot/1.3; +https://openai.com/gptbot)"
74.7.243.196 - - [17/Jan/2026:20:09:08 +0700] "GET /wp-includes/class-wp-ajax-response.php HTTP/2" 200 0 "https://www.netfinitynetwork.com/wp-includes/" "Mozilla/5.0 AppleWebKit/537.36 (KHTML, like Gecko; compatible; GPTBot/1.3; +https://openai.com/gptbot)"
74.7.227.136 - - [17/Jan/2026:20:09:08 +0700] "GET /wp-includes/global-styles-and-settings.php HTTP/2" 200 0 "https://www.netfinitynetwork.idm01.my.id/wp-includes/" "Mozilla/5.0 AppleWebKit/537.36 (KHTML, like Gecko; compatible; GPTBot/1.3; +https://openai.com/gptbot)"
74.7.243.196 - - [17/Jan/2026:20:09:09 +0700] "GET /wp-includes/class-wp-post.php HTTP/2" 200 0 "https://www.netfinitynetwork.com/wp-includes/" "Mozilla/5.0 AppleWebKit/537.36 (KHTML, like Gecko; compatible; GPTBot/1.3; +https://openai.com/gptbot)"
74.7.227.136 - - [17/Jan/2026:20:09:09 +0700] "GET /wp-includes/post.php HTTP/2" 200 0 "https://www.netfinitynetwork.idm01.my.id/wp-includes/" "Mozilla/5.0 AppleWebKit/537.36 (KHTML, like Gecko; compatible; GPTBot/1.3; +https://openai.com/gptbot)"
74.7.227.136 - - [17/Jan/2026:20:09:10 +0700] "GET /wp-activate.php HTTP/2" 302 0 "https://www.netfinitynetwork.idm01.my.id/" "Mozilla/5.0 AppleWebKit/537.36 (KHTML, like Gecko; compatible; GPTBot/1.3; +https://openai.com/gptbot)"
74.7.243.196 - - [17/Jan/2026:20:09:11 +0700] "GET /wp-includes/post-thumbnail-template.php HTTP/2" 200 0 "https://www.netfinitynetwork.com/wp-includes/" "Mozilla/5.0 AppleWebKit/537.36 (KHTML, like Gecko; compatible; GPTBot/1.3; +https://openai.com/gptbot)"
74.7.227.136 - - [17/Jan/2026:20:09:11 +0700] "GET /wp-settings.php HTTP/2" 500 0 "https://www.netfinitynetwork.idm01.my.id/" "Mozilla/5.0 AppleWebKit/537.36 (KHTML, like Gecko; compatible; GPTBot/1.3; +https://openai.com/gptbot)"
74.7.243.196 - - [17/Jan/2026:20:09:11 +0700] "GET /wp-includes/class-wp-url-pattern-prefixer.php HTTP/2" 200 0 "https://www.netfinitynetwork.com/wp-includes/" "Mozilla/5.0 AppleWebKit/537.36 (KHTML, like Gecko; compatible; GPTBot/1.3; +https://openai.com/gptbot)"
74.7.227.136 - - [17/Jan/2026:20:09:12 +0700] "GET /wp-includes/class-wp-image-editor-imagick.php HTTP/2" 500 0 "https://www.netfinitynetwork.idm01.my.id/wp-includes/" "Mozilla/5.0 AppleWebKit/537.36 (KHTML, like Gecko; compatible; GPTBot/1.3; +https://openai.com/gptbot)"
74.7.243.196 - - [17/Jan/2026:20:09:12 +0700] "GET /wp-links-opml.php HTTP/2" 200 151 "https://www.netfinitynetwork.com/" "Mozilla/5.0 AppleWebKit/537.36 (KHTML, like Gecko; compatible; GPTBot/1.3; +https://openai.com/gptbot)"
74.7.243.196 - - [17/Jan/2026:20:09:13 +0700] "GET /wp-includes/post-template.php HTTP/2" 200 0 "https://www.netfinitynetwork.com/wp-includes/" "Mozilla/5.0 AppleWebKit/537.36 (KHTML, like Gecko; compatible; GPTBot/1.3; +https://openai.com/gptbot)"
74.7.243.196 - - [17/Jan/2026:20:09:14 +0700] "GET /wp-includes/post-formats.php HTTP/2" 200 0 "https://www.netfinitynetwork.com/wp-includes/" "Mozilla/5.0 AppleWebKit/537.36 (KHTML, like Gecko; compatible; GPTBot/1.3; +https://openai.com/gptbot)"
74.7.227.136 - - [17/Jan/2026:20:09:14 +0700] "GET /wp-includes/?ND HTTP/2" 200 8461 "https://www.netfinitynetwork.idm01.my.id/wp-includes/" "Mozilla/5.0 AppleWebKit/537.36 (KHTML, like Gecko; compatible; GPTBot/1.3; +https://openai.com/gptbot)"
74.7.243.196 - - [17/Jan/2026:20:09:15 +0700] "GET /wp-includes/class-wp-fatal-error-handler.php HTTP/2" 200 0 "https://www.netfinitynetwork.com/wp-includes/" "Mozilla/5.0 AppleWebKit/537.36 (KHTML, like Gecko; compatible; GPTBot/1.3; +https://openai.com/gptbot)"
74.7.243.196 - - [17/Jan/2026:20:09:15 +0700] "GET /wp-includes/global-styles-and-settings.php HTTP/2" 200 0 "https://www.netfinitynetwork.com/wp-includes/" "Mozilla/5.0 AppleWebKit/537.36 (KHTML, like Gecko; compatible; GPTBot/1.3; +https://openai.com/gptbot)"
74.7.243.196 - - [17/Jan/2026:20:09:16 +0700] "GET /wp-includes/post.php HTTP/2" 200 0 "https://www.netfinitynetwork.com/wp-includes/" "Mozilla/5.0 AppleWebKit/537.36 (KHTML, like Gecko; compatible; GPTBot/1.3; +https://openai.com/gptbot)"
74.7.243.196 - - [17/Jan/2026:20:09:16 +0700] "GET /wp-activate.php HTTP/2" 302 0 "https://www.netfinitynetwork.com/" "Mozilla/5.0 AppleWebKit/537.36 (KHTML, like Gecko; compatible; GPTBot/1.3; +https://openai.com/gptbot)"
74.7.243.196 - - [17/Jan/2026:20:09:17 +0700] "GET /wp-settings.php HTTP/2" 500 0 "https://www.netfinitynetwork.com/" "Mozilla/5.0 AppleWebKit/537.36 (KHTML, like Gecko; compatible; GPTBot/1.3; +https://openai.com/gptbot)"
74.7.243.196 - - [17/Jan/2026:20:09:17 +0700] "GET /wp-includes/class-wp-image-editor-imagick.php HTTP/2" 500 0 "https://www.netfinitynetwork.com/wp-includes/" "Mozilla/5.0 AppleWebKit/537.36 (KHTML, like Gecko; compatible; GPTBot/1.3; +https://openai.com/gptbot)"
74.7.243.196 - - [17/Jan/2026:20:09:19 +0700] "GET /wp-includes/?MA HTTP/2" 200 8349 "https://www.netfinitynetwork.com/wp-includes/" "Mozilla/5.0 AppleWebKit/537.36 (KHTML, like Gecko; compatible; GPTBot/1.3; +https://openai.com/gptbot)"
74.7.241.60 - - [17/Jan/2026:20:09:20 +0700] "GET /wp-includes/?MD HTTP/2" 200 8442 "https://mail.netfinitynetwork.com/wp-includes/?MA" "Mozilla/5.0 AppleWebKit/537.36 (KHTML, like Gecko; compatible; GPTBot/1.3; +https://openai.com/gptbot)"
74.7.227.136 - - [17/Jan/2026:20:09:21 +0700] "GET /wp-includes/?SA HTTP/2" 200 8373 "https://www.netfinitynetwork.idm01.my.id/wp-includes/" "Mozilla/5.0 AppleWebKit/537.36 (KHTML, like Gecko; compatible; GPTBot/1.3; +https://openai.com/gptbot)"
74.7.243.196 - - [17/Jan/2026:20:09:23 +0700] "GET /wp-includes/?SA HTTP/2" 200 8368 "https://www.netfinitynetwork.com/wp-includes/" "Mozilla/5.0 AppleWebKit/537.36 (KHTML, like Gecko; compatible; GPTBot/1.3; +https://openai.com/gptbot)"
74.7.227.136 - - [17/Jan/2026:20:09:27 +0700] "GET /wp-includes/?MA HTTP/2" 200 8364 "https://www.netfinitynetwork.idm01.my.id/wp-includes/" "Mozilla/5.0 AppleWebKit/537.36 (KHTML, like Gecko; compatible; GPTBot/1.3; +https://openai.com/gptbot)"
74.7.243.196 - - [17/Jan/2026:20:09:28 +0700] "GET /wp-includes/?ND HTTP/2" 200 8455 "https://www.netfinitynetwork.com/wp-includes/" "Mozilla/5.0 AppleWebKit/537.36 (KHTML, like Gecko; compatible; GPTBot/1.3; +https://openai.com/gptbot)"
74.7.243.232 - - [17/Jan/2026:20:09:30 +0700] "GET /wp-includes/?MD HTTP/2" 200 8409 "https://netfinitynetwork.com/wp-includes/?MA" "Mozilla/5.0 AppleWebKit/537.36 (KHTML, like Gecko; compatible; GPTBot/1.3; +https://openai.com/gptbot)"
74.7.243.196 - - [17/Jan/2026:20:09:31 +0700] "GET /wp-comments-post.php HTTP/2" 405 0 "https://www.netfinitynetwork.com/" "Mozilla/5.0 AppleWebKit/537.36 (KHTML, like Gecko; compatible; GPTBot/1.3; +https://openai.com/gptbot)"
74.7.227.136 - - [17/Jan/2026:20:09:33 +0700] "GET /wp-includes/class-wp-error.php HTTP/2" 200 0 "https://www.netfinitynetwork.idm01.my.id/wp-includes/" "Mozilla/5.0 AppleWebKit/537.36 (KHTML, like Gecko; compatible; GPTBot/1.3; +https://openai.com/gptbot)"
74.7.243.196 - - [17/Jan/2026:20:09:35 +0700] "GET /wp-includes/class-wp-error.php HTTP/2" 200 0 "https://www.netfinitynetwork.com/wp-includes/" "Mozilla/5.0 AppleWebKit/537.36 (KHTML, like Gecko; compatible; GPTBot/1.3; +https://openai.com/gptbot)"
74.7.227.136 - - [17/Jan/2026:20:09:37 +0700] "GET /wp-includes/class-wp-http-ixr-client.php HTTP/2" 500 0 "https://www.netfinitynetwork.idm01.my.id/wp-includes/" "Mozilla/5.0 AppleWebKit/537.36 (KHTML, like Gecko; compatible; GPTBot/1.3; +https://openai.com/gptbot)"
91.196.152.51 - - [17/Jan/2026:20:09:37 +0700] "GET /favicon.ico HTTP/1.1" 401 36 "-" "Mozilla/5.0 (X11; Ubuntu; Linux x86_64; rv:134.0) Gecko/20100101 Firefox/134.0"
74.7.243.196 - - [17/Jan/2026:20:09:38 +0700] "GET /wp-includes/class-wp-http-ixr-client.php HTTP/2" 500 0 "https://www.netfinitynetwork.com/wp-includes/" "Mozilla/5.0 AppleWebKit/537.36 (KHTML, like Gecko; compatible; GPTBot/1.3; +https://openai.com/gptbot)"
74.7.243.196 - - [17/Jan/2026:20:09:41 +0700] "GET /wp-includes/class-wp-block-parser-block.php HTTP/2" 200 0 "https://www.netfinitynetwork.com/wp-includes/" "Mozilla/5.0 AppleWebKit/537.36 (KHTML, like Gecko; compatible; GPTBot/1.3; +https://openai.com/gptbot)"
74.7.227.136 - - [17/Jan/2026:20:09:42 +0700] "GET /wp-includes/class-wp-block-parser-block.php HTTP/2" 200 0 "https://www.netfinitynetwork.idm01.my.id/wp-includes/" "Mozilla/5.0 AppleWebKit/537.36 (KHTML, like Gecko; compatible; GPTBot/1.3; +https://openai.com/gptbot)"
74.7.243.196 - - [17/Jan/2026:20:09:51 +0700] "GET /wp-includes/class-wp-locale-switcher.php HTTP/2" 200 0 "https://www.netfinitynetwork.com/wp-includes/" "Mozilla/5.0 AppleWebKit/537.36 (KHTML, like Gecko; compatible; GPTBot/1.3; +https://openai.com/gptbot)"
74.7.227.136 - - [17/Jan/2026:20:09:56 +0700] "GET /wp-includes/class-wp-locale-switcher.php HTTP/2" 200 0 "https://www.netfinitynetwork.idm01.my.id/wp-includes/" "Mozilla/5.0 AppleWebKit/537.36 (KHTML, like Gecko; compatible; GPTBot/1.3; +https://openai.com/gptbot)"
74.7.243.196 - - [17/Jan/2026:20:09:59 +0700] "GET /wp-includes/class-wp-block-processor.php HTTP/2" 200 0 "https://www.netfinitynetwork.com/wp-includes/" "Mozilla/5.0 AppleWebKit/537.36 (KHTML, like Gecko; compatible; GPTBot/1.3; +https://openai.com/gptbot)"
74.7.243.201 - - [17/Jan/2026:20:10:02 +0700] "GET /wp-includes/?MD HTTP/2" 200 8376 "https://netfinitynetwork.idm01.my.id/wp-includes/?MA" "Mozilla/5.0 AppleWebKit/537.36 (KHTML, like Gecko; compatible; GPTBot/1.3; +https://openai.com/gptbot)"
74.7.243.196 - - [17/Jan/2026:20:10:07 +0700] "GET /wp-includes/class-wp-http-requests-response.php HTTP/2" 500 0 "https://www.netfinitynetwork.com/wp-includes/" "Mozilla/5.0 AppleWebKit/537.36 (KHTML, like Gecko; compatible; GPTBot/1.3; +https://openai.com/gptbot)"
74.7.227.136 - - [17/Jan/2026:20:10:08 +0700] "GET /wp-includes/class-wp-block-processor.php HTTP/2" 200 0 "https://www.netfinitynetwork.idm01.my.id/wp-includes/" "Mozilla/5.0 AppleWebKit/537.36 (KHTML, like Gecko; compatible; GPTBot/1.3; +https://openai.com/gptbot)"
74.7.241.60 - - [17/Jan/2026:20:10:13 +0700] "GET /wp-includes/class-wp-script-modules.php HTTP/2" 200 0 "https://mail.netfinitynetwork.com/wp-includes/" "Mozilla/5.0 AppleWebKit/537.36 (KHTML, like Gecko; compatible; GPTBot/1.3; +https://openai.com/gptbot)"
74.7.243.196 - - [17/Jan/2026:20:10:14 +0700] "GET /wp-includes/registration-functions.php HTTP/2" 500 0 "https://www.netfinitynetwork.com/wp-includes/" "Mozilla/5.0 AppleWebKit/537.36 (KHTML, like Gecko; compatible; GPTBot/1.3; +https://openai.com/gptbot)"
74.7.227.136 - - [17/Jan/2026:20:10:18 +0700] "GET /wp-includes/class-wp-http-requests-response.php HTTP/2" 500 0 "https://www.netfinitynetwork.idm01.my.id/wp-includes/" "Mozilla/5.0 AppleWebKit/537.36 (KHTML, like Gecko; compatible; GPTBot/1.3; +https://openai.com/gptbot)"
74.7.227.136 - - [17/Jan/2026:20:10:28 +0700] "GET /wp-includes/registration-functions.php HTTP/2" 500 0 "https://www.netfinitynetwork.idm01.my.id/wp-includes/" "Mozilla/5.0 AppleWebKit/537.36 (KHTML, like Gecko; compatible; GPTBot/1.3; +https://openai.com/gptbot)"
74.7.243.232 - - [17/Jan/2026:20:10:29 +0700] "GET /wp-includes/?SD HTTP/2" 200 8447 "https://netfinitynetwork.com/wp-includes/?SA" "Mozilla/5.0 AppleWebKit/537.36 (KHTML, like Gecko; compatible; GPTBot/1.3; +https://openai.com/gptbot)"
74.7.243.196 - - [17/Jan/2026:20:10:33 +0700] "GET /wp-includes/?MD HTTP/2" 200 8414 "https://www.netfinitynetwork.com/wp-includes/?MA" "Mozilla/5.0 AppleWebKit/537.36 (KHTML, like Gecko; compatible; GPTBot/1.3; +https://openai.com/gptbot)"
74.7.227.136 - - [17/Jan/2026:20:10:57 +0700] "GET /wp-includes/class-wp-session-tokens.php HTTP/2" 200 0 "https://www.netfinitynetwork.idm01.my.id/wp-includes/" "Mozilla/5.0 AppleWebKit/537.36 (KHTML, like Gecko; compatible; GPTBot/1.3; +https://openai.com/gptbot)"
74.7.243.201 - - [17/Jan/2026:20:10:58 +0700] "GET /wp-includes/?NA HTTP/2" 200 8373 "https://netfinitynetwork.idm01.my.id/wp-includes/?ND" "Mozilla/5.0 AppleWebKit/537.36 (KHTML, like Gecko; compatible; GPTBot/1.3; +https://openai.com/gptbot)"
74.7.241.60 - - [17/Jan/2026:20:10:59 +0700] "GET /wp-includes/class-wp-session-tokens.php HTTP/2" 200 0 "https://mail.netfinitynetwork.com/wp-includes/" "Mozilla/5.0 AppleWebKit/537.36 (KHTML, like Gecko; compatible; GPTBot/1.3; +https://openai.com/gptbot)"
74.7.243.232 - - [17/Jan/2026:20:11:18 +0700] "GET /wp-includes/class-wp-simplepie-file.php HTTP/2" 500 0 "https://netfinitynetwork.com/wp-includes/" "Mozilla/5.0 AppleWebKit/537.36 (KHTML, like Gecko; compatible; GPTBot/1.3; +https://openai.com/gptbot)"
91.196.152.81 - - [17/Jan/2026:20:11:27 +0700] "GET /favicon.ico HTTP/1.1" 200 37661 "-" "Mozilla/5.0 (X11; Ubuntu; Linux x86_64; rv:134.0) Gecko/20100101 Firefox/134.0"
74.7.243.196 - - [17/Jan/2026:20:11:33 +0700] "GET /wp-includes/?SD HTTP/2" 200 8476 "https://www.netfinitynetwork.com/wp-includes/?SA" "Mozilla/5.0 AppleWebKit/537.36 (KHTML, like Gecko; compatible; GPTBot/1.3; +https://openai.com/gptbot)"
74.7.241.60 - - [17/Jan/2026:20:11:41 +0700] "GET /wp-includes/class-wp-simplepie-file.php HTTP/2" 500 0 "https://mail.netfinitynetwork.com/wp-includes/" "Mozilla/5.0 AppleWebKit/537.36 (KHTML, like Gecko; compatible; GPTBot/1.3; +https://openai.com/gptbot)"
74.7.243.201 - - [17/Jan/2026:20:11:51 +0700] "GET /wp-includes/class-wp-session-tokens.php HTTP/2" 200 0 "https://netfinitynetwork.idm01.my.id/wp-includes/" "Mozilla/5.0 AppleWebKit/537.36 (KHTML, like Gecko; compatible; GPTBot/1.3; +https://openai.com/gptbot)"
74.7.227.136 - - [17/Jan/2026:20:11:59 +0700] "GET /wp-includes/?NA HTTP/2" 200 8374 "https://www.netfinitynetwork.idm01.my.id/wp-includes/?ND" "Mozilla/5.0 AppleWebKit/537.36 (KHTML, like Gecko; compatible; GPTBot/1.3; +https://openai.com/gptbot)"
74.7.243.232 - - [17/Jan/2026:20:12:06 +0700] "GET /wp-includes/class-wp-session-tokens.php HTTP/2" 200 0 "https://netfinitynetwork.com/wp-includes/" "Mozilla/5.0 AppleWebKit/537.36 (KHTML, like Gecko; compatible; GPTBot/1.3; +https://openai.com/gptbot)"
74.7.241.60 - - [17/Jan/2026:20:12:19 +0700] "GET /wp-includes/class-wp-classic-to-block-menu-converter.php HTTP/2" 200 0 "https://mail.netfinitynetwork.com/wp-includes/" "Mozilla/5.0 AppleWebKit/537.36 (KHTML, like Gecko; compatible; GPTBot/1.3; +https://openai.com/gptbot)"
74.7.243.196 - - [17/Jan/2026:20:12:27 +0700] "GET /wp-includes/?NA HTTP/2" 200 8355 "https://www.netfinitynetwork.com/wp-includes/?MA" "Mozilla/5.0 AppleWebKit/537.36 (KHTML, like Gecko; compatible; GPTBot/1.3; +https://openai.com/gptbot)"
154.28.229.189 - - [17/Jan/2026:20:12:37 +0700] "GET / HTTP/1.1" 401 53 "-" "Mozilla/5.0 (Macintosh; Intel Mac OS X 10_15_7) AppleWebKit/537.36 (KHTML, like Gecko) Chrome/116.0.0.0 Safari/537.36"
103.196.9.113 - - [17/Jan/2026:20:12:38 +0700] "GET / HTTP/1.1" 401 53 "-" "Mozilla/5.0 (Macintosh; Intel Mac OS X 10_15_7) AppleWebKit/537.36 (KHTML, like Gecko) Chrome/117.0.0.0 Safari/537.36"
74.7.243.201 - - [17/Jan/2026:20:12:39 +0700] "GET /wp-includes/class-wp-simplepie-file.php HTTP/2" 500 0 "https://netfinitynetwork.idm01.my.id/wp-includes/" "Mozilla/5.0 AppleWebKit/537.36 (KHTML, like Gecko; compatible; GPTBot/1.3; +https://openai.com/gptbot)"
107.172.195.233 - - [17/Jan/2026:20:12:51 +0700] "GET / HTTP/1.1" 401 53 "-" "Mozilla/5.0 (X11; Linux x86_64) AppleWebKit/537.36 (KHTML, like Gecko) Chrome/116.0.0.0 Safari/537.36"
107.172.195.45 - - [17/Jan/2026:20:12:53 +0700] "GET / HTTP/1.1" 401 53 "-" "Mozilla/5.0 (X11; Linux x86_64) AppleWebKit/537.36 (KHTML, like Gecko) Chrome/117.0.0.0 Safari/537.36"
74.7.227.136 - - [17/Jan/2026:20:12:56 +0700] "GET /wp-includes/?SD HTTP/2" 200 8495 "https://www.netfinitynetwork.idm01.my.id/wp-includes/?SA" "Mozilla/5.0 AppleWebKit/537.36 (KHTML, like Gecko; compatible; GPTBot/1.3; +https://openai.com/gptbot)"
104.164.126.51 - - [17/Jan/2026:20:13:08 +0700] "GET / HTTP/1.1" 401 53 "-" "Mozilla/5.0 (Windows NT 10.0; Win64; x64) AppleWebKit/537.36 (KHTML, like Gecko) Chrome/116.0.0.0 Safari/537.36"
74.7.243.232 - - [17/Jan/2026:20:13:09 +0700] "GET /wp-includes/class-wp-script-modules.php HTTP/2" 200 0 "https://netfinitynetwork.com/wp-includes/" "Mozilla/5.0 AppleWebKit/537.36 (KHTML, like Gecko; compatible; GPTBot/1.3; +https://openai.com/gptbot)"
74.7.243.201 - - [17/Jan/2026:20:13:18 +0700] "GET /wp-includes/class-wp-script-modules.php HTTP/2" 200 0 "https://netfinitynetwork.idm01.my.id/wp-includes/" "Mozilla/5.0 AppleWebKit/537.36 (KHTML, like Gecko; compatible; GPTBot/1.3; +https://openai.com/gptbot)"
74.7.243.196 - - [17/Jan/2026:20:13:19 +0700] "GET /wp-includes/class-wp-simplepie-file.php HTTP/2" 500 0 "https://www.netfinitynetwork.com/wp-includes/" "Mozilla/5.0 AppleWebKit/537.36 (KHTML, like Gecko; compatible; GPTBot/1.3; +https://openai.com/gptbot)"
74.7.241.60 - - [17/Jan/2026:20:13:20 +0700] "GET /wp-includes/class-wp-application-passwords.php HTTP/2" 200 0 "https://mail.netfinitynetwork.com/wp-includes/" "Mozilla/5.0 AppleWebKit/537.36 (KHTML, like Gecko; compatible; GPTBot/1.3; +https://openai.com/gptbot)"
103.196.9.207 - - [17/Jan/2026:20:13:22 +0700] "GET / HTTP/1.1" 400 52 "-" "Mozilla/5.0 (X11; Linux x86_64) AppleWebKit/537.36 (KHTML, like Gecko) Chrome/116.0.0.0 Safari/537.36"
104.252.191.155 - - [17/Jan/2026:20:13:22 +0700] "GET / HTTP/1.1" 400 52 "-" "Mozilla/5.0 (Windows NT 10.0; Win64; x64) AppleWebKit/537.36 (KHTML, like Gecko) Chrome/117.0.0.0 Safari/537.36"
104.164.126.120 - - [17/Jan/2026:20:13:34 +0700] "GET / HTTP/1.1" 401 53 "-" "Mozilla/5.0 (Windows NT 10.0; Win64; x64) AppleWebKit/537.36 (KHTML, like Gecko) Chrome/117.0.0.0 Safari/537.36"
107.172.195.242 - - [17/Jan/2026:20:13:35 +0700] "GET / HTTP/1.1" 400 52 "-" "Mozilla/5.0 (X11; Linux x86_64) AppleWebKit/537.36 (KHTML, like Gecko) Chrome/116.0.0.0 Safari/537.36"
74.7.227.136 - - [17/Jan/2026:20:13:48 +0700] "GET /wp-includes/?MD HTTP/2" 200 8426 "https://www.netfinitynetwork.idm01.my.id/wp-includes/?MA" "Mozilla/5.0 AppleWebKit/537.36 (KHTML, like Gecko; compatible; GPTBot/1.3; +https://openai.com/gptbot)"
103.4.250.139 - - [17/Jan/2026:20:13:54 +0700] "GET / HTTP/1.1" 200 12451 "-" "Mozilla/5.0 (Windows NT 10.0; Win64; x64) AppleWebKit/537.36 (KHTML, like Gecko) Chrome/116.0.0.0 Safari/537.36"
107.172.195.188 - - [17/Jan/2026:20:13:54 +0700] "GET / HTTP/1.1" 200 12452 "-" "Mozilla/5.0 (Windows NT 10.0; Win64; x64) AppleWebKit/537.36 (KHTML, like Gecko) Chrome/117.0.0.0 Safari/537.36"
107.172.195.188 - - [17/Jan/2026:20:14:02 +0700] "GET / HTTP/1.1" 200 12449 "-" "Mozilla/5.0 (Windows NT 10.0; Win64; x64) AppleWebKit/537.36 (KHTML, like Gecko) Chrome/117.0.0.0 Safari/537.36"
74.7.243.232 - - [17/Jan/2026:20:14:03 +0700] "GET /wp-includes/class-wp-classic-to-block-menu-converter.php HTTP/2" 200 0 "https://netfinitynetwork.com/wp-includes/" "Mozilla/5.0 AppleWebKit/537.36 (KHTML, like Gecko; compatible; GPTBot/1.3; +https://openai.com/gptbot)"
74.7.243.196 - - [17/Jan/2026:20:14:05 +0700] "GET /wp-includes/class-wp-script-modules.php HTTP/2" 200 0 "https://www.netfinitynetwork.com/wp-includes/" "Mozilla/5.0 AppleWebKit/537.36 (KHTML, like Gecko; compatible; GPTBot/1.3; +https://openai.com/gptbot)"
74.7.241.60 - - [17/Jan/2026:20:14:17 +0700] "GET /wp-includes/class-wp-block-pattern-categories-registry.php HTTP/2" 200 0 "https://mail.netfinitynetwork.com/wp-includes/" "Mozilla/5.0 AppleWebKit/537.36 (KHTML, like Gecko; compatible; GPTBot/1.3; +https://openai.com/gptbot)"
74.7.243.201 - - [17/Jan/2026:20:14:24 +0700] "GET /wp-includes/class-wp-classic-to-block-menu-converter.php HTTP/2" 200 0 "https://netfinitynetwork.idm01.my.id/wp-includes/" "Mozilla/5.0 AppleWebKit/537.36 (KHTML, like Gecko; compatible; GPTBot/1.3; +https://openai.com/gptbot)"
