216.73.216.99 - - [18/Jan/2026:01:57:26 +0700] "GET /wp-includes/customize/class-wp-customize-nav-menu-locations-control.php HTTP/2" 500 0 "-" "Mozilla/5.0 AppleWebKit/537.36 (KHTML, like Gecko; compatible; ClaudeBot/1.0; +claudebot@anthropic.com)"
74.7.241.60 - - [18/Jan/2026:01:57:28 +0700] "GET /wp-includes/sodium_compat/namespaced/Core/Curve25519/ HTTP/2" 200 773 "https://mail.netfinitynetwork.com/wp-includes/sodium_compat/namespaced/Core/" "Mozilla/5.0 AppleWebKit/537.36 (KHTML, like Gecko; compatible; GPTBot/1.3; +https://openai.com/gptbot)"
216.73.216.99 - - [18/Jan/2026:01:57:31 +0700] "GET /wp-includes/ID3/module.audio-video.matroska.php HTTP/2" 200 0 "-" "Mozilla/5.0 AppleWebKit/537.36 (KHTML, like Gecko; compatible; ClaudeBot/1.0; +claudebot@anthropic.com)"
74.7.243.196 - - [18/Jan/2026:01:57:34 +0700] "GET /wp-includes/rest-api/endpoints/class-wp-rest-template-revisions-controller.php HTTP/2" 500 0 "https://www.netfinitynetwork.com/wp-includes/rest-api/endpoints/" "Mozilla/5.0 AppleWebKit/537.36 (KHTML, like Gecko; compatible; GPTBot/1.3; +https://openai.com/gptbot)"
216.73.216.99 - - [18/Jan/2026:01:57:36 +0700] "GET /wp-includes/css/jquery-ui-dialog-rtl.min.css HTTP/2" 200 1340 "-" "Mozilla/5.0 AppleWebKit/537.36 (KHTML, like Gecko; compatible; ClaudeBot/1.0; +claudebot@anthropic.com)"
74.7.243.201 - - [18/Jan/2026:01:57:36 +0700] "GET /wp-includes/js/?SA HTTP/2" 200 4115 "https://netfinitynetwork.idm01.my.id/wp-includes/js/" "Mozilla/5.0 AppleWebKit/537.36 (KHTML, like Gecko; compatible; GPTBot/1.3; +https://openai.com/gptbot)"
216.73.216.99 - - [18/Jan/2026:01:57:41 +0700] "GET /wp-includes/class-wp-paused-extensions-storage.php HTTP/2" 200 0 "-" "Mozilla/5.0 AppleWebKit/537.36 (KHTML, like Gecko; compatible; ClaudeBot/1.0; +claudebot@anthropic.com)"
216.73.216.99 - - [18/Jan/2026:01:57:46 +0700] "GET /wp-includes/customize/class-wp-customize-site-icon-control.php HTTP/2" 500 0 "-" "Mozilla/5.0 AppleWebKit/537.36 (KHTML, like Gecko; compatible; ClaudeBot/1.0; +claudebot@anthropic.com)"
74.7.243.232 - - [18/Jan/2026:01:57:48 +0700] "GET /wp-includes/sodium_compat/namespaced/Core/Curve25519/error_log HTTP/2" 403 1242 "https://netfinitynetwork.com/wp-includes/sodium_compat/namespaced/Core/Curve25519/" "Mozilla/5.0 AppleWebKit/537.36 (KHTML, like Gecko; compatible; GPTBot/1.3; +https://openai.com/gptbot)"
74.7.243.201 - - [18/Jan/2026:01:57:49 +0700] "GET /wp-includes/js/?ND HTTP/2" 200 3913 "https://netfinitynetwork.idm01.my.id/wp-includes/js/" "Mozilla/5.0 AppleWebKit/537.36 (KHTML, like Gecko; compatible; GPTBot/1.3; +https://openai.com/gptbot)"
216.73.216.99 - - [18/Jan/2026:01:57:51 +0700] "GET /wp-includes/customize/class-wp-customize-nav-menu-item-control.php HTTP/2" 500 0 "-" "Mozilla/5.0 AppleWebKit/537.36 (KHTML, like Gecko; compatible; ClaudeBot/1.0; +claudebot@anthropic.com)"
216.73.216.99 - - [18/Jan/2026:01:57:56 +0700] "GET /wp-includes/class-wp-simplepie-sanitize-kses.php HTTP/2" 200 6 "-" "Mozilla/5.0 AppleWebKit/537.36 (KHTML, like Gecko; compatible; ClaudeBot/1.0; +claudebot@anthropic.com)"
216.73.216.99 - - [18/Jan/2026:01:58:01 +0700] "GET /wp-includes/css/media-views-rtl.min.css HTTP/2" 200 8268 "-" "Mozilla/5.0 AppleWebKit/537.36 (KHTML, like Gecko; compatible; ClaudeBot/1.0; +claudebot@anthropic.com)"
74.7.243.201 - - [18/Jan/2026:01:58:01 +0700] "GET /wp-includes/js/customize-preview-widgets.js HTTP/2" 200 5574 "https://netfinitynetwork.idm01.my.id/wp-includes/js/" "Mozilla/5.0 AppleWebKit/537.36 (KHTML, like Gecko; compatible; GPTBot/1.3; +https://openai.com/gptbot)"
216.73.216.99 - - [18/Jan/2026:01:58:06 +0700] "GET /wp-includes/customize/class-wp-customize-nav-menu-item-setting.php HTTP/2" 500 0 "-" "Mozilla/5.0 AppleWebKit/537.36 (KHTML, like Gecko; compatible; ClaudeBot/1.0; +claudebot@anthropic.com)"
74.7.227.136 - - [18/Jan/2026:01:58:10 +0700] "GET /wp-includes/PHPMailer/Exception.php HTTP/2" 200 0 "https://www.netfinitynetwork.idm01.my.id/wp-includes/PHPMailer/" "Mozilla/5.0 AppleWebKit/537.36 (KHTML, like Gecko; compatible; GPTBot/1.3; +https://openai.com/gptbot)"
216.73.216.99 - - [18/Jan/2026:01:58:11 +0700] "GET /wp-includes/customize/class-wp-customize-nav-menu-location-control.php HTTP/2" 500 0 "-" "Mozilla/5.0 AppleWebKit/537.36 (KHTML, like Gecko; compatible; ClaudeBot/1.0; +claudebot@anthropic.com)"
74.7.243.201 - - [18/Jan/2026:01:58:12 +0700] "GET /wp-includes/js/customize-selective-refresh.js HTTP/2" 200 8600 "https://netfinitynetwork.idm01.my.id/wp-includes/js/" "Mozilla/5.0 AppleWebKit/537.36 (KHTML, like Gecko; compatible; GPTBot/1.3; +https://openai.com/gptbot)"
216.73.216.99 - - [18/Jan/2026:01:58:16 +0700] "GET /wp-includes/class-wp-block-templates-registry.php HTTP/2" 200 0 "-" "Mozilla/5.0 AppleWebKit/537.36 (KHTML, like Gecko; compatible; ClaudeBot/1.0; +claudebot@anthropic.com)"
216.73.216.99 - - [18/Jan/2026:01:58:21 +0700] "GET /wp-includes/customize/class-wp-customize-nav-menu-name-control.php HTTP/2" 500 0 "-" "Mozilla/5.0 AppleWebKit/537.36 (KHTML, like Gecko; compatible; ClaudeBot/1.0; +claudebot@anthropic.com)"
74.7.243.201 - - [18/Jan/2026:01:58:21 +0700] "GET /wp-includes/js/wp-util.min.js HTTP/2" 200 690 "https://netfinitynetwork.idm01.my.id/wp-includes/js/" "Mozilla/5.0 AppleWebKit/537.36 (KHTML, like Gecko; compatible; GPTBot/1.3; +https://openai.com/gptbot)"
74.7.241.60 - - [18/Jan/2026:01:58:23 +0700] "GET /wp-includes/PHPMailer/Exception.php HTTP/2" 200 0 "https://mail.netfinitynetwork.com/wp-includes/PHPMailer/" "Mozilla/5.0 AppleWebKit/537.36 (KHTML, like Gecko; compatible; GPTBot/1.3; +https://openai.com/gptbot)"
216.73.216.99 - - [18/Jan/2026:01:58:26 +0700] "GET /wp-includes/customize/class-wp-customize-themes-panel.php HTTP/2" 500 0 "-" "Mozilla/5.0 AppleWebKit/537.36 (KHTML, like Gecko; compatible; ClaudeBot/1.0; +claudebot@anthropic.com)"
74.7.243.201 - - [18/Jan/2026:01:58:30 +0700] "GET /wp-includes/js/wp-backbone.js HTTP/2" 200 3462 "https://netfinitynetwork.idm01.my.id/wp-includes/js/" "Mozilla/5.0 AppleWebKit/537.36 (KHTML, like Gecko; compatible; GPTBot/1.3; +https://openai.com/gptbot)"
74.7.243.196 - - [18/Jan/2026:01:58:36 +0700] "GET /wp-includes/rest-api/endpoints/class-wp-rest-template-autosaves-controller.php HTTP/2" 500 0 "https://www.netfinitynetwork.com/wp-includes/rest-api/endpoints/" "Mozilla/5.0 AppleWebKit/537.36 (KHTML, like Gecko; compatible; GPTBot/1.3; +https://openai.com/gptbot)"
74.7.243.201 - - [18/Jan/2026:01:58:38 +0700] "GET /wp-includes/js/admin-bar.js HTTP/2" 200 2571 "https://netfinitynetwork.idm01.my.id/wp-includes/js/" "Mozilla/5.0 AppleWebKit/537.36 (KHTML, like Gecko; compatible; GPTBot/1.3; +https://openai.com/gptbot)"
74.7.243.201 - - [18/Jan/2026:01:58:45 +0700] "GET /wp-includes/js/json2.min.js HTTP/2" 200 35 "https://netfinitynetwork.idm01.my.id/wp-includes/js/" "Mozilla/5.0 AppleWebKit/537.36 (KHTML, like Gecko; compatible; GPTBot/1.3; +https://openai.com/gptbot)"
74.7.243.201 - - [18/Jan/2026:01:58:51 +0700] "GET /wp-includes/js/wp-embed-template.min.js HTTP/2" 200 1011 "https://netfinitynetwork.idm01.my.id/wp-includes/js/" "Mozilla/5.0 AppleWebKit/537.36 (KHTML, like Gecko; compatible; GPTBot/1.3; +https://openai.com/gptbot)"
74.7.243.232 - - [18/Jan/2026:01:58:54 +0700] "GET /wp-includes/rest-api/endpoints/class-wp-rest-pattern-directory-controller.php HTTP/2" 500 0 "https://netfinitynetwork.com/wp-includes/rest-api/endpoints/" "Mozilla/5.0 AppleWebKit/537.36 (KHTML, like Gecko; compatible; GPTBot/1.3; +https://openai.com/gptbot)"
74.7.243.201 - - [18/Jan/2026:01:58:57 +0700] "GET /wp-includes/js/media-editor.js HTTP/2" 200 7286 "https://netfinitynetwork.idm01.my.id/wp-includes/js/" "Mozilla/5.0 AppleWebKit/537.36 (KHTML, like Gecko; compatible; GPTBot/1.3; +https://openai.com/gptbot)"
74.7.243.201 - - [18/Jan/2026:01:59:02 +0700] "GET /wp-includes/js/?NA HTTP/2" 200 4017 "https://netfinitynetwork.idm01.my.id/wp-includes/js/?MA" "Mozilla/5.0 AppleWebKit/537.36 (KHTML, like Gecko; compatible; GPTBot/1.3; +https://openai.com/gptbot)"
74.7.243.201 - - [18/Jan/2026:01:59:06 +0700] "GET /wp-includes/js/?SD HTTP/2" 200 4101 "https://netfinitynetwork.idm01.my.id/wp-includes/js/?SA" "Mozilla/5.0 AppleWebKit/537.36 (KHTML, like Gecko; compatible; GPTBot/1.3; +https://openai.com/gptbot)"
74.7.227.136 - - [18/Jan/2026:01:59:08 +0700] "GET /wp-includes/compat-utf8.php HTTP/2" 200 0 "https://www.netfinitynetwork.idm01.my.id/wp-includes/" "Mozilla/5.0 AppleWebKit/537.36 (KHTML, like Gecko; compatible; GPTBot/1.3; +https://openai.com/gptbot)"
74.7.243.201 - - [18/Jan/2026:01:59:10 +0700] "GET /wp-includes/js/?MD HTTP/2" 200 3989 "https://netfinitynetwork.idm01.my.id/wp-includes/js/?MA" "Mozilla/5.0 AppleWebKit/537.36 (KHTML, like Gecko; compatible; GPTBot/1.3; +https://openai.com/gptbot)"
74.7.243.201 - - [18/Jan/2026:01:59:14 +0700] "GET /wp-includes/js/customize-preview.min.js HTTP/2" 200 3008 "https://netfinitynetwork.idm01.my.id/wp-includes/js/" "Mozilla/5.0 AppleWebKit/537.36 (KHTML, like Gecko; compatible; GPTBot/1.3; +https://openai.com/gptbot)"
74.7.241.60 - - [18/Jan/2026:01:59:15 +0700] "GET /wp-includes/compat-utf8.php HTTP/2" 200 0 "https://mail.netfinitynetwork.com/wp-includes/" "Mozilla/5.0 AppleWebKit/537.36 (KHTML, like Gecko; compatible; GPTBot/1.3; +https://openai.com/gptbot)"
74.7.243.201 - - [18/Jan/2026:01:59:17 +0700] "GET /wp-includes/js/wpdialog.min.js HTTP/2" 200 168 "https://netfinitynetwork.idm01.my.id/wp-includes/js/" "Mozilla/5.0 AppleWebKit/537.36 (KHTML, like Gecko; compatible; GPTBot/1.3; +https://openai.com/gptbot)"
74.7.243.201 - - [18/Jan/2026:01:59:20 +0700] "GET /wp-includes/js/media-editor.min.js HTTP/2" 200 3457 "https://netfinitynetwork.idm01.my.id/wp-includes/js/" "Mozilla/5.0 AppleWebKit/537.36 (KHTML, like Gecko; compatible; GPTBot/1.3; +https://openai.com/gptbot)"
74.7.243.201 - - [18/Jan/2026:01:59:23 +0700] "GET /wp-includes/js/customize-loader.min.js HTTP/2" 200 1224 "https://netfinitynetwork.idm01.my.id/wp-includes/js/" "Mozilla/5.0 AppleWebKit/537.36 (KHTML, like Gecko; compatible; GPTBot/1.3; +https://openai.com/gptbot)"
74.7.243.201 - - [18/Jan/2026:01:59:25 +0700] "GET /wp-includes/js/customize-models.min.js HTTP/2" 200 1067 "https://netfinitynetwork.idm01.my.id/wp-includes/js/" "Mozilla/5.0 AppleWebKit/537.36 (KHTML, like Gecko; compatible; GPTBot/1.3; +https://openai.com/gptbot)"
74.7.243.201 - - [18/Jan/2026:01:59:27 +0700] "GET /wp-includes/sitemaps/providers/class-wp-sitemaps-posts.php HTTP/2" 500 0 "https://netfinitynetwork.idm01.my.id/wp-includes/sitemaps/providers/" "Mozilla/5.0 AppleWebKit/537.36 (KHTML, like Gecko; compatible; GPTBot/1.3; +https://openai.com/gptbot)"
74.7.243.201 - - [18/Jan/2026:01:59:29 +0700] "GET /wp-includes/sitemaps/providers/class-wp-sitemaps-users.php HTTP/2" 500 0 "https://netfinitynetwork.idm01.my.id/wp-includes/sitemaps/providers/" "Mozilla/5.0 AppleWebKit/537.36 (KHTML, like Gecko; compatible; GPTBot/1.3; +https://openai.com/gptbot)"
74.7.243.201 - - [18/Jan/2026:01:59:35 +0700] "GET /wp-includes/js/media-audiovideo.min.js HTTP/2" 200 3153 "https://netfinitynetwork.idm01.my.id/wp-includes/js/" "Mozilla/5.0 AppleWebKit/537.36 (KHTML, like Gecko; compatible; GPTBot/1.3; +https://openai.com/gptbot)"
74.7.243.196 - - [18/Jan/2026:01:59:39 +0700] "GET /wp-includes/rest-api/endpoints/class-wp-rest-navigation-fallback-controller.php HTTP/2" 500 0 "https://www.netfinitynetwork.com/wp-includes/rest-api/endpoints/" "Mozilla/5.0 AppleWebKit/537.36 (KHTML, like Gecko; compatible; GPTBot/1.3; +https://openai.com/gptbot)"
74.7.243.201 - - [18/Jan/2026:01:59:53 +0700] "GET /wp-includes/js/wp-embed-template.js HTTP/2" 200 1702 "https://netfinitynetwork.idm01.my.id/wp-includes/js/" "Mozilla/5.0 AppleWebKit/537.36 (KHTML, like Gecko; compatible; GPTBot/1.3; +https://openai.com/gptbot)"
74.7.243.232 - - [18/Jan/2026:01:59:54 +0700] "GET /wp-includes/rest-api/endpoints/class-wp-rest-template-revisions-controller.php HTTP/2" 500 0 "https://netfinitynetwork.com/wp-includes/rest-api/endpoints/" "Mozilla/5.0 AppleWebKit/537.36 (KHTML, like Gecko; compatible; GPTBot/1.3; +https://openai.com/gptbot)"
74.7.227.136 - - [18/Jan/2026:01:59:57 +0700] "GET /wp-includes/sodium_compat/namespaced/Core/Poly1305.php HTTP/2" 500 0 "https://www.netfinitynetwork.idm01.my.id/wp-includes/sodium_compat/namespaced/Core/" "Mozilla/5.0 AppleWebKit/537.36 (KHTML, like Gecko; compatible; GPTBot/1.3; +https://openai.com/gptbot)"
74.7.241.60 - - [18/Jan/2026:02:00:03 +0700] "GET /wp-includes/sodium_compat/namespaced/Core/Poly1305.php HTTP/2" 500 0 "https://mail.netfinitynetwork.com/wp-includes/sodium_compat/namespaced/Core/" "Mozilla/5.0 AppleWebKit/537.36 (KHTML, like Gecko; compatible; GPTBot/1.3; +https://openai.com/gptbot)"
74.7.243.201 - - [18/Jan/2026:02:00:09 +0700] "GET /wp-includes/js/wp-pointer.js HTTP/2" 200 2822 "https://netfinitynetwork.idm01.my.id/wp-includes/js/" "Mozilla/5.0 AppleWebKit/537.36 (KHTML, like Gecko; compatible; GPTBot/1.3; +https://openai.com/gptbot)"
74.7.243.201 - - [18/Jan/2026:02:00:23 +0700] "GET /wp-includes/js/wp-emoji-release.min.js HTTP/2" 200 4949 "https://netfinitynetwork.idm01.my.id/wp-includes/js/" "Mozilla/5.0 AppleWebKit/537.36 (KHTML, like Gecko; compatible; GPTBot/1.3; +https://openai.com/gptbot)"
74.7.243.201 - - [18/Jan/2026:02:00:36 +0700] "GET /wp-includes/js/jcrop/ HTTP/2" 200 722 "https://netfinitynetwork.idm01.my.id/wp-includes/js/" "Mozilla/5.0 AppleWebKit/537.36 (KHTML, like Gecko; compatible; GPTBot/1.3; +https://openai.com/gptbot)"
74.7.241.60 - - [18/Jan/2026:02:00:42 +0700] "GET /wp-includes/Text/Exception.php HTTP/2" 200 0 "https://mail.netfinitynetwork.com/wp-includes/Text/" "Mozilla/5.0 AppleWebKit/537.36 (KHTML, like Gecko; compatible; GPTBot/1.3; +https://openai.com/gptbot)"
74.7.243.196 - - [18/Jan/2026:02:00:42 +0700] "GET /wp-includes/PHPMailer/POP3.php HTTP/2" 200 0 "https://www.netfinitynetwork.com/wp-includes/PHPMailer/" "Mozilla/5.0 AppleWebKit/537.36 (KHTML, like Gecko; compatible; GPTBot/1.3; +https://openai.com/gptbot)"
74.7.227.136 - - [18/Jan/2026:02:00:45 +0700] "GET /wp-includes/Text/Exception.php HTTP/2" 200 0 "https://www.netfinitynetwork.idm01.my.id/wp-includes/Text/" "Mozilla/5.0 AppleWebKit/537.36 (KHTML, like Gecko; compatible; GPTBot/1.3; +https://openai.com/gptbot)"
74.7.243.201 - - [18/Jan/2026:02:00:46 +0700] "GET /wp-includes/js/customize-views.min.js HTTP/2" 200 806 "https://netfinitynetwork.idm01.my.id/wp-includes/js/" "Mozilla/5.0 AppleWebKit/537.36 (KHTML, like Gecko; compatible; GPTBot/1.3; +https://openai.com/gptbot)"
74.7.243.201 - - [18/Jan/2026:02:00:57 +0700] "GET /wp-includes/js/wp-api.min.js HTTP/2" 200 3983 "https://netfinitynetwork.idm01.my.id/wp-includes/js/" "Mozilla/5.0 AppleWebKit/537.36 (KHTML, like Gecko; compatible; GPTBot/1.3; +https://openai.com/gptbot)"
74.7.243.232 - - [18/Jan/2026:02:01:00 +0700] "GET /wp-includes/rest-api/endpoints/class-wp-rest-navigation-fallback-controller.php HTTP/2" 500 0 "https://netfinitynetwork.com/wp-includes/rest-api/endpoints/" "Mozilla/5.0 AppleWebKit/537.36 (KHTML, like Gecko; compatible; GPTBot/1.3; +https://openai.com/gptbot)"
74.7.243.201 - - [18/Jan/2026:02:01:06 +0700] "GET /wp-includes/js/wp-list-revisions.min.js HTTP/2" 200 279 "https://netfinitynetwork.idm01.my.id/wp-includes/js/" "Mozilla/5.0 AppleWebKit/537.36 (KHTML, like Gecko; compatible; GPTBot/1.3; +https://openai.com/gptbot)"
74.7.243.201 - - [18/Jan/2026:02:01:15 +0700] "GET /wp-includes/js/customize-base.min.js HTTP/2" 200 2386 "https://netfinitynetwork.idm01.my.id/wp-includes/js/" "Mozilla/5.0 AppleWebKit/537.36 (KHTML, like Gecko; compatible; GPTBot/1.3; +https://openai.com/gptbot)"
74.7.243.201 - - [18/Jan/2026:02:01:23 +0700] "GET /wp-includes/js/hoverintent-js.min.js HTTP/2" 200 665 "https://netfinitynetwork.idm01.my.id/wp-includes/js/" "Mozilla/5.0 AppleWebKit/537.36 (KHTML, like Gecko; compatible; GPTBot/1.3; +https://openai.com/gptbot)"
74.7.243.201 - - [18/Jan/2026:02:01:29 +0700] "GET /wp-includes/js/shortcode.min.js HTTP/2" 200 1078 "https://netfinitynetwork.idm01.my.id/wp-includes/js/" "Mozilla/5.0 AppleWebKit/537.36 (KHTML, like Gecko; compatible; GPTBot/1.3; +https://openai.com/gptbot)"
74.7.243.201 - - [18/Jan/2026:02:01:35 +0700] "GET /wp-includes/js/quicktags.min.js HTTP/2" 200 3331 "https://netfinitynetwork.idm01.my.id/wp-includes/js/" "Mozilla/5.0 AppleWebKit/537.36 (KHTML, like Gecko; compatible; GPTBot/1.3; +https://openai.com/gptbot)"
74.7.243.201 - - [18/Jan/2026:02:01:41 +0700] "GET /wp-includes/js/zxcvbn-async.js HTTP/2" 200 344 "https://netfinitynetwork.idm01.my.id/wp-includes/js/" "Mozilla/5.0 AppleWebKit/537.36 (KHTML, like Gecko; compatible; GPTBot/1.3; +https://openai.com/gptbot)"
74.7.243.196 - - [18/Jan/2026:02:01:42 +0700] "GET /wp-includes/SimplePie/autoloader.php HTTP/2" 200 0 "https://www.netfinitynetwork.com/wp-includes/SimplePie/" "Mozilla/5.0 AppleWebKit/537.36 (KHTML, like Gecko; compatible; GPTBot/1.3; +https://openai.com/gptbot)"
74.7.241.60 - - [18/Jan/2026:02:01:44 +0700] "GET /wp-includes/SimplePie/ HTTP/2" 200 716 "https://mail.netfinitynetwork.com/wp-includes/" "Mozilla/5.0 AppleWebKit/537.36 (KHTML, like Gecko; compatible; GPTBot/1.3; +https://openai.com/gptbot)"
74.7.243.201 - - [18/Jan/2026:02:01:46 +0700] "GET /wp-includes/js/autosave.min.js HTTP/2" 200 2152 "https://netfinitynetwork.idm01.my.id/wp-includes/js/" "Mozilla/5.0 AppleWebKit/537.36 (KHTML, like Gecko; compatible; GPTBot/1.3; +https://openai.com/gptbot)"
74.7.243.201 - - [18/Jan/2026:02:01:50 +0700] "GET /wp-includes/js/swfobject.min.js HTTP/2" 200 35 "https://netfinitynetwork.idm01.my.id/wp-includes/js/" "Mozilla/5.0 AppleWebKit/537.36 (KHTML, like Gecko; compatible; GPTBot/1.3; +https://openai.com/gptbot)"
74.7.227.136 - - [18/Jan/2026:02:01:51 +0700] "GET /wp-includes/SimplePie/ HTTP/2" 200 723 "https://www.netfinitynetwork.idm01.my.id/wp-includes/" "Mozilla/5.0 AppleWebKit/537.36 (KHTML, like Gecko; compatible; GPTBot/1.3; +https://openai.com/gptbot)"
74.7.243.201 - - [18/Jan/2026:02:01:54 +0700] "GET /wp-includes/js/jcrop/jquery.Jcrop.min.js HTTP/2" 200 6745 "https://netfinitynetwork.idm01.my.id/wp-includes/js/jcrop/" "Mozilla/5.0 AppleWebKit/537.36 (KHTML, like Gecko; compatible; GPTBot/1.3; +https://openai.com/gptbot)"
74.7.243.201 - - [18/Jan/2026:02:01:58 +0700] "GET /wp-includes/js/jcrop/Jcrop.gif HTTP/2" 200 323 "https://netfinitynetwork.idm01.my.id/wp-includes/js/jcrop/" "Mozilla/5.0 AppleWebKit/537.36 (KHTML, like Gecko; compatible; GPTBot/1.3; +https://openai.com/gptbot)"
74.7.243.232 - - [18/Jan/2026:02:02:00 +0700] "GET /wp-includes/PHPMailer/POP3.php HTTP/2" 200 0 "https://netfinitynetwork.com/wp-includes/PHPMailer/" "Mozilla/5.0 AppleWebKit/537.36 (KHTML, like Gecko; compatible; GPTBot/1.3; +https://openai.com/gptbot)"
74.7.243.201 - - [18/Jan/2026:02:02:01 +0700] "GET /wp-includes/js/backbone.min.js HTTP/2" 200 7832 "https://netfinitynetwork.idm01.my.id/wp-includes/js/" "Mozilla/5.0 AppleWebKit/537.36 (KHTML, like Gecko; compatible; GPTBot/1.3; +https://openai.com/gptbot)"
74.7.243.201 - - [18/Jan/2026:02:02:04 +0700] "GET /wp-includes/js/clipboard.min.js HTTP/2" 200 2989 "https://netfinitynetwork.idm01.my.id/wp-includes/js/" "Mozilla/5.0 AppleWebKit/537.36 (KHTML, like Gecko; compatible; GPTBot/1.3; +https://openai.com/gptbot)"
74.7.243.201 - - [18/Jan/2026:02:02:07 +0700] "GET /wp-includes/js/heartbeat.min.js HTTP/2" 200 1947 "https://netfinitynetwork.idm01.my.id/wp-includes/js/" "Mozilla/5.0 AppleWebKit/537.36 (KHTML, like Gecko; compatible; GPTBot/1.3; +https://openai.com/gptbot)"
74.7.243.201 - - [18/Jan/2026:02:02:09 +0700] "GET /wp-includes/js/customize-preview.js HTTP/2" 200 7347 "https://netfinitynetwork.idm01.my.id/wp-includes/js/" "Mozilla/5.0 AppleWebKit/537.36 (KHTML, like Gecko; compatible; GPTBot/1.3; +https://openai.com/gptbot)"
74.7.243.201 - - [18/Jan/2026:02:02:11 +0700] "GET /wp-includes/sitemaps/providers/error_log HTTP/2" 403 1242 "https://netfinitynetwork.idm01.my.id/wp-includes/sitemaps/providers/" "Mozilla/5.0 AppleWebKit/537.36 (KHTML, like Gecko; compatible; GPTBot/1.3; +https://openai.com/gptbot)"
74.7.243.201 - - [18/Jan/2026:02:02:13 +0700] "GET /wp-includes/js/zxcvbn-async.min.js HTTP/2" 200 187 "https://netfinitynetwork.idm01.my.id/wp-includes/js/" "Mozilla/5.0 AppleWebKit/537.36 (KHTML, like Gecko; compatible; GPTBot/1.3; +https://openai.com/gptbot)"
74.7.243.201 - - [18/Jan/2026:02:02:15 +0700] "GET /wp-includes/js/jquery/ HTTP/2" 200 1549 "https://netfinitynetwork.idm01.my.id/wp-includes/js/" "Mozilla/5.0 AppleWebKit/537.36 (KHTML, like Gecko; compatible; GPTBot/1.3; +https://openai.com/gptbot)"
74.7.243.201 - - [18/Jan/2026:02:02:17 +0700] "GET /wp-includes/js/media-models.js HTTP/2" 200 10458 "https://netfinitynetwork.idm01.my.id/wp-includes/js/" "Mozilla/5.0 AppleWebKit/537.36 (KHTML, like Gecko; compatible; GPTBot/1.3; +https://openai.com/gptbot)"
74.7.243.201 - - [18/Jan/2026:02:02:19 +0700] "GET /wp-includes/js/wp-custom-header.min.js HTTP/2" 200 1502 "https://netfinitynetwork.idm01.my.id/wp-includes/js/" "Mozilla/5.0 AppleWebKit/537.36 (KHTML, like Gecko; compatible; GPTBot/1.3; +https://openai.com/gptbot)"
74.7.243.201 - - [18/Jan/2026:02:02:20 +0700] "GET /wp-includes/js/wp-ajax-response.min.js HTTP/2" 200 1006 "https://netfinitynetwork.idm01.my.id/wp-includes/js/" "Mozilla/5.0 AppleWebKit/537.36 (KHTML, like Gecko; compatible; GPTBot/1.3; +https://openai.com/gptbot)"
74.7.243.201 - - [18/Jan/2026:02:02:21 +0700] "GET /wp-includes/sitemaps/providers/class-wp-sitemaps-taxonomies.php HTTP/2" 500 0 "https://netfinitynetwork.idm01.my.id/wp-includes/sitemaps/providers/" "Mozilla/5.0 AppleWebKit/537.36 (KHTML, like Gecko; compatible; GPTBot/1.3; +https://openai.com/gptbot)"
74.7.243.201 - - [18/Jan/2026:02:02:22 +0700] "GET /wp-includes/js/media-models.min.js HTTP/2" 200 3988 "https://netfinitynetwork.idm01.my.id/wp-includes/js/" "Mozilla/5.0 AppleWebKit/537.36 (KHTML, like Gecko; compatible; GPTBot/1.3; +https://openai.com/gptbot)"
74.7.243.201 - - [18/Jan/2026:02:02:26 +0700] "GET /wp-includes/js/wp-embed.js HTTP/2" 200 1183 "https://netfinitynetwork.idm01.my.id/wp-includes/js/" "Mozilla/5.0 AppleWebKit/537.36 (KHTML, like Gecko; compatible; GPTBot/1.3; +https://openai.com/gptbot)"
74.7.243.201 - - [18/Jan/2026:02:02:29 +0700] "GET /wp-includes/js/wp-emoji-loader.min.js HTTP/2" 200 1116 "https://netfinitynetwork.idm01.my.id/wp-includes/js/" "Mozilla/5.0 AppleWebKit/537.36 (KHTML, like Gecko; compatible; GPTBot/1.3; +https://openai.com/gptbot)"
74.7.243.201 - - [18/Jan/2026:02:02:32 +0700] "GET /wp-includes/js/wplink.js HTTP/2" 200 5763 "https://netfinitynetwork.idm01.my.id/wp-includes/js/" "Mozilla/5.0 AppleWebKit/537.36 (KHTML, like Gecko; compatible; GPTBot/1.3; +https://openai.com/gptbot)"
74.7.243.201 - - [18/Jan/2026:02:02:34 +0700] "GET /wp-includes/js/wplink.min.js HTTP/2" 200 3693 "https://netfinitynetwork.idm01.my.id/wp-includes/js/" "Mozilla/5.0 AppleWebKit/537.36 (KHTML, like Gecko; compatible; GPTBot/1.3; +https://openai.com/gptbot)"
74.7.243.201 - - [18/Jan/2026:02:02:36 +0700] "GET /wp-includes/js/wp-auth-check.js HTTP/2" 200 1440 "https://netfinitynetwork.idm01.my.id/wp-includes/js/" "Mozilla/5.0 AppleWebKit/537.36 (KHTML, like Gecko; compatible; GPTBot/1.3; +https://openai.com/gptbot)"
74.7.243.196 - - [18/Jan/2026:02:02:38 +0700] "GET /wp-includes/class-wp-taxonomy.php HTTP/2" 200 0 "https://www.netfinitynetwork.com/wp-includes/" "Mozilla/5.0 AppleWebKit/537.36 (KHTML, like Gecko; compatible; GPTBot/1.3; +https://openai.com/gptbot)"
74.7.243.201 - - [18/Jan/2026:02:02:38 +0700] "GET /wp-includes/js/jquery/jquery.ui.touch-punch.js HTTP/2" 200 509 "https://netfinitynetwork.idm01.my.id/wp-includes/js/jquery/" "Mozilla/5.0 AppleWebKit/537.36 (KHTML, like Gecko; compatible; GPTBot/1.3; +https://openai.com/gptbot)"
74.7.241.60 - - [18/Jan/2026:02:02:39 +0700] "GET /wp-includes/class-pop3.php HTTP/2" 200 0 "https://mail.netfinitynetwork.com/wp-includes/" "Mozilla/5.0 AppleWebKit/537.36 (KHTML, like Gecko; compatible; GPTBot/1.3; +https://openai.com/gptbot)"
74.7.243.201 - - [18/Jan/2026:02:02:40 +0700] "GET /wp-includes/js/jquery/jquery.form.min.js HTTP/2" 200 5690 "https://netfinitynetwork.idm01.my.id/wp-includes/js/jquery/" "Mozilla/5.0 AppleWebKit/537.36 (KHTML, like Gecko; compatible; GPTBot/1.3; +https://openai.com/gptbot)"
74.7.243.201 - - [18/Jan/2026:02:02:42 +0700] "GET /wp-includes/js/jquery/jquery.table-hotkeys.js HTTP/2" 200 1048 "https://netfinitynetwork.idm01.my.id/wp-includes/js/jquery/" "Mozilla/5.0 AppleWebKit/537.36 (KHTML, like Gecko; compatible; GPTBot/1.3; +https://openai.com/gptbot)"
74.7.243.201 - - [18/Jan/2026:02:02:43 +0700] "GET /wp-includes/js/jquery/jquery.masonry.min.js HTTP/2" 200 628 "https://netfinitynetwork.idm01.my.id/wp-includes/js/jquery/" "Mozilla/5.0 AppleWebKit/537.36 (KHTML, like Gecko; compatible; GPTBot/1.3; +https://openai.com/gptbot)"
74.7.243.201 - - [18/Jan/2026:02:02:44 +0700] "GET /wp-includes/js/jquery/jquery-migrate.min.js HTTP/2" 200 4678 "https://netfinitynetwork.idm01.my.id/wp-includes/js/jquery/" "Mozilla/5.0 AppleWebKit/537.36 (KHTML, like Gecko; compatible; GPTBot/1.3; +https://openai.com/gptbot)"
74.7.243.201 - - [18/Jan/2026:02:02:46 +0700] "GET /wp-includes/js/jquery/jquery.hotkeys.min.js HTTP/2" 200 870 "https://netfinitynetwork.idm01.my.id/wp-includes/js/jquery/" "Mozilla/5.0 AppleWebKit/537.36 (KHTML, like Gecko; compatible; GPTBot/1.3; +https://openai.com/gptbot)"
74.7.243.201 - - [18/Jan/2026:02:02:47 +0700] "GET /wp-includes/js/jquery/jquery.color.min.js HTTP/2" 200 2641 "https://netfinitynetwork.idm01.my.id/wp-includes/js/jquery/" "Mozilla/5.0 AppleWebKit/537.36 (KHTML, like Gecko; compatible; GPTBot/1.3; +https://openai.com/gptbot)"
74.7.243.201 - - [18/Jan/2026:02:02:48 +0700] "GET /wp-includes/js/jquery/jquery.schedule.js HTTP/2" 200 931 "https://netfinitynetwork.idm01.my.id/wp-includes/js/jquery/" "Mozilla/5.0 AppleWebKit/537.36 (KHTML, like Gecko; compatible; GPTBot/1.3; +https://openai.com/gptbot)"
74.7.243.201 - - [18/Jan/2026:02:02:48 +0700] "GET /wp-includes/js/jquery/jquery.hotkeys.js HTTP/2" 200 1908 "https://netfinitynetwork.idm01.my.id/wp-includes/js/jquery/" "Mozilla/5.0 AppleWebKit/537.36 (KHTML, like Gecko; compatible; GPTBot/1.3; +https://openai.com/gptbot)"
74.7.227.136 - - [18/Jan/2026:02:02:49 +0700] "GET /wp-includes/class-pop3.php HTTP/2" 200 0 "https://www.netfinitynetwork.idm01.my.id/wp-includes/" "Mozilla/5.0 AppleWebKit/537.36 (KHTML, like Gecko; compatible; GPTBot/1.3; +https://openai.com/gptbot)"
74.7.243.201 - - [18/Jan/2026:02:02:49 +0700] "GET /wp-includes/js/jquery/jquery-migrate.js HTTP/2" 200 9712 "https://netfinitynetwork.idm01.my.id/wp-includes/js/jquery/" "Mozilla/5.0 AppleWebKit/537.36 (KHTML, like Gecko; compatible; GPTBot/1.3; +https://openai.com/gptbot)"
74.7.243.201 - - [18/Jan/2026:02:02:50 +0700] "GET /wp-includes/js/jquery/jquery.table-hotkeys.min.js HTTP/2" 200 789 "https://netfinitynetwork.idm01.my.id/wp-includes/js/jquery/" "Mozilla/5.0 AppleWebKit/537.36 (KHTML, like Gecko; compatible; GPTBot/1.3; +https://openai.com/gptbot)"
74.7.243.201 - - [18/Jan/2026:02:02:51 +0700] "GET /wp-includes/js/jquery/jquery.query.js HTTP/2" 200 1534 "https://netfinitynetwork.idm01.my.id/wp-includes/js/jquery/" "Mozilla/5.0 AppleWebKit/537.36 (KHTML, like Gecko; compatible; GPTBot/1.3; +https://openai.com/gptbot)"
74.7.243.201 - - [18/Jan/2026:02:02:51 +0700] "GET /wp-includes/js/jquery/jquery.min.js HTTP/2" 200 29744 "https://netfinitynetwork.idm01.my.id/wp-includes/js/jquery/" "Mozilla/5.0 AppleWebKit/537.36 (KHTML, like Gecko; compatible; GPTBot/1.3; +https://openai.com/gptbot)"
74.7.243.201 - - [18/Jan/2026:02:02:52 +0700] "GET /wp-includes/js/jquery/jquery.js HTTP/2" 200 81316 "https://netfinitynetwork.idm01.my.id/wp-includes/js/jquery/" "Mozilla/5.0 AppleWebKit/537.36 (KHTML, like Gecko; compatible; GPTBot/1.3; +https://openai.com/gptbot)"
74.7.243.201 - - [18/Jan/2026:02:02:54 +0700] "GET /wp-includes/js/jquery/jquery.form.js HTTP/2" 200 12740 "https://netfinitynetwork.idm01.my.id/wp-includes/js/jquery/" "Mozilla/5.0 AppleWebKit/537.36 (KHTML, like Gecko; compatible; GPTBot/1.3; +https://openai.com/gptbot)"
74.7.243.201 - - [18/Jan/2026:02:02:54 +0700] "GET /wp-includes/js/jquery/jquery.serialize-object.js HTTP/2" 200 390 "https://netfinitynetwork.idm01.my.id/wp-includes/js/jquery/" "Mozilla/5.0 AppleWebKit/537.36 (KHTML, like Gecko; compatible; GPTBot/1.3; +https://openai.com/gptbot)"
74.7.243.201 - - [18/Jan/2026:02:02:55 +0700] "GET /wp-includes/js/jquery/suggest.min.js HTTP/2" 200 1202 "https://netfinitynetwork.idm01.my.id/wp-includes/js/jquery/" "Mozilla/5.0 AppleWebKit/537.36 (KHTML, like Gecko; compatible; GPTBot/1.3; +https://openai.com/gptbot)"
74.7.243.201 - - [18/Jan/2026:02:02:55 +0700] "GET /wp-includes/js/'+e.href+' HTTP/2" 404 1251 "https://netfinitynetwork.idm01.my.id/wp-includes/js/wplink.min.js" "Mozilla/5.0 AppleWebKit/537.36 (KHTML, like Gecko; compatible; GPTBot/1.3; +https://openai.com/gptbot)"
74.7.243.201 - - [18/Jan/2026:02:02:56 +0700] "GET /wp-includes/js/wp-auth-check.min.js HTTP/2" 200 691 "https://netfinitynetwork.idm01.my.id/wp-includes/js/" "Mozilla/5.0 AppleWebKit/537.36 (KHTML, like Gecko; compatible; GPTBot/1.3; +https://openai.com/gptbot)"
74.7.243.201 - - [18/Jan/2026:02:02:56 +0700] "GET /wp-includes/fonts/dashicons.eot HTTP/2" 200 31218 "https://netfinitynetwork.idm01.my.id/wp-includes/fonts/" "Mozilla/5.0 AppleWebKit/537.36 (KHTML, like Gecko; compatible; GPTBot/1.3; +https://openai.com/gptbot)"
74.7.243.201 - - [18/Jan/2026:02:02:57 +0700] "GET /wp-includes/sodium_compat/namespaced/Compat.php HTTP/2" 500 0 "https://netfinitynetwork.idm01.my.id/wp-includes/sodium_compat/namespaced/" "Mozilla/5.0 AppleWebKit/537.36 (KHTML, like Gecko; compatible; GPTBot/1.3; +https://openai.com/gptbot)"
74.7.243.201 - - [18/Jan/2026:02:02:58 +0700] "GET /wp-includes/rest-api/endpoints/class-wp-rest-widgets-controller.php HTTP/2" 500 0 "https://netfinitynetwork.idm01.my.id/wp-includes/rest-api/endpoints/" "Mozilla/5.0 AppleWebKit/537.36 (KHTML, like Gecko; compatible; GPTBot/1.3; +https://openai.com/gptbot)"
74.7.243.201 - - [18/Jan/2026:02:02:59 +0700] "GET /wp-includes/rest-api/endpoints/class-wp-rest-plugins-controller.php HTTP/2" 500 0 "https://netfinitynetwork.idm01.my.id/wp-includes/rest-api/endpoints/" "Mozilla/5.0 AppleWebKit/537.36 (KHTML, like Gecko; compatible; GPTBot/1.3; +https://openai.com/gptbot)"
74.7.243.201 - - [18/Jan/2026:02:03:04 +0700] "GET /wp-includes/rest-api/endpoints/class-wp-rest-sidebars-controller.php HTTP/2" 500 0 "https://netfinitynetwork.idm01.my.id/wp-includes/rest-api/endpoints/" "Mozilla/5.0 AppleWebKit/537.36 (KHTML, like Gecko; compatible; GPTBot/1.3; +https://openai.com/gptbot)"
74.7.243.232 - - [18/Jan/2026:02:03:06 +0700] "GET /wp-includes/SimplePie/autoloader.php HTTP/2" 200 0 "https://netfinitynetwork.com/wp-includes/SimplePie/" "Mozilla/5.0 AppleWebKit/537.36 (KHTML, like Gecko; compatible; GPTBot/1.3; +https://openai.com/gptbot)"
74.7.243.201 - - [18/Jan/2026:02:03:18 +0700] "GET /wp-includes/rest-api/endpoints/class-wp-rest-block-renderer-controller.php HTTP/2" 500 0 "https://netfinitynetwork.idm01.my.id/wp-includes/rest-api/endpoints/" "Mozilla/5.0 AppleWebKit/537.36 (KHTML, like Gecko; compatible; GPTBot/1.3; +https://openai.com/gptbot)"
74.7.243.196 - - [18/Jan/2026:02:03:30 +0700] "GET /wp-includes/sitemaps/providers/ HTTP/2" 200 782 "https://www.netfinitynetwork.com/wp-includes/sitemaps/" "Mozilla/5.0 AppleWebKit/537.36 (KHTML, like Gecko; compatible; GPTBot/1.3; +https://openai.com/gptbot)"
74.7.241.60 - - [18/Jan/2026:02:03:33 +0700] "GET /wp-includes/rest-api/endpoints/class-wp-rest-global-styles-controller.php HTTP/2" 500 0 "https://mail.netfinitynetwork.com/wp-includes/rest-api/endpoints/" "Mozilla/5.0 AppleWebKit/537.36 (KHTML, like Gecko; compatible; GPTBot/1.3; +https://openai.com/gptbot)"
74.7.227.136 - - [18/Jan/2026:02:03:41 +0700] "GET /wp-includes/rest-api/endpoints/class-wp-rest-global-styles-controller.php HTTP/2" 500 0 "https://www.netfinitynetwork.idm01.my.id/wp-includes/rest-api/endpoints/" "Mozilla/5.0 AppleWebKit/537.36 (KHTML, like Gecko; compatible; GPTBot/1.3; +https://openai.com/gptbot)"
74.7.243.201 - - [18/Jan/2026:02:04:00 +0700] "GET /wp-includes/js/crop/ HTTP/2" 200 763 "https://netfinitynetwork.idm01.my.id/wp-includes/js/" "Mozilla/5.0 AppleWebKit/537.36 (KHTML, like Gecko; compatible; GPTBot/1.3; +https://openai.com/gptbot)"
74.7.243.232 - - [18/Jan/2026:02:04:04 +0700] "GET /wp-includes/class-wp-taxonomy.php HTTP/2" 200 0 "https://netfinitynetwork.com/wp-includes/" "Mozilla/5.0 AppleWebKit/537.36 (KHTML, like Gecko; compatible; GPTBot/1.3; +https://openai.com/gptbot)"
74.7.243.196 - - [18/Jan/2026:02:04:16 +0700] "GET /wp-includes/js/customize-preview-nav-menus.min.js HTTP/2" 200 1622 "https://www.netfinitynetwork.com/wp-includes/js/" "Mozilla/5.0 AppleWebKit/537.36 (KHTML, like Gecko; compatible; GPTBot/1.3; +https://openai.com/gptbot)"
74.7.241.60 - - [18/Jan/2026:02:04:20 +0700] "GET /wp-includes/js/ HTTP/2" 200 4016 "https://mail.netfinitynetwork.com/wp-includes/" "Mozilla/5.0 AppleWebKit/537.36 (KHTML, like Gecko; compatible; GPTBot/1.3; +https://openai.com/gptbot)"
103.247.11.196 - - [18/Jan/2026:02:04:25 +0700] "POST /wp-cron.php?doing_wp_cron=1768676665.0112659931182861328125 HTTP/1.1" 200 0 "-" "WordPress/6.9; https://netfinitynetwork.com"
207.154.250.140 - - [18/Jan/2026:02:04:24 +0700] "POST /wp-login.php HTTP/1.1" 200 2044 "-" "Mozilla/5.0 (Windows NT 10.0; Win64; x64; rv:97.0) Gecko/20100101 Firefox/97.0"
74.7.227.136 - - [18/Jan/2026:02:04:28 +0700] "GET /wp-includes/js/ HTTP/2" 200 4022 "https://www.netfinitynetwork.idm01.my.id/wp-includes/" "Mozilla/5.0 AppleWebKit/537.36 (KHTML, like Gecko; compatible; GPTBot/1.3; +https://openai.com/gptbot)"
74.7.243.232 - - [18/Jan/2026:02:04:53 +0700] "GET /wp-includes/fonts/dashicons.ttf HTTP/2" 200 31243 "https://netfinitynetwork.com/wp-includes/fonts/" "Mozilla/5.0 AppleWebKit/537.36 (KHTML, like Gecko; compatible; GPTBot/1.3; +https://openai.com/gptbot)"
74.7.243.196 - - [18/Jan/2026:02:04:58 +0700] "GET /wp-includes/js/customize-selective-refresh.min.js HTTP/2" 200 3480 "https://www.netfinitynetwork.com/wp-includes/js/" "Mozilla/5.0 AppleWebKit/537.36 (KHTML, like Gecko; compatible; GPTBot/1.3; +https://openai.com/gptbot)"
74.7.243.201 - - [18/Jan/2026:02:05:00 +0700] "GET /wp-includes/theme-compat/error_log HTTP/2" 403 1242 "https://netfinitynetwork.idm01.my.id/wp-includes/theme-compat/" "Mozilla/5.0 AppleWebKit/537.36 (KHTML, like Gecko; compatible; GPTBot/1.3; +https://openai.com/gptbot)"
74.7.228.0 - - [18/Jan/2026:02:05:01 +0700] "GET /robots.txt HTTP/2" 200 108 "-" "Mozilla/5.0 (Macintosh; Intel Mac OS X 10_15_7) AppleWebKit/537.36 (KHTML, like Gecko) Chrome/131.0.0.0 Safari/537.36; compatible; OAI-SearchBot/1.3; robots.txt; +https://openai.com/searchbot"
74.7.241.60 - - [18/Jan/2026:02:05:25 +0700] "GET /wp-includes/sodium_compat/src/File.php HTTP/2" 500 0 "https://mail.netfinitynetwork.com/wp-includes/sodium_compat/src/" "Mozilla/5.0 AppleWebKit/537.36 (KHTML, like Gecko; compatible; GPTBot/1.3; +https://openai.com/gptbot)"
74.7.227.136 - - [18/Jan/2026:02:05:30 +0700] "GET /wp-includes/sodium_compat/src/File.php HTTP/2" 500 0 "https://www.netfinitynetwork.idm01.my.id/wp-includes/sodium_compat/src/" "Mozilla/5.0 AppleWebKit/537.36 (KHTML, like Gecko; compatible; GPTBot/1.3; +https://openai.com/gptbot)"
74.7.243.196 - - [18/Jan/2026:02:05:36 +0700] "GET /wp-includes/js/customize-preview-widgets.min.js HTTP/2" 200 2428 "https://www.netfinitynetwork.com/wp-includes/js/" "Mozilla/5.0 AppleWebKit/537.36 (KHTML, like Gecko; compatible; GPTBot/1.3; +https://openai.com/gptbot)"
74.7.243.232 - - [18/Jan/2026:02:05:37 +0700] "GET /wp-includes/js/shortcode.js HTTP/2" 200 3352 "https://netfinitynetwork.com/wp-includes/js/" "Mozilla/5.0 AppleWebKit/537.36 (KHTML, like Gecko; compatible; GPTBot/1.3; +https://openai.com/gptbot)"
74.7.243.201 - - [18/Jan/2026:02:05:58 +0700] "GET /wp-includes/js/customize-loader.js HTTP/2" 200 2473 "https://netfinitynetwork.idm01.my.id/wp-includes/js/" "Mozilla/5.0 AppleWebKit/537.36 (KHTML, like Gecko; compatible; GPTBot/1.3; +https://openai.com/gptbot)"
74.7.243.196 - - [18/Jan/2026:02:06:09 +0700] "GET /wp-includes/js/admin-bar.min.js HTTP/2" 200 1223 "https://www.netfinitynetwork.com/wp-includes/js/" "Mozilla/5.0 AppleWebKit/537.36 (KHTML, like Gecko; compatible; GPTBot/1.3; +https://openai.com/gptbot)"
74.7.243.232 - - [18/Jan/2026:02:06:17 +0700] "GET /wp-includes/js/customize-preview-nav-menus.min.js HTTP/2" 200 1622 "https://netfinitynetwork.com/wp-includes/js/" "Mozilla/5.0 AppleWebKit/537.36 (KHTML, like Gecko; compatible; GPTBot/1.3; +https://openai.com/gptbot)"
74.7.241.60 - - [18/Jan/2026:02:06:22 +0700] "GET /wp-includes/rest-api/endpoints/class-wp-rest-pattern-directory-controller.php HTTP/2" 500 0 "https://mail.netfinitynetwork.com/wp-includes/rest-api/endpoints/" "Mozilla/5.0 AppleWebKit/537.36 (KHTML, like Gecko; compatible; GPTBot/1.3; +https://openai.com/gptbot)"
74.7.227.136 - - [18/Jan/2026:02:06:27 +0700] "GET /wp-includes/rest-api/endpoints/class-wp-rest-template-autosaves-controller.php HTTP/2" 500 0 "https://www.netfinitynetwork.idm01.my.id/wp-includes/rest-api/endpoints/" "Mozilla/5.0 AppleWebKit/537.36 (KHTML, like Gecko; compatible; GPTBot/1.3; +https://openai.com/gptbot)"
74.7.243.196 - - [18/Jan/2026:02:06:39 +0700] "GET /wp-includes/js/wp-embed.min.js HTTP/2" 200 616 "https://www.netfinitynetwork.com/wp-includes/js/" "Mozilla/5.0 AppleWebKit/537.36 (KHTML, like Gecko; compatible; GPTBot/1.3; +https://openai.com/gptbot)"
74.7.243.201 - - [18/Jan/2026:02:06:54 +0700] "GET /wp-includes/rest-api/endpoints/class-wp-rest-templates-controller.php HTTP/2" 500 0 "https://netfinitynetwork.idm01.my.id/wp-includes/rest-api/endpoints/" "Mozilla/5.0 AppleWebKit/537.36 (KHTML, like Gecko; compatible; GPTBot/1.3; +https://openai.com/gptbot)"
74.7.243.232 - - [18/Jan/2026:02:06:55 +0700] "GET /wp-includes/js/customize-selective-refresh.min.js HTTP/2" 200 3480 "https://netfinitynetwork.com/wp-includes/js/" "Mozilla/5.0 AppleWebKit/537.36 (KHTML, like Gecko; compatible; GPTBot/1.3; +https://openai.com/gptbot)"
74.7.243.196 - - [18/Jan/2026:02:07:05 +0700] "GET /wp-includes/js/wp-lists.min.js HTTP/2" 200 2359 "https://www.netfinitynetwork.com/wp-includes/js/" "Mozilla/5.0 AppleWebKit/537.36 (KHTML, like Gecko; compatible; GPTBot/1.3; +https://openai.com/gptbot)"
74.7.241.60 - - [18/Jan/2026:02:07:26 +0700] "GET /wp-includes/sodium_compat/namespaced/Core/Curve25519/error_log HTTP/2" 403 1242 "https://mail.netfinitynetwork.com/wp-includes/sodium_compat/namespaced/Core/Curve25519/" "Mozilla/5.0 AppleWebKit/537.36 (KHTML, like Gecko; compatible; GPTBot/1.3; +https://openai.com/gptbot)"
74.7.243.232 - - [18/Jan/2026:02:07:28 +0700] "GET /wp-includes/js/customize-preview-widgets.min.js HTTP/2" 200 2428 "https://netfinitynetwork.com/wp-includes/js/" "Mozilla/5.0 AppleWebKit/537.36 (KHTML, like Gecko; compatible; GPTBot/1.3; +https://openai.com/gptbot)"
74.7.227.136 - - [18/Jan/2026:02:07:29 +0700] "GET /wp-includes/sodium_compat/namespaced/Core/Curve25519/error_log HTTP/2" 403 1242 "https://www.netfinitynetwork.idm01.my.id/wp-includes/sodium_compat/namespaced/Core/Curve25519/" "Mozilla/5.0 AppleWebKit/537.36 (KHTML, like Gecko; compatible; GPTBot/1.3; +https://openai.com/gptbot)"
74.7.243.196 - - [18/Jan/2026:02:07:30 +0700] "GET /wp-includes/js/wp-emoji.min.js HTTP/2" 200 1307 "https://www.netfinitynetwork.com/wp-includes/js/" "Mozilla/5.0 AppleWebKit/537.36 (KHTML, like Gecko; compatible; GPTBot/1.3; +https://openai.com/gptbot)"
74.7.243.201 - - [18/Jan/2026:02:07:45 +0700] "GET /wp-includes/rest-api/endpoints/class-wp-rest-revisions-controller.php HTTP/2" 500 0 "https://netfinitynetwork.idm01.my.id/wp-includes/rest-api/endpoints/" "Mozilla/5.0 AppleWebKit/537.36 (KHTML, like Gecko; compatible; GPTBot/1.3; +https://openai.com/gptbot)"
74.7.243.196 - - [18/Jan/2026:02:07:51 +0700] "GET /wp-includes/js/customize-preview-nav-menus.js HTTP/2" 200 3933 "https://www.netfinitynetwork.com/wp-includes/js/" "Mozilla/5.0 AppleWebKit/537.36 (KHTML, like Gecko; compatible; GPTBot/1.3; +https://openai.com/gptbot)"
74.7.243.232 - - [18/Jan/2026:02:07:59 +0700] "GET /wp-includes/js/admin-bar.min.js HTTP/2" 200 1223 "https://netfinitynetwork.com/wp-includes/js/" "Mozilla/5.0 AppleWebKit/537.36 (KHTML, like Gecko; compatible; GPTBot/1.3; +https://openai.com/gptbot)"
74.7.243.196 - - [18/Jan/2026:02:08:11 +0700] "GET /wp-includes/js/wp-sanitize.js HTTP/2" 200 515 "https://www.netfinitynetwork.com/wp-includes/js/" "Mozilla/5.0 AppleWebKit/537.36 (KHTML, like Gecko; compatible; GPTBot/1.3; +https://openai.com/gptbot)"
74.7.243.232 - - [18/Jan/2026:02:08:25 +0700] "GET /wp-includes/js/wp-embed.min.js HTTP/2" 200 616 "https://netfinitynetwork.com/wp-includes/js/" "Mozilla/5.0 AppleWebKit/537.36 (KHTML, like Gecko; compatible; GPTBot/1.3; +https://openai.com/gptbot)"
74.7.241.128 - - [18/Jan/2026:02:08:26 +0700] "GET /robots.txt HTTP/2" 200 108 "-" "Mozilla/5.0 (Macintosh; Intel Mac OS X 10_15_7) AppleWebKit/537.36 (KHTML, like Gecko) Chrome/131.0.0.0 Safari/537.36; compatible; OAI-SearchBot/1.3; robots.txt; +https://openai.com/searchbot"
74.7.241.60 - - [18/Jan/2026:02:08:27 +0700] "GET /wp-includes/rest-api/endpoints/class-wp-rest-template-autosaves-controller.php HTTP/2" 500 0 "https://mail.netfinitynetwork.com/wp-includes/rest-api/endpoints/" "Mozilla/5.0 AppleWebKit/537.36 (KHTML, like Gecko; compatible; GPTBot/1.3; +https://openai.com/gptbot)"
74.7.243.196 - - [18/Jan/2026:02:08:28 +0700] "GET /wp-includes/js/?ND HTTP/2" 200 3909 "https://www.netfinitynetwork.com/wp-includes/js/" "Mozilla/5.0 AppleWebKit/537.36 (KHTML, like Gecko; compatible; GPTBot/1.3; +https://openai.com/gptbot)"
74.7.241.165 - - [18/Jan/2026:02:08:29 +0700] "GET /robots.txt HTTP/2" 200 108 "-" "Mozilla/5.0 (Macintosh; Intel Mac OS X 10_15_7) AppleWebKit/537.36 (KHTML, like Gecko) Chrome/131.0.0.0 Safari/537.36; compatible; OAI-SearchBot/1.3; robots.txt; +https://openai.com/searchbot"
74.7.227.136 - - [18/Jan/2026:02:08:32 +0700] "GET /wp-includes/rest-api/endpoints/class-wp-rest-template-revisions-controller.php HTTP/2" 500 0 "https://www.netfinitynetwork.idm01.my.id/wp-includes/rest-api/endpoints/" "Mozilla/5.0 AppleWebKit/537.36 (KHTML, like Gecko; compatible; GPTBot/1.3; +https://openai.com/gptbot)"
74.7.243.196 - - [18/Jan/2026:02:08:44 +0700] "GET /wp-includes/js/?MA HTTP/2" 200 4006 "https://www.netfinitynetwork.com/wp-includes/js/" "Mozilla/5.0 AppleWebKit/537.36 (KHTML, like Gecko; compatible; GPTBot/1.3; +https://openai.com/gptbot)"
74.7.243.201 - - [18/Jan/2026:02:08:46 +0700] "GET /wp-includes/rest-api/endpoints/class-wp-rest-settings-controller.php HTTP/2" 500 0 "https://netfinitynetwork.idm01.my.id/wp-includes/rest-api/endpoints/" "Mozilla/5.0 AppleWebKit/537.36 (KHTML, like Gecko; compatible; GPTBot/1.3; +https://openai.com/gptbot)"
74.7.243.232 - - [18/Jan/2026:02:08:51 +0700] "GET /wp-includes/js/wp-lists.min.js HTTP/2" 200 2359 "https://netfinitynetwork.com/wp-includes/js/" "Mozilla/5.0 AppleWebKit/537.36 (KHTML, like Gecko; compatible; GPTBot/1.3; +https://openai.com/gptbot)"
74.7.243.196 - - [18/Jan/2026:02:08:58 +0700] "GET /wp-includes/js/?SA HTTP/2" 200 4111 "https://www.netfinitynetwork.com/wp-includes/js/" "Mozilla/5.0 AppleWebKit/537.36 (KHTML, like Gecko; compatible; GPTBot/1.3; +https://openai.com/gptbot)"
74.7.243.196 - - [18/Jan/2026:02:09:11 +0700] "GET /wp-includes/js/customize-preview-widgets.js HTTP/2" 200 5574 "https://www.netfinitynetwork.com/wp-includes/js/" "Mozilla/5.0 AppleWebKit/537.36 (KHTML, like Gecko; compatible; GPTBot/1.3; +https://openai.com/gptbot)"
74.7.243.232 - - [18/Jan/2026:02:09:13 +0700] "GET /wp-includes/js/wp-emoji.min.js HTTP/2" 200 1307 "https://netfinitynetwork.com/wp-includes/js/" "Mozilla/5.0 AppleWebKit/537.36 (KHTML, like Gecko; compatible; GPTBot/1.3; +https://openai.com/gptbot)"
74.7.243.196 - - [18/Jan/2026:02:09:23 +0700] "GET /wp-includes/js/customize-selective-refresh.js HTTP/2" 200 8600 "https://www.netfinitynetwork.com/wp-includes/js/" "Mozilla/5.0 AppleWebKit/537.36 (KHTML, like Gecko; compatible; GPTBot/1.3; +https://openai.com/gptbot)"
74.7.244.43 - - [18/Jan/2026:02:09:25 +0700] "GET /robots.txt HTTP/2" 200 108 "-" "Mozilla/5.0 (Macintosh; Intel Mac OS X 10_15_7) AppleWebKit/537.36 (KHTML, like Gecko) Chrome/131.0.0.0 Safari/537.36; compatible; OAI-SearchBot/1.3; robots.txt; +https://openai.com/searchbot"
74.7.241.60 - - [18/Jan/2026:02:09:30 +0700] "GET /wp-includes/rest-api/endpoints/class-wp-rest-navigation-fallback-controller.php HTTP/2" 500 0 "https://mail.netfinitynetwork.com/wp-includes/rest-api/endpoints/" "Mozilla/5.0 AppleWebKit/537.36 (KHTML, like Gecko; compatible; GPTBot/1.3; +https://openai.com/gptbot)"
74.7.243.232 - - [18/Jan/2026:02:09:33 +0700] "GET /wp-includes/js/customize-preview-nav-menus.js HTTP/2" 200 3933 "https://netfinitynetwork.com/wp-includes/js/" "Mozilla/5.0 AppleWebKit/537.36 (KHTML, like Gecko; compatible; GPTBot/1.3; +https://openai.com/gptbot)"
74.7.243.196 - - [18/Jan/2026:02:09:34 +0700] "GET /wp-includes/js/wp-util.min.js HTTP/2" 200 690 "https://www.netfinitynetwork.com/wp-includes/js/" "Mozilla/5.0 AppleWebKit/537.36 (KHTML, like Gecko; compatible; GPTBot/1.3; +https://openai.com/gptbot)"
74.7.227.136 - - [18/Jan/2026:02:09:34 +0700] "GET /wp-includes/rest-api/endpoints/class-wp-rest-pattern-directory-controller.php HTTP/2" 500 0 "https://www.netfinitynetwork.idm01.my.id/wp-includes/rest-api/endpoints/" "Mozilla/5.0 AppleWebKit/537.36 (KHTML, like Gecko; compatible; GPTBot/1.3; +https://openai.com/gptbot)"
74.7.175.157 - - [18/Jan/2026:02:09:37 +0700] "GET /robots.txt HTTP/2" 200 108 "-" "Mozilla/5.0 (Macintosh; Intel Mac OS X 10_15_7) AppleWebKit/537.36 (KHTML, like Gecko) Chrome/131.0.0.0 Safari/537.36; compatible; OAI-SearchBot/1.3; robots.txt; +https://openai.com/searchbot"
74.7.243.196 - - [18/Jan/2026:02:09:43 +0700] "GET /wp-includes/js/wp-backbone.js HTTP/2" 200 3462 "https://www.netfinitynetwork.com/wp-includes/js/" "Mozilla/5.0 AppleWebKit/537.36 (KHTML, like Gecko; compatible; GPTBot/1.3; +https://openai.com/gptbot)"
74.7.243.201 - - [18/Jan/2026:02:09:52 +0700] "GET /wp-includes/class-wp-user-meta-session-tokens.php HTTP/2" 500 0 "https://netfinitynetwork.idm01.my.id/wp-includes/" "Mozilla/5.0 AppleWebKit/537.36 (KHTML, like Gecko; compatible; GPTBot/1.3; +https://openai.com/gptbot)"
74.7.243.196 - - [18/Jan/2026:02:09:51 +0700] "GET /wp-includes/js/admin-bar.js HTTP/2" 200 2571 "https://www.netfinitynetwork.com/wp-includes/js/" "Mozilla/5.0 AppleWebKit/537.36 (KHTML, like Gecko; compatible; GPTBot/1.3; +https://openai.com/gptbot)"
74.7.243.232 - - [18/Jan/2026:02:09:52 +0700] "GET /wp-includes/js/wp-sanitize.js HTTP/2" 200 515 "https://netfinitynetwork.com/wp-includes/js/" "Mozilla/5.0 AppleWebKit/537.36 (KHTML, like Gecko; compatible; GPTBot/1.3; +https://openai.com/gptbot)"
74.7.243.196 - - [18/Jan/2026:02:09:59 +0700] "GET /wp-includes/js/json2.min.js HTTP/2" 200 35 "https://www.netfinitynetwork.com/wp-includes/js/" "Mozilla/5.0 AppleWebKit/537.36 (KHTML, like Gecko; compatible; GPTBot/1.3; +https://openai.com/gptbot)"
74.7.243.196 - - [18/Jan/2026:02:10:06 +0700] "GET /wp-includes/js/wp-embed-template.min.js HTTP/2" 200 1011 "https://www.netfinitynetwork.com/wp-includes/js/" "Mozilla/5.0 AppleWebKit/537.36 (KHTML, like Gecko; compatible; GPTBot/1.3; +https://openai.com/gptbot)"
74.7.243.232 - - [18/Jan/2026:02:10:08 +0700] "GET /wp-includes/js/?ND HTTP/2" 200 3957 "https://netfinitynetwork.com/wp-includes/js/" "Mozilla/5.0 AppleWebKit/537.36 (KHTML, like Gecko; compatible; GPTBot/1.3; +https://openai.com/gptbot)"
74.7.243.196 - - [18/Jan/2026:02:10:12 +0700] "GET /wp-includes/js/media-editor.js HTTP/2" 200 7286 "https://www.netfinitynetwork.com/wp-includes/js/" "Mozilla/5.0 AppleWebKit/537.36 (KHTML, like Gecko; compatible; GPTBot/1.3; +https://openai.com/gptbot)"
74.7.243.196 - - [18/Jan/2026:02:10:18 +0700] "GET /wp-includes/js/?NA HTTP/2" 200 4017 "https://www.netfinitynetwork.com/wp-includes/js/?ND" "Mozilla/5.0 AppleWebKit/537.36 (KHTML, like Gecko; compatible; GPTBot/1.3; +https://openai.com/gptbot)"
74.7.243.232 - - [18/Jan/2026:02:10:22 +0700] "GET /wp-includes/js/?MA HTTP/2" 200 4002 "https://netfinitynetwork.com/wp-includes/js/" "Mozilla/5.0 AppleWebKit/537.36 (KHTML, like Gecko; compatible; GPTBot/1.3; +https://openai.com/gptbot)"
74.7.243.196 - - [18/Jan/2026:02:10:23 +0700] "GET /wp-includes/js/?MD HTTP/2" 200 3987 "https://www.netfinitynetwork.com/wp-includes/js/?MA" "Mozilla/5.0 AppleWebKit/537.36 (KHTML, like Gecko; compatible; GPTBot/1.3; +https://openai.com/gptbot)"
74.7.243.196 - - [18/Jan/2026:02:10:28 +0700] "GET /wp-includes/js/?SD HTTP/2" 200 4097 "https://www.netfinitynetwork.com/wp-includes/js/?SA" "Mozilla/5.0 AppleWebKit/537.36 (KHTML, like Gecko; compatible; GPTBot/1.3; +https://openai.com/gptbot)"
74.7.243.196 - - [18/Jan/2026:02:10:32 +0700] "GET /wp-includes/js/customize-preview.min.js HTTP/2" 200 3008 "https://www.netfinitynetwork.com/wp-includes/js/" "Mozilla/5.0 AppleWebKit/537.36 (KHTML, like Gecko; compatible; GPTBot/1.3; +https://openai.com/gptbot)"
74.7.243.232 - - [18/Jan/2026:02:10:35 +0700] "GET /wp-includes/js/?SA HTTP/2" 200 4105 "https://netfinitynetwork.com/wp-includes/js/" "Mozilla/5.0 AppleWebKit/537.36 (KHTML, like Gecko; compatible; GPTBot/1.3; +https://openai.com/gptbot)"
74.7.227.136 - - [18/Jan/2026:02:10:35 +0700] "GET /wp-includes/rest-api/endpoints/class-wp-rest-navigation-fallback-controller.php HTTP/2" 500 0 "https://www.netfinitynetwork.idm01.my.id/wp-includes/rest-api/endpoints/" "Mozilla/5.0 AppleWebKit/537.36 (KHTML, like Gecko; compatible; GPTBot/1.3; +https://openai.com/gptbot)"
