216.73.216.99 - - [17/Jan/2026:22:47:35 +0700] "GET /wp-load.php HTTP/2" 200 0 "-" "Mozilla/5.0 AppleWebKit/537.36 (KHTML, like Gecko; compatible; ClaudeBot/1.0; +claudebot@anthropic.com)"
216.73.216.99 - - [17/Jan/2026:22:47:36 +0700] "GET /error_log HTTP/2" 403 1242 "-" "Mozilla/5.0 AppleWebKit/537.36 (KHTML, like Gecko; compatible; ClaudeBot/1.0; +claudebot@anthropic.com)"
216.73.216.99 - - [17/Jan/2026:22:47:36 +0700] "GET /xmlrpc.php HTTP/2" 403 1242 "-" "Mozilla/5.0 AppleWebKit/537.36 (KHTML, like Gecko; compatible; ClaudeBot/1.0; +claudebot@anthropic.com)"
74.7.243.196 - - [17/Jan/2026:22:47:42 +0700] "GET /wp-includes/sodium_compat/lib/php72compat_const.php HTTP/2" 200 0 "https://www.netfinitynetwork.com/wp-includes/sodium_compat/lib/" "Mozilla/5.0 AppleWebKit/537.36 (KHTML, like Gecko; compatible; GPTBot/1.3; +https://openai.com/gptbot)"
74.7.227.136 - - [17/Jan/2026:22:47:50 +0700] "GET /wp-includes/pluggable.php HTTP/2" 200 0 "https://www.netfinitynetwork.idm01.my.id/wp-includes/" "Mozilla/5.0 AppleWebKit/537.36 (KHTML, like Gecko; compatible; GPTBot/1.3; +https://openai.com/gptbot)"
74.7.243.201 - - [17/Jan/2026:22:47:53 +0700] "GET /wp-includes/class-wp-scripts.php HTTP/2" 500 0 "https://netfinitynetwork.idm01.my.id/wp-includes/" "Mozilla/5.0 AppleWebKit/537.36 (KHTML, like Gecko; compatible; GPTBot/1.3; +https://openai.com/gptbot)"
216.73.216.99 - - [17/Jan/2026:22:47:55 +0700] "GET /cgi-bin HTTP/2" 301 795 "-" "Mozilla/5.0 AppleWebKit/537.36 (KHTML, like Gecko; compatible; ClaudeBot/1.0; +claudebot@anthropic.com)"
216.73.216.99 - - [17/Jan/2026:22:47:55 +0700] "GET /wp-comments-post.php HTTP/2" 405 0 "-" "Mozilla/5.0 AppleWebKit/537.36 (KHTML, like Gecko; compatible; ClaudeBot/1.0; +claudebot@anthropic.com)"
216.73.216.99 - - [17/Jan/2026:22:47:55 +0700] "GET /cgi-bin/ HTTP/2" 403 1242 "https://netfinitynetwork.idm01.my.id/cgi-bin" "Mozilla/5.0 AppleWebKit/537.36 (KHTML, like Gecko; compatible; ClaudeBot/1.0; +claudebot@anthropic.com)"
216.73.216.99 - - [17/Jan/2026:22:47:55 +0700] "GET /wp-activate.php HTTP/2" 302 0 "-" "Mozilla/5.0 AppleWebKit/537.36 (KHTML, like Gecko; compatible; ClaudeBot/1.0; +claudebot@anthropic.com)"
74.7.241.60 - - [17/Jan/2026:22:48:06 +0700] "GET /wp-includes/html-api/class-wp-html-text-replacement.php HTTP/2" 200 0 "https://mail.netfinitynetwork.com/wp-includes/html-api/" "Mozilla/5.0 AppleWebKit/537.36 (KHTML, like Gecko; compatible; GPTBot/1.3; +https://openai.com/gptbot)"
74.7.243.196 - - [17/Jan/2026:22:48:11 +0700] "GET /wp-includes/sodium_compat/lib/constants.php HTTP/2" 200 0 "https://www.netfinitynetwork.com/wp-includes/sodium_compat/lib/" "Mozilla/5.0 AppleWebKit/537.36 (KHTML, like Gecko; compatible; GPTBot/1.3; +https://openai.com/gptbot)"
216.73.216.99 - - [17/Jan/2026:22:48:11 +0700] "GET /commentsos HTTP/2" 301 795 "-" "Mozilla/5.0 AppleWebKit/537.36 (KHTML, like Gecko; compatible; ClaudeBot/1.0; +claudebot@anthropic.com)"
216.73.216.99 - - [17/Jan/2026:22:48:11 +0700] "GET /wp-settings.php HTTP/2" 500 0 "-" "Mozilla/5.0 AppleWebKit/537.36 (KHTML, like Gecko; compatible; ClaudeBot/1.0; +claudebot@anthropic.com)"
216.73.216.99 - - [17/Jan/2026:22:48:11 +0700] "GET /commentsos/ HTTP/2" 200 622 "https://netfinitynetwork.idm01.my.id/commentsos" "Mozilla/5.0 AppleWebKit/537.36 (KHTML, like Gecko; compatible; ClaudeBot/1.0; +claudebot@anthropic.com)"
216.73.216.99 - - [17/Jan/2026:22:48:11 +0700] "GET /wp-admin HTTP/2" 301 795 "-" "Mozilla/5.0 AppleWebKit/537.36 (KHTML, like Gecko; compatible; ClaudeBot/1.0; +claudebot@anthropic.com)"
216.73.216.99 - - [17/Jan/2026:22:48:12 +0700] "GET /wp-admin/ HTTP/2" 302 0 "https://netfinitynetwork.idm01.my.id/wp-admin" "Mozilla/5.0 AppleWebKit/537.36 (KHTML, like Gecko; compatible; ClaudeBot/1.0; +claudebot@anthropic.com)"
74.7.243.232 - - [17/Jan/2026:22:48:13 +0700] "GET /wp-includes/sodium_compat/lib/php84compat.php HTTP/2" 200 0 "https://netfinitynetwork.com/wp-includes/sodium_compat/lib/" "Mozilla/5.0 AppleWebKit/537.36 (KHTML, like Gecko; compatible; GPTBot/1.3; +https://openai.com/gptbot)"
74.7.243.196 - - [17/Jan/2026:22:48:36 +0700] "GET /wp-includes/sodium_compat/lib/namespaced.php HTTP/2" 200 0 "https://www.netfinitynetwork.com/wp-includes/sodium_compat/lib/" "Mozilla/5.0 AppleWebKit/537.36 (KHTML, like Gecko; compatible; GPTBot/1.3; +https://openai.com/gptbot)"
216.73.216.99 - - [17/Jan/2026:22:48:41 +0700] "GET /gg2.php HTTP/2" 200 539 "-" "Mozilla/5.0 AppleWebKit/537.36 (KHTML, like Gecko; compatible; ClaudeBot/1.0; +claudebot@anthropic.com)"
216.73.216.99 - - [17/Jan/2026:22:48:41 +0700] "GET /wp-config-sample.php HTTP/2" 500 905 "-" "Mozilla/5.0 AppleWebKit/537.36 (KHTML, like Gecko; compatible; ClaudeBot/1.0; +claudebot@anthropic.com)"
216.73.216.99 - - [17/Jan/2026:22:48:41 +0700] "GET /wp-includes HTTP/2" 301 795 "-" "Mozilla/5.0 AppleWebKit/537.36 (KHTML, like Gecko; compatible; ClaudeBot/1.0; +claudebot@anthropic.com)"
216.73.216.99 - - [17/Jan/2026:22:48:42 +0700] "GET /wp-includes/ HTTP/2" 200 8370 "https://netfinitynetwork.idm01.my.id/wp-includes" "Mozilla/5.0 AppleWebKit/537.36 (KHTML, like Gecko; compatible; ClaudeBot/1.0; +claudebot@anthropic.com)"
74.7.227.136 - - [17/Jan/2026:22:48:49 +0700] "GET /wp-includes/canonical.php HTTP/2" 200 0 "https://www.netfinitynetwork.idm01.my.id/wp-includes/" "Mozilla/5.0 AppleWebKit/537.36 (KHTML, like Gecko; compatible; GPTBot/1.3; +https://openai.com/gptbot)"
74.7.243.232 - - [17/Jan/2026:22:48:52 +0700] "GET /wp-includes/sodium_compat/lib/php72compat_const.php HTTP/2" 200 0 "https://netfinitynetwork.com/wp-includes/sodium_compat/lib/" "Mozilla/5.0 AppleWebKit/537.36 (KHTML, like Gecko; compatible; GPTBot/1.3; +https://openai.com/gptbot)"
74.7.241.60 - - [17/Jan/2026:22:48:52 +0700] "GET /wp-includes/sodium_compat/lib/ HTTP/2" 200 1236 "https://mail.netfinitynetwork.com/wp-includes/sodium_compat/" "Mozilla/5.0 AppleWebKit/537.36 (KHTML, like Gecko; compatible; GPTBot/1.3; +https://openai.com/gptbot)"
216.73.216.99 - - [17/Jan/2026:22:48:53 +0700] "GET /wp-config.php HTTP/2" 403 1543 "-" "Mozilla/5.0 AppleWebKit/537.36 (KHTML, like Gecko; compatible; ClaudeBot/1.0; +claudebot@anthropic.com)"
216.73.216.99 - - [17/Jan/2026:22:48:53 +0700] "GET /wp-mail.php HTTP/2" 403 912 "-" "Mozilla/5.0 AppleWebKit/537.36 (KHTML, like Gecko; compatible; ClaudeBot/1.0; +claudebot@anthropic.com)"
216.73.216.99 - - [17/Jan/2026:22:48:53 +0700] "GET /wp-trackback.php HTTP/2" 404 91 "-" "Mozilla/5.0 AppleWebKit/537.36 (KHTML, like Gecko; compatible; ClaudeBot/1.0; +claudebot@anthropic.com)"
74.7.243.201 - - [17/Jan/2026:22:48:56 +0700] "GET /wp-includes/error_log HTTP/2" 403 1242 "https://netfinitynetwork.idm01.my.id/wp-includes/" "Mozilla/5.0 AppleWebKit/537.36 (KHTML, like Gecko; compatible; GPTBot/1.3; +https://openai.com/gptbot)"
74.7.243.196 - - [17/Jan/2026:22:49:00 +0700] "GET /wp-includes/sodium_compat/lib/sodium_compat.php HTTP/2" 200 0 "https://www.netfinitynetwork.com/wp-includes/sodium_compat/lib/" "Mozilla/5.0 AppleWebKit/537.36 (KHTML, like Gecko; compatible; GPTBot/1.3; +https://openai.com/gptbot)"
74.7.243.196 - - [17/Jan/2026:22:49:20 +0700] "GET /wp-includes/sodium_compat/lib/stream-xchacha20.php HTTP/2" 200 0 "https://www.netfinitynetwork.com/wp-includes/sodium_compat/lib/" "Mozilla/5.0 AppleWebKit/537.36 (KHTML, like Gecko; compatible; GPTBot/1.3; +https://openai.com/gptbot)"
74.7.243.232 - - [17/Jan/2026:22:49:26 +0700] "GET /wp-includes/sodium_compat/lib/php84compat_const.php HTTP/2" 200 0 "https://netfinitynetwork.com/wp-includes/sodium_compat/lib/" "Mozilla/5.0 AppleWebKit/537.36 (KHTML, like Gecko; compatible; GPTBot/1.3; +https://openai.com/gptbot)"
216.73.216.99 - - [17/Jan/2026:22:49:27 +0700] "GET /wp-cron.php HTTP/2" 200 0 "-" "Mozilla/5.0 AppleWebKit/537.36 (KHTML, like Gecko; compatible; ClaudeBot/1.0; +claudebot@anthropic.com)"
216.73.216.99 - - [17/Jan/2026:22:49:27 +0700] "GET /wp-login.php HTTP/2" 200 1722 "-" "Mozilla/5.0 AppleWebKit/537.36 (KHTML, like Gecko; compatible; ClaudeBot/1.0; +claudebot@anthropic.com)"
74.7.241.60 - - [17/Jan/2026:22:49:35 +0700] "GET /wp-includes/class-wp-block-type.php HTTP/2" 200 0 "https://mail.netfinitynetwork.com/wp-includes/" "Mozilla/5.0 AppleWebKit/537.36 (KHTML, like Gecko; compatible; GPTBot/1.3; +https://openai.com/gptbot)"
74.7.243.196 - - [17/Jan/2026:22:49:38 +0700] "GET /wp-includes/sodium_compat/namespaced/error_log HTTP/2" 403 1242 "https://www.netfinitynetwork.com/wp-includes/sodium_compat/namespaced/" "Mozilla/5.0 AppleWebKit/537.36 (KHTML, like Gecko; compatible; GPTBot/1.3; +https://openai.com/gptbot)"
74.7.227.136 - - [17/Jan/2026:22:49:39 +0700] "GET /wp-includes/formatting.php HTTP/2" 200 0 "https://www.netfinitynetwork.idm01.my.id/wp-includes/" "Mozilla/5.0 AppleWebKit/537.36 (KHTML, like Gecko; compatible; GPTBot/1.3; +https://openai.com/gptbot)"
74.7.243.196 - - [17/Jan/2026:22:49:55 +0700] "GET /wp-includes/sodium_compat/lib/error_log HTTP/2" 403 1242 "https://www.netfinitynetwork.com/wp-includes/sodium_compat/lib/" "Mozilla/5.0 AppleWebKit/537.36 (KHTML, like Gecko; compatible; GPTBot/1.3; +https://openai.com/gptbot)"
74.7.243.232 - - [17/Jan/2026:22:49:55 +0700] "GET /wp-includes/sodium_compat/lib/constants.php HTTP/2" 200 0 "https://netfinitynetwork.com/wp-includes/sodium_compat/lib/" "Mozilla/5.0 AppleWebKit/537.36 (KHTML, like Gecko; compatible; GPTBot/1.3; +https://openai.com/gptbot)"
74.7.243.201 - - [17/Jan/2026:22:50:00 +0700] "GET /wp-includes/class-smtp.php HTTP/2" 500 0 "https://netfinitynetwork.idm01.my.id/wp-includes/" "Mozilla/5.0 AppleWebKit/537.36 (KHTML, like Gecko; compatible; GPTBot/1.3; +https://openai.com/gptbot)"
74.7.243.196 - - [17/Jan/2026:22:50:12 +0700] "GET /wp-includes/sodium_compat/lib/ristretto255.php HTTP/2" 500 0 "https://www.netfinitynetwork.com/wp-includes/sodium_compat/lib/" "Mozilla/5.0 AppleWebKit/537.36 (KHTML, like Gecko; compatible; GPTBot/1.3; +https://openai.com/gptbot)"
74.7.241.60 - - [17/Jan/2026:22:50:13 +0700] "GET /wp-includes/sodium_compat/namespaced/ HTTP/2" 200 794 "https://mail.netfinitynetwork.com/wp-includes/sodium_compat/" "Mozilla/5.0 AppleWebKit/537.36 (KHTML, like Gecko; compatible; GPTBot/1.3; +https://openai.com/gptbot)"
216.73.216.99 - - [17/Jan/2026:22:50:15 +0700] "GET /wp-content HTTP/2" 301 795 "-" "Mozilla/5.0 AppleWebKit/537.36 (KHTML, like Gecko; compatible; ClaudeBot/1.0; +claudebot@anthropic.com)"
216.73.216.99 - - [17/Jan/2026:22:50:15 +0700] "GET /readme.html HTTP/2" 200 2667 "-" "Mozilla/5.0 AppleWebKit/537.36 (KHTML, like Gecko; compatible; ClaudeBot/1.0; +claudebot@anthropic.com)"
216.73.216.99 - - [17/Jan/2026:22:50:15 +0700] "GET /wp-content/ HTTP/2" 200 0 "https://netfinitynetwork.idm01.my.id/wp-content" "Mozilla/5.0 AppleWebKit/537.36 (KHTML, like Gecko; compatible; ClaudeBot/1.0; +claudebot@anthropic.com)"
216.73.216.99 - - [17/Jan/2026:22:50:19 +0700] "GET /wp-blog-header.php HTTP/2" 404 0 "-" "Mozilla/5.0 AppleWebKit/537.36 (KHTML, like Gecko; compatible; ClaudeBot/1.0; +claudebot@anthropic.com)"
216.73.216.99 - - [17/Jan/2026:22:50:19 +0700] "GET /wp-signup.php HTTP/2" 302 0 "-" "Mozilla/5.0 AppleWebKit/537.36 (KHTML, like Gecko; compatible; ClaudeBot/1.0; +claudebot@anthropic.com)"
185.223.152.13 - - [17/Jan/2026:22:50:19 +0700] "POST /wp-login.php HTTP/1.1" 200 5715 "-" "Mozilla/5.0"
74.7.243.232 - - [17/Jan/2026:22:50:23 +0700] "GET /wp-includes/sodium_compat/lib/namespaced.php HTTP/2" 200 0 "https://netfinitynetwork.com/wp-includes/sodium_compat/lib/" "Mozilla/5.0 AppleWebKit/537.36 (KHTML, like Gecko; compatible; GPTBot/1.3; +https://openai.com/gptbot)"
74.7.227.136 - - [17/Jan/2026:22:50:25 +0700] "GET /wp-includes/html-api/class-wp-html-text-replacement.php HTTP/2" 200 0 "https://www.netfinitynetwork.idm01.my.id/wp-includes/html-api/" "Mozilla/5.0 AppleWebKit/537.36 (KHTML, like Gecko; compatible; GPTBot/1.3; +https://openai.com/gptbot)"
216.73.216.99 - - [17/Jan/2026:22:50:26 +0700] "GET /robots.txt HTTP/2" 200 108 "-" "Mozilla/5.0 AppleWebKit/537.36 (KHTML, like Gecko; compatible; ClaudeBot/1.0; +claudebot@anthropic.com)"
216.73.216.99 - - [17/Jan/2026:22:50:26 +0700] "GET /wp-links-opml.php HTTP/2" 200 151 "-" "Mozilla/5.0 AppleWebKit/537.36 (KHTML, like Gecko; compatible; ClaudeBot/1.0; +claudebot@anthropic.com)"
74.7.243.196 - - [17/Jan/2026:22:50:28 +0700] "GET /wp-includes/sodium_compat/namespaced/File.php HTTP/2" 500 0 "https://www.netfinitynetwork.com/wp-includes/sodium_compat/namespaced/" "Mozilla/5.0 AppleWebKit/537.36 (KHTML, like Gecko; compatible; GPTBot/1.3; +https://openai.com/gptbot)"
74.7.241.60 - - [17/Jan/2026:22:50:48 +0700] "GET /wp-includes/style-engine/ HTTP/2" 200 780 "https://mail.netfinitynetwork.com/wp-includes/" "Mozilla/5.0 AppleWebKit/537.36 (KHTML, like Gecko; compatible; GPTBot/1.3; +https://openai.com/gptbot)"
74.7.243.232 - - [17/Jan/2026:22:50:48 +0700] "GET /wp-includes/sodium_compat/lib/sodium_compat.php HTTP/2" 200 0 "https://netfinitynetwork.com/wp-includes/sodium_compat/lib/" "Mozilla/5.0 AppleWebKit/537.36 (KHTML, like Gecko; compatible; GPTBot/1.3; +https://openai.com/gptbot)"
74.7.243.201 - - [17/Jan/2026:22:51:03 +0700] "GET /wp-includes/ms-settings.php HTTP/2" 200 6 "https://netfinitynetwork.idm01.my.id/wp-includes/" "Mozilla/5.0 AppleWebKit/537.36 (KHTML, like Gecko; compatible; GPTBot/1.3; +https://openai.com/gptbot)"
74.7.227.136 - - [17/Jan/2026:22:51:08 +0700] "GET /wp-includes/sodium_compat/lib/ HTTP/2" 200 1239 "https://www.netfinitynetwork.idm01.my.id/wp-includes/sodium_compat/" "Mozilla/5.0 AppleWebKit/537.36 (KHTML, like Gecko; compatible; GPTBot/1.3; +https://openai.com/gptbot)"
74.7.243.232 - - [17/Jan/2026:22:51:11 +0700] "GET /wp-includes/sodium_compat/lib/stream-xchacha20.php HTTP/2" 200 0 "https://netfinitynetwork.com/wp-includes/sodium_compat/lib/" "Mozilla/5.0 AppleWebKit/537.36 (KHTML, like Gecko; compatible; GPTBot/1.3; +https://openai.com/gptbot)"
216.73.216.99 - - [17/Jan/2026:22:51:16 +0700] "GET /_autoindex/assets/css/autoindex.css HTTP/2" 200 1170 "-" "Mozilla/5.0 AppleWebKit/537.36 (KHTML, like Gecko; compatible; ClaudeBot/1.0; +claudebot@anthropic.com)"
216.73.216.99 - - [17/Jan/2026:22:51:16 +0700] "GET /license.txt HTTP/2" 200 6865 "-" "Mozilla/5.0 AppleWebKit/537.36 (KHTML, like Gecko; compatible; ClaudeBot/1.0; +claudebot@anthropic.com)"
74.7.243.196 - - [17/Jan/2026:22:51:18 +0700] "GET /wp-includes/block-patterns/error_log HTTP/2" 403 1242 "https://www.netfinitynetwork.com/wp-includes/block-patterns/" "Mozilla/5.0 AppleWebKit/537.36 (KHTML, like Gecko; compatible; GPTBot/1.3; +https://openai.com/gptbot)"
74.7.241.60 - - [17/Jan/2026:22:51:19 +0700] "GET /wp-includes/theme.php HTTP/2" 200 0 "https://mail.netfinitynetwork.com/wp-includes/" "Mozilla/5.0 AppleWebKit/537.36 (KHTML, like Gecko; compatible; GPTBot/1.3; +https://openai.com/gptbot)"
216.73.216.99 - - [17/Jan/2026:22:51:20 +0700] "GET /gfherhfghre HTTP/2" 301 795 "-" "Mozilla/5.0 AppleWebKit/537.36 (KHTML, like Gecko; compatible; ClaudeBot/1.0; +claudebot@anthropic.com)"
216.73.216.99 - - [17/Jan/2026:22:51:20 +0700] "GET /_autoindex/assets/js/tablesort.js HTTP/2" 200 2137 "-" "Mozilla/5.0 AppleWebKit/537.36 (KHTML, like Gecko; compatible; ClaudeBot/1.0; +claudebot@anthropic.com)"
216.73.216.99 - - [17/Jan/2026:22:51:20 +0700] "GET /gfherhfghre/ HTTP/2" 200 623 "https://netfinitynetwork.idm01.my.id/gfherhfghre" "Mozilla/5.0 AppleWebKit/537.36 (KHTML, like Gecko; compatible; ClaudeBot/1.0; +claudebot@anthropic.com)"
74.7.243.232 - - [17/Jan/2026:22:51:30 +0700] "GET /wp-includes/sodium_compat/namespaced/error_log HTTP/2" 403 1242 "https://netfinitynetwork.com/wp-includes/sodium_compat/namespaced/" "Mozilla/5.0 AppleWebKit/537.36 (KHTML, like Gecko; compatible; GPTBot/1.3; +https://openai.com/gptbot)"
74.7.227.136 - - [17/Jan/2026:22:51:47 +0700] "GET /wp-includes/class-wp-block-type.php HTTP/2" 200 0 "https://www.netfinitynetwork.idm01.my.id/wp-includes/" "Mozilla/5.0 AppleWebKit/537.36 (KHTML, like Gecko; compatible; GPTBot/1.3; +https://openai.com/gptbot)"
74.7.241.60 - - [17/Jan/2026:22:51:47 +0700] "GET /wp-includes/cache.php HTTP/2" 500 0 "https://mail.netfinitynetwork.com/wp-includes/" "Mozilla/5.0 AppleWebKit/537.36 (KHTML, like Gecko; compatible; GPTBot/1.3; +https://openai.com/gptbot)"
74.7.243.232 - - [17/Jan/2026:22:51:49 +0700] "GET /wp-includes/sodium_compat/lib/error_log HTTP/2" 403 1242 "https://netfinitynetwork.com/wp-includes/sodium_compat/lib/" "Mozilla/5.0 AppleWebKit/537.36 (KHTML, like Gecko; compatible; GPTBot/1.3; +https://openai.com/gptbot)"
216.73.216.99 - - [17/Jan/2026:22:51:58 +0700] "GET /_autoindex/assets/icons/file.svg HTTP/2" 200 354 "-" "Mozilla/5.0 AppleWebKit/537.36 (KHTML, like Gecko; compatible; ClaudeBot/1.0; +claudebot@anthropic.com)"
216.73.216.99 - - [17/Jan/2026:22:51:58 +0700] "GET /_autoindex/assets/js/tablesort.number.js HTTP/2" 200 322 "-" "Mozilla/5.0 AppleWebKit/537.36 (KHTML, like Gecko; compatible; ClaudeBot/1.0; +claudebot@anthropic.com)"
74.7.243.232 - - [17/Jan/2026:22:52:06 +0700] "GET /wp-includes/sodium_compat/lib/ristretto255.php HTTP/2" 500 0 "https://netfinitynetwork.com/wp-includes/sodium_compat/lib/" "Mozilla/5.0 AppleWebKit/537.36 (KHTML, like Gecko; compatible; GPTBot/1.3; +https://openai.com/gptbot)"
74.7.243.201 - - [17/Jan/2026:22:52:07 +0700] "GET /wp-includes/widgets/ HTTP/2" 200 1568 "https://netfinitynetwork.idm01.my.id/wp-includes/" "Mozilla/5.0 AppleWebKit/537.36 (KHTML, like Gecko; compatible; GPTBot/1.3; +https://openai.com/gptbot)"
216.73.216.99 - - [17/Jan/2026:22:52:09 +0700] "GET /_autoindex/assets/icons/file-text.svg HTTP/2" 200 394 "-" "Mozilla/5.0 AppleWebKit/537.36 (KHTML, like Gecko; compatible; ClaudeBot/1.0; +claudebot@anthropic.com)"
216.73.216.99 - - [17/Jan/2026:22:52:09 +0700] "GET /_autoindex/assets/icons/folder-fill.svg HTTP/2" 200 333 "-" "Mozilla/5.0 AppleWebKit/537.36 (KHTML, like Gecko; compatible; ClaudeBot/1.0; +claudebot@anthropic.com)"
74.7.241.60 - - [17/Jan/2026:22:52:12 +0700] "GET /wp-includes/kses.php HTTP/2" 200 0 "https://mail.netfinitynetwork.com/wp-includes/" "Mozilla/5.0 AppleWebKit/537.36 (KHTML, like Gecko; compatible; GPTBot/1.3; +https://openai.com/gptbot)"
74.7.227.136 - - [17/Jan/2026:22:52:19 +0700] "GET /wp-includes/sodium_compat/namespaced/ HTTP/2" 200 798 "https://www.netfinitynetwork.idm01.my.id/wp-includes/sodium_compat/" "Mozilla/5.0 AppleWebKit/537.36 (KHTML, like Gecko; compatible; GPTBot/1.3; +https://openai.com/gptbot)"
74.7.243.196 - - [17/Jan/2026:22:52:20 +0700] "GET /wp-includes/nav-menu.php HTTP/2" 200 0 "https://www.netfinitynetwork.com/wp-includes/" "Mozilla/5.0 AppleWebKit/537.36 (KHTML, like Gecko; compatible; GPTBot/1.3; +https://openai.com/gptbot)"
74.7.243.232 - - [17/Jan/2026:22:52:23 +0700] "GET /wp-includes/sodium_compat/namespaced/File.php HTTP/2" 500 0 "https://netfinitynetwork.com/wp-includes/sodium_compat/namespaced/" "Mozilla/5.0 AppleWebKit/537.36 (KHTML, like Gecko; compatible; GPTBot/1.3; +https://openai.com/gptbot)"
74.7.227.136 - - [17/Jan/2026:22:52:49 +0700] "GET /wp-includes/style-engine/ HTTP/2" 200 786 "https://www.netfinitynetwork.idm01.my.id/wp-includes/" "Mozilla/5.0 AppleWebKit/537.36 (KHTML, like Gecko; compatible; GPTBot/1.3; +https://openai.com/gptbot)"
74.7.243.201 - - [17/Jan/2026:22:53:03 +0700] "GET /wp-includes/rest-api/class-wp-rest-response.php HTTP/2" 500 0 "https://netfinitynetwork.idm01.my.id/wp-includes/rest-api/" "Mozilla/5.0 AppleWebKit/537.36 (KHTML, like Gecko; compatible; GPTBot/1.3; +https://openai.com/gptbot)"
74.7.241.60 - - [17/Jan/2026:22:53:15 +0700] "GET /wp-includes/http.php HTTP/2" 200 0 "https://mail.netfinitynetwork.com/wp-includes/" "Mozilla/5.0 AppleWebKit/537.36 (KHTML, like Gecko; compatible; GPTBot/1.3; +https://openai.com/gptbot)"
74.7.243.232 - - [17/Jan/2026:22:53:15 +0700] "GET /wp-includes/rest-api.php HTTP/2" 200 0 "https://netfinitynetwork.com/wp-includes/" "Mozilla/5.0 AppleWebKit/537.36 (KHTML, like Gecko; compatible; GPTBot/1.3; +https://openai.com/gptbot)"
74.7.227.136 - - [17/Jan/2026:22:53:16 +0700] "GET /wp-includes/kses.php HTTP/2" 200 0 "https://www.netfinitynetwork.idm01.my.id/wp-includes/" "Mozilla/5.0 AppleWebKit/537.36 (KHTML, like Gecko; compatible; GPTBot/1.3; +https://openai.com/gptbot)"
74.7.243.196 - - [17/Jan/2026:22:53:25 +0700] "GET /wp-includes/rest-api.php HTTP/2" 200 0 "https://www.netfinitynetwork.com/wp-includes/" "Mozilla/5.0 AppleWebKit/537.36 (KHTML, like Gecko; compatible; GPTBot/1.3; +https://openai.com/gptbot)"
74.7.227.136 - - [17/Jan/2026:22:53:41 +0700] "GET /wp-includes/cache.php HTTP/2" 500 0 "https://www.netfinitynetwork.idm01.my.id/wp-includes/" "Mozilla/5.0 AppleWebKit/537.36 (KHTML, like Gecko; compatible; GPTBot/1.3; +https://openai.com/gptbot)"
74.7.243.201 - - [17/Jan/2026:22:53:55 +0700] "GET /wp-includes/php-compat/readonly.php HTTP/2" 200 0 "https://netfinitynetwork.idm01.my.id/wp-includes/php-compat/" "Mozilla/5.0 AppleWebKit/537.36 (KHTML, like Gecko; compatible; GPTBot/1.3; +https://openai.com/gptbot)"
74.7.227.136 - - [17/Jan/2026:22:54:03 +0700] "GET /wp-includes/http.php HTTP/2" 200 0 "https://www.netfinitynetwork.idm01.my.id/wp-includes/" "Mozilla/5.0 AppleWebKit/537.36 (KHTML, like Gecko; compatible; GPTBot/1.3; +https://openai.com/gptbot)"
74.7.241.60 - - [17/Jan/2026:22:54:09 +0700] "GET /wp-includes/ms-blogs.php HTTP/2" 200 6 "https://mail.netfinitynetwork.com/wp-includes/" "Mozilla/5.0 AppleWebKit/537.36 (KHTML, like Gecko; compatible; GPTBot/1.3; +https://openai.com/gptbot)"
74.7.243.232 - - [17/Jan/2026:22:54:19 +0700] "GET /wp-includes/ms-load.php HTTP/2" 200 0 "https://netfinitynetwork.com/wp-includes/" "Mozilla/5.0 AppleWebKit/537.36 (KHTML, like Gecko; compatible; GPTBot/1.3; +https://openai.com/gptbot)"
74.7.243.196 - - [17/Jan/2026:22:54:20 +0700] "GET /wp-includes/ms-files.php HTTP/2" 200 32 "https://www.netfinitynetwork.com/wp-includes/" "Mozilla/5.0 AppleWebKit/537.36 (KHTML, like Gecko; compatible; GPTBot/1.3; +https://openai.com/gptbot)"
74.7.243.201 - - [17/Jan/2026:22:54:56 +0700] "GET /wp-includes/atomlib.php HTTP/2" 200 0 "https://netfinitynetwork.idm01.my.id/wp-includes/" "Mozilla/5.0 AppleWebKit/537.36 (KHTML, like Gecko; compatible; GPTBot/1.3; +https://openai.com/gptbot)"
74.7.241.60 - - [17/Jan/2026:22:55:00 +0700] "GET /wp-includes/block-bindings/error_log HTTP/2" 403 1242 "https://mail.netfinitynetwork.com/wp-includes/block-bindings/" "Mozilla/5.0 AppleWebKit/537.36 (KHTML, like Gecko; compatible; GPTBot/1.3; +https://openai.com/gptbot)"
74.7.227.136 - - [17/Jan/2026:22:55:04 +0700] "GET /wp-includes/theme.php HTTP/2" 200 0 "https://www.netfinitynetwork.idm01.my.id/wp-includes/" "Mozilla/5.0 AppleWebKit/537.36 (KHTML, like Gecko; compatible; GPTBot/1.3; +https://openai.com/gptbot)"
74.7.243.196 - - [17/Jan/2026:22:55:11 +0700] "GET /wp-includes/ms-site.php HTTP/2" 200 0 "https://www.netfinitynetwork.com/wp-includes/" "Mozilla/5.0 AppleWebKit/537.36 (KHTML, like Gecko; compatible; GPTBot/1.3; +https://openai.com/gptbot)"
74.7.243.232 - - [17/Jan/2026:22:55:16 +0700] "GET /wp-includes/ms-site.php HTTP/2" 200 0 "https://netfinitynetwork.com/wp-includes/" "Mozilla/5.0 AppleWebKit/537.36 (KHTML, like Gecko; compatible; GPTBot/1.3; +https://openai.com/gptbot)"
74.7.241.60 - - [17/Jan/2026:22:55:44 +0700] "GET /wp-includes/block-supports/error_log HTTP/2" 403 1242 "https://mail.netfinitynetwork.com/wp-includes/block-supports/" "Mozilla/5.0 AppleWebKit/537.36 (KHTML, like Gecko; compatible; GPTBot/1.3; +https://openai.com/gptbot)"
74.7.243.201 - - [17/Jan/2026:22:55:55 +0700] "GET /wp-includes/theme-compat/embed-content.php HTTP/2" 500 10 "https://netfinitynetwork.idm01.my.id/wp-includes/theme-compat/" "Mozilla/5.0 AppleWebKit/537.36 (KHTML, like Gecko; compatible; GPTBot/1.3; +https://openai.com/gptbot)"
74.7.243.196 - - [17/Jan/2026:22:55:59 +0700] "GET /wp-includes/php-compat/ HTTP/2" 200 631 "https://www.netfinitynetwork.com/wp-includes/" "Mozilla/5.0 AppleWebKit/537.36 (KHTML, like Gecko; compatible; GPTBot/1.3; +https://openai.com/gptbot)"
74.7.227.136 - - [17/Jan/2026:22:56:03 +0700] "GET /wp-includes/ms-blogs.php HTTP/2" 200 6 "https://www.netfinitynetwork.idm01.my.id/wp-includes/" "Mozilla/5.0 AppleWebKit/537.36 (KHTML, like Gecko; compatible; GPTBot/1.3; +https://openai.com/gptbot)"
74.7.243.232 - - [17/Jan/2026:22:56:05 +0700] "GET /wp-includes/php-compat/ HTTP/2" 200 627 "https://netfinitynetwork.com/wp-includes/" "Mozilla/5.0 AppleWebKit/537.36 (KHTML, like Gecko; compatible; GPTBot/1.3; +https://openai.com/gptbot)"
74.7.241.60 - - [17/Jan/2026:22:56:31 +0700] "GET /wp-includes/sodium_compat/lib/php72compat.php HTTP/2" 200 0 "https://mail.netfinitynetwork.com/wp-includes/sodium_compat/lib/" "Mozilla/5.0 AppleWebKit/537.36 (KHTML, like Gecko; compatible; GPTBot/1.3; +https://openai.com/gptbot)"
74.7.243.196 - - [17/Jan/2026:22:56:38 +0700] "GET /wp-includes/ms-load.php HTTP/2" 200 0 "https://www.netfinitynetwork.com/wp-includes/" "Mozilla/5.0 AppleWebKit/537.36 (KHTML, like Gecko; compatible; GPTBot/1.3; +https://openai.com/gptbot)"
74.7.243.201 - - [17/Jan/2026:22:56:47 +0700] "GET /wp-includes/sitemaps/class-wp-sitemaps.php HTTP/2" 200 0 "https://netfinitynetwork.idm01.my.id/wp-includes/sitemaps/" "Mozilla/5.0 AppleWebKit/537.36 (KHTML, like Gecko; compatible; GPTBot/1.3; +https://openai.com/gptbot)"
74.7.243.232 - - [17/Jan/2026:22:56:53 +0700] "GET /wp-includes/ms-network.php HTTP/2" 200 0 "https://netfinitynetwork.com/wp-includes/" "Mozilla/5.0 AppleWebKit/537.36 (KHTML, like Gecko; compatible; GPTBot/1.3; +https://openai.com/gptbot)"
74.7.227.136 - - [17/Jan/2026:22:56:53 +0700] "GET /wp-includes/block-bindings/error_log HTTP/2" 403 1242 "https://www.netfinitynetwork.idm01.my.id/wp-includes/block-bindings/" "Mozilla/5.0 AppleWebKit/537.36 (KHTML, like Gecko; compatible; GPTBot/1.3; +https://openai.com/gptbot)"
74.7.243.196 - - [17/Jan/2026:22:57:14 +0700] "GET /wp-includes/ms-network.php HTTP/2" 200 0 "https://www.netfinitynetwork.com/wp-includes/" "Mozilla/5.0 AppleWebKit/537.36 (KHTML, like Gecko; compatible; GPTBot/1.3; +https://openai.com/gptbot)"
74.7.241.60 - - [17/Jan/2026:22:57:18 +0700] "GET /wp-includes/sodium_compat/lib/php84compat.php HTTP/2" 200 0 "https://mail.netfinitynetwork.com/wp-includes/sodium_compat/lib/" "Mozilla/5.0 AppleWebKit/537.36 (KHTML, like Gecko; compatible; GPTBot/1.3; +https://openai.com/gptbot)"
74.7.243.232 - - [17/Jan/2026:22:57:34 +0700] "GET /wp-includes/theme-compat/ HTTP/2" 200 1271 "https://netfinitynetwork.com/wp-includes/" "Mozilla/5.0 AppleWebKit/537.36 (KHTML, like Gecko; compatible; GPTBot/1.3; +https://openai.com/gptbot)"
74.7.227.136 - - [17/Jan/2026:22:57:38 +0700] "GET /wp-includes/block-patterns/error_log HTTP/2" 403 1242 "https://www.netfinitynetwork.idm01.my.id/wp-includes/block-patterns/" "Mozilla/5.0 AppleWebKit/537.36 (KHTML, like Gecko; compatible; GPTBot/1.3; +https://openai.com/gptbot)"
74.7.243.196 - - [17/Jan/2026:22:57:48 +0700] "GET /wp-includes/theme-compat/ HTTP/2" 200 1276 "https://www.netfinitynetwork.com/wp-includes/" "Mozilla/5.0 AppleWebKit/537.36 (KHTML, like Gecko; compatible; GPTBot/1.3; +https://openai.com/gptbot)"
74.7.243.201 - - [17/Jan/2026:22:57:52 +0700] "GET /wp-includes/sitemaps/class-wp-sitemaps-renderer.php HTTP/2" 200 0 "https://netfinitynetwork.idm01.my.id/wp-includes/sitemaps/" "Mozilla/5.0 AppleWebKit/537.36 (KHTML, like Gecko; compatible; GPTBot/1.3; +https://openai.com/gptbot)"
74.7.241.60 - - [17/Jan/2026:22:57:58 +0700] "GET /wp-includes/sodium_compat/lib/php84compat_const.php HTTP/2" 200 0 "https://mail.netfinitynetwork.com/wp-includes/sodium_compat/lib/" "Mozilla/5.0 AppleWebKit/537.36 (KHTML, like Gecko; compatible; GPTBot/1.3; +https://openai.com/gptbot)"
216.73.216.99 - - [17/Jan/2026:22:58:11 +0700] "GET /robots.txt HTTP/2" 200 108 "-" "Mozilla/5.0 AppleWebKit/537.36 (KHTML, like Gecko; compatible; ClaudeBot/1.0; +claudebot@anthropic.com)"
216.73.216.99 - - [17/Jan/2026:22:58:11 +0700] "GET /wp-comments-post.php HTTP/2" 405 0 "-" "Mozilla/5.0 AppleWebKit/537.36 (KHTML, like Gecko; compatible; ClaudeBot/1.0; +claudebot@anthropic.com)"
216.73.216.99 - - [17/Jan/2026:22:58:11 +0700] "GET /xmlrpc.php HTTP/2" 403 1242 "-" "Mozilla/5.0 AppleWebKit/537.36 (KHTML, like Gecko; compatible; ClaudeBot/1.0; +claudebot@anthropic.com)"
74.7.243.232 - - [17/Jan/2026:22:58:12 +0700] "GET /wp-includes/sitemaps/ HTTP/2" 200 1138 "https://netfinitynetwork.com/wp-includes/" "Mozilla/5.0 AppleWebKit/537.36 (KHTML, like Gecko; compatible; GPTBot/1.3; +https://openai.com/gptbot)"
74.7.243.196 - - [17/Jan/2026:22:58:18 +0700] "GET /wp-includes/sitemaps/ HTTP/2" 200 1143 "https://www.netfinitynetwork.com/wp-includes/" "Mozilla/5.0 AppleWebKit/537.36 (KHTML, like Gecko; compatible; GPTBot/1.3; +https://openai.com/gptbot)"
74.7.227.136 - - [17/Jan/2026:22:58:26 +0700] "GET /wp-includes/sodium_compat/lib/php72compat.php HTTP/2" 200 0 "https://www.netfinitynetwork.idm01.my.id/wp-includes/sodium_compat/lib/" "Mozilla/5.0 AppleWebKit/537.36 (KHTML, like Gecko; compatible; GPTBot/1.3; +https://openai.com/gptbot)"
74.7.241.60 - - [17/Jan/2026:22:58:37 +0700] "GET /wp-includes/style-engine/class-wp-style-engine.php HTTP/2" 200 0 "https://mail.netfinitynetwork.com/wp-includes/style-engine/" "Mozilla/5.0 AppleWebKit/537.36 (KHTML, like Gecko; compatible; GPTBot/1.3; +https://openai.com/gptbot)"
74.7.243.232 - - [17/Jan/2026:22:58:44 +0700] "GET /wp-includes/class.wp-scripts.php HTTP/2" 500 0 "https://netfinitynetwork.com/wp-includes/" "Mozilla/5.0 AppleWebKit/537.36 (KHTML, like Gecko; compatible; GPTBot/1.3; +https://openai.com/gptbot)"
74.7.243.196 - - [17/Jan/2026:22:58:45 +0700] "GET /wp-includes/class-wp-scripts.php HTTP/2" 500 0 "https://www.netfinitynetwork.com/wp-includes/" "Mozilla/5.0 AppleWebKit/537.36 (KHTML, like Gecko; compatible; GPTBot/1.3; +https://openai.com/gptbot)"
216.73.216.99 - - [17/Jan/2026:22:58:52 +0700] "GET /error_log HTTP/2" 403 1242 "-" "Mozilla/5.0 AppleWebKit/537.36 (KHTML, like Gecko; compatible; ClaudeBot/1.0; +claudebot@anthropic.com)"
216.73.216.99 - - [17/Jan/2026:22:58:52 +0700] "GET /wp-load.php HTTP/2" 200 0 "-" "Mozilla/5.0 AppleWebKit/537.36 (KHTML, like Gecko; compatible; ClaudeBot/1.0; +claudebot@anthropic.com)"
74.7.243.201 - - [17/Jan/2026:22:58:45 +0700] "GET /wp-includes/sitemaps/class-wp-sitemaps-stylesheet.php HTTP/2" 200 0 "https://netfinitynetwork.idm01.my.id/wp-includes/sitemaps/" "Mozilla/5.0 AppleWebKit/537.36 (KHTML, like Gecko; compatible; GPTBot/1.3; +https://openai.com/gptbot)"
74.7.243.196 - - [17/Jan/2026:22:59:10 +0700] "GET /wp-includes/class.wp-scripts.php HTTP/2" 500 0 "https://www.netfinitynetwork.com/wp-includes/" "Mozilla/5.0 AppleWebKit/537.36 (KHTML, like Gecko; compatible; GPTBot/1.3; +https://openai.com/gptbot)"
74.7.241.60 - - [17/Jan/2026:22:59:11 +0700] "GET /wp-includes/style-engine/class-wp-style-engine-processor.php HTTP/2" 200 0 "https://mail.netfinitynetwork.com/wp-includes/style-engine/" "Mozilla/5.0 AppleWebKit/537.36 (KHTML, like Gecko; compatible; GPTBot/1.3; +https://openai.com/gptbot)"
74.7.227.136 - - [17/Jan/2026:22:59:13 +0700] "GET /wp-includes/sodium_compat/lib/php84compat.php HTTP/2" 200 0 "https://www.netfinitynetwork.idm01.my.id/wp-includes/sodium_compat/lib/" "Mozilla/5.0 AppleWebKit/537.36 (KHTML, like Gecko; compatible; GPTBot/1.3; +https://openai.com/gptbot)"
74.7.243.232 - - [17/Jan/2026:22:59:14 +0700] "GET /wp-includes/class-wp-scripts.php HTTP/2" 500 0 "https://netfinitynetwork.com/wp-includes/" "Mozilla/5.0 AppleWebKit/537.36 (KHTML, like Gecko; compatible; GPTBot/1.3; +https://openai.com/gptbot)"
74.7.243.201 - - [17/Jan/2026:22:59:38 +0700] "GET /wp-includes/theme-compat/header-embed.php HTTP/2" 500 26 "https://netfinitynetwork.idm01.my.id/wp-includes/theme-compat/" "Mozilla/5.0 AppleWebKit/537.36 (KHTML, like Gecko; compatible; GPTBot/1.3; +https://openai.com/gptbot)"
216.73.216.99 - - [17/Jan/2026:22:59:39 +0700] "GET /cgi-bin HTTP/2" 301 795 "-" "Mozilla/5.0 AppleWebKit/537.36 (KHTML, like Gecko; compatible; ClaudeBot/1.0; +claudebot@anthropic.com)"
216.73.216.99 - - [17/Jan/2026:22:59:39 +0700] "GET /cgi-bin/ HTTP/2" 403 1242 "https://www.netfinitynetwork.idm01.my.id/cgi-bin" "Mozilla/5.0 AppleWebKit/537.36 (KHTML, like Gecko; compatible; ClaudeBot/1.0; +claudebot@anthropic.com)"
216.73.216.99 - - [17/Jan/2026:22:59:39 +0700] "GET /wp-activate.php HTTP/2" 302 0 "-" "Mozilla/5.0 AppleWebKit/537.36 (KHTML, like Gecko; compatible; ClaudeBot/1.0; +claudebot@anthropic.com)"
74.7.241.60 - - [17/Jan/2026:22:59:40 +0700] "GET /wp-includes/sodium_compat/lib/php72compat_const.php HTTP/2" 200 0 "https://mail.netfinitynetwork.com/wp-includes/sodium_compat/lib/" "Mozilla/5.0 AppleWebKit/537.36 (KHTML, like Gecko; compatible; GPTBot/1.3; +https://openai.com/gptbot)"
74.7.227.136 - - [17/Jan/2026:22:59:55 +0700] "GET /wp-includes/sodium_compat/namespaced/error_log HTTP/2" 403 1242 "https://www.netfinitynetwork.idm01.my.id/wp-includes/sodium_compat/namespaced/" "Mozilla/5.0 AppleWebKit/537.36 (KHTML, like Gecko; compatible; GPTBot/1.3; +https://openai.com/gptbot)"
216.73.216.99 - - [17/Jan/2026:23:00:04 +0700] "GET /wp-settings.php HTTP/2" 500 0 "-" "Mozilla/5.0 AppleWebKit/537.36 (KHTML, like Gecko; compatible; ClaudeBot/1.0; +claudebot@anthropic.com)"
216.73.216.99 - - [17/Jan/2026:23:00:04 +0700] "GET /wp-config-sample.php HTTP/2" 500 905 "-" "Mozilla/5.0 AppleWebKit/537.36 (KHTML, like Gecko; compatible; ClaudeBot/1.0; +claudebot@anthropic.com)"
74.7.241.60 - - [17/Jan/2026:23:00:06 +0700] "GET /wp-includes/sodium_compat/lib/constants.php HTTP/2" 200 0 "https://mail.netfinitynetwork.com/wp-includes/sodium_compat/lib/" "Mozilla/5.0 AppleWebKit/537.36 (KHTML, like Gecko; compatible; GPTBot/1.3; +https://openai.com/gptbot)"
74.7.243.196 - - [17/Jan/2026:23:00:10 +0700] "GET /wp-includes/error_log HTTP/2" 403 1242 "https://www.netfinitynetwork.com/wp-includes/" "Mozilla/5.0 AppleWebKit/537.36 (KHTML, like Gecko; compatible; GPTBot/1.3; +https://openai.com/gptbot)"
216.73.216.99 - - [17/Jan/2026:23:00:20 +0700] "GET /wp-admin HTTP/2" 301 795 "-" "Mozilla/5.0 AppleWebKit/537.36 (KHTML, like Gecko; compatible; ClaudeBot/1.0; +claudebot@anthropic.com)"
216.73.216.99 - - [17/Jan/2026:23:00:20 +0700] "GET /wp-trackback.php HTTP/2" 404 91 "-" "Mozilla/5.0 AppleWebKit/537.36 (KHTML, like Gecko; compatible; ClaudeBot/1.0; +claudebot@anthropic.com)"
216.73.216.99 - - [17/Jan/2026:23:00:20 +0700] "GET /wp-admin/ HTTP/2" 302 0 "https://www.netfinitynetwork.idm01.my.id/wp-admin" "Mozilla/5.0 AppleWebKit/537.36 (KHTML, like Gecko; compatible; ClaudeBot/1.0; +claudebot@anthropic.com)"
74.7.243.232 - - [17/Jan/2026:23:00:20 +0700] "GET /wp-includes/error_log HTTP/2" 403 1242 "https://netfinitynetwork.com/wp-includes/" "Mozilla/5.0 AppleWebKit/537.36 (KHTML, like Gecko; compatible; GPTBot/1.3; +https://openai.com/gptbot)"
74.7.243.201 - - [17/Jan/2026:23:00:23 +0700] "GET /wp-includes/theme-compat/footer-embed.php HTTP/2" 500 0 "https://netfinitynetwork.idm01.my.id/wp-includes/theme-compat/" "Mozilla/5.0 AppleWebKit/537.36 (KHTML, like Gecko; compatible; GPTBot/1.3; +https://openai.com/gptbot)"
74.7.241.60 - - [17/Jan/2026:23:00:30 +0700] "GET /wp-includes/sodium_compat/lib/namespaced.php HTTP/2" 200 0 "https://mail.netfinitynetwork.com/wp-includes/sodium_compat/lib/" "Mozilla/5.0 AppleWebKit/537.36 (KHTML, like Gecko; compatible; GPTBot/1.3; +https://openai.com/gptbot)"
74.7.227.136 - - [17/Jan/2026:23:00:32 +0700] "GET /wp-includes/style-engine/class-wp-style-engine.php HTTP/2" 200 0 "https://www.netfinitynetwork.idm01.my.id/wp-includes/style-engine/" "Mozilla/5.0 AppleWebKit/537.36 (KHTML, like Gecko; compatible; GPTBot/1.3; +https://openai.com/gptbot)"
216.73.216.99 - - [17/Jan/2026:23:00:46 +0700] "GET /commentsos HTTP/2" 301 795 "-" "Mozilla/5.0 AppleWebKit/537.36 (KHTML, like Gecko; compatible; ClaudeBot/1.0; +claudebot@anthropic.com)"
216.73.216.99 - - [17/Jan/2026:23:00:46 +0700] "GET /gg2.php HTTP/2" 200 539 "-" "Mozilla/5.0 AppleWebKit/537.36 (KHTML, like Gecko; compatible; ClaudeBot/1.0; +claudebot@anthropic.com)"
216.73.216.99 - - [17/Jan/2026:23:00:46 +0700] "GET /commentsos/ HTTP/2" 200 626 "https://www.netfinitynetwork.idm01.my.id/commentsos" "Mozilla/5.0 AppleWebKit/537.36 (KHTML, like Gecko; compatible; ClaudeBot/1.0; +claudebot@anthropic.com)"
74.7.241.60 - - [17/Jan/2026:23:00:52 +0700] "GET /wp-includes/sodium_compat/lib/sodium_compat.php HTTP/2" 200 0 "https://mail.netfinitynetwork.com/wp-includes/sodium_compat/lib/" "Mozilla/5.0 AppleWebKit/537.36 (KHTML, like Gecko; compatible; GPTBot/1.3; +https://openai.com/gptbot)"
74.7.227.136 - - [17/Jan/2026:23:01:08 +0700] "GET /wp-includes/style-engine/class-wp-style-engine-processor.php HTTP/2" 200 0 "https://www.netfinitynetwork.idm01.my.id/wp-includes/style-engine/" "Mozilla/5.0 AppleWebKit/537.36 (KHTML, like Gecko; compatible; GPTBot/1.3; +https://openai.com/gptbot)"
216.73.216.99 - - [17/Jan/2026:23:01:11 +0700] "GET /wp-includes HTTP/2" 301 795 "-" "Mozilla/5.0 AppleWebKit/537.36 (KHTML, like Gecko; compatible; ClaudeBot/1.0; +claudebot@anthropic.com)"
216.73.216.99 - - [17/Jan/2026:23:01:11 +0700] "GET /wp-includes/ HTTP/2" 200 8370 "https://www.netfinitynetwork.idm01.my.id/wp-includes" "Mozilla/5.0 AppleWebKit/537.36 (KHTML, like Gecko; compatible; ClaudeBot/1.0; +claudebot@anthropic.com)"
216.73.216.99 - - [17/Jan/2026:23:01:11 +0700] "GET /wp-mail.php HTTP/2" 403 912 "-" "Mozilla/5.0 AppleWebKit/537.36 (KHTML, like Gecko; compatible; ClaudeBot/1.0; +claudebot@anthropic.com)"
74.7.241.60 - - [17/Jan/2026:23:01:12 +0700] "GET /wp-includes/sodium_compat/lib/stream-xchacha20.php HTTP/2" 200 0 "https://mail.netfinitynetwork.com/wp-includes/sodium_compat/lib/" "Mozilla/5.0 AppleWebKit/537.36 (KHTML, like Gecko; compatible; GPTBot/1.3; +https://openai.com/gptbot)"
74.7.243.196 - - [17/Jan/2026:23:01:14 +0700] "GET /wp-includes/ms-settings.php HTTP/2" 200 6 "https://www.netfinitynetwork.com/wp-includes/" "Mozilla/5.0 AppleWebKit/537.36 (KHTML, like Gecko; compatible; GPTBot/1.3; +https://openai.com/gptbot)"
74.7.243.232 - - [17/Jan/2026:23:01:24 +0700] "GET /wp-includes/class-smtp.php HTTP/2" 500 0 "https://netfinitynetwork.com/wp-includes/" "Mozilla/5.0 AppleWebKit/537.36 (KHTML, like Gecko; compatible; GPTBot/1.3; +https://openai.com/gptbot)"
74.7.243.201 - - [17/Jan/2026:23:01:28 +0700] "GET /wp-includes/sitemaps/class-wp-sitemaps-registry.php HTTP/2" 200 0 "https://netfinitynetwork.idm01.my.id/wp-includes/sitemaps/" "Mozilla/5.0 AppleWebKit/537.36 (KHTML, like Gecko; compatible; GPTBot/1.3; +https://openai.com/gptbot)"
74.7.241.60 - - [17/Jan/2026:23:01:30 +0700] "GET /wp-includes/sodium_compat/namespaced/error_log HTTP/2" 403 1242 "https://mail.netfinitynetwork.com/wp-includes/sodium_compat/namespaced/" "Mozilla/5.0 AppleWebKit/537.36 (KHTML, like Gecko; compatible; GPTBot/1.3; +https://openai.com/gptbot)"
216.73.216.99 - - [17/Jan/2026:23:01:31 +0700] "GET /wp-config.php HTTP/2" 403 1543 "-" "Mozilla/5.0 AppleWebKit/537.36 (KHTML, like Gecko; compatible; ClaudeBot/1.0; +claudebot@anthropic.com)"
216.73.216.99 - - [17/Jan/2026:23:01:31 +0700] "GET /wp-cron.php HTTP/2" 200 0 "-" "Mozilla/5.0 AppleWebKit/537.36 (KHTML, like Gecko; compatible; ClaudeBot/1.0; +claudebot@anthropic.com)"
74.7.227.136 - - [17/Jan/2026:23:01:40 +0700] "GET /wp-includes/sodium_compat/lib/php72compat_const.php HTTP/2" 200 0 "https://www.netfinitynetwork.idm01.my.id/wp-includes/sodium_compat/lib/" "Mozilla/5.0 AppleWebKit/537.36 (KHTML, like Gecko; compatible; GPTBot/1.3; +https://openai.com/gptbot)"
74.7.241.60 - - [17/Jan/2026:23:01:45 +0700] "GET /wp-includes/sodium_compat/lib/error_log HTTP/2" 403 1242 "https://mail.netfinitynetwork.com/wp-includes/sodium_compat/lib/" "Mozilla/5.0 AppleWebKit/537.36 (KHTML, like Gecko; compatible; GPTBot/1.3; +https://openai.com/gptbot)"
74.7.241.60 - - [17/Jan/2026:23:02:02 +0700] "GET /wp-includes/sodium_compat/lib/ristretto255.php HTTP/2" 500 0 "https://mail.netfinitynetwork.com/wp-includes/sodium_compat/lib/" "Mozilla/5.0 AppleWebKit/537.36 (KHTML, like Gecko; compatible; GPTBot/1.3; +https://openai.com/gptbot)"
74.7.227.136 - - [17/Jan/2026:23:02:09 +0700] "GET /wp-includes/sodium_compat/lib/php84compat_const.php HTTP/2" 200 0 "https://www.netfinitynetwork.idm01.my.id/wp-includes/sodium_compat/lib/" "Mozilla/5.0 AppleWebKit/537.36 (KHTML, like Gecko; compatible; GPTBot/1.3; +https://openai.com/gptbot)"
74.7.241.60 - - [17/Jan/2026:23:02:18 +0700] "GET /wp-includes/sodium_compat/namespaced/File.php HTTP/2" 500 0 "https://mail.netfinitynetwork.com/wp-includes/sodium_compat/namespaced/" "Mozilla/5.0 AppleWebKit/537.36 (KHTML, like Gecko; compatible; GPTBot/1.3; +https://openai.com/gptbot)"
74.7.243.196 - - [17/Jan/2026:23:02:18 +0700] "GET /wp-includes/class-smtp.php HTTP/2" 500 0 "https://www.netfinitynetwork.com/wp-includes/" "Mozilla/5.0 AppleWebKit/537.36 (KHTML, like Gecko; compatible; GPTBot/1.3; +https://openai.com/gptbot)"
216.73.216.99 - - [17/Jan/2026:23:02:23 +0700] "GET /readme.html HTTP/2" 200 2667 "-" "Mozilla/5.0 AppleWebKit/537.36 (KHTML, like Gecko; compatible; ClaudeBot/1.0; +claudebot@anthropic.com)"
74.7.243.232 - - [17/Jan/2026:23:02:23 +0700] "GET /wp-includes/ms-settings.php HTTP/2" 200 6 "https://netfinitynetwork.com/wp-includes/" "Mozilla/5.0 AppleWebKit/537.36 (KHTML, like Gecko; compatible; GPTBot/1.3; +https://openai.com/gptbot)"
216.73.216.99 - - [17/Jan/2026:23:02:23 +0700] "GET /wp-login.php HTTP/2" 200 1722 "-" "Mozilla/5.0 AppleWebKit/537.36 (KHTML, like Gecko; compatible; ClaudeBot/1.0; +claudebot@anthropic.com)"
74.7.243.201 - - [17/Jan/2026:23:02:30 +0700] "GET /wp-includes/widgets/class-wp-widget-search.php HTTP/2" 500 0 "https://netfinitynetwork.idm01.my.id/wp-includes/widgets/" "Mozilla/5.0 AppleWebKit/537.36 (KHTML, like Gecko; compatible; GPTBot/1.3; +https://openai.com/gptbot)"
74.7.227.136 - - [17/Jan/2026:23:02:38 +0700] "GET /wp-includes/sodium_compat/lib/constants.php HTTP/2" 200 0 "https://www.netfinitynetwork.idm01.my.id/wp-includes/sodium_compat/lib/" "Mozilla/5.0 AppleWebKit/537.36 (KHTML, like Gecko; compatible; GPTBot/1.3; +https://openai.com/gptbot)"
216.73.216.99 - - [17/Jan/2026:23:02:44 +0700] "GET /wp-content HTTP/2" 301 795 "-" "Mozilla/5.0 AppleWebKit/537.36 (KHTML, like Gecko; compatible; ClaudeBot/1.0; +claudebot@anthropic.com)"
216.73.216.99 - - [17/Jan/2026:23:02:44 +0700] "GET /wp-content/ HTTP/2" 200 0 "https://www.netfinitynetwork.idm01.my.id/wp-content" "Mozilla/5.0 AppleWebKit/537.36 (KHTML, like Gecko; compatible; ClaudeBot/1.0; +claudebot@anthropic.com)"
216.73.216.99 - - [17/Jan/2026:23:02:44 +0700] "GET /wp-blog-header.php HTTP/2" 404 0 "-" "Mozilla/5.0 AppleWebKit/537.36 (KHTML, like Gecko; compatible; ClaudeBot/1.0; +claudebot@anthropic.com)"
216.73.216.99 - - [17/Jan/2026:23:02:49 +0700] "GET /wp-links-opml.php HTTP/2" 200 151 "-" "Mozilla/5.0 AppleWebKit/537.36 (KHTML, like Gecko; compatible; ClaudeBot/1.0; +claudebot@anthropic.com)"
216.73.216.99 - - [17/Jan/2026:23:02:49 +0700] "GET /wp-signup.php HTTP/2" 302 0 "-" "Mozilla/5.0 AppleWebKit/537.36 (KHTML, like Gecko; compatible; ClaudeBot/1.0; +claudebot@anthropic.com)"
74.7.227.136 - - [17/Jan/2026:23:03:01 +0700] "GET /wp-includes/sodium_compat/lib/namespaced.php HTTP/2" 200 0 "https://www.netfinitynetwork.idm01.my.id/wp-includes/sodium_compat/lib/" "Mozilla/5.0 AppleWebKit/537.36 (KHTML, like Gecko; compatible; GPTBot/1.3; +https://openai.com/gptbot)"
74.7.241.60 - - [17/Jan/2026:23:03:05 +0700] "GET /wp-includes/block-patterns/error_log HTTP/2" 403 1242 "https://mail.netfinitynetwork.com/wp-includes/block-patterns/" "Mozilla/5.0 AppleWebKit/537.36 (KHTML, like Gecko; compatible; GPTBot/1.3; +https://openai.com/gptbot)"
74.7.243.196 - - [17/Jan/2026:23:03:15 +0700] "GET /wp-includes/widgets/ HTTP/2" 200 1566 "https://www.netfinitynetwork.com/wp-includes/" "Mozilla/5.0 AppleWebKit/537.36 (KHTML, like Gecko; compatible; GPTBot/1.3; +https://openai.com/gptbot)"
74.7.227.136 - - [17/Jan/2026:23:03:23 +0700] "GET /wp-includes/sodium_compat/lib/sodium_compat.php HTTP/2" 200 0 "https://www.netfinitynetwork.idm01.my.id/wp-includes/sodium_compat/lib/" "Mozilla/5.0 AppleWebKit/537.36 (KHTML, like Gecko; compatible; GPTBot/1.3; +https://openai.com/gptbot)"
74.7.243.232 - - [17/Jan/2026:23:03:26 +0700] "GET /wp-includes/widgets/ HTTP/2" 200 1562 "https://netfinitynetwork.com/wp-includes/" "Mozilla/5.0 AppleWebKit/537.36 (KHTML, like Gecko; compatible; GPTBot/1.3; +https://openai.com/gptbot)"
74.7.243.201 - - [17/Jan/2026:23:03:27 +0700] "GET /wp-includes/widgets/class-wp-widget-links.php HTTP/2" 500 0 "https://netfinitynetwork.idm01.my.id/wp-includes/widgets/" "Mozilla/5.0 AppleWebKit/537.36 (KHTML, like Gecko; compatible; GPTBot/1.3; +https://openai.com/gptbot)"
74.7.227.136 - - [17/Jan/2026:23:03:43 +0700] "GET /wp-includes/sodium_compat/lib/stream-xchacha20.php HTTP/2" 200 0 "https://www.netfinitynetwork.idm01.my.id/wp-includes/sodium_compat/lib/" "Mozilla/5.0 AppleWebKit/537.36 (KHTML, like Gecko; compatible; GPTBot/1.3; +https://openai.com/gptbot)"
216.73.216.99 - - [17/Jan/2026:23:03:55 +0700] "GET /_autoindex/assets/css/autoindex.css HTTP/2" 200 1170 "-" "Mozilla/5.0 AppleWebKit/537.36 (KHTML, like Gecko; compatible; ClaudeBot/1.0; +claudebot@anthropic.com)"
216.73.216.99 - - [17/Jan/2026:23:03:55 +0700] "GET /robots.txt HTTP/2" 200 108 "-" "Mozilla/5.0 AppleWebKit/537.36 (KHTML, like Gecko; compatible; ClaudeBot/1.0; +claudebot@anthropic.com)"
216.73.216.99 - - [17/Jan/2026:23:04:00 +0700] "GET /gfherhfghre HTTP/2" 301 795 "-" "Mozilla/5.0 AppleWebKit/537.36 (KHTML, like Gecko; compatible; ClaudeBot/1.0; +claudebot@anthropic.com)"
216.73.216.99 - - [17/Jan/2026:23:04:00 +0700] "GET /license.txt HTTP/2" 200 6865 "-" "Mozilla/5.0 AppleWebKit/537.36 (KHTML, like Gecko; compatible; ClaudeBot/1.0; +claudebot@anthropic.com)"
216.73.216.99 - - [17/Jan/2026:23:04:00 +0700] "GET /gfherhfghre/ HTTP/2" 200 627 "https://www.netfinitynetwork.idm01.my.id/gfherhfghre" "Mozilla/5.0 AppleWebKit/537.36 (KHTML, like Gecko; compatible; ClaudeBot/1.0; +claudebot@anthropic.com)"
74.7.227.136 - - [17/Jan/2026:23:04:00 +0700] "GET /wp-includes/sodium_compat/lib/error_log HTTP/2" 403 1242 "https://www.netfinitynetwork.idm01.my.id/wp-includes/sodium_compat/lib/" "Mozilla/5.0 AppleWebKit/537.36 (KHTML, like Gecko; compatible; GPTBot/1.3; +https://openai.com/gptbot)"
74.7.241.60 - - [17/Jan/2026:23:04:06 +0700] "GET /wp-includes/nav-menu.php HTTP/2" 200 0 "https://mail.netfinitynetwork.com/wp-includes/" "Mozilla/5.0 AppleWebKit/537.36 (KHTML, like Gecko; compatible; GPTBot/1.3; +https://openai.com/gptbot)"
74.7.243.196 - - [17/Jan/2026:23:04:15 +0700] "GET /wp-includes/php-compat/readonly.php HTTP/2" 200 0 "https://www.netfinitynetwork.com/wp-includes/php-compat/" "Mozilla/5.0 AppleWebKit/537.36 (KHTML, like Gecko; compatible; GPTBot/1.3; +https://openai.com/gptbot)"
216.73.216.99 - - [17/Jan/2026:23:04:16 +0700] "GET /_autoindex/assets/js/tablesort.number.js HTTP/2" 200 322 "-" "Mozilla/5.0 AppleWebKit/537.36 (KHTML, like Gecko; compatible; ClaudeBot/1.0; +claudebot@anthropic.com)"
216.73.216.99 - - [17/Jan/2026:23:04:16 +0700] "GET /_autoindex/assets/js/tablesort.js HTTP/2" 200 2137 "-" "Mozilla/5.0 AppleWebKit/537.36 (KHTML, like Gecko; compatible; ClaudeBot/1.0; +claudebot@anthropic.com)"
74.7.227.136 - - [17/Jan/2026:23:04:16 +0700] "GET /wp-includes/sodium_compat/lib/ristretto255.php HTTP/2" 500 0 "https://www.netfinitynetwork.idm01.my.id/wp-includes/sodium_compat/lib/" "Mozilla/5.0 AppleWebKit/537.36 (KHTML, like Gecko; compatible; GPTBot/1.3; +https://openai.com/gptbot)"
74.7.243.232 - - [17/Jan/2026:23:04:23 +0700] "GET /wp-includes/rest-api/class-wp-rest-response.php HTTP/2" 500 0 "https://netfinitynetwork.com/wp-includes/rest-api/" "Mozilla/5.0 AppleWebKit/537.36 (KHTML, like Gecko; compatible; GPTBot/1.3; +https://openai.com/gptbot)"
216.73.216.99 - - [17/Jan/2026:23:04:28 +0700] "GET /_autoindex/assets/icons/folder-fill.svg HTTP/2" 200 333 "-" "Mozilla/5.0 AppleWebKit/537.36 (KHTML, like Gecko; compatible; ClaudeBot/1.0; +claudebot@anthropic.com)"
74.7.243.201 - - [17/Jan/2026:23:04:31 +0700] "GET /wp-includes/widgets/class-wp-widget-pages.php HTTP/2" 500 0 "https://netfinitynetwork.idm01.my.id/wp-includes/widgets/" "Mozilla/5.0 AppleWebKit/537.36 (KHTML, like Gecko; compatible; GPTBot/1.3; +https://openai.com/gptbot)"
74.7.227.136 - - [17/Jan/2026:23:04:31 +0700] "GET /wp-includes/sodium_compat/namespaced/File.php HTTP/2" 500 0 "https://www.netfinitynetwork.idm01.my.id/wp-includes/sodium_compat/namespaced/" "Mozilla/5.0 AppleWebKit/537.36 (KHTML, like Gecko; compatible; GPTBot/1.3; +https://openai.com/gptbot)"
74.7.241.60 - - [17/Jan/2026:23:05:09 +0700] "GET /wp-includes/ms-files.php HTTP/2" 200 32 "https://mail.netfinitynetwork.com/wp-includes/" "Mozilla/5.0 AppleWebKit/537.36 (KHTML, like Gecko; compatible; GPTBot/1.3; +https://openai.com/gptbot)"
74.7.243.196 - - [17/Jan/2026:23:05:13 +0700] "GET /wp-includes/rest-api/class-wp-rest-response.php HTTP/2" 500 0 "https://www.netfinitynetwork.com/wp-includes/rest-api/" "Mozilla/5.0 AppleWebKit/537.36 (KHTML, like Gecko; compatible; GPTBot/1.3; +https://openai.com/gptbot)"
74.7.243.232 - - [17/Jan/2026:23:05:13 +0700] "GET /wp-includes/php-compat/readonly.php HTTP/2" 200 0 "https://netfinitynetwork.com/wp-includes/php-compat/" "Mozilla/5.0 AppleWebKit/537.36 (KHTML, like Gecko; compatible; GPTBot/1.3; +https://openai.com/gptbot)"
216.73.216.99 - - [17/Jan/2026:23:05:18 +0700] "GET /_autoindex/assets/icons/file-text.svg HTTP/2" 200 394 "-" "Mozilla/5.0 AppleWebKit/537.36 (KHTML, like Gecko; compatible; ClaudeBot/1.0; +claudebot@anthropic.com)"
