74.7.227.136 - - [17/Jan/2026:20:14:35 +0700] "GET /wp-includes/class-wp-script-modules.php HTTP/2" 200 0 "https://www.netfinitynetwork.idm01.my.id/wp-includes/" "Mozilla/5.0 AppleWebKit/537.36 (KHTML, like Gecko; compatible; GPTBot/1.3; +https://openai.com/gptbot)"
74.7.243.232 - - [17/Jan/2026:20:14:54 +0700] "GET /wp-includes/class-wp-application-passwords.php HTTP/2" 200 0 "https://netfinitynetwork.com/wp-includes/" "Mozilla/5.0 AppleWebKit/537.36 (KHTML, like Gecko; compatible; GPTBot/1.3; +https://openai.com/gptbot)"
74.7.243.196 - - [17/Jan/2026:20:15:06 +0700] "GET /wp-includes/class-wp-session-tokens.php HTTP/2" 200 0 "https://www.netfinitynetwork.com/wp-includes/" "Mozilla/5.0 AppleWebKit/537.36 (KHTML, like Gecko; compatible; GPTBot/1.3; +https://openai.com/gptbot)"
74.7.241.60 - - [17/Jan/2026:20:15:06 +0700] "GET /wp-includes/class-wp-paused-extensions-storage.php HTTP/2" 200 0 "https://mail.netfinitynetwork.com/wp-includes/" "Mozilla/5.0 AppleWebKit/537.36 (KHTML, like Gecko; compatible; GPTBot/1.3; +https://openai.com/gptbot)"
74.7.227.136 - - [17/Jan/2026:20:15:15 +0700] "GET /wp-includes/class-wp-simplepie-file.php HTTP/2" 500 0 "https://www.netfinitynetwork.idm01.my.id/wp-includes/" "Mozilla/5.0 AppleWebKit/537.36 (KHTML, like Gecko; compatible; GPTBot/1.3; +https://openai.com/gptbot)"
74.7.243.201 - - [17/Jan/2026:20:15:18 +0700] "GET /wp-includes/class-wp-application-passwords.php HTTP/2" 200 0 "https://netfinitynetwork.idm01.my.id/wp-includes/" "Mozilla/5.0 AppleWebKit/537.36 (KHTML, like Gecko; compatible; GPTBot/1.3; +https://openai.com/gptbot)"
154.28.229.242 - - [17/Jan/2026:20:15:34 +0700] "GET / HTTP/1.1" 200 1616 "-" "Mozilla/5.0 (Macintosh; Intel Mac OS X 10_15_7) AppleWebKit/537.36 (KHTML, like Gecko) Chrome/117.0.0.0 Safari/537.36"
103.4.250.187 - - [17/Jan/2026:20:15:37 +0700] "GET / HTTP/1.1" 200 12457 "-" "Mozilla/5.0 (X11; Linux x86_64) AppleWebKit/537.36 (KHTML, like Gecko) Chrome/117.0.0.0 Safari/537.36"
104.252.191.86 - - [17/Jan/2026:20:15:37 +0700] "GET / HTTP/1.1" 200 1616 "-" "Mozilla/5.0 (Windows NT 10.0; Win64; x64) AppleWebKit/537.36 (KHTML, like Gecko) Chrome/116.0.0.0 Safari/537.36"
104.252.191.153 - - [17/Jan/2026:20:15:37 +0700] "GET / HTTP/1.1" 200 12456 "-" "Mozilla/5.0 (Windows NT 10.0; Win64; x64) AppleWebKit/537.36 (KHTML, like Gecko) Chrome/117.0.0.0 Safari/537.36"
74.7.243.232 - - [17/Jan/2026:20:15:39 +0700] "GET /wp-includes/class-wp-block-pattern-categories-registry.php HTTP/2" 200 0 "https://netfinitynetwork.com/wp-includes/" "Mozilla/5.0 AppleWebKit/537.36 (KHTML, like Gecko; compatible; GPTBot/1.3; +https://openai.com/gptbot)"
104.252.191.86 - - [17/Jan/2026:20:15:45 +0700] "GET / HTTP/1.1" 200 1616 "-" "Mozilla/5.0 (Windows NT 10.0; Win64; x64) AppleWebKit/537.36 (KHTML, like Gecko) Chrome/116.0.0.0 Safari/537.36"
103.4.250.187 - - [17/Jan/2026:20:15:45 +0700] "GET / HTTP/1.1" 200 12453 "-" "Mozilla/5.0 (Macintosh; Intel Mac OS X 10_15_7) AppleWebKit/537.36 (KHTML, like Gecko) Chrome/117.0.0.0 Safari/537.36"
91.196.152.70 - - [17/Jan/2026:20:15:47 +0700] "GET /favicon.ico HTTP/1.1" 200 37661 "-" "Mozilla/5.0 (X11; Ubuntu; Linux x86_64; rv:134.0) Gecko/20100101 Firefox/134.0"
74.7.241.60 - - [17/Jan/2026:20:15:52 +0700] "GET /wp-includes/class-wp-plugin-dependencies.php HTTP/2" 200 0 "https://mail.netfinitynetwork.com/wp-includes/" "Mozilla/5.0 AppleWebKit/537.36 (KHTML, like Gecko; compatible; GPTBot/1.3; +https://openai.com/gptbot)"
74.7.227.136 - - [17/Jan/2026:20:15:53 +0700] "GET /wp-includes/class-wp-classic-to-block-menu-converter.php HTTP/2" 200 0 "https://www.netfinitynetwork.idm01.my.id/wp-includes/" "Mozilla/5.0 AppleWebKit/537.36 (KHTML, like Gecko; compatible; GPTBot/1.3; +https://openai.com/gptbot)"
74.7.243.196 - - [17/Jan/2026:20:16:04 +0700] "GET /wp-includes/class-wp-classic-to-block-menu-converter.php HTTP/2" 200 0 "https://www.netfinitynetwork.com/wp-includes/" "Mozilla/5.0 AppleWebKit/537.36 (KHTML, like Gecko; compatible; GPTBot/1.3; +https://openai.com/gptbot)"
74.7.243.201 - - [17/Jan/2026:20:16:11 +0700] "GET /wp-includes/class-wp-paused-extensions-storage.php HTTP/2" 200 0 "https://netfinitynetwork.idm01.my.id/wp-includes/" "Mozilla/5.0 AppleWebKit/537.36 (KHTML, like Gecko; compatible; GPTBot/1.3; +https://openai.com/gptbot)"
74.7.243.232 - - [17/Jan/2026:20:16:21 +0700] "GET /wp-includes/class-wp-paused-extensions-storage.php HTTP/2" 200 0 "https://netfinitynetwork.com/wp-includes/" "Mozilla/5.0 AppleWebKit/537.36 (KHTML, like Gecko; compatible; GPTBot/1.3; +https://openai.com/gptbot)"
103.4.250.165 - - [17/Jan/2026:20:16:23 +0700] "GET / HTTP/1.1" 401 53 "-" "Mozilla/5.0 (Windows NT 10.0; Win64; x64) AppleWebKit/537.36 (KHTML, like Gecko) Chrome/117.0.0.0 Safari/537.36"
103.196.9.113 - - [17/Jan/2026:20:16:26 +0700] "GET / HTTP/1.1" 401 53 "-" "Mozilla/5.0 (X11; Linux x86_64) AppleWebKit/537.36 (KHTML, like Gecko) Chrome/117.0.0.0 Safari/537.36"
154.28.229.23 - - [17/Jan/2026:20:16:32 +0700] "GET / HTTP/1.1" 200 1619 "-" "Mozilla/5.0 (Windows NT 10.0; Win64; x64) AppleWebKit/537.36 (KHTML, like Gecko) Chrome/117.0.0.0 Safari/537.36"
103.4.251.57 - - [17/Jan/2026:20:16:32 +0700] "GET / HTTP/1.1" 200 1619 "-" "Mozilla/5.0 (X11; Linux x86_64) AppleWebKit/537.36 (KHTML, like Gecko) Chrome/116.0.0.0 Safari/537.36"
74.7.241.60 - - [17/Jan/2026:20:16:36 +0700] "GET /wp-includes/class-wp-block-styles-registry.php HTTP/2" 200 0 "https://mail.netfinitynetwork.com/wp-includes/" "Mozilla/5.0 AppleWebKit/537.36 (KHTML, like Gecko; compatible; GPTBot/1.3; +https://openai.com/gptbot)"
107.172.195.1 - - [17/Jan/2026:20:16:36 +0700] "GET / HTTP/1.1" 401 53 "-" "Mozilla/5.0 (Macintosh; Intel Mac OS X 10_15_7) AppleWebKit/537.36 (KHTML, like Gecko) Chrome/117.0.0.0 Safari/537.36"
154.28.229.23 - - [17/Jan/2026:20:16:37 +0700] "GET / HTTP/1.1" 200 1619 "-" "Mozilla/5.0 (Windows NT 10.0; Win64; x64) AppleWebKit/537.36 (KHTML, like Gecko) Chrome/116.0.0.0 Safari/537.36"
74.7.227.136 - - [17/Jan/2026:20:16:54 +0700] "GET /wp-includes/class-wp-application-passwords.php HTTP/2" 200 0 "https://www.netfinitynetwork.idm01.my.id/wp-includes/" "Mozilla/5.0 AppleWebKit/537.36 (KHTML, like Gecko; compatible; GPTBot/1.3; +https://openai.com/gptbot)"
74.7.243.196 - - [17/Jan/2026:20:16:58 +0700] "GET /wp-includes/class-wp-application-passwords.php HTTP/2" 200 0 "https://www.netfinitynetwork.com/wp-includes/" "Mozilla/5.0 AppleWebKit/537.36 (KHTML, like Gecko; compatible; GPTBot/1.3; +https://openai.com/gptbot)"
154.28.229.23 - - [17/Jan/2026:20:16:59 +0700] "GET /%3FSA HTTP/1.1" 404 1251 "-" "Mozilla/5.0 (Windows NT 10.0; Win64; x64) AppleWebKit/537.36 (KHTML, like Gecko) Chrome/116.0.0.0 Safari/537.36"
154.28.229.23 - - [17/Jan/2026:20:16:59 +0700] "GET /%3FND HTTP/1.1" 404 1251 "-" "Mozilla/5.0 (Windows NT 10.0; Win64; x64) AppleWebKit/537.36 (KHTML, like Gecko) Chrome/116.0.0.0 Safari/537.36"
154.28.229.23 - - [17/Jan/2026:20:16:59 +0700] "GET /%3FMA HTTP/1.1" 404 1251 "-" "Mozilla/5.0 (Windows NT 10.0; Win64; x64) AppleWebKit/537.36 (KHTML, like Gecko) Chrome/116.0.0.0 Safari/537.36"
74.7.243.232 - - [17/Jan/2026:20:16:59 +0700] "GET /wp-includes/class-wp-plugin-dependencies.php HTTP/2" 200 0 "https://netfinitynetwork.com/wp-includes/" "Mozilla/5.0 AppleWebKit/537.36 (KHTML, like Gecko; compatible; GPTBot/1.3; +https://openai.com/gptbot)"
74.7.243.201 - - [17/Jan/2026:20:16:59 +0700] "GET /wp-includes/class-wp-plugin-dependencies.php HTTP/2" 200 0 "https://netfinitynetwork.idm01.my.id/wp-includes/" "Mozilla/5.0 AppleWebKit/537.36 (KHTML, like Gecko; compatible; GPTBot/1.3; +https://openai.com/gptbot)"
154.28.229.23 - - [17/Jan/2026:20:17:01 +0700] "GET /gfherhfghre/ HTTP/1.1" 200 622 "-" "Mozilla/5.0 (Windows NT 10.0; Win64; x64) AppleWebKit/537.36 (KHTML, like Gecko) Chrome/116.0.0.0 Safari/537.36"
154.28.229.23 - - [17/Jan/2026:20:17:01 +0700] "GET /commentsos/ HTTP/1.1" 200 621 "-" "Mozilla/5.0 (Windows NT 10.0; Win64; x64) AppleWebKit/537.36 (KHTML, like Gecko) Chrome/116.0.0.0 Safari/537.36"
154.28.229.23 - - [17/Jan/2026:20:17:01 +0700] "GET /wp-config.php HTTP/1.1" 403 1543 "-" "Mozilla/5.0 (Windows NT 10.0; Win64; x64) AppleWebKit/537.36 (KHTML, like Gecko) Chrome/116.0.0.0 Safari/537.36"
154.28.229.23 - - [17/Jan/2026:20:17:01 +0700] "GET /cgi-bin/ HTTP/1.1" 403 1242 "-" "Mozilla/5.0 (Windows NT 10.0; Win64; x64) AppleWebKit/537.36 (KHTML, like Gecko) Chrome/116.0.0.0 Safari/537.36"
154.28.229.23 - - [17/Jan/2026:20:17:01 +0700] "GET /wp-content/ HTTP/1.1" 200 0 "-" "Mozilla/5.0 (Windows NT 10.0; Win64; x64) AppleWebKit/537.36 (KHTML, like Gecko) Chrome/116.0.0.0 Safari/537.36"
154.28.229.23 - - [17/Jan/2026:20:17:01 +0700] "GET /error_log HTTP/1.1" 403 1242 "-" "Mozilla/5.0 (Windows NT 10.0; Win64; x64) AppleWebKit/537.36 (KHTML, like Gecko) Chrome/116.0.0.0 Safari/537.36"
103.247.11.196 - - [17/Jan/2026:20:17:02 +0700] "POST /wp-cron.php?doing_wp_cron=1768655822.2415111064910888671875 HTTP/1.1" 200 0 "-" "WordPress/6.9; https://netfinitynetwork.com"
154.28.229.23 - - [17/Jan/2026:20:17:01 +0700] "GET /wp-admin/ HTTP/1.1" 302 0 "-" "Mozilla/5.0 (Windows NT 10.0; Win64; x64) AppleWebKit/537.36 (KHTML, like Gecko) Chrome/116.0.0.0 Safari/537.36"
103.247.11.196 - - [17/Jan/2026:20:17:02 +0700] "POST /wp-cron.php?doing_wp_cron=1768655822.8298571109771728515625 HTTP/1.1" 200 0 "-" "WordPress/6.9; https://netfinitynetwork.com"
154.28.229.23 - - [17/Jan/2026:20:17:02 +0700] "GET /wp-activate.php HTTP/1.1" 302 0 "-" "Mozilla/5.0 (Windows NT 10.0; Win64; x64) AppleWebKit/537.36 (KHTML, like Gecko) Chrome/116.0.0.0 Safari/537.36"
154.28.229.23 - - [17/Jan/2026:20:17:02 +0700] "GET /wp-comments-post.php HTTP/1.1" 405 0 "-" "Mozilla/5.0 (Windows NT 10.0; Win64; x64) AppleWebKit/537.36 (KHTML, like Gecko) Chrome/116.0.0.0 Safari/537.36"
154.28.229.23 - - [17/Jan/2026:20:17:02 +0700] "GET /wp-settings.php HTTP/1.1" 500 0 "-" "Mozilla/5.0 (Windows NT 10.0; Win64; x64) AppleWebKit/537.36 (KHTML, like Gecko) Chrome/116.0.0.0 Safari/537.36"
154.28.229.23 - - [17/Jan/2026:20:17:01 +0700] "GET /wp-links-opml.php HTTP/1.1" 200 151 "-" "Mozilla/5.0 (Windows NT 10.0; Win64; x64) AppleWebKit/537.36 (KHTML, like Gecko) Chrome/116.0.0.0 Safari/537.36"
154.28.229.23 - - [17/Jan/2026:20:17:02 +0700] "GET /wp-includes/ HTTP/1.1" 200 8357 "-" "Mozilla/5.0 (Windows NT 10.0; Win64; x64) AppleWebKit/537.36 (KHTML, like Gecko) Chrome/116.0.0.0 Safari/537.36"
154.28.229.23 - - [17/Jan/2026:20:17:01 +0700] "GET /wp-login.php HTTP/1.1" 200 1722 "-" "Mozilla/5.0 (Windows NT 10.0; Win64; x64) AppleWebKit/537.36 (KHTML, like Gecko) Chrome/116.0.0.0 Safari/537.36"
154.28.229.23 - - [17/Jan/2026:20:17:02 +0700] "GET /wp-blog-header.php HTTP/1.1" 404 0 "-" "Mozilla/5.0 (Windows NT 10.0; Win64; x64) AppleWebKit/537.36 (KHTML, like Gecko) Chrome/116.0.0.0 Safari/537.36"
154.28.229.23 - - [17/Jan/2026:20:17:03 +0700] "GET /wp-config-sample.php HTTP/1.1" 500 905 "-" "Mozilla/5.0 (Windows NT 10.0; Win64; x64) AppleWebKit/537.36 (KHTML, like Gecko) Chrome/116.0.0.0 Safari/537.36"
154.28.229.23 - - [17/Jan/2026:20:17:03 +0700] "GET /gg2.php HTTP/1.1" 200 539 "-" "Mozilla/5.0 (Windows NT 10.0; Win64; x64) AppleWebKit/537.36 (KHTML, like Gecko) Chrome/116.0.0.0 Safari/537.36"
154.28.229.23 - - [17/Jan/2026:20:17:03 +0700] "GET /_autoindex/assets/js/tablesort.js HTTP/1.1" 200 2137 "-" "Mozilla/5.0 (Windows NT 10.0; Win64; x64) AppleWebKit/537.36 (KHTML, like Gecko) Chrome/116.0.0.0 Safari/537.36"
154.28.229.23 - - [17/Jan/2026:20:17:02 +0700] "GET /wp-trackback.php HTTP/1.1" 404 91 "-" "Mozilla/5.0 (Windows NT 10.0; Win64; x64) AppleWebKit/537.36 (KHTML, like Gecko) Chrome/116.0.0.0 Safari/537.36"
154.28.229.23 - - [17/Jan/2026:20:17:03 +0700] "GET /readme.html HTTP/1.1" 200 2667 "-" "Mozilla/5.0 (Windows NT 10.0; Win64; x64) AppleWebKit/537.36 (KHTML, like Gecko) Chrome/116.0.0.0 Safari/537.36"
154.28.229.23 - - [17/Jan/2026:20:17:05 +0700] "GET /wp-cron.php HTTP/1.1" 200 0 "-" "Mozilla/5.0 (Windows NT 10.0; Win64; x64) AppleWebKit/537.36 (KHTML, like Gecko) Chrome/116.0.0.0 Safari/537.36"
154.28.229.23 - - [17/Jan/2026:20:17:06 +0700] "GET /wp-mail.php HTTP/1.1" 403 912 "-" "Mozilla/5.0 (Windows NT 10.0; Win64; x64) AppleWebKit/537.36 (KHTML, like Gecko) Chrome/116.0.0.0 Safari/537.36"
74.7.241.60 - - [17/Jan/2026:20:17:14 +0700] "GET /wp-includes/class-wp-block-bindings-source.php HTTP/2" 200 0 "https://mail.netfinitynetwork.com/wp-includes/" "Mozilla/5.0 AppleWebKit/537.36 (KHTML, like Gecko; compatible; GPTBot/1.3; +https://openai.com/gptbot)"
74.7.243.232 - - [17/Jan/2026:20:17:33 +0700] "GET /wp-includes/class-wp-block-bindings-source.php HTTP/2" 200 0 "https://netfinitynetwork.com/wp-includes/" "Mozilla/5.0 AppleWebKit/537.36 (KHTML, like Gecko; compatible; GPTBot/1.3; +https://openai.com/gptbot)"
74.7.243.201 - - [17/Jan/2026:20:17:39 +0700] "GET /wp-includes/class-wp-block-styles-registry.php HTTP/2" 200 0 "https://netfinitynetwork.idm01.my.id/wp-includes/" "Mozilla/5.0 AppleWebKit/537.36 (KHTML, like Gecko; compatible; GPTBot/1.3; +https://openai.com/gptbot)"
74.7.243.196 - - [17/Jan/2026:20:17:44 +0700] "GET /wp-includes/class-wp-block-pattern-categories-registry.php HTTP/2" 200 0 "https://www.netfinitynetwork.com/wp-includes/" "Mozilla/5.0 AppleWebKit/537.36 (KHTML, like Gecko; compatible; GPTBot/1.3; +https://openai.com/gptbot)"
74.7.241.60 - - [17/Jan/2026:20:17:49 +0700] "GET /wp-includes/class-wp-block-editor-context.php HTTP/2" 200 0 "https://mail.netfinitynetwork.com/wp-includes/" "Mozilla/5.0 AppleWebKit/537.36 (KHTML, like Gecko; compatible; GPTBot/1.3; +https://openai.com/gptbot)"
74.7.227.136 - - [17/Jan/2026:20:17:51 +0700] "GET /wp-includes/class-wp-block-pattern-categories-registry.php HTTP/2" 200 0 "https://www.netfinitynetwork.idm01.my.id/wp-includes/" "Mozilla/5.0 AppleWebKit/537.36 (KHTML, like Gecko; compatible; GPTBot/1.3; +https://openai.com/gptbot)"
74.7.243.232 - - [17/Jan/2026:20:18:03 +0700] "GET /wp-includes/class-wp-block-editor-context.php HTTP/2" 200 0 "https://netfinitynetwork.com/wp-includes/" "Mozilla/5.0 AppleWebKit/537.36 (KHTML, like Gecko; compatible; GPTBot/1.3; +https://openai.com/gptbot)"
193.19.82.13 - - [17/Jan/2026:20:18:04 +0700] "HEAD / HTTP/1.1" 401 0 "-" "Mozilla/5.0 (Windows NT 10.0; Win64; x64) AppleWebKit/537.36 (KHTML, like Gecko) Chrome/108.0.0.0 Safari/537.36"
193.19.82.13 - - [17/Jan/2026:20:18:04 +0700] "HEAD / HTTP/1.1" 401 0 "-" "Mozilla/5.0 (Windows NT 10.0; Win64; x64) AppleWebKit/537.36 (KHTML, like Gecko) Chrome/108.0.0.0 Safari/537.36"
193.19.82.13 - - [17/Jan/2026:20:18:12 +0700] "HEAD / HTTP/1.1" 200 0 "-" "Mozilla/5.0 (Windows NT 10.0; Win64; x64) AppleWebKit/537.36 (KHTML, like Gecko) Chrome/108.0.0.0 Safari/537.36"
193.19.82.13 - - [17/Jan/2026:20:18:12 +0700] "HEAD / HTTP/1.1" 400 0 "-" "Mozilla/5.0 (Windows NT 10.0; Win64; x64) AppleWebKit/537.36 (KHTML, like Gecko) Chrome/108.0.0.0 Safari/537.36"
74.7.243.201 - - [17/Jan/2026:20:18:15 +0700] "GET /wp-includes/class-wp-block-editor-context.php HTTP/2" 200 0 "https://netfinitynetwork.idm01.my.id/wp-includes/" "Mozilla/5.0 AppleWebKit/537.36 (KHTML, like Gecko; compatible; GPTBot/1.3; +https://openai.com/gptbot)"
74.7.241.60 - - [17/Jan/2026:20:18:20 +0700] "GET /wp-includes/class-wp-admin-bar.php HTTP/2" 200 0 "https://mail.netfinitynetwork.com/wp-includes/" "Mozilla/5.0 AppleWebKit/537.36 (KHTML, like Gecko; compatible; GPTBot/1.3; +https://openai.com/gptbot)"
74.7.243.196 - - [17/Jan/2026:20:18:25 +0700] "GET /wp-includes/class-wp-paused-extensions-storage.php HTTP/2" 200 0 "https://www.netfinitynetwork.com/wp-includes/" "Mozilla/5.0 AppleWebKit/537.36 (KHTML, like Gecko; compatible; GPTBot/1.3; +https://openai.com/gptbot)"
74.7.243.232 - - [17/Jan/2026:20:18:30 +0700] "GET /wp-includes/class-wp-block-styles-registry.php HTTP/2" 200 0 "https://netfinitynetwork.com/wp-includes/" "Mozilla/5.0 AppleWebKit/537.36 (KHTML, like Gecko; compatible; GPTBot/1.3; +https://openai.com/gptbot)"
193.19.82.13 - - [17/Jan/2026:20:18:30 +0700] "GET / HTTP/1.1" 200 1903 "-" "Mozilla/5.0 (Windows NT 10.0; Win64; x64) AppleWebKit/537.36 (KHTML, like Gecko) Chrome/108.0.0.0 Safari/537.36"
74.7.227.136 - - [17/Jan/2026:20:18:42 +0700] "GET /wp-includes/class-wp-paused-extensions-storage.php HTTP/2" 200 0 "https://www.netfinitynetwork.idm01.my.id/wp-includes/" "Mozilla/5.0 AppleWebKit/537.36 (KHTML, like Gecko; compatible; GPTBot/1.3; +https://openai.com/gptbot)"
74.7.241.60 - - [17/Jan/2026:20:18:47 +0700] "GET /wp-includes/class-wp-image-editor-gd.php HTTP/2" 500 0 "https://mail.netfinitynetwork.com/wp-includes/" "Mozilla/5.0 AppleWebKit/537.36 (KHTML, like Gecko; compatible; GPTBot/1.3; +https://openai.com/gptbot)"
74.7.243.201 - - [17/Jan/2026:20:18:48 +0700] "GET /wp-includes/class-wp-block-bindings-source.php HTTP/2" 200 0 "https://netfinitynetwork.idm01.my.id/wp-includes/" "Mozilla/5.0 AppleWebKit/537.36 (KHTML, like Gecko; compatible; GPTBot/1.3; +https://openai.com/gptbot)"
74.7.243.232 - - [17/Jan/2026:20:18:54 +0700] "GET /wp-includes/class-wp-admin-bar.php HTTP/2" 200 0 "https://netfinitynetwork.com/wp-includes/" "Mozilla/5.0 AppleWebKit/537.36 (KHTML, like Gecko; compatible; GPTBot/1.3; +https://openai.com/gptbot)"
74.7.243.196 - - [17/Jan/2026:20:19:02 +0700] "GET /wp-includes/class-wp-plugin-dependencies.php HTTP/2" 200 0 "https://www.netfinitynetwork.com/wp-includes/" "Mozilla/5.0 AppleWebKit/537.36 (KHTML, like Gecko; compatible; GPTBot/1.3; +https://openai.com/gptbot)"
74.7.241.60 - - [17/Jan/2026:20:19:12 +0700] "GET /wp-includes/class-avif-info.php HTTP/2" 200 0 "https://mail.netfinitynetwork.com/wp-includes/" "Mozilla/5.0 AppleWebKit/537.36 (KHTML, like Gecko; compatible; GPTBot/1.3; +https://openai.com/gptbot)"
74.7.243.232 - - [17/Jan/2026:20:19:16 +0700] "GET /wp-includes/class-wp-image-editor-gd.php HTTP/2" 500 0 "https://netfinitynetwork.com/wp-includes/" "Mozilla/5.0 AppleWebKit/537.36 (KHTML, like Gecko; compatible; GPTBot/1.3; +https://openai.com/gptbot)"
74.7.243.201 - - [17/Jan/2026:20:19:19 +0700] "GET /wp-includes/class-wp-admin-bar.php HTTP/2" 200 0 "https://netfinitynetwork.idm01.my.id/wp-includes/" "Mozilla/5.0 AppleWebKit/537.36 (KHTML, like Gecko; compatible; GPTBot/1.3; +https://openai.com/gptbot)"
74.7.227.136 - - [17/Jan/2026:20:19:28 +0700] "GET /wp-includes/class-wp-plugin-dependencies.php HTTP/2" 200 0 "https://www.netfinitynetwork.idm01.my.id/wp-includes/" "Mozilla/5.0 AppleWebKit/537.36 (KHTML, like Gecko; compatible; GPTBot/1.3; +https://openai.com/gptbot)"
74.7.243.196 - - [17/Jan/2026:20:19:36 +0700] "GET /wp-includes/class-wp-block-bindings-source.php HTTP/2" 200 0 "https://www.netfinitynetwork.com/wp-includes/" "Mozilla/5.0 AppleWebKit/537.36 (KHTML, like Gecko; compatible; GPTBot/1.3; +https://openai.com/gptbot)"
74.7.243.232 - - [17/Jan/2026:20:19:36 +0700] "GET /wp-includes/class-avif-info.php HTTP/2" 200 0 "https://netfinitynetwork.com/wp-includes/" "Mozilla/5.0 AppleWebKit/537.36 (KHTML, like Gecko; compatible; GPTBot/1.3; +https://openai.com/gptbot)"
74.7.243.201 - - [17/Jan/2026:20:19:46 +0700] "GET /wp-includes/class-wp-image-editor-gd.php HTTP/2" 500 0 "https://netfinitynetwork.idm01.my.id/wp-includes/" "Mozilla/5.0 AppleWebKit/537.36 (KHTML, like Gecko; compatible; GPTBot/1.3; +https://openai.com/gptbot)"
74.7.243.196 - - [17/Jan/2026:20:20:06 +0700] "GET /wp-includes/class-wp-block-styles-registry.php HTTP/2" 200 0 "https://www.netfinitynetwork.com/wp-includes/" "Mozilla/5.0 AppleWebKit/537.36 (KHTML, like Gecko; compatible; GPTBot/1.3; +https://openai.com/gptbot)"
74.7.227.136 - - [17/Jan/2026:20:20:09 +0700] "GET /wp-includes/class-wp-block-styles-registry.php HTTP/2" 200 0 "https://www.netfinitynetwork.idm01.my.id/wp-includes/" "Mozilla/5.0 AppleWebKit/537.36 (KHTML, like Gecko; compatible; GPTBot/1.3; +https://openai.com/gptbot)"
74.7.243.201 - - [17/Jan/2026:20:20:10 +0700] "GET /wp-includes/class-avif-info.php HTTP/2" 200 0 "https://netfinitynetwork.idm01.my.id/wp-includes/" "Mozilla/5.0 AppleWebKit/537.36 (KHTML, like Gecko; compatible; GPTBot/1.3; +https://openai.com/gptbot)"
74.7.241.60 - - [17/Jan/2026:20:20:16 +0700] "GET /wp-includes/class-wp-text-diff-renderer-inline.php HTTP/2" 500 0 "https://mail.netfinitynetwork.com/wp-includes/" "Mozilla/5.0 AppleWebKit/537.36 (KHTML, like Gecko; compatible; GPTBot/1.3; +https://openai.com/gptbot)"
74.7.243.196 - - [17/Jan/2026:20:20:32 +0700] "GET /wp-includes/class-wp-block-editor-context.php HTTP/2" 200 0 "https://www.netfinitynetwork.com/wp-includes/" "Mozilla/5.0 AppleWebKit/537.36 (KHTML, like Gecko; compatible; GPTBot/1.3; +https://openai.com/gptbot)"
74.7.243.232 - - [17/Jan/2026:20:20:34 +0700] "GET /wp-includes/class-wp-text-diff-renderer-inline.php HTTP/2" 500 0 "https://netfinitynetwork.com/wp-includes/" "Mozilla/5.0 AppleWebKit/537.36 (KHTML, like Gecko; compatible; GPTBot/1.3; +https://openai.com/gptbot)"
74.7.227.136 - - [17/Jan/2026:20:20:46 +0700] "GET /wp-includes/class-wp-block-editor-context.php HTTP/2" 200 0 "https://www.netfinitynetwork.idm01.my.id/wp-includes/" "Mozilla/5.0 AppleWebKit/537.36 (KHTML, like Gecko; compatible; GPTBot/1.3; +https://openai.com/gptbot)"
74.7.243.196 - - [17/Jan/2026:20:20:57 +0700] "GET /wp-includes/class-wp-admin-bar.php HTTP/2" 200 0 "https://www.netfinitynetwork.com/wp-includes/" "Mozilla/5.0 AppleWebKit/537.36 (KHTML, like Gecko; compatible; GPTBot/1.3; +https://openai.com/gptbot)"
74.7.243.201 - - [17/Jan/2026:20:21:11 +0700] "GET /wp-includes/class-wp-text-diff-renderer-inline.php HTTP/2" 500 0 "https://netfinitynetwork.idm01.my.id/wp-includes/" "Mozilla/5.0 AppleWebKit/537.36 (KHTML, like Gecko; compatible; GPTBot/1.3; +https://openai.com/gptbot)"
74.7.241.60 - - [17/Jan/2026:20:21:13 +0700] "GET /wp-includes/class-phpass.php HTTP/2" 200 0 "https://mail.netfinitynetwork.com/wp-includes/" "Mozilla/5.0 AppleWebKit/537.36 (KHTML, like Gecko; compatible; GPTBot/1.3; +https://openai.com/gptbot)"
74.7.243.196 - - [17/Jan/2026:20:21:18 +0700] "GET /wp-includes/class-wp-image-editor-gd.php HTTP/2" 500 0 "https://www.netfinitynetwork.com/wp-includes/" "Mozilla/5.0 AppleWebKit/537.36 (KHTML, like Gecko; compatible; GPTBot/1.3; +https://openai.com/gptbot)"
74.7.227.136 - - [17/Jan/2026:20:21:21 +0700] "GET /wp-includes/class-wp-block-bindings-source.php HTTP/2" 200 0 "https://www.netfinitynetwork.idm01.my.id/wp-includes/" "Mozilla/5.0 AppleWebKit/537.36 (KHTML, like Gecko; compatible; GPTBot/1.3; +https://openai.com/gptbot)"
74.7.243.232 - - [17/Jan/2026:20:21:27 +0700] "GET /wp-includes/class-phpass.php HTTP/2" 200 0 "https://netfinitynetwork.com/wp-includes/" "Mozilla/5.0 AppleWebKit/537.36 (KHTML, like Gecko; compatible; GPTBot/1.3; +https://openai.com/gptbot)"
74.7.243.196 - - [17/Jan/2026:20:21:38 +0700] "GET /wp-includes/class-avif-info.php HTTP/2" 200 0 "https://www.netfinitynetwork.com/wp-includes/" "Mozilla/5.0 AppleWebKit/537.36 (KHTML, like Gecko; compatible; GPTBot/1.3; +https://openai.com/gptbot)"
74.7.227.136 - - [17/Jan/2026:20:21:51 +0700] "GET /wp-includes/class-wp-admin-bar.php HTTP/2" 200 0 "https://www.netfinitynetwork.idm01.my.id/wp-includes/" "Mozilla/5.0 AppleWebKit/537.36 (KHTML, like Gecko; compatible; GPTBot/1.3; +https://openai.com/gptbot)"
74.7.243.201 - - [17/Jan/2026:20:22:07 +0700] "GET /wp-includes/class.wp-styles.php HTTP/2" 500 0 "https://netfinitynetwork.idm01.my.id/wp-includes/" "Mozilla/5.0 AppleWebKit/537.36 (KHTML, like Gecko; compatible; GPTBot/1.3; +https://openai.com/gptbot)"
74.7.241.60 - - [17/Jan/2026:20:22:15 +0700] "GET /wp-includes/class-wp-speculation-rules.php HTTP/2" 200 0 "https://mail.netfinitynetwork.com/wp-includes/" "Mozilla/5.0 AppleWebKit/537.36 (KHTML, like Gecko; compatible; GPTBot/1.3; +https://openai.com/gptbot)"
74.7.227.136 - - [17/Jan/2026:20:22:17 +0700] "GET /wp-includes/class-wp-image-editor-gd.php HTTP/2" 500 0 "https://www.netfinitynetwork.idm01.my.id/wp-includes/" "Mozilla/5.0 AppleWebKit/537.36 (KHTML, like Gecko; compatible; GPTBot/1.3; +https://openai.com/gptbot)"
74.7.243.232 - - [17/Jan/2026:20:22:28 +0700] "GET /wp-includes/class-wp-speculation-rules.php HTTP/2" 200 0 "https://netfinitynetwork.com/wp-includes/" "Mozilla/5.0 AppleWebKit/537.36 (KHTML, like Gecko; compatible; GPTBot/1.3; +https://openai.com/gptbot)"
74.7.243.196 - - [17/Jan/2026:20:22:37 +0700] "GET /wp-includes/class-wp-text-diff-renderer-inline.php HTTP/2" 500 0 "https://www.netfinitynetwork.com/wp-includes/" "Mozilla/5.0 AppleWebKit/537.36 (KHTML, like Gecko; compatible; GPTBot/1.3; +https://openai.com/gptbot)"
74.7.227.136 - - [17/Jan/2026:20:22:42 +0700] "GET /wp-includes/class-avif-info.php HTTP/2" 200 0 "https://www.netfinitynetwork.idm01.my.id/wp-includes/" "Mozilla/5.0 AppleWebKit/537.36 (KHTML, like Gecko; compatible; GPTBot/1.3; +https://openai.com/gptbot)"
74.7.243.201 - - [17/Jan/2026:20:23:08 +0700] "GET /wp-includes/class-phpass.php HTTP/2" 200 0 "https://netfinitynetwork.idm01.my.id/wp-includes/" "Mozilla/5.0 AppleWebKit/537.36 (KHTML, like Gecko; compatible; GPTBot/1.3; +https://openai.com/gptbot)"
74.7.241.60 - - [17/Jan/2026:20:23:13 +0700] "GET /wp-includes/class-wp-recovery-mode-email-service.php HTTP/2" 200 0 "https://mail.netfinitynetwork.com/wp-includes/" "Mozilla/5.0 AppleWebKit/537.36 (KHTML, like Gecko; compatible; GPTBot/1.3; +https://openai.com/gptbot)"
74.7.243.232 - - [17/Jan/2026:20:23:22 +0700] "GET /wp-includes/class-wp-recovery-mode-cookie-service.php HTTP/2" 200 0 "https://netfinitynetwork.com/wp-includes/" "Mozilla/5.0 AppleWebKit/537.36 (KHTML, like Gecko; compatible; GPTBot/1.3; +https://openai.com/gptbot)"
74.7.243.196 - - [17/Jan/2026:20:23:32 +0700] "GET /wp-includes/class-phpass.php HTTP/2" 200 0 "https://www.netfinitynetwork.com/wp-includes/" "Mozilla/5.0 AppleWebKit/537.36 (KHTML, like Gecko; compatible; GPTBot/1.3; +https://openai.com/gptbot)"
74.7.227.136 - - [17/Jan/2026:20:23:46 +0700] "GET /wp-includes/class-wp-text-diff-renderer-inline.php HTTP/2" 500 0 "https://www.netfinitynetwork.idm01.my.id/wp-includes/" "Mozilla/5.0 AppleWebKit/537.36 (KHTML, like Gecko; compatible; GPTBot/1.3; +https://openai.com/gptbot)"
74.7.241.60 - - [17/Jan/2026:20:24:06 +0700] "GET /wp-includes/class-wp-recovery-mode-cookie-service.php HTTP/2" 200 0 "https://mail.netfinitynetwork.com/wp-includes/" "Mozilla/5.0 AppleWebKit/537.36 (KHTML, like Gecko; compatible; GPTBot/1.3; +https://openai.com/gptbot)"
74.7.243.201 - - [17/Jan/2026:20:24:12 +0700] "GET /wp-includes/class-wp-speculation-rules.php HTTP/2" 200 0 "https://netfinitynetwork.idm01.my.id/wp-includes/" "Mozilla/5.0 AppleWebKit/537.36 (KHTML, like Gecko; compatible; GPTBot/1.3; +https://openai.com/gptbot)"
74.7.243.232 - - [17/Jan/2026:20:24:12 +0700] "GET /wp-includes/class-wp-recovery-mode-email-service.php HTTP/2" 200 0 "https://netfinitynetwork.com/wp-includes/" "Mozilla/5.0 AppleWebKit/537.36 (KHTML, like Gecko; compatible; GPTBot/1.3; +https://openai.com/gptbot)"
74.7.243.196 - - [17/Jan/2026:20:24:32 +0700] "GET /wp-includes/class-wp-speculation-rules.php HTTP/2" 200 0 "https://www.netfinitynetwork.com/wp-includes/" "Mozilla/5.0 AppleWebKit/537.36 (KHTML, like Gecko; compatible; GPTBot/1.3; +https://openai.com/gptbot)"
74.7.227.136 - - [17/Jan/2026:20:24:42 +0700] "GET /wp-includes/class-phpass.php HTTP/2" 200 0 "https://www.netfinitynetwork.idm01.my.id/wp-includes/" "Mozilla/5.0 AppleWebKit/537.36 (KHTML, like Gecko; compatible; GPTBot/1.3; +https://openai.com/gptbot)"
74.7.241.60 - - [17/Jan/2026:20:24:54 +0700] "GET /wp-includes/error-protection.php HTTP/2" 200 0 "https://mail.netfinitynetwork.com/wp-includes/" "Mozilla/5.0 AppleWebKit/537.36 (KHTML, like Gecko; compatible; GPTBot/1.3; +https://openai.com/gptbot)"
74.7.243.232 - - [17/Jan/2026:20:24:59 +0700] "GET /wp-includes/error-protection.php HTTP/2" 200 0 "https://netfinitynetwork.com/wp-includes/" "Mozilla/5.0 AppleWebKit/537.36 (KHTML, like Gecko; compatible; GPTBot/1.3; +https://openai.com/gptbot)"
74.7.243.201 - - [17/Jan/2026:20:25:11 +0700] "GET /wp-includes/class-wp-recovery-mode-email-service.php HTTP/2" 200 0 "https://netfinitynetwork.idm01.my.id/wp-includes/" "Mozilla/5.0 AppleWebKit/537.36 (KHTML, like Gecko; compatible; GPTBot/1.3; +https://openai.com/gptbot)"
74.7.243.196 - - [17/Jan/2026:20:25:30 +0700] "GET /wp-includes/class-wp-recovery-mode-email-service.php HTTP/2" 200 0 "https://www.netfinitynetwork.com/wp-includes/" "Mozilla/5.0 AppleWebKit/537.36 (KHTML, like Gecko; compatible; GPTBot/1.3; +https://openai.com/gptbot)"
74.7.241.60 - - [17/Jan/2026:20:25:37 +0700] "GET /wp-includes/ms-default-constants.php HTTP/2" 200 0 "https://mail.netfinitynetwork.com/wp-includes/" "Mozilla/5.0 AppleWebKit/537.36 (KHTML, like Gecko; compatible; GPTBot/1.3; +https://openai.com/gptbot)"
74.7.243.232 - - [17/Jan/2026:20:25:39 +0700] "GET /wp-includes/ms-default-constants.php HTTP/2" 200 0 "https://netfinitynetwork.com/wp-includes/" "Mozilla/5.0 AppleWebKit/537.36 (KHTML, like Gecko; compatible; GPTBot/1.3; +https://openai.com/gptbot)"
74.7.227.136 - - [17/Jan/2026:20:25:44 +0700] "GET /wp-includes/class-wp-speculation-rules.php HTTP/2" 200 0 "https://www.netfinitynetwork.idm01.my.id/wp-includes/" "Mozilla/5.0 AppleWebKit/537.36 (KHTML, like Gecko; compatible; GPTBot/1.3; +https://openai.com/gptbot)"
74.7.243.201 - - [17/Jan/2026:20:25:59 +0700] "GET /wp-includes/class-wp-recovery-mode-cookie-service.php HTTP/2" 200 0 "https://netfinitynetwork.idm01.my.id/wp-includes/" "Mozilla/5.0 AppleWebKit/537.36 (KHTML, like Gecko; compatible; GPTBot/1.3; +https://openai.com/gptbot)"
74.7.241.60 - - [17/Jan/2026:20:26:14 +0700] "GET /wp-includes/class-wp-customize-panel.php HTTP/2" 200 6 "https://mail.netfinitynetwork.com/wp-includes/" "Mozilla/5.0 AppleWebKit/537.36 (KHTML, like Gecko; compatible; GPTBot/1.3; +https://openai.com/gptbot)"
74.7.243.232 - - [17/Jan/2026:20:26:17 +0700] "GET /wp-includes/class-wp-customize-panel.php HTTP/2" 200 6 "https://netfinitynetwork.com/wp-includes/" "Mozilla/5.0 AppleWebKit/537.36 (KHTML, like Gecko; compatible; GPTBot/1.3; +https://openai.com/gptbot)"
74.7.243.196 - - [17/Jan/2026:20:26:20 +0700] "GET /wp-includes/class-wp-recovery-mode-cookie-service.php HTTP/2" 200 0 "https://www.netfinitynetwork.com/wp-includes/" "Mozilla/5.0 AppleWebKit/537.36 (KHTML, like Gecko; compatible; GPTBot/1.3; +https://openai.com/gptbot)"
74.7.227.136 - - [17/Jan/2026:20:26:42 +0700] "GET /wp-includes/class-wp-recovery-mode-email-service.php HTTP/2" 200 0 "https://www.netfinitynetwork.idm01.my.id/wp-includes/" "Mozilla/5.0 AppleWebKit/537.36 (KHTML, like Gecko; compatible; GPTBot/1.3; +https://openai.com/gptbot)"
74.7.243.201 - - [17/Jan/2026:20:26:44 +0700] "GET /wp-includes/error-protection.php HTTP/2" 200 0 "https://netfinitynetwork.idm01.my.id/wp-includes/" "Mozilla/5.0 AppleWebKit/537.36 (KHTML, like Gecko; compatible; GPTBot/1.3; +https://openai.com/gptbot)"
74.7.241.60 - - [17/Jan/2026:20:26:47 +0700] "GET /wp-includes/embed-template.php HTTP/2" 500 0 "https://mail.netfinitynetwork.com/wp-includes/" "Mozilla/5.0 AppleWebKit/537.36 (KHTML, like Gecko; compatible; GPTBot/1.3; +https://openai.com/gptbot)"
74.7.243.232 - - [17/Jan/2026:20:26:51 +0700] "GET /wp-includes/embed-template.php HTTP/2" 500 0 "https://netfinitynetwork.com/wp-includes/" "Mozilla/5.0 AppleWebKit/537.36 (KHTML, like Gecko; compatible; GPTBot/1.3; +https://openai.com/gptbot)"
74.7.243.196 - - [17/Jan/2026:20:27:07 +0700] "GET /wp-includes/error-protection.php HTTP/2" 200 0 "https://www.netfinitynetwork.com/wp-includes/" "Mozilla/5.0 AppleWebKit/537.36 (KHTML, like Gecko; compatible; GPTBot/1.3; +https://openai.com/gptbot)"
74.7.241.60 - - [17/Jan/2026:20:27:18 +0700] "GET /wp-includes/class-wp-simplepie-sanitize-kses.php HTTP/2" 200 6 "https://mail.netfinitynetwork.com/wp-includes/" "Mozilla/5.0 AppleWebKit/537.36 (KHTML, like Gecko; compatible; GPTBot/1.3; +https://openai.com/gptbot)"
74.7.243.232 - - [17/Jan/2026:20:27:22 +0700] "GET /wp-includes/class-wp-simplepie-sanitize-kses.php HTTP/2" 200 6 "https://netfinitynetwork.com/wp-includes/" "Mozilla/5.0 AppleWebKit/537.36 (KHTML, like Gecko; compatible; GPTBot/1.3; +https://openai.com/gptbot)"
74.7.243.201 - - [17/Jan/2026:20:27:25 +0700] "GET /wp-includes/ms-default-constants.php HTTP/2" 200 0 "https://netfinitynetwork.idm01.my.id/wp-includes/" "Mozilla/5.0 AppleWebKit/537.36 (KHTML, like Gecko; compatible; GPTBot/1.3; +https://openai.com/gptbot)"
74.7.227.136 - - [17/Jan/2026:20:27:34 +0700] "GET /wp-includes/class-wp-recovery-mode-cookie-service.php HTTP/2" 200 0 "https://www.netfinitynetwork.idm01.my.id/wp-includes/" "Mozilla/5.0 AppleWebKit/537.36 (KHTML, like Gecko; compatible; GPTBot/1.3; +https://openai.com/gptbot)"
74.7.243.196 - - [17/Jan/2026:20:27:48 +0700] "GET /wp-includes/ms-default-constants.php HTTP/2" 200 0 "https://www.netfinitynetwork.com/wp-includes/" "Mozilla/5.0 AppleWebKit/537.36 (KHTML, like Gecko; compatible; GPTBot/1.3; +https://openai.com/gptbot)"
74.7.243.201 - - [17/Jan/2026:20:28:03 +0700] "GET /wp-includes/class-wp-customize-panel.php HTTP/2" 200 6 "https://netfinitynetwork.idm01.my.id/wp-includes/" "Mozilla/5.0 AppleWebKit/537.36 (KHTML, like Gecko; compatible; GPTBot/1.3; +https://openai.com/gptbot)"
74.7.241.60 - - [17/Jan/2026:20:28:18 +0700] "GET /wp-includes/class-wp-recovery-mode-link-service.php HTTP/2" 200 0 "https://mail.netfinitynetwork.com/wp-includes/" "Mozilla/5.0 AppleWebKit/537.36 (KHTML, like Gecko; compatible; GPTBot/1.3; +https://openai.com/gptbot)"
74.7.227.136 - - [17/Jan/2026:20:28:21 +0700] "GET /wp-includes/error-protection.php HTTP/2" 200 0 "https://www.netfinitynetwork.idm01.my.id/wp-includes/" "Mozilla/5.0 AppleWebKit/537.36 (KHTML, like Gecko; compatible; GPTBot/1.3; +https://openai.com/gptbot)"
74.7.243.196 - - [17/Jan/2026:20:28:27 +0700] "GET /wp-includes/class-wp-customize-panel.php HTTP/2" 200 6 "https://www.netfinitynetwork.com/wp-includes/" "Mozilla/5.0 AppleWebKit/537.36 (KHTML, like Gecko; compatible; GPTBot/1.3; +https://openai.com/gptbot)"
74.7.243.232 - - [17/Jan/2026:20:28:27 +0700] "GET /wp-includes/class-wp-recovery-mode-link-service.php HTTP/2" 200 0 "https://netfinitynetwork.com/wp-includes/" "Mozilla/5.0 AppleWebKit/537.36 (KHTML, like Gecko; compatible; GPTBot/1.3; +https://openai.com/gptbot)"
74.7.243.201 - - [17/Jan/2026:20:28:36 +0700] "GET /wp-includes/embed-template.php HTTP/2" 500 0 "https://netfinitynetwork.idm01.my.id/wp-includes/" "Mozilla/5.0 AppleWebKit/537.36 (KHTML, like Gecko; compatible; GPTBot/1.3; +https://openai.com/gptbot)"
74.7.243.196 - - [17/Jan/2026:20:29:00 +0700] "GET /wp-includes/embed-template.php HTTP/2" 500 0 "https://www.netfinitynetwork.com/wp-includes/" "Mozilla/5.0 AppleWebKit/537.36 (KHTML, like Gecko; compatible; GPTBot/1.3; +https://openai.com/gptbot)"
74.7.227.136 - - [17/Jan/2026:20:29:04 +0700] "GET /wp-includes/ms-default-constants.php HTTP/2" 200 0 "https://www.netfinitynetwork.idm01.my.id/wp-includes/" "Mozilla/5.0 AppleWebKit/537.36 (KHTML, like Gecko; compatible; GPTBot/1.3; +https://openai.com/gptbot)"
74.7.243.201 - - [17/Jan/2026:20:29:07 +0700] "GET /wp-includes/class-wp-simplepie-sanitize-kses.php HTTP/2" 200 6 "https://netfinitynetwork.idm01.my.id/wp-includes/" "Mozilla/5.0 AppleWebKit/537.36 (KHTML, like Gecko; compatible; GPTBot/1.3; +https://openai.com/gptbot)"
74.7.241.60 - - [17/Jan/2026:20:29:18 +0700] "GET /wp-includes/class-phpmailer.php HTTP/2" 200 0 "https://mail.netfinitynetwork.com/wp-includes/" "Mozilla/5.0 AppleWebKit/537.36 (KHTML, like Gecko; compatible; GPTBot/1.3; +https://openai.com/gptbot)"
74.7.243.232 - - [17/Jan/2026:20:29:20 +0700] "GET /wp-includes/class-phpmailer.php HTTP/2" 200 0 "https://netfinitynetwork.com/wp-includes/" "Mozilla/5.0 AppleWebKit/537.36 (KHTML, like Gecko; compatible; GPTBot/1.3; +https://openai.com/gptbot)"
74.7.243.196 - - [17/Jan/2026:20:29:30 +0700] "GET /wp-includes/class-wp-simplepie-sanitize-kses.php HTTP/2" 200 6 "https://www.netfinitynetwork.com/wp-includes/" "Mozilla/5.0 AppleWebKit/537.36 (KHTML, like Gecko; compatible; GPTBot/1.3; +https://openai.com/gptbot)"
74.7.227.136 - - [17/Jan/2026:20:29:41 +0700] "GET /wp-includes/class-wp-customize-panel.php HTTP/2" 200 6 "https://www.netfinitynetwork.idm01.my.id/wp-includes/" "Mozilla/5.0 AppleWebKit/537.36 (KHTML, like Gecko; compatible; GPTBot/1.3; +https://openai.com/gptbot)"
74.7.243.201 - - [17/Jan/2026:20:30:08 +0700] "GET /wp-includes/class-wp-recovery-mode-link-service.php HTTP/2" 200 0 "https://netfinitynetwork.idm01.my.id/wp-includes/" "Mozilla/5.0 AppleWebKit/537.36 (KHTML, like Gecko; compatible; GPTBot/1.3; +https://openai.com/gptbot)"
74.7.241.60 - - [17/Jan/2026:20:30:10 +0700] "GET /wp-includes/class-wp-site.php HTTP/2" 200 0 "https://mail.netfinitynetwork.com/wp-includes/" "Mozilla/5.0 AppleWebKit/537.36 (KHTML, like Gecko; compatible; GPTBot/1.3; +https://openai.com/gptbot)"
74.7.243.232 - - [17/Jan/2026:20:30:12 +0700] "GET /wp-includes/class-wp-http.php HTTP/2" 200 6 "https://netfinitynetwork.com/wp-includes/" "Mozilla/5.0 AppleWebKit/537.36 (KHTML, like Gecko; compatible; GPTBot/1.3; +https://openai.com/gptbot)"
74.7.227.136 - - [17/Jan/2026:20:30:13 +0700] "GET /wp-includes/embed-template.php HTTP/2" 500 0 "https://www.netfinitynetwork.idm01.my.id/wp-includes/" "Mozilla/5.0 AppleWebKit/537.36 (KHTML, like Gecko; compatible; GPTBot/1.3; +https://openai.com/gptbot)"
74.7.243.196 - - [17/Jan/2026:20:30:36 +0700] "GET /wp-includes/class-wp-recovery-mode-link-service.php HTTP/2" 200 0 "https://www.netfinitynetwork.com/wp-includes/" "Mozilla/5.0 AppleWebKit/537.36 (KHTML, like Gecko; compatible; GPTBot/1.3; +https://openai.com/gptbot)"
74.7.227.136 - - [17/Jan/2026:20:30:44 +0700] "GET /wp-includes/class-wp-simplepie-sanitize-kses.php HTTP/2" 200 6 "https://www.netfinitynetwork.idm01.my.id/wp-includes/" "Mozilla/5.0 AppleWebKit/537.36 (KHTML, like Gecko; compatible; GPTBot/1.3; +https://openai.com/gptbot)"
74.7.241.60 - - [17/Jan/2026:20:30:55 +0700] "GET /wp-includes/class-wp-http.php HTTP/2" 200 6 "https://mail.netfinitynetwork.com/wp-includes/" "Mozilla/5.0 AppleWebKit/537.36 (KHTML, like Gecko; compatible; GPTBot/1.3; +https://openai.com/gptbot)"
74.7.243.232 - - [17/Jan/2026:20:30:59 +0700] "GET /wp-includes/class-wp-site.php HTTP/2" 200 0 "https://netfinitynetwork.com/wp-includes/" "Mozilla/5.0 AppleWebKit/537.36 (KHTML, like Gecko; compatible; GPTBot/1.3; +https://openai.com/gptbot)"
74.7.243.201 - - [17/Jan/2026:20:31:05 +0700] "GET /wp-includes/class-phpmailer.php HTTP/2" 200 0 "https://netfinitynetwork.idm01.my.id/wp-includes/" "Mozilla/5.0 AppleWebKit/537.36 (KHTML, like Gecko; compatible; GPTBot/1.3; +https://openai.com/gptbot)"
74.7.243.196 - - [17/Jan/2026:20:31:33 +0700] "GET /wp-includes/class-phpmailer.php HTTP/2" 200 0 "https://www.netfinitynetwork.com/wp-includes/" "Mozilla/5.0 AppleWebKit/537.36 (KHTML, like Gecko; compatible; GPTBot/1.3; +https://openai.com/gptbot)"
74.7.241.60 - - [17/Jan/2026:20:31:37 +0700] "GET /wp-includes/class-wp-widget-factory.php HTTP/2" 200 0 "https://mail.netfinitynetwork.com/wp-includes/" "Mozilla/5.0 AppleWebKit/537.36 (KHTML, like Gecko; compatible; GPTBot/1.3; +https://openai.com/gptbot)"
74.7.243.232 - - [17/Jan/2026:20:31:41 +0700] "GET /wp-includes/class-wp-block-template.php HTTP/2" 200 0 "https://netfinitynetwork.com/wp-includes/" "Mozilla/5.0 AppleWebKit/537.36 (KHTML, like Gecko; compatible; GPTBot/1.3; +https://openai.com/gptbot)"
74.7.227.136 - - [17/Jan/2026:20:31:47 +0700] "GET /wp-includes/class-wp-recovery-mode-link-service.php HTTP/2" 200 0 "https://www.netfinitynetwork.idm01.my.id/wp-includes/" "Mozilla/5.0 AppleWebKit/537.36 (KHTML, like Gecko; compatible; GPTBot/1.3; +https://openai.com/gptbot)"
74.7.243.201 - - [17/Jan/2026:20:31:56 +0700] "GET /wp-includes/class-wp-http.php HTTP/2" 200 6 "https://netfinitynetwork.idm01.my.id/wp-includes/" "Mozilla/5.0 AppleWebKit/537.36 (KHTML, like Gecko; compatible; GPTBot/1.3; +https://openai.com/gptbot)"
74.7.241.60 - - [17/Jan/2026:20:32:15 +0700] "GET /wp-includes/class-wp-block-template.php HTTP/2" 200 0 "https://mail.netfinitynetwork.com/wp-includes/" "Mozilla/5.0 AppleWebKit/537.36 (KHTML, like Gecko; compatible; GPTBot/1.3; +https://openai.com/gptbot)"
74.7.243.232 - - [17/Jan/2026:20:32:17 +0700] "GET /wp-includes/class-wp-widget-factory.php HTTP/2" 200 0 "https://netfinitynetwork.com/wp-includes/" "Mozilla/5.0 AppleWebKit/537.36 (KHTML, like Gecko; compatible; GPTBot/1.3; +https://openai.com/gptbot)"
74.7.243.196 - - [17/Jan/2026:20:32:25 +0700] "GET /wp-includes/class-wp-site.php HTTP/2" 200 0 "https://www.netfinitynetwork.com/wp-includes/" "Mozilla/5.0 AppleWebKit/537.36 (KHTML, like Gecko; compatible; GPTBot/1.3; +https://openai.com/gptbot)"
74.7.243.201 - - [17/Jan/2026:20:32:41 +0700] "GET /wp-includes/class-wp-site.php HTTP/2" 200 0 "https://netfinitynetwork.idm01.my.id/wp-includes/" "Mozilla/5.0 AppleWebKit/537.36 (KHTML, like Gecko; compatible; GPTBot/1.3; +https://openai.com/gptbot)"
74.7.227.136 - - [17/Jan/2026:20:32:42 +0700] "GET /wp-includes/class-phpmailer.php HTTP/2" 200 0 "https://www.netfinitynetwork.idm01.my.id/wp-includes/" "Mozilla/5.0 AppleWebKit/537.36 (KHTML, like Gecko; compatible; GPTBot/1.3; +https://openai.com/gptbot)"
74.7.241.60 - - [17/Jan/2026:20:32:47 +0700] "GET /wp-includes/class-wp-block-supports.php HTTP/2" 200 0 "https://mail.netfinitynetwork.com/wp-includes/" "Mozilla/5.0 AppleWebKit/537.36 (KHTML, like Gecko; compatible; GPTBot/1.3; +https://openai.com/gptbot)"
74.7.243.232 - - [17/Jan/2026:20:32:49 +0700] "GET /wp-includes/class-wp-block-supports.php HTTP/2" 200 0 "https://netfinitynetwork.com/wp-includes/" "Mozilla/5.0 AppleWebKit/537.36 (KHTML, like Gecko; compatible; GPTBot/1.3; +https://openai.com/gptbot)"
74.7.243.196 - - [17/Jan/2026:20:33:12 +0700] "GET /wp-includes/class-wp-http.php HTTP/2" 200 6 "https://www.netfinitynetwork.com/wp-includes/" "Mozilla/5.0 AppleWebKit/537.36 (KHTML, like Gecko; compatible; GPTBot/1.3; +https://openai.com/gptbot)"
74.7.241.60 - - [17/Jan/2026:20:33:17 +0700] "GET /wp-includes/class-wp-post-type.php HTTP/2" 200 0 "https://mail.netfinitynetwork.com/wp-includes/" "Mozilla/5.0 AppleWebKit/537.36 (KHTML, like Gecko; compatible; GPTBot/1.3; +https://openai.com/gptbot)"
74.7.243.232 - - [17/Jan/2026:20:33:19 +0700] "GET /wp-includes/class-wp-post-type.php HTTP/2" 200 0 "https://netfinitynetwork.com/wp-includes/" "Mozilla/5.0 AppleWebKit/537.36 (KHTML, like Gecko; compatible; GPTBot/1.3; +https://openai.com/gptbot)"
74.7.243.201 - - [17/Jan/2026:20:33:21 +0700] "GET /wp-includes/class-wp-block-template.php HTTP/2" 200 0 "https://netfinitynetwork.idm01.my.id/wp-includes/" "Mozilla/5.0 AppleWebKit/537.36 (KHTML, like Gecko; compatible; GPTBot/1.3; +https://openai.com/gptbot)"
74.7.227.136 - - [17/Jan/2026:20:33:36 +0700] "GET /wp-includes/class-wp-site.php HTTP/2" 200 0 "https://www.netfinitynetwork.idm01.my.id/wp-includes/" "Mozilla/5.0 AppleWebKit/537.36 (KHTML, like Gecko; compatible; GPTBot/1.3; +https://openai.com/gptbot)"
74.7.241.60 - - [17/Jan/2026:20:33:44 +0700] "GET /wp-includes/class-wp-ajax-response.php HTTP/2" 200 0 "https://mail.netfinitynetwork.com/wp-includes/" "Mozilla/5.0 AppleWebKit/537.36 (KHTML, like Gecko; compatible; GPTBot/1.3; +https://openai.com/gptbot)"
74.7.243.232 - - [17/Jan/2026:20:33:48 +0700] "GET /wp-includes/class-wp-ajax-response.php HTTP/2" 200 0 "https://netfinitynetwork.com/wp-includes/" "Mozilla/5.0 AppleWebKit/537.36 (KHTML, like Gecko; compatible; GPTBot/1.3; +https://openai.com/gptbot)"
74.7.243.196 - - [17/Jan/2026:20:33:53 +0700] "GET /wp-includes/class-wp-block-template.php HTTP/2" 200 0 "https://www.netfinitynetwork.com/wp-includes/" "Mozilla/5.0 AppleWebKit/537.36 (KHTML, like Gecko; compatible; GPTBot/1.3; +https://openai.com/gptbot)"
74.7.243.201 - - [17/Jan/2026:20:33:57 +0700] "GET /wp-includes/class-wp-widget-factory.php HTTP/2" 200 0 "https://netfinitynetwork.idm01.my.id/wp-includes/" "Mozilla/5.0 AppleWebKit/537.36 (KHTML, like Gecko; compatible; GPTBot/1.3; +https://openai.com/gptbot)"
74.7.241.60 - - [17/Jan/2026:20:34:08 +0700] "GET /wp-includes/class-wp-http-response.php HTTP/2" 200 0 "https://mail.netfinitynetwork.com/wp-includes/" "Mozilla/5.0 AppleWebKit/537.36 (KHTML, like Gecko; compatible; GPTBot/1.3; +https://openai.com/gptbot)"
74.7.243.232 - - [17/Jan/2026:20:34:11 +0700] "GET /wp-includes/class-wp-xmlrpc-server.php HTTP/2" 500 0 "https://netfinitynetwork.com/wp-includes/" "Mozilla/5.0 AppleWebKit/537.36 (KHTML, like Gecko; compatible; GPTBot/1.3; +https://openai.com/gptbot)"
74.7.227.136 - - [17/Jan/2026:20:34:23 +0700] "GET /wp-includes/class-wp-http.php HTTP/2" 200 6 "https://www.netfinitynetwork.idm01.my.id/wp-includes/" "Mozilla/5.0 AppleWebKit/537.36 (KHTML, like Gecko; compatible; GPTBot/1.3; +https://openai.com/gptbot)"
74.7.243.196 - - [17/Jan/2026:20:34:30 +0700] "GET /wp-includes/class-wp-widget-factory.php HTTP/2" 200 0 "https://www.netfinitynetwork.com/wp-includes/" "Mozilla/5.0 AppleWebKit/537.36 (KHTML, like Gecko; compatible; GPTBot/1.3; +https://openai.com/gptbot)"
74.7.241.60 - - [17/Jan/2026:20:34:31 +0700] "GET /wp-includes/class-wp-xmlrpc-server.php HTTP/2" 500 0 "https://mail.netfinitynetwork.com/wp-includes/" "Mozilla/5.0 AppleWebKit/537.36 (KHTML, like Gecko; compatible; GPTBot/1.3; +https://openai.com/gptbot)"
74.7.243.232 - - [17/Jan/2026:20:34:32 +0700] "GET /wp-includes/class-wp-http-response.php HTTP/2" 200 0 "https://netfinitynetwork.com/wp-includes/" "Mozilla/5.0 AppleWebKit/537.36 (KHTML, like Gecko; compatible; GPTBot/1.3; +https://openai.com/gptbot)"
74.7.243.201 - - [17/Jan/2026:20:34:32 +0700] "GET /wp-includes/class-wp-block-supports.php HTTP/2" 200 0 "https://netfinitynetwork.idm01.my.id/wp-includes/" "Mozilla/5.0 AppleWebKit/537.36 (KHTML, like Gecko; compatible; GPTBot/1.3; +https://openai.com/gptbot)"
74.7.241.60 - - [17/Jan/2026:20:34:51 +0700] "GET /wp-includes/class-wp-http-requests-hooks.php HTTP/2" 500 0 "https://mail.netfinitynetwork.com/wp-includes/" "Mozilla/5.0 AppleWebKit/537.36 (KHTML, like Gecko; compatible; GPTBot/1.3; +https://openai.com/gptbot)"
74.7.243.201 - - [17/Jan/2026:20:35:01 +0700] "GET /wp-includes/class-wp-post-type.php HTTP/2" 200 0 "https://netfinitynetwork.idm01.my.id/wp-includes/" "Mozilla/5.0 AppleWebKit/537.36 (KHTML, like Gecko; compatible; GPTBot/1.3; +https://openai.com/gptbot)"
74.7.243.196 - - [17/Jan/2026:20:35:03 +0700] "GET /wp-includes/class-wp-block-supports.php HTTP/2" 200 0 "https://www.netfinitynetwork.com/wp-includes/" "Mozilla/5.0 AppleWebKit/537.36 (KHTML, like Gecko; compatible; GPTBot/1.3; +https://openai.com/gptbot)"
74.7.227.136 - - [17/Jan/2026:20:35:03 +0700] "GET /wp-includes/class-wp-block-template.php HTTP/2" 200 0 "https://www.netfinitynetwork.idm01.my.id/wp-includes/" "Mozilla/5.0 AppleWebKit/537.36 (KHTML, like Gecko; compatible; GPTBot/1.3; +https://openai.com/gptbot)"
74.7.243.201 - - [17/Jan/2026:20:35:28 +0700] "GET /wp-includes/class-wp-http-response.php HTTP/2" 200 0 "https://netfinitynetwork.idm01.my.id/wp-includes/" "Mozilla/5.0 AppleWebKit/537.36 (KHTML, like Gecko; compatible; GPTBot/1.3; +https://openai.com/gptbot)"
74.7.243.196 - - [17/Jan/2026:20:35:34 +0700] "GET /wp-includes/class-wp-post-type.php HTTP/2" 200 0 "https://www.netfinitynetwork.com/wp-includes/" "Mozilla/5.0 AppleWebKit/537.36 (KHTML, like Gecko; compatible; GPTBot/1.3; +https://openai.com/gptbot)"
74.7.243.232 - - [17/Jan/2026:20:35:38 +0700] "GET /wp-includes/class-wp-http-requests-hooks.php HTTP/2" 500 0 "https://netfinitynetwork.com/wp-includes/" "Mozilla/5.0 AppleWebKit/537.36 (KHTML, like Gecko; compatible; GPTBot/1.3; +https://openai.com/gptbot)"
74.7.227.136 - - [17/Jan/2026:20:35:39 +0700] "GET /wp-includes/class-wp-widget-factory.php HTTP/2" 200 0 "https://www.netfinitynetwork.idm01.my.id/wp-includes/" "Mozilla/5.0 AppleWebKit/537.36 (KHTML, like Gecko; compatible; GPTBot/1.3; +https://openai.com/gptbot)"
74.7.241.60 - - [17/Jan/2026:20:35:48 +0700] "GET /wp-includes/class-wp-customize-nav-menus.php HTTP/2" 200 0 "https://mail.netfinitynetwork.com/wp-includes/" "Mozilla/5.0 AppleWebKit/537.36 (KHTML, like Gecko; compatible; GPTBot/1.3; +https://openai.com/gptbot)"
74.7.243.201 - - [17/Jan/2026:20:35:53 +0700] "GET /wp-includes/class-wp-ajax-response.php HTTP/2" 200 0 "https://netfinitynetwork.idm01.my.id/wp-includes/" "Mozilla/5.0 AppleWebKit/537.36 (KHTML, like Gecko; compatible; GPTBot/1.3; +https://openai.com/gptbot)"
74.7.243.196 - - [17/Jan/2026:20:36:00 +0700] "GET /wp-includes/class-wp-http-response.php HTTP/2" 200 0 "https://www.netfinitynetwork.com/wp-includes/" "Mozilla/5.0 AppleWebKit/537.36 (KHTML, like Gecko; compatible; GPTBot/1.3; +https://openai.com/gptbot)"
74.7.227.136 - - [17/Jan/2026:20:36:12 +0700] "GET /wp-includes/class-wp-block-supports.php HTTP/2" 200 0 "https://www.netfinitynetwork.idm01.my.id/wp-includes/" "Mozilla/5.0 AppleWebKit/537.36 (KHTML, like Gecko; compatible; GPTBot/1.3; +https://openai.com/gptbot)"
74.7.243.201 - - [17/Jan/2026:20:36:15 +0700] "GET /wp-includes/class-wp-xmlrpc-server.php HTTP/2" 500 0 "https://netfinitynetwork.idm01.my.id/wp-includes/" "Mozilla/5.0 AppleWebKit/537.36 (KHTML, like Gecko; compatible; GPTBot/1.3; +https://openai.com/gptbot)"
74.7.243.196 - - [17/Jan/2026:20:36:24 +0700] "GET /wp-includes/class-wp-xmlrpc-server.php HTTP/2" 500 0 "https://www.netfinitynetwork.com/wp-includes/" "Mozilla/5.0 AppleWebKit/537.36 (KHTML, like Gecko; compatible; GPTBot/1.3; +https://openai.com/gptbot)"
74.7.243.232 - - [17/Jan/2026:20:36:32 +0700] "GET /wp-includes/class-wp-customize-nav-menus.php HTTP/2" 200 0 "https://netfinitynetwork.com/wp-includes/" "Mozilla/5.0 AppleWebKit/537.36 (KHTML, like Gecko; compatible; GPTBot/1.3; +https://openai.com/gptbot)"
