74.7.227.136 - - [17/Jan/2026:23:05:22 +0700] "GET /wp-includes/block-supports/error_log HTTP/2" 403 1242 "https://www.netfinitynetwork.idm01.my.id/wp-includes/block-supports/" "Mozilla/5.0 AppleWebKit/537.36 (KHTML, like Gecko; compatible; GPTBot/1.3; +https://openai.com/gptbot)"
216.73.216.99 - - [17/Jan/2026:23:05:24 +0700] "GET /_autoindex/assets/icons/file.svg HTTP/2" 200 354 "-" "Mozilla/5.0 AppleWebKit/537.36 (KHTML, like Gecko; compatible; ClaudeBot/1.0; +claudebot@anthropic.com)"
74.7.243.201 - - [17/Jan/2026:23:05:34 +0700] "GET /wp-includes/widgets/class-wp-widget-media.php HTTP/2" 500 0 "https://netfinitynetwork.idm01.my.id/wp-includes/widgets/" "Mozilla/5.0 AppleWebKit/537.36 (KHTML, like Gecko; compatible; GPTBot/1.3; +https://openai.com/gptbot)"
74.7.241.60 - - [17/Jan/2026:23:06:03 +0700] "GET /wp-includes/rest-api.php HTTP/2" 200 0 "https://mail.netfinitynetwork.com/wp-includes/" "Mozilla/5.0 AppleWebKit/537.36 (KHTML, like Gecko; compatible; GPTBot/1.3; +https://openai.com/gptbot)"
74.7.243.196 - - [17/Jan/2026:23:06:05 +0700] "GET /wp-includes/atomlib.php HTTP/2" 200 0 "https://www.netfinitynetwork.com/wp-includes/" "Mozilla/5.0 AppleWebKit/537.36 (KHTML, like Gecko; compatible; GPTBot/1.3; +https://openai.com/gptbot)"
74.7.243.232 - - [17/Jan/2026:23:06:15 +0700] "GET /wp-includes/atomlib.php HTTP/2" 200 0 "https://netfinitynetwork.com/wp-includes/" "Mozilla/5.0 AppleWebKit/537.36 (KHTML, like Gecko; compatible; GPTBot/1.3; +https://openai.com/gptbot)"
74.7.227.136 - - [17/Jan/2026:23:06:23 +0700] "GET /wp-includes/rest-api.php HTTP/2" 200 0 "https://www.netfinitynetwork.idm01.my.id/wp-includes/" "Mozilla/5.0 AppleWebKit/537.36 (KHTML, like Gecko; compatible; GPTBot/1.3; +https://openai.com/gptbot)"
74.7.243.201 - - [17/Jan/2026:23:06:35 +0700] "GET /wp-includes/widgets/class-wp-widget-block.php HTTP/2" 500 0 "https://netfinitynetwork.idm01.my.id/wp-includes/widgets/" "Mozilla/5.0 AppleWebKit/537.36 (KHTML, like Gecko; compatible; GPTBot/1.3; +https://openai.com/gptbot)"
74.7.241.60 - - [17/Jan/2026:23:06:53 +0700] "GET /wp-includes/ms-load.php HTTP/2" 200 0 "https://mail.netfinitynetwork.com/wp-includes/" "Mozilla/5.0 AppleWebKit/537.36 (KHTML, like Gecko; compatible; GPTBot/1.3; +https://openai.com/gptbot)"
74.7.243.196 - - [17/Jan/2026:23:07:07 +0700] "GET /wp-includes/theme-compat/embed-content.php HTTP/2" 500 10 "https://www.netfinitynetwork.com/wp-includes/theme-compat/" "Mozilla/5.0 AppleWebKit/537.36 (KHTML, like Gecko; compatible; GPTBot/1.3; +https://openai.com/gptbot)"
74.7.243.232 - - [17/Jan/2026:23:07:13 +0700] "GET /wp-includes/theme-compat/footer-embed.php HTTP/2" 500 0 "https://netfinitynetwork.com/wp-includes/theme-compat/" "Mozilla/5.0 AppleWebKit/537.36 (KHTML, like Gecko; compatible; GPTBot/1.3; +https://openai.com/gptbot)"
74.7.227.136 - - [17/Jan/2026:23:07:24 +0700] "GET /wp-includes/ms-files.php HTTP/2" 200 32 "https://www.netfinitynetwork.idm01.my.id/wp-includes/" "Mozilla/5.0 AppleWebKit/537.36 (KHTML, like Gecko; compatible; GPTBot/1.3; +https://openai.com/gptbot)"
74.7.241.60 - - [17/Jan/2026:23:07:38 +0700] "GET /wp-includes/ms-site.php HTTP/2" 200 0 "https://mail.netfinitynetwork.com/wp-includes/" "Mozilla/5.0 AppleWebKit/537.36 (KHTML, like Gecko; compatible; GPTBot/1.3; +https://openai.com/gptbot)"
74.7.243.201 - - [17/Jan/2026:23:07:39 +0700] "GET /wp-includes/widgets/class-wp-widget-text.php HTTP/2" 500 0 "https://netfinitynetwork.idm01.my.id/wp-includes/widgets/" "Mozilla/5.0 AppleWebKit/537.36 (KHTML, like Gecko; compatible; GPTBot/1.3; +https://openai.com/gptbot)"
74.7.243.196 - - [17/Jan/2026:23:08:04 +0700] "GET /wp-includes/sitemaps/class-wp-sitemaps.php HTTP/2" 200 0 "https://www.netfinitynetwork.com/wp-includes/sitemaps/" "Mozilla/5.0 AppleWebKit/537.36 (KHTML, like Gecko; compatible; GPTBot/1.3; +https://openai.com/gptbot)"
74.7.243.232 - - [17/Jan/2026:23:08:04 +0700] "GET /wp-includes/theme-compat/?MA HTTP/2" 200 1281 "https://netfinitynetwork.com/wp-includes/theme-compat/" "Mozilla/5.0 AppleWebKit/537.36 (KHTML, like Gecko; compatible; GPTBot/1.3; +https://openai.com/gptbot)"
74.7.241.60 - - [17/Jan/2026:23:08:17 +0700] "GET /wp-includes/php-compat/ HTTP/2" 200 631 "https://mail.netfinitynetwork.com/wp-includes/" "Mozilla/5.0 AppleWebKit/537.36 (KHTML, like Gecko; compatible; GPTBot/1.3; +https://openai.com/gptbot)"
74.7.227.136 - - [17/Jan/2026:23:08:18 +0700] "GET /wp-includes/nav-menu.php HTTP/2" 200 0 "https://www.netfinitynetwork.idm01.my.id/wp-includes/" "Mozilla/5.0 AppleWebKit/537.36 (KHTML, like Gecko; compatible; GPTBot/1.3; +https://openai.com/gptbot)"
74.7.243.201 - - [17/Jan/2026:23:08:41 +0700] "GET /wp-includes/widgets/class-wp-widget-rss.php HTTP/2" 500 0 "https://netfinitynetwork.idm01.my.id/wp-includes/widgets/" "Mozilla/5.0 AppleWebKit/537.36 (KHTML, like Gecko; compatible; GPTBot/1.3; +https://openai.com/gptbot)"
74.7.241.60 - - [17/Jan/2026:23:08:55 +0700] "GET /wp-includes/ms-network.php HTTP/2" 200 0 "https://mail.netfinitynetwork.com/wp-includes/" "Mozilla/5.0 AppleWebKit/537.36 (KHTML, like Gecko; compatible; GPTBot/1.3; +https://openai.com/gptbot)"
74.7.243.196 - - [17/Jan/2026:23:09:07 +0700] "GET /wp-includes/sitemaps/class-wp-sitemaps-renderer.php HTTP/2" 200 0 "https://www.netfinitynetwork.com/wp-includes/sitemaps/" "Mozilla/5.0 AppleWebKit/537.36 (KHTML, like Gecko; compatible; GPTBot/1.3; +https://openai.com/gptbot)"
74.7.243.232 - - [17/Jan/2026:23:09:09 +0700] "GET /wp-includes/theme-compat/embed-content.php HTTP/2" 500 10 "https://netfinitynetwork.com/wp-includes/theme-compat/" "Mozilla/5.0 AppleWebKit/537.36 (KHTML, like Gecko; compatible; GPTBot/1.3; +https://openai.com/gptbot)"
74.7.227.136 - - [17/Jan/2026:23:09:11 +0700] "GET /wp-includes/ms-load.php HTTP/2" 200 0 "https://www.netfinitynetwork.idm01.my.id/wp-includes/" "Mozilla/5.0 AppleWebKit/537.36 (KHTML, like Gecko; compatible; GPTBot/1.3; +https://openai.com/gptbot)"
74.7.241.60 - - [17/Jan/2026:23:09:28 +0700] "GET /wp-includes/theme-compat/ HTTP/2" 200 1277 "https://mail.netfinitynetwork.com/wp-includes/" "Mozilla/5.0 AppleWebKit/537.36 (KHTML, like Gecko; compatible; GPTBot/1.3; +https://openai.com/gptbot)"
74.7.243.201 - - [17/Jan/2026:23:09:45 +0700] "GET /wp-includes/widgets/class-wp-widget-meta.php HTTP/2" 500 0 "https://netfinitynetwork.idm01.my.id/wp-includes/widgets/" "Mozilla/5.0 AppleWebKit/537.36 (KHTML, like Gecko; compatible; GPTBot/1.3; +https://openai.com/gptbot)"
74.7.241.60 - - [17/Jan/2026:23:09:57 +0700] "GET /wp-includes/sitemaps/ HTTP/2" 200 1142 "https://mail.netfinitynetwork.com/wp-includes/" "Mozilla/5.0 AppleWebKit/537.36 (KHTML, like Gecko; compatible; GPTBot/1.3; +https://openai.com/gptbot)"
74.7.227.136 - - [17/Jan/2026:23:09:58 +0700] "GET /wp-includes/php-compat/ HTTP/2" 200 637 "https://www.netfinitynetwork.idm01.my.id/wp-includes/" "Mozilla/5.0 AppleWebKit/537.36 (KHTML, like Gecko; compatible; GPTBot/1.3; +https://openai.com/gptbot)"
74.7.243.196 - - [17/Jan/2026:23:10:06 +0700] "GET /wp-includes/sitemaps/class-wp-sitemaps-stylesheet.php HTTP/2" 200 0 "https://www.netfinitynetwork.com/wp-includes/sitemaps/" "Mozilla/5.0 AppleWebKit/537.36 (KHTML, like Gecko; compatible; GPTBot/1.3; +https://openai.com/gptbot)"
74.7.243.232 - - [17/Jan/2026:23:10:08 +0700] "GET /wp-includes/sitemaps/class-wp-sitemaps.php HTTP/2" 200 0 "https://netfinitynetwork.com/wp-includes/sitemaps/" "Mozilla/5.0 AppleWebKit/537.36 (KHTML, like Gecko; compatible; GPTBot/1.3; +https://openai.com/gptbot)"
74.7.241.60 - - [17/Jan/2026:23:10:23 +0700] "GET /wp-includes/class.wp-scripts.php HTTP/2" 500 0 "https://mail.netfinitynetwork.com/wp-includes/" "Mozilla/5.0 AppleWebKit/537.36 (KHTML, like Gecko; compatible; GPTBot/1.3; +https://openai.com/gptbot)"
74.7.227.136 - - [17/Jan/2026:23:10:40 +0700] "GET /wp-includes/ms-site.php HTTP/2" 200 0 "https://www.netfinitynetwork.idm01.my.id/wp-includes/" "Mozilla/5.0 AppleWebKit/537.36 (KHTML, like Gecko; compatible; GPTBot/1.3; +https://openai.com/gptbot)"
74.7.241.60 - - [17/Jan/2026:23:10:47 +0700] "GET /wp-includes/class-wp-scripts.php HTTP/2" 500 0 "https://mail.netfinitynetwork.com/wp-includes/" "Mozilla/5.0 AppleWebKit/537.36 (KHTML, like Gecko; compatible; GPTBot/1.3; +https://openai.com/gptbot)"
74.7.243.201 - - [17/Jan/2026:23:10:47 +0700] "GET /wp-includes/widgets/class-wp-widget-media-image.php HTTP/2" 500 0 "https://netfinitynetwork.idm01.my.id/wp-includes/widgets/" "Mozilla/5.0 AppleWebKit/537.36 (KHTML, like Gecko; compatible; GPTBot/1.3; +https://openai.com/gptbot)"
74.7.243.196 - - [17/Jan/2026:23:10:56 +0700] "GET /wp-includes/theme-compat/footer-embed.php HTTP/2" 500 0 "https://www.netfinitynetwork.com/wp-includes/theme-compat/" "Mozilla/5.0 AppleWebKit/537.36 (KHTML, like Gecko; compatible; GPTBot/1.3; +https://openai.com/gptbot)"
74.7.243.232 - - [17/Jan/2026:23:11:14 +0700] "GET /wp-includes/sitemaps/class-wp-sitemaps-stylesheet.php HTTP/2" 200 0 "https://netfinitynetwork.com/wp-includes/sitemaps/" "Mozilla/5.0 AppleWebKit/537.36 (KHTML, like Gecko; compatible; GPTBot/1.3; +https://openai.com/gptbot)"
74.7.227.136 - - [17/Jan/2026:23:11:16 +0700] "GET /wp-includes/ms-network.php HTTP/2" 200 0 "https://www.netfinitynetwork.idm01.my.id/wp-includes/" "Mozilla/5.0 AppleWebKit/537.36 (KHTML, like Gecko; compatible; GPTBot/1.3; +https://openai.com/gptbot)"
74.7.243.196 - - [17/Jan/2026:23:11:43 +0700] "GET /wp-includes/theme-compat/header-embed.php HTTP/2" 500 26 "https://www.netfinitynetwork.com/wp-includes/theme-compat/" "Mozilla/5.0 AppleWebKit/537.36 (KHTML, like Gecko; compatible; GPTBot/1.3; +https://openai.com/gptbot)"
74.7.243.201 - - [17/Jan/2026:23:11:48 +0700] "GET /wp-includes/widgets/class-wp-widget-recent-posts.php HTTP/2" 500 0 "https://netfinitynetwork.idm01.my.id/wp-includes/widgets/" "Mozilla/5.0 AppleWebKit/537.36 (KHTML, like Gecko; compatible; GPTBot/1.3; +https://openai.com/gptbot)"
74.7.241.60 - - [17/Jan/2026:23:11:50 +0700] "GET /wp-includes/error_log HTTP/2" 403 1242 "https://mail.netfinitynetwork.com/wp-includes/" "Mozilla/5.0 AppleWebKit/537.36 (KHTML, like Gecko; compatible; GPTBot/1.3; +https://openai.com/gptbot)"
74.7.227.136 - - [17/Jan/2026:23:11:50 +0700] "GET /wp-includes/theme-compat/ HTTP/2" 200 1278 "https://www.netfinitynetwork.idm01.my.id/wp-includes/" "Mozilla/5.0 AppleWebKit/537.36 (KHTML, like Gecko; compatible; GPTBot/1.3; +https://openai.com/gptbot)"
216.73.216.222 - - [17/Jan/2026:23:11:51 +0700] "GET /robots.txt HTTP/2" 200 108 "-" "Mozilla/5.0 AppleWebKit/537.36 (KHTML, like Gecko; compatible; ClaudeBot/1.0; +claudebot@anthropic.com)"
216.73.216.222 - - [17/Jan/2026:23:11:51 +0700] "GET /gg2.php HTTP/2" 200 539 "-" "Mozilla/5.0 AppleWebKit/537.36 (KHTML, like Gecko; compatible; ClaudeBot/1.0; +claudebot@anthropic.com)"
216.73.216.222 - - [17/Jan/2026:23:11:51 +0700] "GET /wp-settings.php HTTP/2" 500 0 "-" "Mozilla/5.0 AppleWebKit/537.36 (KHTML, like Gecko; compatible; ClaudeBot/1.0; +claudebot@anthropic.com)"
216.73.216.222 - - [17/Jan/2026:23:11:52 +0700] "GET /cgi-bin HTTP/2" 301 795 "-" "Mozilla/5.0 AppleWebKit/537.36 (KHTML, like Gecko; compatible; ClaudeBot/1.0; +claudebot@anthropic.com)"
216.73.216.222 - - [17/Jan/2026:23:11:52 +0700] "GET /cgi-bin/ HTTP/2" 403 1242 "https://netfinitynetwork.com/cgi-bin" "Mozilla/5.0 AppleWebKit/537.36 (KHTML, like Gecko; compatible; ClaudeBot/1.0; +claudebot@anthropic.com)"
216.73.216.222 - - [17/Jan/2026:23:11:52 +0700] "GET /readme.html HTTP/2" 200 2667 "-" "Mozilla/5.0 AppleWebKit/537.36 (KHTML, like Gecko; compatible; ClaudeBot/1.0; +claudebot@anthropic.com)"
74.7.243.232 - - [17/Jan/2026:23:12:09 +0700] "GET /wp-includes/sitemaps/class-wp-sitemaps-renderer.php HTTP/2" 200 0 "https://netfinitynetwork.com/wp-includes/sitemaps/" "Mozilla/5.0 AppleWebKit/537.36 (KHTML, like Gecko; compatible; GPTBot/1.3; +https://openai.com/gptbot)"
74.7.227.136 - - [17/Jan/2026:23:12:21 +0700] "GET /wp-includes/sitemaps/ HTTP/2" 200 1148 "https://www.netfinitynetwork.idm01.my.id/wp-includes/" "Mozilla/5.0 AppleWebKit/537.36 (KHTML, like Gecko; compatible; GPTBot/1.3; +https://openai.com/gptbot)"
74.7.227.136 - - [17/Jan/2026:23:12:47 +0700] "GET /wp-includes/class.wp-scripts.php HTTP/2" 500 0 "https://www.netfinitynetwork.idm01.my.id/wp-includes/" "Mozilla/5.0 AppleWebKit/537.36 (KHTML, like Gecko; compatible; GPTBot/1.3; +https://openai.com/gptbot)"
74.7.243.196 - - [17/Jan/2026:23:12:47 +0700] "GET /wp-includes/sitemaps/class-wp-sitemaps-registry.php HTTP/2" 200 0 "https://www.netfinitynetwork.com/wp-includes/sitemaps/" "Mozilla/5.0 AppleWebKit/537.36 (KHTML, like Gecko; compatible; GPTBot/1.3; +https://openai.com/gptbot)"
74.7.243.201 - - [17/Jan/2026:23:12:51 +0700] "GET /wp-includes/sitemaps/class-wp-sitemaps-provider.php HTTP/2" 200 0 "https://netfinitynetwork.idm01.my.id/wp-includes/sitemaps/" "Mozilla/5.0 AppleWebKit/537.36 (KHTML, like Gecko; compatible; GPTBot/1.3; +https://openai.com/gptbot)"
74.7.241.60 - - [17/Jan/2026:23:12:53 +0700] "GET /wp-includes/class-smtp.php HTTP/2" 500 0 "https://mail.netfinitynetwork.com/wp-includes/" "Mozilla/5.0 AppleWebKit/537.36 (KHTML, like Gecko; compatible; GPTBot/1.3; +https://openai.com/gptbot)"
74.7.243.232 - - [17/Jan/2026:23:12:59 +0700] "GET /wp-includes/theme-compat/header-embed.php HTTP/2" 500 26 "https://netfinitynetwork.com/wp-includes/theme-compat/" "Mozilla/5.0 AppleWebKit/537.36 (KHTML, like Gecko; compatible; GPTBot/1.3; +https://openai.com/gptbot)"
74.7.227.136 - - [17/Jan/2026:23:13:10 +0700] "GET /wp-includes/class-wp-scripts.php HTTP/2" 500 0 "https://www.netfinitynetwork.idm01.my.id/wp-includes/" "Mozilla/5.0 AppleWebKit/537.36 (KHTML, like Gecko; compatible; GPTBot/1.3; +https://openai.com/gptbot)"
216.73.216.222 - - [17/Jan/2026:23:13:32 +0700] "GET /robots.txt HTTP/2" 200 108 "-" "Mozilla/5.0 AppleWebKit/537.36 (KHTML, like Gecko; compatible; ClaudeBot/1.0; +claudebot@anthropic.com)"
103.247.11.196 - - [17/Jan/2026:23:13:32 +0700] "POST /wp-cron.php?doing_wp_cron=1768666412.5543329715728759765625 HTTP/1.1" 200 0 "-" "WordPress/6.9; https://netfinitynetwork.com"
216.73.216.222 - - [17/Jan/2026:23:13:32 +0700] "GET /wp-blog-header.php HTTP/2" 404 0 "-" "Mozilla/5.0 AppleWebKit/537.36 (KHTML, like Gecko; compatible; ClaudeBot/1.0; +claudebot@anthropic.com)"
216.73.216.222 - - [17/Jan/2026:23:13:32 +0700] "GET /wp-mail.php HTTP/2" 403 912 "-" "Mozilla/5.0 AppleWebKit/537.36 (KHTML, like Gecko; compatible; ClaudeBot/1.0; +claudebot@anthropic.com)"
216.73.216.222 - - [17/Jan/2026:23:13:33 +0700] "GET /wp-content HTTP/2" 301 795 "-" "Mozilla/5.0 AppleWebKit/537.36 (KHTML, like Gecko; compatible; ClaudeBot/1.0; +claudebot@anthropic.com)"
216.73.216.222 - - [17/Jan/2026:23:13:34 +0700] "GET /wp-content/ HTTP/2" 200 0 "https://netfinitynetwork.com/wp-content" "Mozilla/5.0 AppleWebKit/537.36 (KHTML, like Gecko; compatible; ClaudeBot/1.0; +claudebot@anthropic.com)"
216.73.216.222 - - [17/Jan/2026:23:13:38 +0700] "GET /wp-config.php HTTP/2" 403 1543 "-" "Mozilla/5.0 AppleWebKit/537.36 (KHTML, like Gecko; compatible; ClaudeBot/1.0; +claudebot@anthropic.com)"
216.73.216.222 - - [17/Jan/2026:23:13:38 +0700] "GET /wp-activate.php HTTP/2" 302 0 "-" "Mozilla/5.0 AppleWebKit/537.36 (KHTML, like Gecko; compatible; ClaudeBot/1.0; +claudebot@anthropic.com)"
216.73.216.222 - - [17/Jan/2026:23:13:39 +0700] "GET /wp-includes HTTP/2" 301 795 "-" "Mozilla/5.0 AppleWebKit/537.36 (KHTML, like Gecko; compatible; ClaudeBot/1.0; +claudebot@anthropic.com)"
216.73.216.222 - - [17/Jan/2026:23:13:39 +0700] "GET /wp-includes/ HTTP/2" 200 8355 "https://netfinitynetwork.com/wp-includes" "Mozilla/5.0 AppleWebKit/537.36 (KHTML, like Gecko; compatible; ClaudeBot/1.0; +claudebot@anthropic.com)"
216.73.216.222 - - [17/Jan/2026:23:13:39 +0700] "GET /wp-login.php?action=register HTTP/2" 302 0 "https://netfinitynetwork.com/wp-activate.php" "Mozilla/5.0 AppleWebKit/537.36 (KHTML, like Gecko; compatible; ClaudeBot/1.0; +claudebot@anthropic.com)"
216.73.216.222 - - [17/Jan/2026:23:13:40 +0700] "GET /wp-comments-post.php HTTP/2" 405 0 "-" "Mozilla/5.0 AppleWebKit/537.36 (KHTML, like Gecko; compatible; ClaudeBot/1.0; +claudebot@anthropic.com)"
216.73.216.222 - - [17/Jan/2026:23:13:40 +0700] "GET /wp-login.php?registration=disabled HTTP/2" 200 1797 "https://netfinitynetwork.com/wp-login.php?action=register" "Mozilla/5.0 AppleWebKit/537.36 (KHTML, like Gecko; compatible; ClaudeBot/1.0; +claudebot@anthropic.com)"
74.7.243.232 - - [17/Jan/2026:23:13:46 +0700] "GET /wp-includes/widgets/class-wp-widget-rss.php HTTP/2" 500 0 "https://netfinitynetwork.com/wp-includes/widgets/" "Mozilla/5.0 AppleWebKit/537.36 (KHTML, like Gecko; compatible; GPTBot/1.3; +https://openai.com/gptbot)"
74.7.243.196 - - [17/Jan/2026:23:13:52 +0700] "GET /wp-includes/widgets/class-wp-widget-search.php HTTP/2" 500 0 "https://www.netfinitynetwork.com/wp-includes/widgets/" "Mozilla/5.0 AppleWebKit/537.36 (KHTML, like Gecko; compatible; GPTBot/1.3; +https://openai.com/gptbot)"
74.7.243.201 - - [17/Jan/2026:23:13:54 +0700] "GET /wp-includes/widgets/?SA HTTP/2" 200 1589 "https://netfinitynetwork.idm01.my.id/wp-includes/widgets/" "Mozilla/5.0 AppleWebKit/537.36 (KHTML, like Gecko; compatible; GPTBot/1.3; +https://openai.com/gptbot)"
74.7.241.60 - - [17/Jan/2026:23:13:56 +0700] "GET /wp-includes/ms-settings.php HTTP/2" 200 6 "https://mail.netfinitynetwork.com/wp-includes/" "Mozilla/5.0 AppleWebKit/537.36 (KHTML, like Gecko; compatible; GPTBot/1.3; +https://openai.com/gptbot)"
74.7.227.136 - - [17/Jan/2026:23:14:11 +0700] "GET /wp-includes/error_log HTTP/2" 403 1242 "https://www.netfinitynetwork.idm01.my.id/wp-includes/" "Mozilla/5.0 AppleWebKit/537.36 (KHTML, like Gecko; compatible; GPTBot/1.3; +https://openai.com/gptbot)"
129.150.36.137 - - [17/Jan/2026:23:14:32 +0700] "GET /wp-login.php HTTP/2" 200 1947 "http://netfinitynetwork.com/wp-login.php" "Mozilla/5.0 (iPhone; CPU iPhone OS 17_4_1 like Mac OS X) AppleWebKit/605.1.15 Mobile/15E148"
129.150.36.137 - - [17/Jan/2026:23:14:33 +0700] "GET /wp-admin/ HTTP/2" 302 0 "http://netfinitynetwork.com/wp-admin/" "Mozilla/5.0 (Windows NT 10.0; Win64; x64) AppleWebKit/537.36 Chrome/116.0 Safari/537.36"
129.150.36.137 - - [17/Jan/2026:23:14:34 +0700] "GET /wp-login.php?redirect_to=https%3A%2F%2Fnetfinitynetwork.com%2Fwp-admin%2F&reauth=1 HTTP/2" 200 1947 "https://netfinitynetwork.com/wp-admin/" "Mozilla/5.0 (Windows NT 10.0; Win64; x64) AppleWebKit/537.36 Chrome/116.0 Safari/537.36"
74.7.243.196 - - [17/Jan/2026:23:14:47 +0700] "GET /wp-includes/widgets/class-wp-widget-links.php HTTP/2" 500 0 "https://www.netfinitynetwork.com/wp-includes/widgets/" "Mozilla/5.0 AppleWebKit/537.36 (KHTML, like Gecko; compatible; GPTBot/1.3; +https://openai.com/gptbot)"
74.7.243.232 - - [17/Jan/2026:23:14:49 +0700] "GET /wp-includes/widgets/class-wp-widget-search.php HTTP/2" 500 0 "https://netfinitynetwork.com/wp-includes/widgets/" "Mozilla/5.0 AppleWebKit/537.36 (KHTML, like Gecko; compatible; GPTBot/1.3; +https://openai.com/gptbot)"
74.7.243.201 - - [17/Jan/2026:23:14:53 +0700] "GET /wp-includes/widgets/?MA HTTP/2" 200 1577 "https://netfinitynetwork.idm01.my.id/wp-includes/widgets/" "Mozilla/5.0 AppleWebKit/537.36 (KHTML, like Gecko; compatible; GPTBot/1.3; +https://openai.com/gptbot)"
74.7.241.60 - - [17/Jan/2026:23:14:58 +0700] "GET /wp-includes/widgets/ HTTP/2" 200 1565 "https://mail.netfinitynetwork.com/wp-includes/" "Mozilla/5.0 AppleWebKit/537.36 (KHTML, like Gecko; compatible; GPTBot/1.3; +https://openai.com/gptbot)"
216.73.216.222 - - [17/Jan/2026:23:15:04 +0700] "GET /wp-cron.php HTTP/2" 200 0 "-" "Mozilla/5.0 AppleWebKit/537.36 (KHTML, like Gecko; compatible; ClaudeBot/1.0; +claudebot@anthropic.com)"
216.73.216.222 - - [17/Jan/2026:23:15:04 +0700] "GET /wp-signup.php HTTP/2" 302 0 "-" "Mozilla/5.0 AppleWebKit/537.36 (KHTML, like Gecko; compatible; ClaudeBot/1.0; +claudebot@anthropic.com)"
216.73.216.222 - - [17/Jan/2026:23:15:04 +0700] "GET /wp-load.php HTTP/2" 200 0 "-" "Mozilla/5.0 AppleWebKit/537.36 (KHTML, like Gecko; compatible; ClaudeBot/1.0; +claudebot@anthropic.com)"
216.73.216.222 - - [17/Jan/2026:23:15:04 +0700] "GET /wp-login.php?action=register HTTP/2" 302 0 "https://netfinitynetwork.com/wp-signup.php" "Mozilla/5.0 AppleWebKit/537.36 (KHTML, like Gecko; compatible; ClaudeBot/1.0; +claudebot@anthropic.com)"
216.73.216.222 - - [17/Jan/2026:23:15:05 +0700] "GET /error_log HTTP/2" 403 1242 "-" "Mozilla/5.0 AppleWebKit/537.36 (KHTML, like Gecko; compatible; ClaudeBot/1.0; +claudebot@anthropic.com)"
216.73.216.222 - - [17/Jan/2026:23:15:05 +0700] "GET /wp-login.php?registration=disabled HTTP/2" 200 1797 "https://netfinitynetwork.com/wp-login.php?action=register" "Mozilla/5.0 AppleWebKit/537.36 (KHTML, like Gecko; compatible; ClaudeBot/1.0; +claudebot@anthropic.com)"
74.7.227.136 - - [17/Jan/2026:23:15:14 +0700] "GET /wp-includes/class-smtp.php HTTP/2" 500 0 "https://www.netfinitynetwork.idm01.my.id/wp-includes/" "Mozilla/5.0 AppleWebKit/537.36 (KHTML, like Gecko; compatible; GPTBot/1.3; +https://openai.com/gptbot)"
216.73.216.222 - - [17/Jan/2026:23:15:15 +0700] "GET /commentsos HTTP/2" 301 795 "-" "Mozilla/5.0 AppleWebKit/537.36 (KHTML, like Gecko; compatible; ClaudeBot/1.0; +claudebot@anthropic.com)"
216.73.216.222 - - [17/Jan/2026:23:15:15 +0700] "GET /wp-config-sample.php HTTP/2" 500 905 "-" "Mozilla/5.0 AppleWebKit/537.36 (KHTML, like Gecko; compatible; ClaudeBot/1.0; +claudebot@anthropic.com)"
216.73.216.222 - - [17/Jan/2026:23:15:15 +0700] "GET /commentsos/ HTTP/2" 200 616 "https://netfinitynetwork.com/commentsos" "Mozilla/5.0 AppleWebKit/537.36 (KHTML, like Gecko; compatible; ClaudeBot/1.0; +claudebot@anthropic.com)"
216.73.216.222 - - [17/Jan/2026:23:15:15 +0700] "GET /wp-login.php HTTP/2" 200 1722 "-" "Mozilla/5.0 AppleWebKit/537.36 (KHTML, like Gecko; compatible; ClaudeBot/1.0; +claudebot@anthropic.com)"
216.73.216.222 - - [17/Jan/2026:23:15:16 +0700] "GET /wp-admin HTTP/2" 301 795 "-" "Mozilla/5.0 AppleWebKit/537.36 (KHTML, like Gecko; compatible; ClaudeBot/1.0; +claudebot@anthropic.com)"
216.73.216.222 - - [17/Jan/2026:23:15:16 +0700] "GET /wp-admin/ HTTP/2" 302 0 "https://netfinitynetwork.com/wp-admin" "Mozilla/5.0 AppleWebKit/537.36 (KHTML, like Gecko; compatible; ClaudeBot/1.0; +claudebot@anthropic.com)"
216.73.216.222 - - [17/Jan/2026:23:15:17 +0700] "GET /wp-login.php?redirect_to=https%3A%2F%2Fnetfinitynetwork.com%2Fwp-admin%2F&reauth=1 HTTP/2" 200 1722 "https://netfinitynetwork.com/wp-admin/" "Mozilla/5.0 AppleWebKit/537.36 (KHTML, like Gecko; compatible; ClaudeBot/1.0; +claudebot@anthropic.com)"
74.7.243.201 - - [17/Jan/2026:23:15:41 +0700] "GET /wp-includes/widgets/?ND HTTP/2" 200 1571 "https://netfinitynetwork.idm01.my.id/wp-includes/widgets/" "Mozilla/5.0 AppleWebKit/537.36 (KHTML, like Gecko; compatible; GPTBot/1.3; +https://openai.com/gptbot)"
74.7.243.232 - - [17/Jan/2026:23:15:49 +0700] "GET /wp-includes/widgets/class-wp-widget-links.php HTTP/2" 500 0 "https://netfinitynetwork.com/wp-includes/widgets/" "Mozilla/5.0 AppleWebKit/537.36 (KHTML, like Gecko; compatible; GPTBot/1.3; +https://openai.com/gptbot)"
74.7.243.196 - - [17/Jan/2026:23:15:51 +0700] "GET /wp-includes/widgets/class-wp-widget-pages.php HTTP/2" 500 0 "https://www.netfinitynetwork.com/wp-includes/widgets/" "Mozilla/5.0 AppleWebKit/537.36 (KHTML, like Gecko; compatible; GPTBot/1.3; +https://openai.com/gptbot)"
74.7.241.60 - - [17/Jan/2026:23:15:54 +0700] "GET /wp-includes/rest-api/class-wp-rest-response.php HTTP/2" 500 0 "https://mail.netfinitynetwork.com/wp-includes/rest-api/" "Mozilla/5.0 AppleWebKit/537.36 (KHTML, like Gecko; compatible; GPTBot/1.3; +https://openai.com/gptbot)"
216.73.216.222 - - [17/Jan/2026:23:15:55 +0700] "GET /_autoindex/assets/css/autoindex.css HTTP/2" 200 1170 "-" "Mozilla/5.0 AppleWebKit/537.36 (KHTML, like Gecko; compatible; ClaudeBot/1.0; +claudebot@anthropic.com)"
216.73.216.222 - - [17/Jan/2026:23:15:55 +0700] "GET /wp-links-opml.php HTTP/2" 200 151 "-" "Mozilla/5.0 AppleWebKit/537.36 (KHTML, like Gecko; compatible; ClaudeBot/1.0; +claudebot@anthropic.com)"
216.73.216.222 - - [17/Jan/2026:23:15:56 +0700] "GET /license.txt HTTP/2" 200 6865 "-" "Mozilla/5.0 AppleWebKit/537.36 (KHTML, like Gecko; compatible; ClaudeBot/1.0; +claudebot@anthropic.com)"
216.73.216.222 - - [17/Jan/2026:23:15:56 +0700] "GET /wp-trackback.php HTTP/2" 404 91 "-" "Mozilla/5.0 AppleWebKit/537.36 (KHTML, like Gecko; compatible; ClaudeBot/1.0; +claudebot@anthropic.com)"
74.7.227.136 - - [17/Jan/2026:23:16:18 +0700] "GET /wp-includes/ms-settings.php HTTP/2" 200 6 "https://www.netfinitynetwork.idm01.my.id/wp-includes/" "Mozilla/5.0 AppleWebKit/537.36 (KHTML, like Gecko; compatible; GPTBot/1.3; +https://openai.com/gptbot)"
74.7.243.201 - - [17/Jan/2026:23:16:29 +0700] "GET /wp-includes/widgets/class-wp-widget-media-audio.php HTTP/2" 500 0 "https://netfinitynetwork.idm01.my.id/wp-includes/widgets/" "Mozilla/5.0 AppleWebKit/537.36 (KHTML, like Gecko; compatible; GPTBot/1.3; +https://openai.com/gptbot)"
216.73.216.222 - - [17/Jan/2026:23:16:32 +0700] "GET /gfherhfghre HTTP/2" 301 795 "-" "Mozilla/5.0 AppleWebKit/537.36 (KHTML, like Gecko; compatible; ClaudeBot/1.0; +claudebot@anthropic.com)"
216.73.216.222 - - [17/Jan/2026:23:16:32 +0700] "GET /gfherhfghre/ HTTP/2" 200 618 "https://netfinitynetwork.com/gfherhfghre" "Mozilla/5.0 AppleWebKit/537.36 (KHTML, like Gecko; compatible; ClaudeBot/1.0; +claudebot@anthropic.com)"
216.73.216.222 - - [17/Jan/2026:23:16:32 +0700] "GET /robots.txt HTTP/2" 200 26 "-" "Mozilla/5.0 AppleWebKit/537.36 (KHTML, like Gecko; compatible; ClaudeBot/1.0; +claudebot@anthropic.com)"
74.7.241.60 - - [17/Jan/2026:23:16:45 +0700] "GET /wp-includes/php-compat/readonly.php HTTP/2" 200 0 "https://mail.netfinitynetwork.com/wp-includes/php-compat/" "Mozilla/5.0 AppleWebKit/537.36 (KHTML, like Gecko; compatible; GPTBot/1.3; +https://openai.com/gptbot)"
74.7.243.232 - - [17/Jan/2026:23:16:55 +0700] "GET /wp-includes/widgets/class-wp-widget-pages.php HTTP/2" 500 0 "https://netfinitynetwork.com/wp-includes/widgets/" "Mozilla/5.0 AppleWebKit/537.36 (KHTML, like Gecko; compatible; GPTBot/1.3; +https://openai.com/gptbot)"
74.7.243.196 - - [17/Jan/2026:23:16:56 +0700] "GET /wp-includes/widgets/class-wp-widget-media.php HTTP/2" 500 0 "https://www.netfinitynetwork.com/wp-includes/widgets/" "Mozilla/5.0 AppleWebKit/537.36 (KHTML, like Gecko; compatible; GPTBot/1.3; +https://openai.com/gptbot)"
74.7.243.201 - - [17/Jan/2026:23:17:09 +0700] "GET /wp-includes/widgets/class-wp-widget-calendar.php HTTP/2" 500 0 "https://netfinitynetwork.idm01.my.id/wp-includes/widgets/" "Mozilla/5.0 AppleWebKit/537.36 (KHTML, like Gecko; compatible; GPTBot/1.3; +https://openai.com/gptbot)"
74.7.227.136 - - [17/Jan/2026:23:17:19 +0700] "GET /wp-includes/widgets/ HTTP/2" 200 1573 "https://www.netfinitynetwork.idm01.my.id/wp-includes/" "Mozilla/5.0 AppleWebKit/537.36 (KHTML, like Gecko; compatible; GPTBot/1.3; +https://openai.com/gptbot)"
74.7.241.60 - - [17/Jan/2026:23:17:48 +0700] "GET /wp-includes/atomlib.php HTTP/2" 200 0 "https://mail.netfinitynetwork.com/wp-includes/" "Mozilla/5.0 AppleWebKit/537.36 (KHTML, like Gecko; compatible; GPTBot/1.3; +https://openai.com/gptbot)"
74.7.243.196 - - [17/Jan/2026:23:17:58 +0700] "GET /wp-includes/widgets/class-wp-widget-block.php HTTP/2" 500 0 "https://www.netfinitynetwork.com/wp-includes/widgets/" "Mozilla/5.0 AppleWebKit/537.36 (KHTML, like Gecko; compatible; GPTBot/1.3; +https://openai.com/gptbot)"
74.7.243.232 - - [17/Jan/2026:23:18:00 +0700] "GET /wp-includes/widgets/class-wp-widget-media.php HTTP/2" 500 0 "https://netfinitynetwork.com/wp-includes/widgets/" "Mozilla/5.0 AppleWebKit/537.36 (KHTML, like Gecko; compatible; GPTBot/1.3; +https://openai.com/gptbot)"
74.7.243.201 - - [17/Jan/2026:23:18:14 +0700] "GET /wp-includes/widgets/class-wp-widget-archives.php HTTP/2" 500 0 "https://netfinitynetwork.idm01.my.id/wp-includes/widgets/" "Mozilla/5.0 AppleWebKit/537.36 (KHTML, like Gecko; compatible; GPTBot/1.3; +https://openai.com/gptbot)"
74.7.227.136 - - [17/Jan/2026:23:18:14 +0700] "GET /wp-includes/php-compat/readonly.php HTTP/2" 200 0 "https://www.netfinitynetwork.idm01.my.id/wp-includes/php-compat/" "Mozilla/5.0 AppleWebKit/537.36 (KHTML, like Gecko; compatible; GPTBot/1.3; +https://openai.com/gptbot)"
74.7.241.60 - - [17/Jan/2026:23:18:44 +0700] "GET /wp-includes/theme-compat/embed-content.php HTTP/2" 500 10 "https://mail.netfinitynetwork.com/wp-includes/theme-compat/" "Mozilla/5.0 AppleWebKit/537.36 (KHTML, like Gecko; compatible; GPTBot/1.3; +https://openai.com/gptbot)"
74.7.243.196 - - [17/Jan/2026:23:19:01 +0700] "GET /wp-includes/widgets/class-wp-widget-meta.php HTTP/2" 500 0 "https://www.netfinitynetwork.com/wp-includes/widgets/" "Mozilla/5.0 AppleWebKit/537.36 (KHTML, like Gecko; compatible; GPTBot/1.3; +https://openai.com/gptbot)"
74.7.243.232 - - [17/Jan/2026:23:19:04 +0700] "GET /wp-includes/widgets/class-wp-widget-block.php HTTP/2" 500 0 "https://netfinitynetwork.com/wp-includes/widgets/" "Mozilla/5.0 AppleWebKit/537.36 (KHTML, like Gecko; compatible; GPTBot/1.3; +https://openai.com/gptbot)"
74.7.227.136 - - [17/Jan/2026:23:19:05 +0700] "GET /wp-includes/rest-api/class-wp-rest-response.php HTTP/2" 500 0 "https://www.netfinitynetwork.idm01.my.id/wp-includes/rest-api/" "Mozilla/5.0 AppleWebKit/537.36 (KHTML, like Gecko; compatible; GPTBot/1.3; +https://openai.com/gptbot)"
74.7.243.201 - - [17/Jan/2026:23:19:19 +0700] "GET /wp-includes/widgets/class-wp-widget-categories.php HTTP/2" 500 0 "https://netfinitynetwork.idm01.my.id/wp-includes/widgets/" "Mozilla/5.0 AppleWebKit/537.36 (KHTML, like Gecko; compatible; GPTBot/1.3; +https://openai.com/gptbot)"
74.7.241.60 - - [17/Jan/2026:23:19:33 +0700] "GET /wp-includes/sitemaps/class-wp-sitemaps.php HTTP/2" 200 0 "https://mail.netfinitynetwork.com/wp-includes/sitemaps/" "Mozilla/5.0 AppleWebKit/537.36 (KHTML, like Gecko; compatible; GPTBot/1.3; +https://openai.com/gptbot)"
74.7.227.136 - - [17/Jan/2026:23:19:52 +0700] "GET /wp-includes/atomlib.php HTTP/2" 200 0 "https://www.netfinitynetwork.idm01.my.id/wp-includes/" "Mozilla/5.0 AppleWebKit/537.36 (KHTML, like Gecko; compatible; GPTBot/1.3; +https://openai.com/gptbot)"
74.7.243.196 - - [17/Jan/2026:23:20:01 +0700] "GET /wp-includes/widgets/class-wp-widget-text.php HTTP/2" 500 0 "https://www.netfinitynetwork.com/wp-includes/widgets/" "Mozilla/5.0 AppleWebKit/537.36 (KHTML, like Gecko; compatible; GPTBot/1.3; +https://openai.com/gptbot)"
216.73.216.222 - - [17/Jan/2026:23:20:02 +0700] "GET /_autoindex/assets/js/tablesort.js HTTP/2" 200 2137 "-" "Mozilla/5.0 AppleWebKit/537.36 (KHTML, like Gecko; compatible; ClaudeBot/1.0; +claudebot@anthropic.com)"
74.7.243.232 - - [17/Jan/2026:23:20:05 +0700] "GET /wp-includes/widgets/class-wp-widget-meta.php HTTP/2" 500 0 "https://netfinitynetwork.com/wp-includes/widgets/" "Mozilla/5.0 AppleWebKit/537.36 (KHTML, like Gecko; compatible; GPTBot/1.3; +https://openai.com/gptbot)"
216.73.216.222 - - [17/Jan/2026:23:20:17 +0700] "GET /_autoindex/assets/icons/file.svg HTTP/2" 200 354 "-" "Mozilla/5.0 AppleWebKit/537.36 (KHTML, like Gecko; compatible; ClaudeBot/1.0; +claudebot@anthropic.com)"
216.73.216.222 - - [17/Jan/2026:23:20:17 +0700] "GET /_autoindex/assets/js/tablesort.number.js HTTP/2" 200 322 "-" "Mozilla/5.0 AppleWebKit/537.36 (KHTML, like Gecko; compatible; ClaudeBot/1.0; +claudebot@anthropic.com)"
74.7.243.201 - - [17/Jan/2026:23:20:20 +0700] "GET /wp-includes/widgets/class-wp-widget-custom-html.php HTTP/2" 500 0 "https://netfinitynetwork.idm01.my.id/wp-includes/widgets/" "Mozilla/5.0 AppleWebKit/537.36 (KHTML, like Gecko; compatible; GPTBot/1.3; +https://openai.com/gptbot)"
74.7.241.60 - - [17/Jan/2026:23:20:38 +0700] "GET /wp-includes/sitemaps/class-wp-sitemaps-renderer.php HTTP/2" 200 0 "https://mail.netfinitynetwork.com/wp-includes/sitemaps/" "Mozilla/5.0 AppleWebKit/537.36 (KHTML, like Gecko; compatible; GPTBot/1.3; +https://openai.com/gptbot)"
216.73.216.222 - - [17/Jan/2026:23:20:44 +0700] "GET /xmlrpc.php HTTP/2" 403 1242 "-" "Mozilla/5.0 AppleWebKit/537.36 (KHTML, like Gecko; compatible; ClaudeBot/1.0; +claudebot@anthropic.com)"
74.7.227.136 - - [17/Jan/2026:23:20:54 +0700] "GET /wp-includes/theme-compat/embed-content.php HTTP/2" 500 10 "https://www.netfinitynetwork.idm01.my.id/wp-includes/theme-compat/" "Mozilla/5.0 AppleWebKit/537.36 (KHTML, like Gecko; compatible; GPTBot/1.3; +https://openai.com/gptbot)"
74.7.243.196 - - [17/Jan/2026:23:21:06 +0700] "GET /wp-includes/widgets/class-wp-widget-rss.php HTTP/2" 500 0 "https://www.netfinitynetwork.com/wp-includes/widgets/" "Mozilla/5.0 AppleWebKit/537.36 (KHTML, like Gecko; compatible; GPTBot/1.3; +https://openai.com/gptbot)"
74.7.243.232 - - [17/Jan/2026:23:21:10 +0700] "GET /wp-includes/widgets/class-wp-widget-text.php HTTP/2" 500 0 "https://netfinitynetwork.com/wp-includes/widgets/" "Mozilla/5.0 AppleWebKit/537.36 (KHTML, like Gecko; compatible; GPTBot/1.3; +https://openai.com/gptbot)"
74.7.243.201 - - [17/Jan/2026:23:21:22 +0700] "GET /wp-includes/widgets/class-wp-nav-menu-widget.php HTTP/2" 500 0 "https://netfinitynetwork.idm01.my.id/wp-includes/widgets/" "Mozilla/5.0 AppleWebKit/537.36 (KHTML, like Gecko; compatible; GPTBot/1.3; +https://openai.com/gptbot)"
216.73.216.222 - - [17/Jan/2026:23:21:24 +0700] "GET /_autoindex/assets/icons/file-text.svg HTTP/2" 200 394 "-" "Mozilla/5.0 AppleWebKit/537.36 (KHTML, like Gecko; compatible; ClaudeBot/1.0; +claudebot@anthropic.com)"
216.73.216.222 - - [17/Jan/2026:23:21:24 +0700] "GET /_autoindex/assets/icons/folder-fill.svg HTTP/2" 200 333 "-" "Mozilla/5.0 AppleWebKit/537.36 (KHTML, like Gecko; compatible; ClaudeBot/1.0; +claudebot@anthropic.com)"
74.7.241.60 - - [17/Jan/2026:23:21:34 +0700] "GET /wp-includes/sitemaps/class-wp-sitemaps-stylesheet.php HTTP/2" 200 0 "https://mail.netfinitynetwork.com/wp-includes/sitemaps/" "Mozilla/5.0 AppleWebKit/537.36 (KHTML, like Gecko; compatible; GPTBot/1.3; +https://openai.com/gptbot)"
74.7.227.136 - - [17/Jan/2026:23:21:50 +0700] "GET /wp-includes/sitemaps/class-wp-sitemaps.php HTTP/2" 200 0 "https://www.netfinitynetwork.idm01.my.id/wp-includes/sitemaps/" "Mozilla/5.0 AppleWebKit/537.36 (KHTML, like Gecko; compatible; GPTBot/1.3; +https://openai.com/gptbot)"
74.7.243.196 - - [17/Jan/2026:23:22:09 +0700] "GET /wp-includes/widgets/class-wp-widget-media-image.php HTTP/2" 500 0 "https://www.netfinitynetwork.com/wp-includes/widgets/" "Mozilla/5.0 AppleWebKit/537.36 (KHTML, like Gecko; compatible; GPTBot/1.3; +https://openai.com/gptbot)"
74.7.243.232 - - [17/Jan/2026:23:22:16 +0700] "GET /wp-includes/widgets/class-wp-widget-recent-posts.php HTTP/2" 500 0 "https://netfinitynetwork.com/wp-includes/widgets/" "Mozilla/5.0 AppleWebKit/537.36 (KHTML, like Gecko; compatible; GPTBot/1.3; +https://openai.com/gptbot)"
74.7.241.60 - - [17/Jan/2026:23:22:23 +0700] "GET /wp-includes/theme-compat/header-embed.php HTTP/2" 500 26 "https://mail.netfinitynetwork.com/wp-includes/theme-compat/" "Mozilla/5.0 AppleWebKit/537.36 (KHTML, like Gecko; compatible; GPTBot/1.3; +https://openai.com/gptbot)"
74.7.243.201 - - [17/Jan/2026:23:22:27 +0700] "GET /wp-includes/theme-compat/embed-404.php HTTP/2" 500 43 "https://netfinitynetwork.idm01.my.id/wp-includes/theme-compat/" "Mozilla/5.0 AppleWebKit/537.36 (KHTML, like Gecko; compatible; GPTBot/1.3; +https://openai.com/gptbot)"
74.7.227.136 - - [17/Jan/2026:23:22:52 +0700] "GET /wp-includes/sitemaps/class-wp-sitemaps-renderer.php HTTP/2" 200 0 "https://www.netfinitynetwork.idm01.my.id/wp-includes/sitemaps/" "Mozilla/5.0 AppleWebKit/537.36 (KHTML, like Gecko; compatible; GPTBot/1.3; +https://openai.com/gptbot)"
74.7.241.60 - - [17/Jan/2026:23:23:07 +0700] "GET /wp-includes/theme-compat/footer-embed.php HTTP/2" 500 0 "https://mail.netfinitynetwork.com/wp-includes/theme-compat/" "Mozilla/5.0 AppleWebKit/537.36 (KHTML, like Gecko; compatible; GPTBot/1.3; +https://openai.com/gptbot)"
74.7.243.196 - - [17/Jan/2026:23:23:11 +0700] "GET /wp-includes/widgets/class-wp-widget-recent-posts.php HTTP/2" 500 0 "https://www.netfinitynetwork.com/wp-includes/widgets/" "Mozilla/5.0 AppleWebKit/537.36 (KHTML, like Gecko; compatible; GPTBot/1.3; +https://openai.com/gptbot)"
74.7.243.232 - - [17/Jan/2026:23:23:16 +0700] "GET /wp-includes/widgets/class-wp-widget-media-image.php HTTP/2" 500 0 "https://netfinitynetwork.com/wp-includes/widgets/" "Mozilla/5.0 AppleWebKit/537.36 (KHTML, like Gecko; compatible; GPTBot/1.3; +https://openai.com/gptbot)"
74.7.243.201 - - [17/Jan/2026:23:23:32 +0700] "GET /wp-includes/theme-compat/embed.php HTTP/2" 500 0 "https://netfinitynetwork.idm01.my.id/wp-includes/theme-compat/" "Mozilla/5.0 AppleWebKit/537.36 (KHTML, like Gecko; compatible; GPTBot/1.3; +https://openai.com/gptbot)"
74.7.227.136 - - [17/Jan/2026:23:23:48 +0700] "GET /wp-includes/sitemaps/class-wp-sitemaps-stylesheet.php HTTP/2" 200 0 "https://www.netfinitynetwork.idm01.my.id/wp-includes/sitemaps/" "Mozilla/5.0 AppleWebKit/537.36 (KHTML, like Gecko; compatible; GPTBot/1.3; +https://openai.com/gptbot)"
74.7.241.60 - - [17/Jan/2026:23:24:11 +0700] "GET /wp-includes/sitemaps/class-wp-sitemaps-registry.php HTTP/2" 200 0 "https://mail.netfinitynetwork.com/wp-includes/sitemaps/" "Mozilla/5.0 AppleWebKit/537.36 (KHTML, like Gecko; compatible; GPTBot/1.3; +https://openai.com/gptbot)"
74.7.243.196 - - [17/Jan/2026:23:24:11 +0700] "GET /wp-includes/sitemaps/class-wp-sitemaps-provider.php HTTP/2" 200 0 "https://www.netfinitynetwork.com/wp-includes/sitemaps/" "Mozilla/5.0 AppleWebKit/537.36 (KHTML, like Gecko; compatible; GPTBot/1.3; +https://openai.com/gptbot)"
74.7.243.232 - - [17/Jan/2026:23:24:21 +0700] "GET /wp-includes/sitemaps/class-wp-sitemaps-registry.php HTTP/2" 200 0 "https://netfinitynetwork.com/wp-includes/sitemaps/" "Mozilla/5.0 AppleWebKit/537.36 (KHTML, like Gecko; compatible; GPTBot/1.3; +https://openai.com/gptbot)"
74.7.243.201 - - [17/Jan/2026:23:24:36 +0700] "GET /wp-includes/widgets/?NA HTTP/2" 200 1568 "https://netfinitynetwork.idm01.my.id/wp-includes/widgets/?SA" "Mozilla/5.0 AppleWebKit/537.36 (KHTML, like Gecko; compatible; GPTBot/1.3; +https://openai.com/gptbot)"
74.7.227.136 - - [17/Jan/2026:23:24:37 +0700] "GET /wp-includes/theme-compat/header-embed.php HTTP/2" 500 26 "https://www.netfinitynetwork.idm01.my.id/wp-includes/theme-compat/" "Mozilla/5.0 AppleWebKit/537.36 (KHTML, like Gecko; compatible; GPTBot/1.3; +https://openai.com/gptbot)"
74.7.243.196 - - [17/Jan/2026:23:25:12 +0700] "GET /wp-includes/widgets/?ND HTTP/2" 200 1571 "https://www.netfinitynetwork.com/wp-includes/widgets/" "Mozilla/5.0 AppleWebKit/537.36 (KHTML, like Gecko; compatible; GPTBot/1.3; +https://openai.com/gptbot)"
74.7.241.60 - - [17/Jan/2026:23:25:15 +0700] "GET /wp-includes/widgets/class-wp-widget-search.php HTTP/2" 500 0 "https://mail.netfinitynetwork.com/wp-includes/widgets/" "Mozilla/5.0 AppleWebKit/537.36 (KHTML, like Gecko; compatible; GPTBot/1.3; +https://openai.com/gptbot)"
74.7.243.232 - - [17/Jan/2026:23:25:22 +0700] "GET /wp-includes/sitemaps/class-wp-sitemaps-provider.php HTTP/2" 200 0 "https://netfinitynetwork.com/wp-includes/sitemaps/" "Mozilla/5.0 AppleWebKit/537.36 (KHTML, like Gecko; compatible; GPTBot/1.3; +https://openai.com/gptbot)"
74.7.227.136 - - [17/Jan/2026:23:25:22 +0700] "GET /wp-includes/theme-compat/footer-embed.php HTTP/2" 500 0 "https://www.netfinitynetwork.idm01.my.id/wp-includes/theme-compat/" "Mozilla/5.0 AppleWebKit/537.36 (KHTML, like Gecko; compatible; GPTBot/1.3; +https://openai.com/gptbot)"
74.7.243.201 - - [17/Jan/2026:23:25:41 +0700] "GET /wp-includes/widgets/?MD HTTP/2" 200 1559 "https://netfinitynetwork.idm01.my.id/wp-includes/widgets/?MA" "Mozilla/5.0 AppleWebKit/537.36 (KHTML, like Gecko; compatible; GPTBot/1.3; +https://openai.com/gptbot)"
74.7.241.60 - - [17/Jan/2026:23:26:09 +0700] "GET /wp-includes/widgets/class-wp-widget-links.php HTTP/2" 500 0 "https://mail.netfinitynetwork.com/wp-includes/widgets/" "Mozilla/5.0 AppleWebKit/537.36 (KHTML, like Gecko; compatible; GPTBot/1.3; +https://openai.com/gptbot)"
74.7.243.196 - - [17/Jan/2026:23:26:10 +0700] "GET /wp-includes/widgets/?MA HTTP/2" 200 1574 "https://www.netfinitynetwork.com/wp-includes/widgets/" "Mozilla/5.0 AppleWebKit/537.36 (KHTML, like Gecko; compatible; GPTBot/1.3; +https://openai.com/gptbot)"
74.7.243.232 - - [17/Jan/2026:23:26:19 +0700] "GET /wp-includes/widgets/?SA HTTP/2" 200 1580 "https://netfinitynetwork.com/wp-includes/widgets/" "Mozilla/5.0 AppleWebKit/537.36 (KHTML, like Gecko; compatible; GPTBot/1.3; +https://openai.com/gptbot)"
74.7.227.136 - - [17/Jan/2026:23:26:24 +0700] "GET /wp-includes/sitemaps/class-wp-sitemaps-registry.php HTTP/2" 200 0 "https://www.netfinitynetwork.idm01.my.id/wp-includes/sitemaps/" "Mozilla/5.0 AppleWebKit/537.36 (KHTML, like Gecko; compatible; GPTBot/1.3; +https://openai.com/gptbot)"
74.7.243.201 - - [17/Jan/2026:23:26:37 +0700] "GET /wp-includes/widgets/?SD HTTP/2" 200 1572 "https://netfinitynetwork.idm01.my.id/wp-includes/widgets/?SA" "Mozilla/5.0 AppleWebKit/537.36 (KHTML, like Gecko; compatible; GPTBot/1.3; +https://openai.com/gptbot)"
74.7.243.196 - - [17/Jan/2026:23:27:01 +0700] "GET /wp-includes/widgets/?SA HTTP/2" 200 1586 "https://www.netfinitynetwork.com/wp-includes/widgets/" "Mozilla/5.0 AppleWebKit/537.36 (KHTML, like Gecko; compatible; GPTBot/1.3; +https://openai.com/gptbot)"
74.7.243.232 - - [17/Jan/2026:23:27:13 +0700] "GET /wp-includes/widgets/?MA HTTP/2" 200 1572 "https://netfinitynetwork.com/wp-includes/widgets/" "Mozilla/5.0 AppleWebKit/537.36 (KHTML, like Gecko; compatible; GPTBot/1.3; +https://openai.com/gptbot)"
74.7.241.60 - - [17/Jan/2026:23:27:13 +0700] "GET /wp-includes/widgets/class-wp-widget-pages.php HTTP/2" 500 0 "https://mail.netfinitynetwork.com/wp-includes/widgets/" "Mozilla/5.0 AppleWebKit/537.36 (KHTML, like Gecko; compatible; GPTBot/1.3; +https://openai.com/gptbot)"
74.7.243.201 - - [17/Jan/2026:23:27:27 +0700] "GET /wp-includes/sitemaps/class-wp-sitemaps-index.php HTTP/2" 200 0 "https://netfinitynetwork.idm01.my.id/wp-includes/sitemaps/" "Mozilla/5.0 AppleWebKit/537.36 (KHTML, like Gecko; compatible; GPTBot/1.3; +https://openai.com/gptbot)"
74.7.227.136 - - [17/Jan/2026:23:27:30 +0700] "GET /wp-includes/widgets/class-wp-widget-search.php HTTP/2" 500 0 "https://www.netfinitynetwork.idm01.my.id/wp-includes/widgets/" "Mozilla/5.0 AppleWebKit/537.36 (KHTML, like Gecko; compatible; GPTBot/1.3; +https://openai.com/gptbot)"
74.7.243.196 - - [17/Jan/2026:23:27:48 +0700] "GET /wp-includes/widgets/class-wp-widget-media-audio.php HTTP/2" 500 0 "https://www.netfinitynetwork.com/wp-includes/widgets/" "Mozilla/5.0 AppleWebKit/537.36 (KHTML, like Gecko; compatible; GPTBot/1.3; +https://openai.com/gptbot)"
74.7.243.232 - - [17/Jan/2026:23:27:57 +0700] "GET /wp-includes/widgets/?ND HTTP/2" 200 1563 "https://netfinitynetwork.com/wp-includes/widgets/" "Mozilla/5.0 AppleWebKit/537.36 (KHTML, like Gecko; compatible; GPTBot/1.3; +https://openai.com/gptbot)"
74.7.243.201 - - [17/Jan/2026:23:28:11 +0700] "GET /wp-includes/theme-compat/footer.php HTTP/2" 500 0 "https://netfinitynetwork.idm01.my.id/wp-includes/theme-compat/" "Mozilla/5.0 AppleWebKit/537.36 (KHTML, like Gecko; compatible; GPTBot/1.3; +https://openai.com/gptbot)"
74.7.241.60 - - [17/Jan/2026:23:28:17 +0700] "GET /wp-includes/widgets/class-wp-widget-media.php HTTP/2" 500 0 "https://mail.netfinitynetwork.com/wp-includes/widgets/" "Mozilla/5.0 AppleWebKit/537.36 (KHTML, like Gecko; compatible; GPTBot/1.3; +https://openai.com/gptbot)"
74.7.227.136 - - [17/Jan/2026:23:28:27 +0700] "GET /wp-includes/widgets/class-wp-widget-pages.php HTTP/2" 500 0 "https://www.netfinitynetwork.idm01.my.id/wp-includes/widgets/" "Mozilla/5.0 AppleWebKit/537.36 (KHTML, like Gecko; compatible; GPTBot/1.3; +https://openai.com/gptbot)"
74.7.243.196 - - [17/Jan/2026:23:28:31 +0700] "GET /wp-includes/widgets/class-wp-widget-archives.php HTTP/2" 500 0 "https://www.netfinitynetwork.com/wp-includes/widgets/" "Mozilla/5.0 AppleWebKit/537.36 (KHTML, like Gecko; compatible; GPTBot/1.3; +https://openai.com/gptbot)"
74.7.243.232 - - [17/Jan/2026:23:28:39 +0700] "GET /wp-includes/widgets/class-wp-widget-media-audio.php HTTP/2" 500 0 "https://netfinitynetwork.com/wp-includes/widgets/" "Mozilla/5.0 AppleWebKit/537.36 (KHTML, like Gecko; compatible; GPTBot/1.3; +https://openai.com/gptbot)"
74.7.243.201 - - [17/Jan/2026:23:28:51 +0700] "GET /wp-includes/theme-compat/header.php HTTP/2" 500 0 "https://netfinitynetwork.idm01.my.id/wp-includes/theme-compat/" "Mozilla/5.0 AppleWebKit/537.36 (KHTML, like Gecko; compatible; GPTBot/1.3; +https://openai.com/gptbot)"
74.7.243.232 - - [17/Jan/2026:23:29:16 +0700] "GET /wp-includes/widgets/class-wp-widget-calendar.php HTTP/2" 500 0 "https://netfinitynetwork.com/wp-includes/widgets/" "Mozilla/5.0 AppleWebKit/537.36 (KHTML, like Gecko; compatible; GPTBot/1.3; +https://openai.com/gptbot)"
74.7.241.60 - - [17/Jan/2026:23:29:19 +0700] "GET /wp-includes/widgets/class-wp-widget-block.php HTTP/2" 500 0 "https://mail.netfinitynetwork.com/wp-includes/widgets/" "Mozilla/5.0 AppleWebKit/537.36 (KHTML, like Gecko; compatible; GPTBot/1.3; +https://openai.com/gptbot)"
74.7.243.196 - - [17/Jan/2026:23:29:33 +0700] "GET /wp-includes/widgets/class-wp-widget-calendar.php HTTP/2" 500 0 "https://www.netfinitynetwork.com/wp-includes/widgets/" "Mozilla/5.0 AppleWebKit/537.36 (KHTML, like Gecko; compatible; GPTBot/1.3; +https://openai.com/gptbot)"
74.7.227.136 - - [17/Jan/2026:23:29:34 +0700] "GET /wp-includes/widgets/class-wp-widget-media.php HTTP/2" 500 0 "https://www.netfinitynetwork.idm01.my.id/wp-includes/widgets/" "Mozilla/5.0 AppleWebKit/537.36 (KHTML, like Gecko; compatible; GPTBot/1.3; +https://openai.com/gptbot)"
74.7.243.201 - - [17/Jan/2026:23:29:56 +0700] "GET /wp-includes/theme-compat/sidebar.php HTTP/2" 500 0 "https://netfinitynetwork.idm01.my.id/wp-includes/theme-compat/" "Mozilla/5.0 AppleWebKit/537.36 (KHTML, like Gecko; compatible; GPTBot/1.3; +https://openai.com/gptbot)"
74.7.243.232 - - [17/Jan/2026:23:30:17 +0700] "GET /wp-includes/widgets/class-wp-widget-archives.php HTTP/2" 500 0 "https://netfinitynetwork.com/wp-includes/widgets/" "Mozilla/5.0 AppleWebKit/537.36 (KHTML, like Gecko; compatible; GPTBot/1.3; +https://openai.com/gptbot)"
74.7.241.60 - - [17/Jan/2026:23:30:22 +0700] "GET /wp-includes/widgets/class-wp-widget-meta.php HTTP/2" 500 0 "https://mail.netfinitynetwork.com/wp-includes/widgets/" "Mozilla/5.0 AppleWebKit/537.36 (KHTML, like Gecko; compatible; GPTBot/1.3; +https://openai.com/gptbot)"
74.7.227.136 - - [17/Jan/2026:23:30:34 +0700] "GET /wp-includes/widgets/class-wp-widget-links.php HTTP/2" 500 0 "https://www.netfinitynetwork.idm01.my.id/wp-includes/widgets/" "Mozilla/5.0 AppleWebKit/537.36 (KHTML, like Gecko; compatible; GPTBot/1.3; +https://openai.com/gptbot)"
74.7.243.196 - - [17/Jan/2026:23:30:38 +0700] "GET /wp-includes/widgets/class-wp-widget-categories.php HTTP/2" 500 0 "https://www.netfinitynetwork.com/wp-includes/widgets/" "Mozilla/5.0 AppleWebKit/537.36 (KHTML, like Gecko; compatible; GPTBot/1.3; +https://openai.com/gptbot)"
74.7.243.201 - - [17/Jan/2026:23:31:00 +0700] "GET /wp-includes/widgets/class-wp-widget-recent-comments.php HTTP/2" 500 0 "https://netfinitynetwork.idm01.my.id/wp-includes/widgets/" "Mozilla/5.0 AppleWebKit/537.36 (KHTML, like Gecko; compatible; GPTBot/1.3; +https://openai.com/gptbot)"
74.7.243.232 - - [17/Jan/2026:23:31:21 +0700] "GET /wp-includes/widgets/class-wp-widget-categories.php HTTP/2" 500 0 "https://netfinitynetwork.com/wp-includes/widgets/" "Mozilla/5.0 AppleWebKit/537.36 (KHTML, like Gecko; compatible; GPTBot/1.3; +https://openai.com/gptbot)"
74.7.241.60 - - [17/Jan/2026:23:31:22 +0700] "GET /wp-includes/widgets/class-wp-widget-text.php HTTP/2" 500 0 "https://mail.netfinitynetwork.com/wp-includes/widgets/" "Mozilla/5.0 AppleWebKit/537.36 (KHTML, like Gecko; compatible; GPTBot/1.3; +https://openai.com/gptbot)"
74.7.227.136 - - [17/Jan/2026:23:31:37 +0700] "GET /wp-includes/widgets/class-wp-widget-block.php HTTP/2" 500 0 "https://www.netfinitynetwork.idm01.my.id/wp-includes/widgets/" "Mozilla/5.0 AppleWebKit/537.36 (KHTML, like Gecko; compatible; GPTBot/1.3; +https://openai.com/gptbot)"
74.7.243.196 - - [17/Jan/2026:23:31:38 +0700] "GET /wp-includes/widgets/class-wp-widget-custom-html.php HTTP/2" 500 0 "https://www.netfinitynetwork.com/wp-includes/widgets/" "Mozilla/5.0 AppleWebKit/537.36 (KHTML, like Gecko; compatible; GPTBot/1.3; +https://openai.com/gptbot)"
74.7.243.201 - - [17/Jan/2026:23:32:06 +0700] "GET /wp-includes/sodium_compat/namespaced/Crypto.php HTTP/2" 500 0 "https://netfinitynetwork.idm01.my.id/wp-includes/sodium_compat/namespaced/" "Mozilla/5.0 AppleWebKit/537.36 (KHTML, like Gecko; compatible; GPTBot/1.3; +https://openai.com/gptbot)"
74.7.243.232 - - [17/Jan/2026:23:32:21 +0700] "GET /wp-includes/widgets/class-wp-widget-custom-html.php HTTP/2" 500 0 "https://netfinitynetwork.com/wp-includes/widgets/" "Mozilla/5.0 AppleWebKit/537.36 (KHTML, like Gecko; compatible; GPTBot/1.3; +https://openai.com/gptbot)"
74.7.241.60 - - [17/Jan/2026:23:32:25 +0700] "GET /wp-includes/widgets/class-wp-widget-rss.php HTTP/2" 500 0 "https://mail.netfinitynetwork.com/wp-includes/widgets/" "Mozilla/5.0 AppleWebKit/537.36 (KHTML, like Gecko; compatible; GPTBot/1.3; +https://openai.com/gptbot)"
74.7.227.136 - - [17/Jan/2026:23:32:41 +0700] "GET /wp-includes/widgets/class-wp-widget-text.php HTTP/2" 500 0 "https://www.netfinitynetwork.idm01.my.id/wp-includes/widgets/" "Mozilla/5.0 AppleWebKit/537.36 (KHTML, like Gecko; compatible; GPTBot/1.3; +https://openai.com/gptbot)"
74.7.243.196 - - [17/Jan/2026:23:32:42 +0700] "GET /wp-includes/widgets/class-wp-nav-menu-widget.php HTTP/2" 500 0 "https://www.netfinitynetwork.com/wp-includes/widgets/" "Mozilla/5.0 AppleWebKit/537.36 (KHTML, like Gecko; compatible; GPTBot/1.3; +https://openai.com/gptbot)"
